This is the mail archive of the gcc-testresults@gcc.gnu.org mailing list for the GCC project.


Index Nav: [Date Index] [Subject Index] [Author Index] [Thread Index]
Message Nav: [Date Prev] [Date Next] [Thread Prev] [Thread Next]
Other format: [Raw text]

Results for 6.0.0 20150703 (experimental) [trunk revision 225374] (GCC) testsuite on sparcv9-sun-solaris2.11


LAST_UPDATED: Fri Jul  3 12:09:35 UTC 2015 (revision 225374)

		=== acats tests ===

		=== acats Summary ===
# of expected passes		2320
# of unexpected failures	0
Native configuration is sparcv9-sun-solaris2.11

		=== g++ tests ===


Running target unix

		=== g++ Summary for unix ===

# of expected passes		84821
# of expected failures		291
# of unsupported tests		3597

Running target unix/-m32
WARNING: program timed out.
WARNING: program timed out.
UNRESOLVED: tmpdir-g++.dg-struct-layout-1/t002 cp_compat_x_tst.o-cp_compat_y_tst.o execute 
UNRESOLVED: tmpdir-g++.dg-struct-layout-1/t002 cp_compat_x_tst.o-cp_compat_y_tst.o link 
FAIL: tmpdir-g++.dg-struct-layout-1/t002 cp_compat_y_tst.o compile
UNRESOLVED: tmpdir-g++.dg-struct-layout-1/t026 cp_compat_x_tst.o-cp_compat_y_tst.o execute 
UNRESOLVED: tmpdir-g++.dg-struct-layout-1/t026 cp_compat_x_tst.o-cp_compat_y_tst.o link 
FAIL: tmpdir-g++.dg-struct-layout-1/t026 cp_compat_y_tst.o compile

		=== g++ Summary for unix/-m32 ===

# of expected passes		82943
# of unexpected failures	2
# of expected failures		291
# of unresolved testcases	4
# of unsupported tests		3620

		=== g++ Summary ===

# of expected passes		167764
# of unexpected failures	2
# of expected failures		582
# of unresolved testcases	4
# of unsupported tests		7217
/var/gcc/regression/trunk/11-gcc-64/build/gcc/testsuite/g++/../../xg++  version 6.0.0 20150703 (experimental) [trunk revision 225374] (GCC) 

		=== gcc tests ===


Running target unix
FAIL: gcc.dg/debug/dwarf2/stacked-qualified-types-3.c scan-assembler-times DIE \\\\([^\\n]*\\\\) DW_TAG_(?:const|volatile|atomic|restrict)_type 8
FAIL: gcc.dg/unroll-2.c  (test for warnings, line 24)
FAIL: gcc.dg/visibility-22.c execution test
FAIL: gcc.dg/plugin/wide-int_plugin.c compilation
FAIL: gcc.dg/vect/pr20122.c -flto -ffat-lto-objects  scan-tree-dump-times vect "Alignment of access forced using versioning" 2
FAIL: gcc.dg/vect/pr20122.c scan-tree-dump-times vect "Alignment of access forced using versioning" 2
FAIL: gcc.dg/vect/pr48052.c -flto -ffat-lto-objects  scan-tree-dump-times vect "vectorized 1 loops" 2
FAIL: gcc.dg/vect/pr48052.c scan-tree-dump-times vect "vectorized 1 loops" 2
FAIL: gcc.dg/vect/vect-align-1.c -flto -ffat-lto-objects execution test
FAIL: gcc.dg/vect/vect-align-1.c execution test

		=== gcc Summary for unix ===

# of expected passes		91121
# of unexpected failures	10
# of expected failures		318
# of unsupported tests		2045

Running target unix/-m32
FAIL: gcc.dg/atomic/c11-atomic-exec-2.c   -O2 -flto -flto-partition=none  (test for excess errors)
FAIL: gcc.dg/atomic/c11-atomic-exec-3.c   -O3 -g  (test for excess errors)
WARNING: gcc.dg/atomic/c11-atomic-exec-3.c   -O3 -g  compilation failed to produce executable
WARNING: program timed out.
WARNING: program timed out.
FAIL: gcc.dg/debug/dwarf2/stacked-qualified-types-3.c scan-assembler-times DIE \\\\([^\\n]*\\\\) DW_TAG_(?:const|volatile|atomic|restrict)_type 8
FAIL: gcc.dg/c11-atomic-2.c (test for excess errors)
FAIL: gcc.dg/pr48141.c (test for excess errors)
FAIL: gcc.dg/unroll-2.c  (test for warnings, line 24)
FAIL: gcc.dg/visibility-22.c execution test
WARNING: program timed out.
WARNING: program timed out.
XPASS: gcc.dg/graphite/vect-pr43423.c scan-tree-dump-times vect "vectorized 2 loops" 1
FAIL: gcc.dg/plugin/wide-int_plugin.c compilation
FAIL: gcc.dg/simulate-thread/atomic-other-int.c   -O2 -g  thread simulation test
FAIL: gcc.dg/simulate-thread/atomic-other-int.c   -O3 -g  thread simulation test
FAIL: gcc.dg/simulate-thread/speculative-store-4.c   -O0 -g  thread simulation test
FAIL: gcc.dg/simulate-thread/speculative-store-4.c   -O2 -g  thread simulation test
FAIL: gcc.dg/simulate-thread/speculative-store-4.c   -O3 -g  thread simulation test
FAIL: gcc.dg/simulate-thread/speculative-store.c   -O0 -g  thread simulation test
FAIL: gcc.dg/vect/pr20122.c -flto -ffat-lto-objects  scan-tree-dump-times vect "Alignment of access forced using versioning" 2
FAIL: gcc.dg/vect/pr20122.c scan-tree-dump-times vect "Alignment of access forced using versioning" 2
FAIL: gcc.dg/vect/pr48052.c -flto -ffat-lto-objects  scan-tree-dump-times vect "vectorized 1 loops" 2
FAIL: gcc.dg/vect/pr48052.c scan-tree-dump-times vect "vectorized 1 loops" 2
FAIL: gcc.dg/vect/vect-align-1.c -flto -ffat-lto-objects execution test
FAIL: gcc.dg/vect/vect-align-1.c execution test

		=== gcc Summary for unix/-m32 ===

# of expected passes		90299
# of unexpected failures	20
# of unexpected successes	1
# of expected failures		330
# of unsupported tests		2127

		=== gcc Summary ===

# of expected passes		181420
# of unexpected failures	30
# of unexpected successes	1
# of expected failures		648
# of unsupported tests		4172
/var/gcc/regression/trunk/11-gcc-64/build/gcc/xgcc  version 6.0.0 20150703 (experimental) [trunk revision 225374] (GCC) 

		=== gfortran tests ===


Running target unix
FAIL: gfortran.dg/do_iterator.f90   -O  changing do-iterator 3 (test for errors, line 10)
FAIL: gfortran.dg/do_iterator.f90   -O  changing do-iterator 3 (test for errors, line 9)

		=== gfortran Summary for unix ===

# of expected passes		48997
# of unexpected failures	2
# of expected failures		80
# of unsupported tests		114

Running target unix/-m32
FAIL: gfortran.dg/do_iterator.f90   -O  changing do-iterator 3 (test for errors, line 10)
FAIL: gfortran.dg/do_iterator.f90   -O  changing do-iterator 3 (test for errors, line 9)
FAIL: gfortran.dg/minlocval_3.f90   -O3 -fomit-frame-pointer -funroll-loops  (test for excess errors)
WARNING: gfortran.dg/minlocval_3.f90   -O3 -fomit-frame-pointer -funroll-loops  compilation failed to produce executable
WARNING: program timed out.

		=== gfortran Summary for unix/-m32 ===

# of expected passes		48668
# of unexpected failures	3
# of expected failures		80
# of unsupported tests		275

		=== gfortran Summary ===

# of expected passes		97665
# of unexpected failures	5
# of expected failures		160
# of unsupported tests		389
/var/gcc/regression/trunk/11-gcc-64/build/gcc/testsuite/gfortran/../../gfortran  version 6.0.0 20150703 (experimental) [trunk revision 225374] (GCC) 

		=== gnat tests ===


Running target unix/-m32

		=== gnat Summary for unix/-m32 ===

# of expected passes		1366
# of expected failures		21
# of unsupported tests		19

Running target unix

		=== gnat Summary for unix ===

# of expected passes		1366
# of expected failures		21
# of unsupported tests		19

		=== gnat Summary ===

# of expected passes		2732
# of expected failures		42
# of unsupported tests		38
/var/gcc/regression/trunk/11-gcc-64/build/gcc/gnatmake version 6.0.0 20150703 (experimental) [trunk revision 225374]

		=== go tests ===


Running target unix
FAIL: ./bug449-out.go compilation,  -O0 -g -fno-var-tracking-assignments 
FAIL: ./index0-out.go compilation,  -O0 -g -fno-var-tracking-assignments 
WARNING: program timed out.
WARNING: program timed out.

		=== go Summary for unix ===

# of expected passes		7236
# of unexpected failures	2
# of expected failures		1
# of untested testcases		13
# of unsupported tests		3

Running target unix/-m32
FAIL: ./64bit-out.go compilation,  -O0 -g -fno-var-tracking-assignments 
FAIL: ./bug449-out.go compilation,  -O0 -g -fno-var-tracking-assignments 
FAIL: ./index0-out.go compilation,  -O0 -g -fno-var-tracking-assignments 
FAIL: ./select5-out.go compilation,  -O0 -g -fno-var-tracking-assignments 
FAIL: ./slice3-out.go compilation,  -O0 -g -fno-var-tracking-assignments 
WARNING: program timed out.
WARNING: program timed out.
WARNING: program timed out.
WARNING: program timed out.
WARNING: program timed out.

		=== go Summary for unix/-m32 ===

# of expected passes		7350
# of unexpected failures	5
# of expected failures		1
# of untested testcases		16
# of unsupported tests		3

		=== go Summary ===

# of expected passes		14586
# of unexpected failures	7
# of expected failures		2
# of untested testcases		29
# of unsupported tests		6
		=== obj-c++ tests ===


Running target unix/-m32

		=== obj-c++ Summary for unix/-m32 ===

# of expected passes		1453
# of expected failures		2
# of unsupported tests		86

Running target unix

		=== obj-c++ Summary for unix ===

# of expected passes		1445
# of expected failures		10
# of unsupported tests		86

		=== obj-c++ Summary ===

# of expected passes		2898
# of expected failures		12
# of unsupported tests		172
/var/gcc/regression/trunk/11-gcc-64/build/gcc/testsuite/obj-c++/../../xg++  version 6.0.0 20150703 (experimental) [trunk revision 225374] (GCC) 

		=== objc tests ===


Running target unix

		=== objc Summary for unix ===

# of expected passes		3016
# of unsupported tests		74

Running target unix/-m32

		=== objc Summary for unix/-m32 ===

# of expected passes		3016
# of unsupported tests		74

		=== objc Summary ===

# of expected passes		6032
# of unsupported tests		148
/var/gcc/regression/trunk/11-gcc-64/build/gcc/xgcc  version 6.0.0 20150703 (experimental) [trunk revision 225374] (GCC) 

		=== boehm-gc tests ===


Running target unix/-m32

		=== boehm-gc Summary for unix/-m32 ===

# of expected passes		12
# of unsupported tests		1

Running target unix

		=== boehm-gc Summary for unix ===

# of expected passes		12
# of unsupported tests		1

		=== boehm-gc Summary ===

# of expected passes		24
# of unsupported tests		2
		=== libatomic tests ===


Running target unix/-m32

		=== libatomic Summary for unix/-m32 ===

# of expected passes		44
# of unsupported tests		5

Running target unix

		=== libatomic Summary for unix ===

# of expected passes		54

		=== libatomic Summary ===

# of expected passes		98
# of unsupported tests		5
		=== libffi tests ===


Running target unix/-m32

		=== libffi Summary for unix/-m32 ===

# of expected passes		1914
# of unsupported tests		30

Running target unix

		=== libffi Summary for unix ===

# of expected passes		1914
# of unsupported tests		30

		=== libffi Summary ===

# of expected passes		3828
# of unsupported tests		60
		=== libgo tests ===


Running target unix

		=== libgo Summary for unix ===

# of expected passes		124

Running target unix/-m32
FAIL: reflect

		=== libgo Summary for unix/-m32 ===

# of expected passes		123
# of unexpected failures	1

		=== libgo Summary ===

# of expected passes		247
# of unexpected failures	1
/var/gcc/regression/trunk/11-gcc-64/build/./gcc/gccgo version 6.0.0 20150703 (experimental) [trunk revision 225374] (GCC)

		=== libgomp tests ===


Running target unix/-m32

		=== libgomp Summary for unix/-m32 ===

# of expected passes		5895
# of expected failures		8
# of unsupported tests		308

Running target unix

		=== libgomp Summary for unix ===

# of expected passes		5895
# of expected failures		8
# of unsupported tests		308

		=== libgomp Summary ===

# of expected passes		11790
# of expected failures		16
# of unsupported tests		616
		=== libitm tests ===


Running target unix/-m32

		=== libitm Summary for unix/-m32 ===

# of expected passes		26
# of expected failures		3
# of unsupported tests		1

Running target unix

		=== libitm Summary for unix ===

# of expected passes		26
# of expected failures		3
# of unsupported tests		1

		=== libitm Summary ===

# of expected passes		52
# of expected failures		6
# of unsupported tests		2
		=== libjava tests ===


Running target unix/-m32

		=== libjava Summary for unix/-m32 ===

# of expected passes		2582
# of expected failures		4

Running target unix

		=== libjava Summary for unix ===

# of expected passes		2582
# of expected failures		4

		=== libjava Summary ===

# of expected passes		5164
# of expected failures		8
		=== libstdc++ tests ===


Running target unix
FAIL: libstdc++-abi/abi_check
FAIL: ext/pb_ds/regression/tree_set_rand.cc (test for excess errors)
WARNING: ext/pb_ds/regression/tree_set_rand.cc compilation failed to produce executable
WARNING: program timed out.

		=== libstdc++ Summary for unix ===

# of expected passes		9613
# of unexpected failures	2
# of expected failures		66
# of unsupported tests		617

Running target unix/-m32
FAIL: libstdc++-abi/abi_check

		=== libstdc++ Summary for unix/-m32 ===

# of expected passes		9615
# of unexpected failures	1
# of expected failures		66
# of unsupported tests		617

		=== libstdc++ Summary ===

# of expected passes		19228
# of unexpected failures	3
# of expected failures		132
# of unsupported tests		1234

Compiler version: 6.0.0 20150703 (experimental) [trunk revision 225374] (GCC) 
Platform: sparcv9-sun-solaris2.11
configure flags: --prefix=/vol/gcc --target=sparcv9-sun-solaris2.11 --enable-objc-gc --enable-libmudflap --with-as=/usr/ccs/bin/as --without-gnu-as --with-gmp-include=/vol/gcc/include --with-gmp-lib=/vol/gcc/lib/sparcv9 --with-mpfr-include=/vol/gcc/include --with-mpfr-lib=/vol/gcc/lib/sparcv9 --with-mpc-include=/vol/gcc/include --with-mpc-lib=/vol/gcc/lib/sparcv9 --enable-languages=all,ada,obj-c++,go --with-isl-include=/vol/gcc/include --with-isl-lib=/vol/gcc/lib/sparcv9 --with-cloog-include=/vol/gcc/include --with-cloog-lib=/vol/gcc/lib/sparcv9 --enable-cloog-backend=isl --build=sparcv9-sun-solaris2.11 --host=sparcv9-sun-solaris2.11
BOOT_CFLAGS=-g -O2


Index Nav: [Date Index] [Subject Index] [Author Index] [Thread Index]
Message Nav: [Date Prev] [Date Next] [Thread Prev] [Thread Next]