This is the mail archive of the
gcc-testresults@gcc.gnu.org
mailing list for the GCC project.
Results for 4.9.3 (GCC) testsuite on i486-sun-solaris2.11
- From: Richard PALO <richard at netbsd dot org>
- To: gcc-testresults at gcc dot gnu dot org
- Date: Thu, 02 Jul 2015 06:54:38 +0200
- Subject: Results for 4.9.3 (GCC) testsuite on i486-sun-solaris2.11
- Authentication-results: sourceware.org; auth=none
LAST_UPDATED: Obtained from SVN: tags/gcc_4_9_3_release revision 225078
Native configuration is i486-sun-solaris2.11
=== g++ tests ===
Running target unix
FAIL: g++.dg/cilk-plus/CK/catch_exc.cc -O1 -fcilkplus execution test
FAIL: g++.dg/cilk-plus/CK/catch_exc.cc -O3 -fcilkplus execution test
FAIL: g++.dg/cilk-plus/CK/catch_exc.cc -g -fcilkplus execution test
FAIL: g++.dg/cilk-plus/CK/catch_exc.cc -g -O2 -fcilkplus execution test
FAIL: g++.dg/ipa/pr61160-3.C -std=gnu++98 execution test
FAIL: g++.dg/ipa/pr61160-3.C -std=gnu++11 execution test
FAIL: g++.dg/ipa/pr61160-3.C -std=gnu++1y execution test
=== g++ Summary ===
# of expected passes 82529
# of unexpected failures 7
# of expected failures 445
# of unsupported tests 2837
/tmp/pkgsrc/lang/gcc49/work/build/gcc/testsuite/g++/../../xg++ version 4.9.3 (GCC)
=== gcc tests ===
Running target unix
FAIL: gcc.target/i386/fma4-msubXX.c execution test
FAIL: gcc.target/i386/fma4-nmaccXX.c execution test
=== gcc Summary ===
# of expected passes 102606
# of unexpected failures 2
# of expected failures 256
# of unsupported tests 1259
/tmp/pkgsrc/lang/gcc49/work/build/gcc/xgcc version 4.9.3 (GCC)
=== gfortran tests ===
Running target unix
=== gfortran Summary ===
# of expected passes 46001
# of expected failures 52
# of unsupported tests 230
/tmp/pkgsrc/lang/gcc49/work/build/gcc/testsuite/gfortran/../../gfortran version 4.9.3 (GCC)
=== go tests ===
Running target unix
FAIL: go.test/test/fixedbugs/bug347.go execution, -O0 -g
FAIL: go.test/test/fixedbugs/bug348.go execution, -O0 -g
FAIL: go.test/test/fixedbugs/issue4562.go execution, -O2 -g
FAIL: go.test/test/fixedbugs/issue6055.go execution, -O2 -g
FAIL: go.test/test/method.go execution, -O2 -g
FAIL: go.test/test/nil.go execution, -O2 -g
FAIL: go.test/test/nilptr2.go execution, -O2 -g
FAIL: go.test/test/recover3.go execution, -O2 -g
=== go Summary ===
# of expected passes 7363
# of unexpected failures 8
# of expected failures 1
# of untested testcases 9
# of unsupported tests 2
/tmp/pkgsrc/lang/gcc49/work/build/gcc/testsuite/go/../../gccgo version 4.9.3 (GCC)
=== obj-c++ tests ===
Running target unix
=== obj-c++ Summary ===
# of expected passes 1449
# of expected failures 2
# of unsupported tests 86
/tmp/pkgsrc/lang/gcc49/work/build/gcc/testsuite/obj-c++/../../xg++ version 4.9.3 (GCC)
=== objc tests ===
Running target unix
=== objc Summary ===
# of expected passes 2988
# of expected failures 6
# of unsupported tests 74
/tmp/pkgsrc/lang/gcc49/work/build/gcc/xgcc version 4.9.3 (GCC)
=== libatomic tests ===
Running target unix
=== libatomic Summary ===
# of expected passes 44
# of unsupported tests 5
=== libffi tests ===
Running target unix
=== libffi Summary ===
# of expected passes 1819
# of unsupported tests 55
=== libgo tests ===
Running target unix
FAIL: fmt
FAIL: net
FAIL: runtime
FAIL: time
FAIL: html/template
FAIL: log/syslog
FAIL: net/http
FAIL: runtime/pprof
FAIL: sync/atomic
=== libgo Summary for unix ===
# of expected passes 113
# of unexpected failures 9
Running target unix/-m64
FAIL: time
=== libgo Summary for unix/-m64 ===
# of expected passes 121
# of unexpected failures 1
=== libgo Summary ===
# of expected passes 234
# of unexpected failures 10
/tmp/pkgsrc/lang/gcc49/work/build/./gcc/gccgo version 4.9.3 (GCC)
=== libgomp tests ===
Running target unix
=== libgomp Summary ===
# of expected passes 3309
# of unsupported tests 38
=== libitm tests ===
Running target unix
=== libitm Summary ===
# of expected passes 26
# of expected failures 3
# of unsupported tests 1
=== libstdc++ tests ===
Running target unix
=== libstdc++ Summary ===
# of expected passes 9151
# of expected failures 41
# of unsupported tests 597
Compiler version: 4.9.3 (GCC)
Platform: i486-sun-solaris2.11
configure flags: --enable-languages='c obj-c++ objc go fortran c++' --enable-shared --enable-long-long --with-local-prefix=/opt/local/gcc49 --enable-libssp --enable-threads=posix --with-boot-ldflags='-static-libstdc++ -static-libgcc -Wl,-R/opt/local/lib -Wl,-zignore -Wl,-zcombreloc -Wl,-i ' --with-system-zlib --disable-nls --with-isl=/opt/local --disable-isl-version-check --with-cloog=/opt/local --enable-__cxa_atexit --with-gxx-include-dir=/opt/local/gcc49/include/c++/ --with-gnu-as --with-as=/opt/local/bin/gas --without-gnu-ld --with-ld=/usr/bin/ld --with-libiconv-prefix=/opt/local --prefix=/opt/local/gcc49 --build=i486-sun-solaris2.11 --host=i486-sun-solaris2.11 --infodir=/opt/local/gcc49/info --mandir=/opt/local/gcc49/man