This is the mail archive of the gcc-testresults@gcc.gnu.org mailing list for the GCC project.


Index Nav: [Date Index] [Subject Index] [Author Index] [Thread Index]
Message Nav: [Date Prev] [Date Next] [Thread Prev] [Thread Next]
Other format: [Raw text]

FW: Results for 6.0.0 20150630 (experimental) (GCC) testsuite on x86_64-unknown-linux-gnu




________________________________________
From: jenkins
Sent: Wednesday, July 1, 2015 3:34:42 AM (UTC-08:00) Pacific Time (US & Canada)
To: apinski@cavium.com
Subject: Results for 6.0.0 20150630 (experimental) (GCC) testsuite on x86_64-unknown-linux-gnu

Native configuration is x86_64-unknown-linux-gnu

                === gcc tests ===


Running target unix//-m32
FAIL: gcc.dg/debug/dwarf2/stacked-qualified-types-3.c scan-assembler-times DIE \\\\([^\\n]*\\\\) DW_TAG_(?:const|volatile|atomic|restrict)_type 8
FAIL: gcc.dg/torture/tls/run-ld.c   -O1  -pie -fPIE  execution test
FAIL: gcc.dg/torture/tls/run-ld.c   -O1  -pie -fpie  execution test
FAIL: gcc.dg/torture/tls/run-ld.c   -O2  -pie -fPIE  execution test
FAIL: gcc.dg/torture/tls/run-ld.c   -O2  -pie -fpie  execution test
FAIL: gcc.dg/torture/tls/run-ld.c   -O3 -fomit-frame-pointer  -pie -fPIE  execution test
FAIL: gcc.dg/torture/tls/run-ld.c   -O3 -fomit-frame-pointer  -pie -fpie  execution test
FAIL: gcc.dg/torture/tls/run-ld.c   -O3 -g  -pie -fPIE  execution test
FAIL: gcc.dg/torture/tls/run-ld.c   -O3 -g  -pie -fpie  execution test
FAIL: gcc.dg/torture/tls/run-ld.c   -Os  -pie -fPIE  execution test
FAIL: gcc.dg/torture/tls/run-ld.c   -Os  -pie -fpie  execution test
FAIL: gcc.target/i386/pr61403.c scan-assembler blend

                === gcc Summary for unix//-m32 ===

# of expected passes            111987
# of unexpected failures        12
# of expected failures          259
# of unsupported tests          2859

Running target unix//-m64
FAIL: gcc.dg/debug/dwarf2/stacked-qualified-types-3.c scan-assembler-times DIE \\\\([^\\n]*\\\\) DW_TAG_(?:const|volatile|atomic|restrict)_type 8
FAIL: gcc.target/i386/pr49781-1.c scan-assembler-not lea[lq]?[ \\t]\\\\((%|)r[a-z0-9]*
FAIL: gcc.target/i386/pr56114.c (test for excess errors)
FAIL: gcc.target/i386/pr61403.c scan-assembler blend

                === gcc Summary for unix//-m64 ===

# of expected passes            112794
# of unexpected failures        4
# of expected failures          258
# of unsupported tests          3066

                === gcc Summary ===

# of expected passes            224781
# of unexpected failures        16
# of expected failures          517
# of unsupported tests          5925
/home/jenkins/workspace/GCCupstream/objdir/gcc/xgcc  version 6.0.0 20150630 (experimental) (GCC)

                === gfortran tests ===


Running target unix//-m32

                === gfortran Summary for unix//-m32 ===

# of expected passes            48603
# of expected failures          64
# of unsupported tests          225

Running target unix//-m64

                === gfortran Summary for unix//-m64 ===

# of expected passes            48892
# of expected failures          64
# of unsupported tests          85

                === gfortran Summary ===

# of expected passes            97495
# of expected failures          128
# of unsupported tests          310
/home/jenkins/workspace/GCCupstream/objdir/gcc/testsuite/gfortran/../../gfortran  version 6.0.0 20150630 (experimental) (GCC)

                === g++ tests ===


Running target unix//-m32
FAIL: g++.dg/other/anon5.C  -std=gnu++11 (test for excess errors)
FAIL: g++.dg/other/anon5.C  -std=gnu++14 (test for excess errors)
FAIL: g++.dg/other/anon5.C  -std=gnu++98 (test for excess errors)
FAIL: g++.dg/other/pr59492.C  -std=gnu++11 (test for excess errors)
FAIL: g++.dg/other/pr59492.C  -std=gnu++14 (test for excess errors)
FAIL: g++.dg/other/pr59492.C  -std=gnu++98 (test for excess errors)

                === g++ Summary for unix//-m32 ===

# of expected passes            93312
# of unexpected failures        6
# of expected failures          341
# of unsupported tests          3278

Running target unix//-m64
FAIL: g++.dg/other/anon5.C  -std=gnu++11 (test for excess errors)
FAIL: g++.dg/other/anon5.C  -std=gnu++14 (test for excess errors)
FAIL: g++.dg/other/anon5.C  -std=gnu++98 (test for excess errors)

                === g++ Summary for unix//-m64 ===

# of expected passes            94867
# of unexpected failures        3
# of expected failures          341
# of unsupported tests          3541

                === g++ Summary ===

# of expected passes            188179
# of unexpected failures        9
# of expected failures          682
# of unsupported tests          6819
/home/jenkins/workspace/GCCupstream/objdir/gcc/testsuite/g++/../../xg++  version 6.0.0 20150630 (experimental) (GCC)

                === objc tests ===


Running target unix//-m32

                === objc Summary for unix//-m32 ===

# of expected passes            3010
# of expected failures          6
# of unsupported tests          74

Running target unix//-m64

                === objc Summary for unix//-m64 ===

# of expected passes            3010
# of expected failures          6
# of unsupported tests          74

                === objc Summary ===

# of expected passes            6020
# of expected failures          12
# of unsupported tests          148
/home/jenkins/workspace/GCCupstream/objdir/gcc/xgcc  version 6.0.0 20150630 (experimental) (GCC)

                === boehm-gc tests ===


Running target unix//-m32

                === boehm-gc Summary for unix//-m32 ===

# of expected passes            12
# of unsupported tests          1

Running target unix//-m64

                === boehm-gc Summary for unix//-m64 ===

# of expected passes            12
# of unsupported tests          1

                === boehm-gc Summary ===

# of expected passes            24
# of unsupported tests          2
                === libatomic tests ===


Running target unix//-m32

                === libatomic Summary for unix//-m32 ===

# of expected passes            44
# of unsupported tests          5

Running target unix//-m64

                === libatomic Summary for unix//-m64 ===

# of expected passes            54

                === libatomic Summary ===

# of expected passes            98
# of unsupported tests          5
                === libffi tests ===


Running target unix//-m32

                === libffi Summary for unix//-m32 ===

# of expected passes            2439
# of unsupported tests          30

Running target unix//-m64

                === libffi Summary for unix//-m64 ===

# of expected passes            1914
# of unsupported tests          30

                === libffi Summary ===

# of expected passes            4353
# of unsupported tests          60
                === libgomp tests ===


Running target unix//-m32

                === libgomp Summary for unix//-m32 ===

# of expected passes            5856
# of expected failures          8
# of unsupported tests          303

Running target unix//-m64

                === libgomp Summary for unix//-m64 ===

# of expected passes            5856
# of expected failures          8
# of unsupported tests          303

                === libgomp Summary ===

# of expected passes            11712
# of expected failures          16
# of unsupported tests          606
                === libitm tests ===


Running target unix//-m32

                === libitm Summary for unix//-m32 ===

# of expected passes            26
# of expected failures          3
# of unsupported tests          1

Running target unix//-m64

                === libitm Summary for unix//-m64 ===

# of expected passes            26
# of expected failures          3
# of unsupported tests          1

                === libitm Summary ===

# of expected passes            52
# of expected failures          6
# of unsupported tests          2
                === libjava tests ===


Running target unix//-m32

                === libjava Summary for unix//-m32 ===

# of expected passes            2582
# of expected failures          4

Running target unix//-m64

                === libjava Summary for unix//-m64 ===

# of expected passes            2582
# of expected failures          4

                === libjava Summary ===

# of expected passes            5164
# of expected failures          8
                === libstdc++ tests ===


Running target unix//-m32

                === libstdc++ Summary for unix//-m32 ===

# of expected passes            9965
# of expected failures          65
# of unsupported tests          542

Running target unix//-m64

                === libstdc++ Summary for unix//-m64 ===

# of expected passes            9957
# of expected failures          65
# of unsupported tests          546

                === libstdc++ Summary ===

# of expected passes            19922
# of expected failures          130
# of unsupported tests          1088

Compiler version: 6.0.0 20150630 (experimental) (GCC)
Platform: x86_64-unknown-linux-gnu
configure flags: --prefix=/home/jenkins/workspace/GCCupstream/objdir/install


Index Nav: [Date Index] [Subject Index] [Author Index] [Thread Index]
Message Nav: [Date Prev] [Date Next] [Thread Prev] [Thread Next]