This is the mail archive of the
gcc-testresults@gcc.gnu.org
mailing list for the GCC project.
Results for 6.0.0 20150607 (experimental) (GCC) testsuite on m68k-unknown-linux-gnu
- From: Mikael Pettersson <mikpelinux at gmail dot com>
- To: gcc-testresults at gcc dot gnu dot org
- Date: Sat, 13 Jun 2015 10:26:56 +0200
- Subject: Results for 6.0.0 20150607 (experimental) (GCC) testsuite on m68k-unknown-linux-gnu
- Authentication-results: sourceware.org; auth=none
LAST_UPDATED: Obtained from SVN: trunk revision 224201
Native configuration is m68k-unknown-linux-gnu
=== g++ tests ===
Running target unix
FAIL: g++.dg/cdce3.C -std=gnu++98 scan-tree-dump cdce "cdce3.C:106: note: function call is shrink-wrapped into error conditions."
FAIL: g++.dg/cdce3.C -std=gnu++11 scan-tree-dump cdce "cdce3.C:106: note: function call is shrink-wrapped into error conditions."
FAIL: g++.dg/cdce3.C -std=gnu++14 scan-tree-dump cdce "cdce3.C:106: note: function call is shrink-wrapped into error conditions."
FAIL: g++.dg/cpp0x/explicit4.C -std=c++11 (test for warnings, line 5)
FAIL: g++.dg/cpp0x/forw_enum6.C -std=c++11 (test for errors, line 6)
FAIL: g++.dg/cpp0x/forw_enum6.C -std=c++11 (test for errors, line 7)
FAIL: g++.dg/cpp0x/forw_enum6.C -std=c++11 (test for errors, line 12)
FAIL: g++.dg/cpp0x/forw_enum6.C -std=c++11 (test for errors, line 13)
FAIL: g++.dg/cpp0x/forw_enum6.C -std=c++11 (test for errors, line 15)
FAIL: g++.dg/cpp0x/forw_enum6.C -std=c++11 (test for errors, line 16)
FAIL: g++.dg/cpp0x/forw_enum6.C -std=c++11 (test for errors, line 24)
FAIL: g++.dg/cpp0x/forw_enum6.C -std=c++11 (test for errors, line 25)
FAIL: g++.dg/cpp0x/forw_enum6.C -std=c++11 (test for errors, line 26)
FAIL: g++.dg/cpp0x/forw_enum6.C -std=c++11 (test for warnings, line 28)
FAIL: g++.dg/cpp0x/forw_enum6.C -std=c++11 (test for errors, line 29)
FAIL: g++.dg/cpp0x/forw_enum6.C -std=c++11 (test for warnings, line 31)
FAIL: g++.dg/cpp0x/forw_enum6.C -std=c++11 (test for errors, line 32)
FAIL: g++.dg/cpp0x/forw_enum6.C -std=c++11 (test for errors, line 41)
FAIL: g++.dg/cpp0x/forw_enum6.C -std=c++11 (test for errors, line 47)
FAIL: g++.dg/cpp0x/forw_enum6.C -std=c++11 (test for errors, line 48)
FAIL: g++.dg/cpp0x/forw_enum6.C -std=c++11 (test for errors, line 61)
FAIL: g++.dg/cpp0x/forw_enum6.C -std=c++11 (test for errors, line 67)
FAIL: g++.dg/cpp0x/forw_enum6.C -std=c++11 (test for errors, line 68)
FAIL: g++.dg/cpp0x/gen-attrs-52.C -std=c++11 (test for excess errors)
FAIL: g++.dg/cpp0x/gen-attrs-52.C -std=c++14 (test for excess errors)
FAIL: g++.dg/cpp0x/initlist36.C -std=c++14 (test for errors, line 21)
FAIL: g++.dg/cpp0x/initlist36.C -std=c++14 (test for errors, line 22)
FAIL: g++.dg/cpp0x/pr32128.C -std=c++11 (test for errors, line 5)
FAIL: g++.dg/cpp0x/pr32128.C -std=c++11 (test for errors, line 7)
FAIL: g++.dg/cpp0x/pr32128.C -std=c++11 (test for excess errors)
FAIL: g++.dg/cpp0x/variadic71.C -std=c++11 (test for errors, line 9)
FAIL: g++.dg/cpp0x/variadic71.C -std=c++11 note (test for warnings, line 9)
FAIL: g++.dg/cpp0x/variadic71.C -std=c++11 (test for excess errors)
FAIL: g++.dg/eh/spec2.C -std=c++98 (test for errors, line 6)
FAIL: g++.dg/eh/spec2.C -std=c++98 (test for errors, line 7)
FAIL: g++.dg/expr/string-2.C -std=c++98 (test for errors, line 7)
FAIL: g++.dg/ext/anon-struct4.C -std=c++98 uninit (test for errors, line 3)
FAIL: g++.dg/ext/anon-struct4.C -std=c++98 ref-uninit (test for warnings, line 3)
FAIL: g++.dg/ext/attrib9.C -std=c++11 (test for warnings, line 7)
FAIL: g++.dg/ext/attrib9.C -std=c++11 (test for warnings, line 10)
FAIL: g++.dg/init/brace6.C -std=c++11 (test for errors, line 23)
FAIL: g++.dg/ipa/ipa-icf-4.C -std=gnu++98 scan-ipa-dump icf "Equal symbols: [67]"
FAIL: g++.dg/ipa/ipa-icf-4.C -std=gnu++11 scan-ipa-dump icf "Equal symbols: [67]"
FAIL: g++.dg/ipa/ipa-icf-4.C -std=gnu++14 scan-ipa-dump icf "Equal symbols: [67]"
FAIL: g++.dg/lookup/friend7.C -std=c++98 (test for errors, line 14)
FAIL: g++.dg/lookup/using29.C -std=c++14 (test for warnings, line 48)
FAIL: g++.dg/lookup/using29.C -std=c++14 (test for errors, line 49)
FAIL: g++.dg/lookup/using29.C -std=c++14 (test for warnings, line 59)
FAIL: g++.dg/lookup/using29.C -std=c++14 (test for errors, line 60)
FAIL: g++.dg/lookup/using29.C -std=c++14 (test for warnings, line 65)
FAIL: g++.dg/lookup/using29.C -std=c++14 (test for errors, line 66)
FAIL: g++.dg/lookup/using29.C -std=c++14 (test for warnings, line 77)
FAIL: g++.dg/lookup/using29.C -std=c++14 (test for errors, line 78)
FAIL: g++.dg/lookup/using29.C -std=c++14 (test for warnings, line 79)
FAIL: g++.dg/lookup/using29.C -std=c++14 (test for errors, line 80)
FAIL: g++.dg/other/abstract3.C -std=c++11 (test for warnings, line 3)
FAIL: g++.dg/other/abstract3.C -std=c++11 (test for warnings, line 5)
FAIL: g++.dg/other/anon5.C -std=gnu++11 undefined (test for warnings, line )
FAIL: g++.dg/other/anon5.C -std=gnu++11 (test for excess errors)
FAIL: g++.dg/overload/defarg3.C -std=c++98 (test for warnings, line 6)
FAIL: g++.dg/parse/error26.C -std=gnu++11 11 (test for errors, line 12)
FAIL: g++.dg/tc1/dr142.C -std=c++98 (test for warnings, line 5)
FAIL: g++.dg/tc1/dr142.C -std=c++98 (test for warnings, line 7)
FAIL: g++.dg/tc1/dr142.C -std=c++98 (test for warnings, line 8)
FAIL: g++.dg/tc1/dr142.C -std=c++98 (test for errors, line 20)
FAIL: g++.dg/tc1/dr142.C -std=c++98 (test for errors, line 25)
FAIL: g++.dg/tc1/dr142.C -std=c++98 (test for errors, line 30)
FAIL: g++.dg/tc1/dr142.C -std=c++98 (test for errors, line 31)
FAIL: g++.dg/template/access7.C -std=c++14 (test for warnings, line 8)
FAIL: g++.dg/template/access7.C -std=c++14 (test for errors, line 12)
FAIL: g++.dg/template/deduce3.C -std=c++14 (test for errors, line 9)
FAIL: g++.dg/template/deduce3.C -std=c++14 returning a function (test for errors, line 2)
FAIL: g++.dg/template/error-recovery1.C -std=c++98 (test for errors, line 7)
FAIL: g++.dg/template/error-recovery1.C -std=c++98 (test for errors, line 9)
FAIL: g++.dg/template/error-recovery1.C -std=c++98 (test for excess errors)
FAIL: g++.dg/template/error50.C -std=c++14 (test for warnings, line 18)
FAIL: g++.dg/template/nested3.C -std=c++11 not base (test for errors, line 20)
FAIL: g++.dg/template/nested3.C -std=c++11 note (test for warnings, line 20)
FAIL: g++.dg/template/nontype3.C integral or enumeration (test for errors, line 31)
FAIL: g++.dg/template/nontype3.C constant-expression (test for errors, line 34)
FAIL: g++.dg/template/nontype3.C constant-expression (test for errors, line 37)
FAIL: g++.dg/template/spec23.C -std=c++14 (test for warnings, line 11)
FAIL: c-c++-common/goacc/clauses-fail.c -std=c++11 (test for errors, line 9)
FAIL: c-c++-common/goacc/clauses-fail.c -std=c++11 (test for errors, line 12)
FAIL: c-c++-common/goacc/clauses-fail.c -std=c++11 (test for errors, line 15)
FAIL: c-c++-common/gomp/atomic-10.c -std=gnu++98 scan-tree-dump-times ompexp "__atomic_fetch_add" 4
FAIL: c-c++-common/gomp/atomic-10.c -std=gnu++11 scan-tree-dump-times ompexp "__atomic_fetch_add" 4
FAIL: c-c++-common/gomp/atomic-10.c -std=gnu++14 scan-tree-dump-times ompexp "__atomic_fetch_add" 4
FAIL: c-c++-common/gomp/atomic-3.c -std=gnu++98 scan-tree-dump-times ompexp "xyzzy, 4" 1
FAIL: c-c++-common/gomp/atomic-3.c -std=gnu++11 scan-tree-dump-times ompexp "xyzzy, 4" 1
FAIL: c-c++-common/gomp/atomic-3.c -std=gnu++14 scan-tree-dump-times ompexp "xyzzy, 4" 1
FAIL: c-c++-common/gomp/atomic-9.c -std=gnu++98 scan-tree-dump-times ompexp "__atomic_fetch_add" 1
FAIL: c-c++-common/gomp/atomic-9.c -std=gnu++11 scan-tree-dump-times ompexp "__atomic_fetch_add" 1
FAIL: c-c++-common/gomp/atomic-9.c -std=gnu++14 scan-tree-dump-times ompexp "__atomic_fetch_add" 1
FAIL: g++.dg/gomp/depend-1.C -std=gnu++98 (test for errors, line 40)
FAIL: g++.dg/gomp/depend-1.C -std=gnu++98 (test for errors, line 42)
FAIL: g++.dg/gomp/depend-1.C -std=gnu++98 (test for errors, line 44)
XPASS: g++.dg/tls/thread_local-order2.C -std=c++11 execution test
XPASS: g++.dg/tls/thread_local-order2.C -std=c++14 execution test
FAIL: c-c++-common/torture/vector-compare-1.c -O1 execution test
FAIL: g++.old-deja/g++.eh/cond1.C -std=c++98 (test for errors, line 29)
FAIL: g++.old-deja/g++.eh/cond1.C -std=c++98 (test for errors, line 30)
FAIL: g++.old-deja/g++.jason/access22.C -std=c++98 (test for warnings, line 8)
FAIL: g++.old-deja/g++.jason/template30.C -std=c++14 (test for warnings, line 3)
FAIL: g++.old-deja/g++.jason/template30.C -std=c++14 (test for warnings, line 6)
FAIL: g++.old-deja/g++.jason/tredecl4.C -std=c++11 (test for warnings, line 5)
FAIL: g++.old-deja/g++.law/ctors5.C -std=gnu++11 (test for warnings, line 8)
FAIL: g++.old-deja/g++.law/ctors5.C -std=gnu++11 match candidate text (test for warnings, line 25)
FAIL: g++.old-deja/g++.law/enum4.C -std=c++98 (test for warnings, line 14)
FAIL: g++.old-deja/g++.law/enum4.C -std=c++98 (test for errors, line 27)
FAIL: g++.old-deja/g++.ns/koenig5.C -std=c++98 (test for warnings, line 6)
FAIL: g++.old-deja/g++.other/crash38.C -std=c++14 (test for warnings, line 9)
FAIL: g++.old-deja/g++.other/decl3.C -std=c++11 (test for warnings, line 9)
FAIL: g++.old-deja/g++.other/decl3.C -std=c++11 (test for warnings, line 10)
FAIL: g++.old-deja/g++.other/dtor4.C -std=c++98 (test for errors, line 19)
FAIL: g++.old-deja/g++.other/dtor4.C -std=c++98 (test for errors, line 30)
FAIL: g++.old-deja/g++.other/friend4.C -std=c++14 (test for warnings, line 13)
FAIL: g++.old-deja/g++.other/friend4.C -std=c++14 (test for errors, line 18)
FAIL: g++.old-deja/g++.other/ptrmem7.C -std=c++11 (test for errors, line 36)
FAIL: g++.old-deja/g++.other/ptrmem7.C -std=c++11 (test for errors, line 38)
FAIL: g++.old-deja/g++.other/ptrmem7.C -std=c++11 (test for errors, line 39)
FAIL: g++.old-deja/g++.other/vaarg3.C -std=gnu++11 (test for warnings, line 29)
FAIL: g++.old-deja/g++.other/vaarg3.C -std=gnu++11 abort (test for warnings, line 29)
FAIL: g++.old-deja/g++.other/vaarg3.C -std=gnu++11 promote (test for warnings, line 31)
FAIL: g++.old-deja/g++.other/vaarg3.C -std=gnu++11 abort (test for warnings, line 31)
FAIL: g++.old-deja/g++.pt/explicit67.C -std=c++11 (test for errors, line 19)
FAIL: g++.old-deja/g++.rfg/00321_01-.C -std=c++14 (test for errors, line 13)
FAIL: g++.old-deja/g++.robertl/eb131.C -std=c++14 (test for errors, line 19)
=== g++ Summary ===
# of expected passes 80166
# of unexpected failures 126
# of unexpected successes 2
# of expected failures 281
# of unsupported tests 3670
/mnt/scratch/objdir6/gcc/testsuite/g++/../../xg++ version 6.0.0 20150607 (experimental) (GCC)
=== gcc tests ===
Running target unix
WARNING: program timed out.
FAIL: gcc.c-torture/compile/limits-externalid.c -O3 -g (test for excess errors)
WARNING: program timed out.
FAIL: gcc.c-torture/compile/pr37669-2.c -O1 (test for excess errors)
WARNING: program timed out.
FAIL: gcc.c-torture/compile/pr37669-2.c -O2 (test for excess errors)
WARNING: program timed out.
FAIL: gcc.c-torture/compile/pr37669-2.c -O3 -fomit-frame-pointer (test for excess errors)
WARNING: program timed out.
FAIL: gcc.c-torture/compile/pr37669-2.c -O3 -g (test for excess errors)
WARNING: program timed out.
FAIL: gcc.c-torture/compile/pr37669-2.c -Os (test for excess errors)
FAIL: gcc.dg/atomic/c11-atomic-exec-2.c -O1 execution test
FAIL: gcc.dg/autopar/pr46885.c (test for excess errors)
FAIL: gcc.dg/cpp/direct2s.c (test for errors, line 15)
FAIL: gcc.dg/cpp/direct2s.c non-include 2 (test for errors, line 19)
FAIL: gcc.dg/cpp/direct2s.c # from macro (test for errors, line 25)
FAIL: gcc.dg/cpp/direct2s.c #define from macro (test for errors, line 31)
FAIL: gcc.dg/cpp/direct2s.c no macro X (test for errors, line 40)
FAIL: gcc.dg/cpp/direct2s.c no macro Y (test for errors, line 41)
FAIL: c-c++-common/cpp/diagnostic-pragma-1.c -Wc++-compat (test for errors, line 4)
FAIL: c-c++-common/cpp/diagnostic-pragma-1.c -Wc++-compat (test for warnings, line 9)
FAIL: c-c++-common/cpp/diagnostic-pragma-1.c -Wc++-compat (test for errors, line 10)
FAIL: gcc.dg/debug/dwarf2/stacked-qualified-types-3.c scan-assembler-times DIE \\\\([^\\n]*\\\\) DW_TAG_(?:const|volatile|atomic|restrict)_type 8
WARNING: program timed out.
FAIL: gcc.dg/20020425-1.c (test for excess errors)
FAIL: gcc.dg/binop-xor1.c scan-tree-dump-times optimized "\\\\^" 1
FAIL: gcc.dg/c99-const-expr-6.c (test for errors, line 40)
FAIL: gcc.dg/c99-const-expr-6.c (test for errors, line 48)
FAIL: gcc.dg/c99-const-expr-6.c (test for errors, line 52)
FAIL: gcc.dg/c99-const-expr-6.c (test for errors, line 59)
FAIL: gcc.dg/declspec-13.c (test for errors, line 71)
FAIL: gcc.dg/declspec-13.c C90 (test for warnings, line 71)
FAIL: gcc.dg/declspec-13.c complex (test for warnings, line 71)
FAIL: gcc.dg/declspec-13.c (test for errors, line 74)
FAIL: gcc.dg/declspec-13.c C90 (test for warnings, line 74)
FAIL: gcc.dg/declspec-13.c (test for errors, line 76)
FAIL: gcc.dg/declspec-13.c C90 (test for warnings, line 76)
FAIL: gcc.dg/declspec-13.c (test for errors, line 78)
FAIL: gcc.dg/declspec-13.c C90 (test for warnings, line 78)
FAIL: gcc.dg/declspec-13.c (test for errors, line 80)
FAIL: gcc.dg/declspec-13.c C90 (test for warnings, line 80)
FAIL: gcc.dg/declspec-13.c (test for errors, line 82)
FAIL: gcc.dg/declspec-13.c C90 (test for warnings, line 82)
FAIL: gcc.dg/declspec-13.c C90 (test for warnings, line 82)
FAIL: gcc.dg/declspec-13.c complex (test for warnings, line 82)
FAIL: gcc.dg/declspec-13.c (test for errors, line 86)
FAIL: gcc.dg/declspec-13.c (test for errors, line 87)
FAIL: gcc.dg/declspec-13.c (test for errors, line 88)
FAIL: gcc.dg/declspec-13.c (test for errors, line 89)
FAIL: gcc.dg/declspec-13.c (test for errors, line 90)
FAIL: gcc.dg/declspec-13.c (test for errors, line 91)
FAIL: gcc.dg/declspec-13.c (test for errors, line 92)
FAIL: gcc.dg/declspec-13.c C90 (test for warnings, line 92)
FAIL: gcc.dg/declspec-13.c (test for errors, line 94)
FAIL: gcc.dg/declspec-13.c (test for errors, line 95)
FAIL: gcc.dg/declspec-13.c (test for errors, line 96)
FAIL: gcc.dg/declspec-13.c (test for excess errors)
FAIL: gcc.dg/loop-9.c scan-rtl-dump loop2_invariant "Decided"
FAIL: gcc.dg/loop-9.c scan-rtl-dump loop2_invariant "without introducing a new temporary register"
FAIL: gcc.dg/nonnull-2.c (test for errors, line 11)
FAIL: gcc.dg/overflow-warn-4.c (test for warnings, line 97)
FAIL: gcc.dg/overflow-warn-4.c (test for warnings, line 99)
FAIL: gcc.dg/overflow-warn-4.c (test for warnings, line 101)
FAIL: gcc.dg/overflow-warn-4.c (test for warnings, line 102)
FAIL: gcc.dg/pr37772.c (test for errors, line 13)
FAIL: gcc.dg/pr37772.c (test for errors, line 14)
FAIL: gcc.dg/pr37772.c (test for errors, line 15)
FAIL: gcc.dg/pr37772.c (test for errors, line 16)
FAIL: gcc.dg/pr37772.c (test for errors, line 17)
FAIL: gcc.dg/pr37772.c (test for errors, line 18)
FAIL: gcc.dg/pr37772.c (test for errors, line 19)
FAIL: gcc.dg/pr46647.c scan-tree-dump-not optimized "memset"
UNRESOLVED: gcc.dg/superblock.c scan-rtl-dump-times sched2 "ADVANCING TO" 2
XPASS: c-c++-common/goacc/acc_on_device-2.c scan-rtl-dump-times expand "\\\\(call [^\\\\n]* acc_on_device" 0
FAIL: c-c++-common/goacc/data-2.c (test for errors, line 15)
FAIL: c-c++-common/goacc/data-2.c (test for errors, line 16)
FAIL: c-c++-common/goacc/data-2.c (test for errors, line 17)
FAIL: c-c++-common/goacc/data-2.c (test for errors, line 18)
FAIL: c-c++-common/gomp/atomic-10.c scan-tree-dump-times ompexp "__atomic_fetch_add" 4
FAIL: c-c++-common/gomp/atomic-3.c scan-tree-dump-times ompexp "xyzzy, 4" 1
FAIL: c-c++-common/gomp/atomic-9.c scan-tree-dump-times ompexp "__atomic_fetch_add" 1
FAIL: gcc.dg/gomp/teams-1.c (test for errors, line 24)
FAIL: gcc.dg/gomp/teams-1.c (test for errors, line 37)
FAIL: gcc.dg/gomp/teams-1.c (test for errors, line 39)
FAIL: gcc.dg/gomp/teams-1.c (test for errors, line 55)
XPASS: gcc.dg/guality/example.c -O0 execution test
XPASS: gcc.dg/guality/example.c -O1 execution test
XPASS: gcc.dg/guality/example.c -O2 execution test
XPASS: gcc.dg/guality/guality.c -O0 execution test
XPASS: gcc.dg/guality/guality.c -O1 execution test
XPASS: gcc.dg/guality/guality.c -O2 execution test
XPASS: gcc.dg/guality/guality.c -O3 -fomit-frame-pointer execution test
XPASS: gcc.dg/guality/guality.c -O3 -g execution test
XPASS: gcc.dg/guality/guality.c -Os execution test
XPASS: gcc.dg/guality/inline-params.c -O2 execution test
XPASS: gcc.dg/guality/inline-params.c -O3 -fomit-frame-pointer execution test
XPASS: gcc.dg/guality/inline-params.c -O3 -g execution test
XPASS: gcc.dg/guality/inline-params.c -Os execution test
XPASS: gcc.dg/guality/pr41353-1.c -O0 line 28 j == 28 + 37
XPASS: gcc.dg/guality/pr41353-1.c -O1 line 28 j == 28 + 37
XPASS: gcc.dg/guality/pr41353-1.c -O2 line 28 j == 28 + 37
FAIL: gcc.dg/guality/pr41353-1.c -O3 -fomit-frame-pointer line 28 i1 == 2 * 37
XPASS: gcc.dg/guality/pr41353-1.c -O3 -g line 28 j == 28 + 37
XPASS: gcc.dg/guality/pr41353-1.c -Os line 28 j == 28 + 37
FAIL: gcc.dg/guality/pr43077-1.c -O1 line 19 vara == 1
FAIL: gcc.dg/guality/pr43077-1.c -O2 line 19 vara == 1
FAIL: gcc.dg/guality/pr43077-1.c -O3 -fomit-frame-pointer line 19 vara == 1
FAIL: gcc.dg/guality/pr43077-1.c -O3 -g line 19 vara == 1
FAIL: gcc.dg/guality/pr43077-1.c -Os line 19 vara == 1
FAIL: gcc.dg/guality/pr43479.c -O1 line 13 h == 9
FAIL: gcc.dg/guality/pr43479.c -O1 line 18 h == 9
FAIL: gcc.dg/guality/pr43479.c -O2 line 13 h == 9
FAIL: gcc.dg/guality/pr43479.c -O2 line 18 h == 9
FAIL: gcc.dg/guality/pr43479.c -O3 -fomit-frame-pointer line 13 h == 9
FAIL: gcc.dg/guality/pr43479.c -O3 -fomit-frame-pointer line 18 h == 9
FAIL: gcc.dg/guality/pr43479.c -O3 -g line 13 h == 9
FAIL: gcc.dg/guality/pr43479.c -O3 -g line 18 h == 9
FAIL: gcc.dg/guality/pr43479.c -Os line 13 h == 9
FAIL: gcc.dg/guality/pr45882.c -O3 -fomit-frame-pointer line 16 b == 7
FAIL: gcc.dg/guality/pr45882.c -O3 -fomit-frame-pointer line 16 c == 11
FAIL: gcc.dg/guality/pr54200.c -Os line 20 z == 3
FAIL: gcc.dg/guality/pr54519-1.c -O3 -fomit-frame-pointer line 20 y == 25
FAIL: gcc.dg/guality/pr54519-3.c -O3 -fomit-frame-pointer line 20 y == 25
FAIL: gcc.dg/guality/pr54519-3.c -O3 -fomit-frame-pointer line 20 z == 6
FAIL: gcc.dg/guality/pr54519-3.c -O3 -fomit-frame-pointer line 23 y == 117
FAIL: gcc.dg/guality/pr54519-3.c -O3 -fomit-frame-pointer line 23 z == 8
FAIL: gcc.dg/guality/pr54519-4.c -O3 -fomit-frame-pointer line 17 y == 25
FAIL: gcc.dg/guality/pr54519-5.c -O3 -fomit-frame-pointer line 17 y == 25
FAIL: gcc.dg/guality/pr54551.c -O3 -fomit-frame-pointer line 18 a == 4
FAIL: gcc.dg/guality/pr54693-2.c -O3 -fomit-frame-pointer line 21 x == 10 - i
FAIL: gcc.dg/guality/pr54693-2.c -O3 -fomit-frame-pointer line 21 y == 20 - 2 * i
FAIL: gcc.dg/guality/pr54693-2.c -O3 -fomit-frame-pointer line 21 z == 30 - 3 * i
FAIL: gcc.dg/guality/pr54693-2.c -O3 -fomit-frame-pointer -funroll-loops line 21 x == 10 - i
FAIL: gcc.dg/guality/pr54693-2.c -O3 -fomit-frame-pointer -funroll-loops line 21 y == 20 - 2 * i
FAIL: gcc.dg/guality/pr54693-2.c -O3 -fomit-frame-pointer -funroll-all-loops -finline-functions line 21 x == 10 - i
FAIL: gcc.dg/guality/pr54693-2.c -O3 -fomit-frame-pointer -funroll-all-loops -finline-functions line 21 y == 20 - 2 * i
FAIL: gcc.dg/guality/pr54970.c -Os line 15 a[0] == 1
FAIL: gcc.dg/guality/pr54970.c -Os line 20 a[0] == 1
FAIL: gcc.dg/guality/pr54970.c -Os line 25 a[0] == 1
FAIL: gcc.dg/guality/pr54970.c -Os line 31 a[0] == 4
FAIL: gcc.dg/guality/pr54970.c -Os line 36 a[0] == 4
FAIL: gcc.dg/guality/pr54970.c -Os line 45 a[0] == 4
FAIL: gcc.dg/guality/pr54970.c -Os line 45 p[-2] == 4
FAIL: gcc.dg/guality/pr54970.c -Os line 45 q[-1] == 4
FAIL: gcc.dg/guality/pr56154-2.c -O3 -fomit-frame-pointer line pr56154-2.c:30 x == 28
FAIL: gcc.dg/guality/pr56154-3.c -O3 -fomit-frame-pointer line pr56154-3.c:22 x == 28
FAIL: gcc.dg/guality/pr56154-4.c -O3 -fomit-frame-pointer line pr56154-4.c:25 x == 28
FAIL: gcc.dg/guality/pr58791-2.c -O3 -fomit-frame-pointer line pr58791-2.c:27 d & 1 == 1
FAIL: gcc.dg/guality/pr58791-2.c -O3 -fomit-frame-pointer line pr58791-2.c:27 f & 1 == 0
FAIL: gcc.dg/guality/pr58791-3.c -O3 -fomit-frame-pointer line pr58791-3.c:19 f == 5
FAIL: gcc.dg/guality/pr58791-3.c -O3 -fomit-frame-pointer line pr58791-3.c:19 g == 24
FAIL: gcc.dg/guality/pr58791-3.c -O3 -fomit-frame-pointer line pr58791-3.c:19 h == 9
FAIL: gcc.dg/guality/pr58791-3.c -O3 -fomit-frame-pointer line pr58791-3.c:19 i == 15
FAIL: gcc.dg/guality/pr58791-3.c -O3 -fomit-frame-pointer line pr58791-3.c:19 j == 6
FAIL: gcc.dg/guality/pr58791-3.c -O3 -fomit-frame-pointer line pr58791-3.c:19 k == 25
FAIL: gcc.dg/guality/pr58791-3.c -O3 -fomit-frame-pointer line pr58791-3.c:19 l == 10
FAIL: gcc.dg/guality/pr58791-3.c -O3 -fomit-frame-pointer line pr58791-3.c:19 m == 16
FAIL: gcc.dg/guality/pr58791-5.c -O3 -fomit-frame-pointer line pr58791-5.c:20 b4 == 4681
FAIL: gcc.dg/guality/pr58791-5.c -O3 -fomit-frame-pointer line pr58791-5.c:20 b3 == 585
FAIL: gcc.dg/guality/pr58791-5.c -O3 -fomit-frame-pointer line pr58791-5.c:20 b2 == 73
FAIL: gcc.dg/guality/pr58791-5.c -O3 -fomit-frame-pointer line pr58791-5.c:20 b1 == 9
FAIL: gcc.dg/guality/sra-1.c -O1 line 43 a.j == 14
FAIL: gcc.dg/guality/sra-1.c -O2 line 43 a.j == 14
FAIL: gcc.dg/guality/sra-1.c -O3 -fomit-frame-pointer line 43 a.j == 14
FAIL: gcc.dg/guality/sra-1.c -O3 -g line 43 a.j == 14
FAIL: gcc.dg/guality/sra-1.c -Os line 43 a.j == 14
FAIL: gcc.dg/guality/vla-1.c -O3 -fomit-frame-pointer line 17 sizeof (a) == 6
FAIL: gcc.dg/ipa/propalign-1.c scan-tree-dump-not optimized "fail_the_test"
FAIL: gcc.dg/ipa/propalign-2.c scan-tree-dump-not optimized "fail_the_test"
FAIL: gcc.dg/noncompile/20020213-1.c -O3 -g (test for errors, line 17)
FAIL: gcc.dg/noncompile/20020213-1.c -O3 -g (test for errors, line 18)
FAIL: gcc.dg/noncompile/20020213-1.c -O3 -g (test for errors, line 19)
FAIL: gcc.dg/noncompile/20020213-1.c -O3 -g (test for errors, line 20)
FAIL: gcc.dg/noncompile/20020213-1.c -O3 -g 2nd incompatible (test for warnings, line 16)
FAIL: gcc.dg/noncompile/20020213-1.c -O3 -g 1st incompatible (test for warnings, line 18)
FAIL: gcc.dg/noncompile/20020213-1.c -O3 -g note: expected (test for warnings, line 6)
FAIL: gcc.dg/noncompile/20020213-1.c -O3 -g 1st incompatible (test for warnings, line 20)
FAIL: gcc.dg/noncompile/20020213-1.c -O3 -g note: expected (test for warnings, line 7)
FAIL: gcc.dg/noncompile/20040203-2.c -O3 -fomit-frame-pointer -funroll-loops (test for errors, line 14)
FAIL: gcc.dg/noncompile/20040203-2.c -O3 -fomit-frame-pointer -funroll-loops (test for errors, line 15)
FAIL: gcc.dg/noncompile/920923-1.c -O3 -fomit-frame-pointer -funroll-loops (test for errors, line 76)
FAIL: gcc.dg/noncompile/920923-1.c -O3 -fomit-frame-pointer -funroll-loops (test for errors, line 79)
FAIL: gcc.dg/noncompile/920923-1.c -O3 -fomit-frame-pointer -funroll-loops (test for errors, line 81)
FAIL: gcc.dg/noncompile/920923-1.c -O3 -fomit-frame-pointer -funroll-loops (test for errors, line 84)
FAIL: gcc.dg/noncompile/920923-1.c -O3 -fomit-frame-pointer -funroll-loops (test for errors, line 100)
FAIL: gcc.dg/noncompile/920923-1.c -O3 -fomit-frame-pointer -funroll-loops (test for errors, line 101)
FAIL: gcc.dg/noncompile/920923-1.c -O3 -fomit-frame-pointer -funroll-loops (test for errors, line 102)
FAIL: gcc.dg/noncompile/920923-1.c -O3 -fomit-frame-pointer -funroll-loops (test for errors, line 111)
FAIL: gcc.dg/noncompile/920923-1.c -O3 -fomit-frame-pointer -funroll-loops (test for errors, line 112)
FAIL: gcc.dg/noncompile/920923-1.c -O3 -fomit-frame-pointer -funroll-loops (test for errors, line 117)
FAIL: gcc.dg/noncompile/voidparam-1.c -O1 volatile void decl (test for errors, line 9)
FAIL: gcc.dg/noncompile/voidparam-1.c -O1 volatile void decl (test for errors, line 10)
FAIL: gcc.dg/noncompile/voidparam-1.c -O1 register void decl (test for errors, line 11)
FAIL: gcc.dg/noncompile/voidparam-1.c -O1 const void defn (test for errors, line 13)
FAIL: gcc.dg/noncompile/voidparam-1.c -O1 const void defn (test for errors, line 14)
FAIL: gcc.dg/noncompile/voidparam-1.c -O1 volatile void defn (test for errors, line 15)
FAIL: gcc.dg/noncompile/voidparam-1.c -O1 volatile void defn (test for errors, line 16)
FAIL: gcc.dg/noncompile/voidparam-1.c -O1 register void defn (test for errors, line 17)
FAIL: gcc.dg/pch/counter-2.c -O0 -I. -Dwith_PCH (test for warnings, line 10)
FAIL: gcc.dg/pch/counter-2.c -O0 -I. -Dwith_PCH no such file (test for errors, line )
FAIL: gcc.dg/pch/counter-2.c -O0 -I. -Dwith_PCH invalid files (test for errors, line 10)
FAIL: gcc.dg/pch/counter-2.c -O0 -I. -Dwith_PCH (test for warnings, line )
FAIL: gcc.dg/pch/counter-2.c -O0 -I. -Dwith_PCH (test for excess errors)
FAIL: c-c++-common/tm/safe-1.c (test for errors, line 29)
FAIL: c-c++-common/tm/safe-1.c (test for errors, line 30)
FAIL: c-c++-common/tm/safe-1.c (test for errors, line 38)
FAIL: c-c++-common/tm/safe-1.c (test for errors, line 39)
FAIL: c-c++-common/tm/safe-1.c (test for errors, line 40)
FAIL: c-c++-common/tm/safe-1.c (test for errors, line 42)
FAIL: c-c++-common/tm/safe-1.c (test for errors, line 43)
FAIL: c-c++-common/tm/safe-1.c (test for errors, line 55)
FAIL: c-c++-common/tm/safe-1.c (test for errors, line 56)
FAIL: c-c++-common/tm/safe-1.c (test for errors, line 60)
FAIL: c-c++-common/tm/safe-1.c (test for errors, line 61)
FAIL: c-c++-common/tm/safe-1.c (test for errors, line 63)
FAIL: c-c++-common/tm/safe-1.c (test for errors, line 65)
FAIL: c-c++-common/tm/safe-1.c (test for errors, line 66)
FAIL: c-c++-common/torture/vector-compare-1.c -O1 execution test
FAIL: gcc.dg/tree-prof/crossmodule-indircall-1a.c compilation, -fprofile-generate -D_PROFILE_GENERATE
UNRESOLVED: gcc.dg/tree-prof/crossmodule-indircall-1a.c execution, -fprofile-generate -D_PROFILE_GENERATE
UNRESOLVED: gcc.dg/tree-prof/crossmodule-indircall-1a.c compilation, -fprofile-use -D_PROFILE_USE
UNRESOLVED: gcc.dg/tree-prof/crossmodule-indircall-1a.c execution, -fprofile-use -D_PROFILE_USE
FAIL: gcc.dg/tree-prof/stringop-2.c scan-tree-dump optimized "MEM\\\\[\\\\(void .\\\\)&a\\\\] = 168430090"
FAIL: gcc.dg/tree-ssa/ssa-dom-thread-4.c scan-tree-dump-times dom1 "Threaded" 3
FAIL: gcc.dg/tree-ssa/vrp47.c scan-tree-dump-times vrp1 "[xy][^ ]* !=" 0
FAIL: gcc.dg/tree-ssa/vrp47.c scan-tree-dump-times vrp1 "x[^ ]* [|] y" 1
FAIL: gcc.target/m68k/20090709-1.c scan-assembler-times .LC0 3
FAIL: gcc.target/m68k/20100512-1.c scan-assembler-times __stack_chk_guard 4
FAIL: gcc.target/m68k/tls-gd.c scan-assembler foo@TLSGD\\\\(%a5\\\\)
FAIL: gcc.target/m68k/tls-ie-xgot.c scan-assembler #foo@TLSIE,%[ad][0-7]
FAIL: gcc.target/m68k/tls-ld-xgot.c scan-assembler lea \\\\(foo@TLSLDO,%a0\\\\)
FAIL: gcc.target/m68k/tls-ld-xtls.c scan-assembler foo@TLSLDM\\\\(%a5\\\\)
FAIL: gcc.target/m68k/tls-ld.c scan-assembler foo@TLSLDM\\\\(%a5\\\\)
FAIL: gcc.target/m68k/tls-ld.c scan-assembler lea \\\\(foo@TLSLDO,%a0\\\\)
FAIL: gcc.target/m68k/tls-le.c scan-assembler lea \\\\(foo@TLSLE,%a0\\\\)
=== gcc Summary ===
# of expected passes 75474
# of unexpected failures 206
# of unexpected successes 19
# of expected failures 116
# of unresolved testcases 4
# of unsupported tests 1557
/mnt/scratch/objdir6/gcc/xgcc version 6.0.0 20150607 (experimental) (GCC)
=== libatomic tests ===
Running target unix
=== libatomic Summary ===
# of expected passes 44
# of unsupported tests 5
=== libstdc++ tests ===
Running target unix
=== libstdc++ Summary ===
# of expected passes 10266
# of expected failures 65
# of unsupported tests 261
Compiler version: 6.0.0 20150607 (experimental) (GCC)
Platform: m68k-unknown-linux-gnu
configure flags: --prefix=/mnt/scratch/install6 --enable-bootstrap --enable-shared --enable-threads=posix --enable-checking=release --with-system-zlib --enable-__cxa_atexit --disable-libunwind-exceptions --enable-gnu-unique-object --enable-linker-build-id --with-linker-hash-style=gnu --enable-languages=c,c++ --disable-dssi --with-java-home=/usr/lib/jvm/java-1.5.0-gcj-1.5.0.0/jre --enable-libgcj-multifile --disable-java-maintainer-mode --with-ecj-jar=/usr/share/java/eclipse-ecj.jar --disable-libjava-multilib --disable-sjlj-exceptions --disable-libmudflap --disable-plugin --disable-lto --disable-multilib --disable-libgomp
BOOT_CFLAGS=-g -O2