This is the mail archive of the
gcc-testresults@gcc.gnu.org
mailing list for the GCC project.
Results for 4.7.4 (GCC) testsuite on x86_64-unknown-linux-gnu
- From: steven Wang <steven at ks dot uiuc dot edu>
- To: gcc-testresults at gcc dot gnu dot org
- Date: Wed, 03 Jun 2015 14:47:42 -0500
- Subject: Results for 4.7.4 (GCC) testsuite on x86_64-unknown-linux-gnu
- Authentication-results: sourceware.org; auth=none
### Compilation environment
* CentOS 6.6
* x86_64 architecture (Intel(R) Xeon(R) CPU W3550 @ 3.07GHz)
* Compiler: gcc version 4.4.7 20120313 (Red Hat 4.4.7-11)
* The following programs are used for compiling gcc-4.7.4
1) gnu-make-4.1 3) gnu-bison-3.0.4 5) gnu-libtool-2.4.6 7) texinfo-5.2 9) libcloog-0.15.11-with-ppl-0.11 11) libmpfr-2.4.2
2) gnu-m4-1.4.17 4) gnu-autoconf-2.69 6) perl-5.22.0 8) libgmp-4.3.2-for-gcc-4.4.7 10) libmpc-0.8.1 12) libppl-0.11
LAST_UPDATED: Obtained from SVN: tags/gcc_4_7_4_release revision 211579
Native configuration is x86_64-unknown-linux-gnu
=== gcc tests ===
Running target unix
XPASS: gcc.dg/inline_3.c (test for excess errors)
XPASS: gcc.dg/inline_4.c (test for excess errors)
XPASS: gcc.dg/unroll_2.c (test for excess errors)
XPASS: gcc.dg/unroll_3.c (test for excess errors)
XPASS: gcc.dg/unroll_4.c (test for excess errors)
XPASS: gcc.dg/guality/example.c -O0 execution test
XPASS: gcc.dg/guality/example.c -O1 execution test
XPASS: gcc.dg/guality/example.c -O2 execution test
XPASS: gcc.dg/guality/example.c -Os execution test
XPASS: gcc.dg/guality/example.c -O2 -flto -flto-partition=none execution test
XPASS: gcc.dg/guality/example.c -O2 -flto execution test
XPASS: gcc.dg/guality/guality.c -O0 execution test
XPASS: gcc.dg/guality/inline-params.c -O2 execution test
XPASS: gcc.dg/guality/inline-params.c -O3 -fomit-frame-pointer execution test
XPASS: gcc.dg/guality/inline-params.c -O3 -g execution test
XPASS: gcc.dg/guality/inline-params.c -Os execution test
XPASS: gcc.dg/guality/inline-params.c -O2 -flto -flto-partition=none execution test
XPASS: gcc.dg/guality/inline-params.c -O2 -flto execution test
XPASS: gcc.dg/guality/pr41353-1.c -O0 line 28 j == 28 + 37
XPASS: gcc.dg/guality/pr41353-1.c -O1 line 28 j == 28 + 37
XPASS: gcc.dg/guality/pr41353-1.c -O2 line 28 j == 28 + 37
XPASS: gcc.dg/guality/pr41353-1.c -O3 -fomit-frame-pointer line 28 j == 28 + 37
XPASS: gcc.dg/guality/pr41353-1.c -O3 -g line 28 j == 28 + 37
XPASS: gcc.dg/guality/pr41353-1.c -Os line 28 j == 28 + 37
XPASS: gcc.dg/guality/pr41353-1.c -O2 -flto -flto-partition=none line 28 j == 28 + 37
XPASS: gcc.dg/guality/pr41353-1.c -O2 -flto line 28 j == 28 + 37
XPASS: gcc.dg/guality/pr41447-1.c -O0 execution test
XPASS: gcc.dg/guality/pr41447-1.c -O1 execution test
XPASS: gcc.dg/guality/pr41447-1.c -O2 execution test
XPASS: gcc.dg/guality/pr41447-1.c -O3 -fomit-frame-pointer execution test
XPASS: gcc.dg/guality/pr41447-1.c -O3 -g execution test
XPASS: gcc.dg/guality/pr41447-1.c -Os execution test
XPASS: gcc.dg/guality/pr41447-1.c -O2 -flto -flto-partition=none execution test
XPASS: gcc.dg/guality/pr41447-1.c -O2 -flto execution test
XPASS: gcc.dg/guality/pr41616-1.c -O0 execution test
XPASS: gcc.dg/guality/pr41616-1.c -O1 execution test
XPASS: gcc.dg/guality/pr41616-1.c -O2 execution test
XPASS: gcc.dg/guality/pr41616-1.c -O3 -fomit-frame-pointer execution test
XPASS: gcc.dg/guality/pr41616-1.c -O3 -g execution test
XPASS: gcc.dg/guality/pr41616-1.c -Os execution test
XPASS: gcc.dg/guality/pr41616-1.c -O2 -flto -flto-partition=none execution test
XPASS: gcc.dg/guality/pr41616-1.c -O2 -flto execution test
FAIL: gcc.dg/guality/vla-1.c -O1 line 17 sizeof (a) == 6
FAIL: gcc.dg/guality/vla-1.c -O2 line 17 sizeof (a) == 6
FAIL: gcc.dg/guality/vla-1.c -O3 -fomit-frame-pointer line 17 sizeof (a) == 6
FAIL: gcc.dg/guality/vla-1.c -O3 -g line 17 sizeof (a) == 6
FAIL: gcc.dg/guality/vla-1.c -Os line 17 sizeof (a) == 6
FAIL: gcc.dg/guality/vla-1.c -O2 -flto -flto-partition=none line 17 sizeof (a) == 6
FAIL: gcc.dg/guality/vla-1.c -O2 -flto line 17 sizeof (a) == 6
=== gcc Summary ===
# of expected passes 88439
# of unexpected failures 7
# of unexpected successes 42
# of expected failures 272
# of unsupported tests 1473
/Scr/scr-test-steven/Programs/GCC/build_gcc-4.7.4/gcc/xgcc version 4.7.4 (GCC)
=== gfortran tests ===
Running target unix
=== gfortran Summary ===
# of expected passes 41460
# of expected failures 56
# of unsupported tests 70
/Scr/scr-test-steven/Programs/GCC/build_gcc-4.7.4/gcc/testsuite/gfortran/../../gfortran version 4.7.4 (GCC)
=== g++ tests ===
Running target unix
=== g++ Summary ===
# of expected passes 48980
# of expected failures 286
# of unsupported tests 589
/Scr/scr-test-steven/Programs/GCC/build_gcc-4.7.4/gcc/testsuite/g++/../../g++ version 4.7.4 (GCC)
=== objc tests ===
Running target unix
=== objc Summary ===
# of expected passes 2988
# of expected failures 6
# of unsupported tests 74
/Scr/scr-test-steven/Programs/GCC/build_gcc-4.7.4/gcc/xgcc version 4.7.4 (GCC)
=== boehm-gc tests ===
Running target unix
=== boehm-gc Summary ===
# of expected passes 12
# of unsupported tests 1
=== libffi tests ===
Running target unix
=== libffi Summary ===
# of expected passes 1634
# of expected failures 10
# of unsupported tests 55
=== libgomp tests ===
Running target unix
=== libgomp Summary ===
# of expected passes 2992
=== libitm tests ===
Running target unix
=== libitm Summary ===
# of expected passes 26
# of expected failures 3
# of unsupported tests 1
=== libjava tests ===
Running target unix
=== libjava Summary ===
# of expected passes 2574
=== libmudflap tests ===
Running target unix
FAIL: libmudflap.c++/pass55-frag.cxx ( -O) execution test
=== libmudflap Summary ===
# of expected passes 1435
# of unexpected failures 1
=== libstdc++ tests ===
Running target unix
=== libstdc++ Summary ===
# of expected passes 8937
# of expected failures 45
# of unsupported tests 147
Compiler version: 4.7.4 (GCC)
Platform: x86_64-unknown-linux-gnu
configure flags: --prefix=/Scr/scr-test-steven/install/gcc/4.7.4 --disable-multilib --with-gmp=/Scr/scr-test-steven/install/libgmp/with_cxx_support/for_gcc_4.4.7/4.3.2 --with-mpfr=/Scr/scr-test-steven/install/libmpfr/2.4.2 --with-mpc=/Scr/scr-test-steven/install/libmpc/0.8.1 --with-cloog=/Scr/scr-test-steven/install/libcloog/0.15.11 --with-ppl=/Scr/scr-test-steven/install/libppl/0.11