This is the mail archive of the
gcc-testresults@gcc.gnu.org
mailing list for the GCC project.
Results for 6.0.0 20150601 (experimental) [trunk revision 223997] (GCC) testsuite on x86_64-unknown-linux-gnu
- From: "Intel Automatic Testing System [Intel64 Core AVX2]" <i64corei7avx2 at ecsmtp dot ims dot intel dot com>
- To: gcc-testresults at gcc dot gnu dot org
- Date: Tue, 02 Jun 2015 12:13:25 +0300
- Subject: Results for 6.0.0 20150601 (experimental) [trunk revision 223997] (GCC) testsuite on x86_64-unknown-linux-gnu
- Authentication-results: sourceware.org; auth=none
LAST_UPDATED: Mon Jun 1 22:26:42 UTC 2015 (revision 223997)
Native configuration is x86_64-unknown-linux-gnu
=== gfortran tests ===
Running target unix
FAIL: gfortran.dg/vect/fast-math-mgrid-resid.f -O scan-tree-dump-times pcom "Executing predictive commoning without unrolling" 1
FAIL: gfortran.dg/vect/fast-math-mgrid-resid.f -O scan-tree-dump-times pcom "Predictive commoning failed: no suitable chains" 0
=== gfortran Summary for unix ===
# of expected passes 4050
Running target unix/-m32
FAIL: gfortran.dg/vect/fast-math-mgrid-resid.f -O scan-tree-dump-times pcom "Executing predictive commoning without unrolling" 2
FAIL: gfortran.dg/vect/fast-math-mgrid-resid.f -O scan-tree-dump-times pcom "Predictive commoning failed: no suitable chains" 0
=== gfortran Summary for unix/-m32 ===
# of expected passes 4050
=== gfortran Summary ===
# of expected passes 8100
/export/users1/nightly/gcc.svn/test-intel64corei7avx2/gcc-build-trunk/bld/gcc/testsuite/gfortran/../../gfortran version 6.0.0 20150601 (experimental) [trunk revision 223997] (GCC)
=== g++ tests ===
Running target unix
FAIL: g++.dg/ipa/ipa-icf-4.C -std=gnu++11 scan-ipa-dump icf "Equal symbols: [67]"
FAIL: g++.dg/ipa/ipa-icf-4.C -std=gnu++14 scan-ipa-dump icf "Equal symbols: [67]"
FAIL: g++.dg/ipa/ipa-icf-4.C -std=gnu++98 scan-ipa-dump icf "Equal symbols: [67]"
FAIL: g++.dg/guality/pr55665.C -O2 line 23 p == 40
FAIL: g++.dg/guality/pr55665.C -O3 -fomit-frame-pointer line 23 p == 40
FAIL: g++.dg/guality/pr55665.C -O3 -g line 23 p == 40
XPASS: g++.dg/tls/thread_local-order2.C -std=c++11 execution test
XPASS: g++.dg/tls/thread_local-order2.C -std=c++14 execution test
FAIL: g++.dg/vect/slp-pr56812.cc -std=c++11 scan-tree-dump-times slp1 "basic block vectorized" 1
FAIL: g++.dg/vect/slp-pr56812.cc -std=c++14 scan-tree-dump-times slp1 "basic block vectorized" 1
FAIL: g++.dg/vect/slp-pr56812.cc -std=c++98 scan-tree-dump-times slp1 "basic block vectorized" 1
=== g++ Summary for unix ===
# of expected passes 20200
# of expected failures 61
# of unsupported tests 74
Running target unix/-m32
FAIL: g++.dg/ipa/ipa-icf-4.C -std=gnu++11 scan-ipa-dump icf "Equal symbols: [67]"
FAIL: g++.dg/ipa/ipa-icf-4.C -std=gnu++14 scan-ipa-dump icf "Equal symbols: [67]"
FAIL: g++.dg/ipa/ipa-icf-4.C -std=gnu++98 scan-ipa-dump icf "Equal symbols: [67]"
FAIL: g++.dg/guality/pr55665.C -O2 line 23 p == 40
FAIL: g++.dg/guality/pr55665.C -O3 -fomit-frame-pointer line 23 p == 40
FAIL: g++.dg/guality/pr55665.C -O3 -g line 23 p == 40
XPASS: g++.dg/tls/thread_local-order2.C -std=c++11 execution test
XPASS: g++.dg/tls/thread_local-order2.C -std=c++14 execution test
FAIL: g++.dg/vect/slp-pr56812.cc -std=c++11 scan-tree-dump-times slp1 "basic block vectorized" 1
FAIL: g++.dg/vect/slp-pr56812.cc -std=c++14 scan-tree-dump-times slp1 "basic block vectorized" 1
FAIL: g++.dg/vect/slp-pr56812.cc -std=c++98 scan-tree-dump-times slp1 "basic block vectorized" 1
=== g++ Summary for unix/-m32 ===
# of expected passes 20341
# of expected failures 61
# of unsupported tests 44
=== g++ Summary ===
# of expected passes 40541
# of expected failures 122
# of unsupported tests 118
/export/users1/nightly/gcc.svn/test-intel64corei7avx2/gcc-build-trunk/bld/gcc/testsuite/g++/../../xg++ version 6.0.0 20150601 (experimental) [trunk revision 223997] (GCC)
=== objc tests ===
Running target unix
=== objc Summary for unix ===
# of expected passes 64
Running target unix/-m32
=== objc Summary for unix/-m32 ===
# of expected passes 64
=== objc Summary ===
# of expected passes 128
/export/users1/nightly/gcc.svn/test-intel64corei7avx2/gcc-build-trunk/bld/gcc/xgcc version 6.0.0 20150601 (experimental) [trunk revision 223997] (GCC)
=== boehm-gc tests ===
Running target unix/-m32
=== boehm-gc Summary for unix/-m32 ===
# of expected passes 4
Running target unix
=== boehm-gc Summary for unix ===
# of expected passes 4
=== boehm-gc Summary ===
# of expected passes 24
# of unsupported tests 2
=== libatomic tests ===
Running target unix/-m32
=== libatomic Summary for unix/-m32 ===
# of expected passes 44
# of unsupported tests 5
Running target unix
=== libatomic Summary for unix ===
# of expected passes 54
=== libatomic Summary ===
# of expected passes 98
# of unsupported tests 5
=== libffi tests ===
Running target unix/-m32
=== libffi Summary for unix/-m32 ===
# of expected passes 24
Running target unix
=== libffi Summary for unix ===
# of expected passes 24
=== libffi Summary ===
# of expected passes 4353
# of unsupported tests 60
=== libgomp tests ===
Running target unix/-m32
FAIL: libgomp.oacc-c/../libgomp.oacc-c-c++-common/lib-3.c -DACC_DEVICE_TYPE_host_nonshm=1 -DACC_MEM_SHARED=0 output pattern test, is
FAIL: libgomp.oacc-c/../libgomp.oacc-c-c++-common/lib-42.c -DACC_DEVICE_TYPE_host_nonshm=1 -DACC_MEM_SHARED=0 output pattern test, is , should match \\[[0-9a-fA-FxX]+,256\\] is not mapped
FAIL: libgomp.oacc-c/../libgomp.oacc-c-c++-common/lib-62.c -DACC_DEVICE_TYPE_host_nonshm=1 -DACC_MEM_SHARED=0 output pattern test, is
FAIL: libgomp.oacc-c/../libgomp.oacc-c-c++-common/lib-3.c -DACC_DEVICE_TYPE_host=1 -DACC_MEM_SHARED=1 output pattern test, is
FAIL: libgomp.oacc-c/../libgomp.oacc-c-c++-common/lib-42.c -DACC_DEVICE_TYPE_host=1 -DACC_MEM_SHARED=1 output pattern test, is , should match \\[[0-9a-fA-FxX]+,256\\] is not mapped
FAIL: libgomp.oacc-c/../libgomp.oacc-c-c++-common/lib-62.c -DACC_DEVICE_TYPE_host=1 -DACC_MEM_SHARED=1 output pattern test, is
FAIL: libgomp.oacc-c++/../libgomp.oacc-c-c++-common/lib-3.c -DACC_DEVICE_TYPE_host_nonshm=1 -DACC_MEM_SHARED=0 output pattern test, is
FAIL: libgomp.oacc-c++/../libgomp.oacc-c-c++-common/lib-42.c -DACC_DEVICE_TYPE_host_nonshm=1 -DACC_MEM_SHARED=0 output pattern test, is , should match \\[[0-9a-fA-FxX]+,256\\] is not mapped
FAIL: libgomp.oacc-c++/../libgomp.oacc-c-c++-common/lib-62.c -DACC_DEVICE_TYPE_host_nonshm=1 -DACC_MEM_SHARED=0 output pattern test, is
FAIL: libgomp.oacc-c++/../libgomp.oacc-c-c++-common/lib-3.c -DACC_DEVICE_TYPE_host=1 -DACC_MEM_SHARED=1 output pattern test, is
FAIL: libgomp.oacc-c++/../libgomp.oacc-c-c++-common/lib-42.c -DACC_DEVICE_TYPE_host=1 -DACC_MEM_SHARED=1 output pattern test, is , should match \\[[0-9a-fA-FxX]+,256\\] is not mapped
FAIL: libgomp.oacc-c++/../libgomp.oacc-c-c++-common/lib-62.c -DACC_DEVICE_TYPE_host=1 -DACC_MEM_SHARED=1 output pattern test, is
=== libgomp Summary for unix/-m32 ===
# of expected passes 1192
# of unsupported tests 8
Running target unix
FAIL: libgomp.oacc-c/../libgomp.oacc-c-c++-common/lib-3.c -DACC_DEVICE_TYPE_host_nonshm=1 -DACC_MEM_SHARED=0 output pattern test, is
FAIL: libgomp.oacc-c/../libgomp.oacc-c-c++-common/lib-42.c -DACC_DEVICE_TYPE_host_nonshm=1 -DACC_MEM_SHARED=0 output pattern test, is , should match \\[[0-9a-fA-FxX]+,256\\] is not mapped
FAIL: libgomp.oacc-c/../libgomp.oacc-c-c++-common/lib-62.c -DACC_DEVICE_TYPE_host_nonshm=1 -DACC_MEM_SHARED=0 output pattern test, is
FAIL: libgomp.oacc-c/../libgomp.oacc-c-c++-common/lib-3.c -DACC_DEVICE_TYPE_host=1 -DACC_MEM_SHARED=1 output pattern test, is
FAIL: libgomp.oacc-c/../libgomp.oacc-c-c++-common/lib-42.c -DACC_DEVICE_TYPE_host=1 -DACC_MEM_SHARED=1 output pattern test, is , should match \\[[0-9a-fA-FxX]+,256\\] is not mapped
FAIL: libgomp.oacc-c/../libgomp.oacc-c-c++-common/lib-62.c -DACC_DEVICE_TYPE_host=1 -DACC_MEM_SHARED=1 output pattern test, is
FAIL: libgomp.oacc-c++/../libgomp.oacc-c-c++-common/lib-3.c -DACC_DEVICE_TYPE_host_nonshm=1 -DACC_MEM_SHARED=0 output pattern test, is
FAIL: libgomp.oacc-c++/../libgomp.oacc-c-c++-common/lib-42.c -DACC_DEVICE_TYPE_host_nonshm=1 -DACC_MEM_SHARED=0 output pattern test, is , should match \\[[0-9a-fA-FxX]+,256\\] is not mapped
FAIL: libgomp.oacc-c++/../libgomp.oacc-c-c++-common/lib-62.c -DACC_DEVICE_TYPE_host_nonshm=1 -DACC_MEM_SHARED=0 output pattern test, is
FAIL: libgomp.oacc-c++/../libgomp.oacc-c-c++-common/lib-3.c -DACC_DEVICE_TYPE_host=1 -DACC_MEM_SHARED=1 output pattern test, is
FAIL: libgomp.oacc-c++/../libgomp.oacc-c-c++-common/lib-42.c -DACC_DEVICE_TYPE_host=1 -DACC_MEM_SHARED=1 output pattern test, is , should match \\[[0-9a-fA-FxX]+,256\\] is not mapped
FAIL: libgomp.oacc-c++/../libgomp.oacc-c-c++-common/lib-62.c -DACC_DEVICE_TYPE_host=1 -DACC_MEM_SHARED=1 output pattern test, is
=== libgomp Summary for unix ===
# of expected passes 1192
# of unsupported tests 8
=== libgomp Summary ===
# of expected passes 11792
# of unexpected failures 24
# of unsupported tests 548
=== libitm tests ===
Running target unix/-m32
=== libitm Summary for unix/-m32 ===
# of expected passes 4
# of expected failures 1
# of unsupported tests 1
Running target unix
=== libitm Summary for unix ===
# of expected passes 4
# of expected failures 1
# of unsupported tests 1
=== libitm Summary ===
# of expected passes 52
# of expected failures 6
# of unsupported tests 2
=== libjava tests ===
Running target unix/-m32
=== libjava Summary for unix/-m32 ===
Running target unix
=== libjava Summary for unix ===
=== libjava Summary ===
# of expected passes 5164
# of expected failures 8
=== libstdc++ tests ===
Running target unix
XPASS: 26_numerics/headers/cmath/c_math.cc execution test
=== libstdc++ Summary for unix ===
# of unsupported tests 1
Running target unix/-m32
=== libstdc++ Summary for unix/-m32 ===
# of unsupported tests 1
=== libstdc++ Summary ===
# of unsupported tests 2
Compiler version: 6.0.0 20150601 (experimental) [trunk revision 223997] (GCC)
Platform: x86_64-unknown-linux-gnu
configure flags: --with-arch=core-avx2 --with-cpu=core-avx2 --prefix=/usr/local --enable-clocale=gnu --with-system-zlib --enable-shared --with-demangler-in-ld --enable-cloog-backend=isl --with-ppl-include=/opt/gnu/include --with-ppl-lib=/opt/gnu/lib64 --with-cloog-include=/opt/gnu/include --with-cloog-lib=/opt/gnu/lib64 --with-fpmath=sse --enable-languages=c,c++,fortran,java,lto,objc