This is the mail archive of the
gcc-testresults@gcc.gnu.org
mailing list for the GCC project.
Results for 5.0.0 20141219 (experimental) [trunk revision 218949] (GCC) testsuite on x86_64-pc-solaris2.11
- From: Rainer Orth <ro at CeBiTec dot Uni-Bielefeld dot DE>
- To: gcc-testresults at gcc dot gnu dot org
- Date: Sun, 21 Dec 2014 11:13:23 +0100 (CET)
- Subject: Results for 5.0.0 20141219 (experimental) [trunk revision 218949] (GCC) testsuite on x86_64-pc-solaris2.11
- Authentication-results: sourceware.org; auth=none
LAST_UPDATED: Fri Dec 19 14:15:13 UTC 2014 (revision 218949)
Native configuration is x86_64-pc-solaris2.11
=== boehm-gc tests ===
Running target unix/-m32
=== boehm-gc Summary for unix/-m32 ===
# of expected passes 12
# of unsupported tests 1
Running target unix
=== boehm-gc Summary for unix ===
# of expected passes 12
# of unsupported tests 1
=== boehm-gc Summary ===
# of expected passes 24
# of unsupported tests 2
=== libatomic tests ===
Running target unix/-m32
=== libatomic Summary for unix/-m32 ===
# of expected passes 44
# of unsupported tests 5
Running target unix
=== libatomic Summary for unix ===
# of expected passes 54
=== libatomic Summary ===
# of expected passes 98
# of unsupported tests 5
=== libffi tests ===
Running target unix/-m32
=== libffi Summary for unix/-m32 ===
# of expected passes 1819
# of unsupported tests 55
Running target unix
=== libffi Summary for unix ===
# of expected passes 1819
# of unsupported tests 55
=== libffi Summary ===
# of expected passes 3638
# of unsupported tests 110
=== libgo tests ===
Running target unix
=== libgo Summary for unix ===
# of expected passes 123
Running target unix/-m32
FAIL: net
FAIL: runtime
FAIL: log/syslog
FAIL: net/http
=== libgo Summary for unix/-m32 ===
# of expected passes 119
# of unexpected failures 4
=== libgo Summary ===
# of expected passes 242
# of unexpected failures 4
/var/gcc/regression/trunk/11-gcc-gas-64/build/./gcc/gccgo version 5.0.0 20141219 (experimental) [trunk revision 218949] (GCC)
=== libgomp tests ===
Running target unix/-m32
=== libgomp Summary for unix/-m32 ===
# of expected passes 3741
# of unsupported tests 86
Running target unix
=== libgomp Summary for unix ===
# of expected passes 3741
# of unsupported tests 86
=== libgomp Summary ===
# of expected passes 7482
# of unsupported tests 172
=== libitm tests ===
Running target unix/-m32
=== libitm Summary for unix/-m32 ===
# of expected passes 26
# of expected failures 3
# of unsupported tests 1
Running target unix
=== libitm Summary for unix ===
# of expected passes 26
# of expected failures 3
# of unsupported tests 1
=== libitm Summary ===
# of expected passes 52
# of expected failures 6
# of unsupported tests 2
=== libjava tests ===
Running target unix/-m32
=== libjava Summary for unix/-m32 ===
# of expected passes 2582
# of expected failures 4
Running target unix
=== libjava Summary for unix ===
# of expected passes 2582
# of expected failures 4
=== libjava Summary ===
# of expected passes 5164
# of expected failures 8
=== libstdc++ tests ===
Running target unix
=== libstdc++ Summary for unix ===
# of expected passes 9289
# of expected failures 69
# of unsupported tests 604
Running target unix/-m32
=== libstdc++ Summary for unix/-m32 ===
# of expected passes 9289
# of expected failures 69
# of unsupported tests 604
=== libstdc++ Summary ===
# of expected passes 18578
# of expected failures 138
# of unsupported tests 1208
=== acats tests ===
=== acats Summary ===
# of expected passes 2320
# of unexpected failures 0
=== g++ tests ===
Running target unix
ERROR: g++.dg/cpp1y/lambda-generic-variadic2.C -std=c++11: syntax error in target selector "target cxx14" for " dg-error 21 "" "" { target { ! cxx14 } } "
UNRESOLVED: g++.dg/cpp1y/lambda-generic-variadic2.C -std=c++11: syntax error in target selector "target cxx14" for " dg-error 21 "" "" { target { ! cxx14 } } "
ERROR: g++.dg/cpp1y/lambda-generic-variadic2.C -std=c++14: syntax error in target selector "target cxx14" for " dg-error 21 "" "" { target { ! cxx14 } } "
UNRESOLVED: g++.dg/cpp1y/lambda-generic-variadic2.C -std=c++14: syntax error in target selector "target cxx14" for " dg-error 21 "" "" { target { ! cxx14 } } "
ERROR: g++.dg/cpp1y/lambda-generic-variadic2.C -std=c++98: syntax error in target selector "target cxx14" for " dg-error 21 "" "" { target { ! cxx14 } } "
UNRESOLVED: g++.dg/cpp1y/lambda-generic-variadic2.C -std=c++98: syntax error in target selector "target cxx14" for " dg-error 21 "" "" { target { ! cxx14 } } "
=== g++ Summary for unix ===
# of expected passes 84469
# of expected failures 249
# of unresolved testcases 3
# of unsupported tests 3409
Running target unix/-m32
FAIL: g++.dg/cilk-plus/CK/catch_exc.cc -O1 -fcilkplus execution test
FAIL: g++.dg/cilk-plus/CK/catch_exc.cc -O3 -fcilkplus execution test
FAIL: g++.dg/cilk-plus/CK/catch_exc.cc -g -O2 -fcilkplus execution test
FAIL: g++.dg/cilk-plus/CK/catch_exc.cc -g -fcilkplus execution test
ERROR: g++.dg/cpp1y/lambda-generic-variadic2.C -std=c++11: syntax error in target selector "target cxx14" for " dg-error 21 "" "" { target { ! cxx14 } } "
UNRESOLVED: g++.dg/cpp1y/lambda-generic-variadic2.C -std=c++11: syntax error in target selector "target cxx14" for " dg-error 21 "" "" { target { ! cxx14 } } "
ERROR: g++.dg/cpp1y/lambda-generic-variadic2.C -std=c++14: syntax error in target selector "target cxx14" for " dg-error 21 "" "" { target { ! cxx14 } } "
UNRESOLVED: g++.dg/cpp1y/lambda-generic-variadic2.C -std=c++14: syntax error in target selector "target cxx14" for " dg-error 21 "" "" { target { ! cxx14 } } "
ERROR: g++.dg/cpp1y/lambda-generic-variadic2.C -std=c++98: syntax error in target selector "target cxx14" for " dg-error 21 "" "" { target { ! cxx14 } } "
UNRESOLVED: g++.dg/cpp1y/lambda-generic-variadic2.C -std=c++98: syntax error in target selector "target cxx14" for " dg-error 21 "" "" { target { ! cxx14 } } "
FAIL: g++.dg/opt/pr59470.C -std=gnu++11 (test for excess errors)
WARNING: g++.dg/opt/pr59470.C -std=gnu++11 compilation failed to produce executable
FAIL: g++.dg/opt/pr59470.C -std=gnu++14 (test for excess errors)
WARNING: g++.dg/opt/pr59470.C -std=gnu++14 compilation failed to produce executable
FAIL: g++.dg/opt/pr59470.C -std=gnu++98 (test for excess errors)
WARNING: g++.dg/opt/pr59470.C -std=gnu++98 compilation failed to produce executable
=== g++ Summary for unix/-m32 ===
# of expected passes 83138
# of unexpected failures 7
# of expected failures 249
# of unresolved testcases 3
# of unsupported tests 3138
=== g++ Summary ===
# of expected passes 167607
# of unexpected failures 7
# of expected failures 498
# of unresolved testcases 6
# of unsupported tests 6547
/var/gcc/regression/trunk/11-gcc-gas-64/build/gcc/testsuite/g++/../../xg++ version 5.0.0 20141219 (experimental) [trunk revision 218949] (GCC)
=== gcc tests ===
Running target unix
FAIL: gcc.dg/undefined-loop-2.c (test for warnings, line 18)
FAIL: gcc.dg/unroll_1.c (test for warnings, line 24)
FAIL: gcc.dg/graphite/vect-pr43423.c scan-tree-dump-times vect "vectorized 2 loops" 1
=== gcc Summary for unix ===
# of expected passes 106244
# of unexpected failures 3
# of expected failures 258
# of unsupported tests 2183
Running target unix/-m32
FAIL: gcc.dg/undefined-loop-2.c (test for warnings, line 18)
FAIL: gcc.dg/unroll_1.c (test for warnings, line 24)
FAIL: gcc.dg/graphite/vect-pr43423.c scan-tree-dump-times vect "vectorized 2 loops" 1
FAIL: gcc.target/i386/funcspec-5.c (test for excess errors)
FAIL: gcc.target/i386/pr49095.c scan-assembler-not test[lq]
FAIL: gcc.target/i386/pr64291-1.c (test for excess errors)
FAIL: gcc.target/i386/pr64291-1.c execution test
=== gcc Summary for unix/-m32 ===
# of expected passes 105351
# of unexpected failures 7
# of expected failures 258
# of unsupported tests 1943
=== gcc Summary ===
# of expected passes 211595
# of unexpected failures 10
# of expected failures 516
# of unsupported tests 4126
/var/gcc/regression/trunk/11-gcc-gas-64/build/gcc/xgcc version 5.0.0 20141219 (experimental) [trunk revision 218949] (GCC)
=== gfortran tests ===
Running target unix
=== gfortran Summary for unix ===
# of expected passes 46986
# of expected failures 61
# of unsupported tests 75
Running target unix/-m32
=== gfortran Summary for unix/-m32 ===
# of expected passes 46699
# of expected failures 61
# of unsupported tests 213
=== gfortran Summary ===
# of expected passes 93685
# of expected failures 122
# of unsupported tests 288
/var/gcc/regression/trunk/11-gcc-gas-64/build/gcc/testsuite/gfortran/../../gfortran version 5.0.0 20141219 (experimental) [trunk revision 218949] (GCC)
=== gnat tests ===
Running target unix/-m32
FAIL: gnat.dg/lto8.adb (internal compiler error)
FAIL: gnat.dg/lto8.adb (test for excess errors)
=== gnat Summary for unix/-m32 ===
# of expected passes 1307
# of unexpected failures 2
# of expected failures 20
# of unsupported tests 7
Running target unix
FAIL: gnat.dg/lto8.adb (internal compiler error)
FAIL: gnat.dg/lto8.adb (test for excess errors)
=== gnat Summary for unix ===
# of expected passes 1307
# of unexpected failures 2
# of expected failures 20
# of unsupported tests 7
=== gnat Summary ===
# of expected passes 2614
# of unexpected failures 4
# of expected failures 40
# of unsupported tests 14
/var/gcc/regression/trunk/11-gcc-gas-64/build/gcc/gnatmake version 5.0.0 20141219 (experimental) [trunk revision 218949]
=== go tests ===
Running target unix
FAIL: go.test/test/cmplxdivide.go
FAIL: go.test/test/nilptr2.go execution, -O2 -g
WARNING: program timed out.
=== go Summary for unix ===
# of expected passes 7244
# of unexpected failures 2
# of expected failures 1
# of untested testcases 9
# of unsupported tests 1
Running target unix/-m32
FAIL: go.test/test/nilptr2.go execution, -O2 -g
=== go Summary for unix/-m32 ===
# of expected passes 7364
# of unexpected failures 1
# of expected failures 1
# of untested testcases 9
# of unsupported tests 2
=== go Summary ===
# of expected passes 14608
# of unexpected failures 3
# of expected failures 2
# of untested testcases 18
# of unsupported tests 3
=== obj-c++ tests ===
Running target unix/-m32
=== obj-c++ Summary for unix/-m32 ===
# of expected passes 1447
# of expected failures 2
# of unsupported tests 86
Running target unix
=== obj-c++ Summary for unix ===
# of expected passes 1439
# of expected failures 10
# of unsupported tests 86
=== obj-c++ Summary ===
# of expected passes 2886
# of expected failures 12
# of unsupported tests 172
/var/gcc/regression/trunk/11-gcc-gas-64/build/gcc/testsuite/obj-c++/../../xg++ version 5.0.0 20141219 (experimental) [trunk revision 218949] (GCC)
=== objc tests ===
Running target unix
=== objc Summary for unix ===
# of expected passes 3004
# of expected failures 6
# of unsupported tests 74
Running target unix/-m32
=== objc Summary for unix/-m32 ===
# of expected passes 3004
# of expected failures 6
# of unsupported tests 74
=== objc Summary ===
# of expected passes 6008
# of expected failures 12
# of unsupported tests 148
/var/gcc/regression/trunk/11-gcc-gas-64/build/gcc/xgcc version 5.0.0 20141219 (experimental) [trunk revision 218949] (GCC)
Compiler version: 5.0.0 20141219 (experimental) [trunk revision 218949] (GCC)
Platform: x86_64-pc-solaris2.11
configure flags: --prefix=/vol/gcc --target=amd64-pc-solaris2.11 --enable-objc-gc --enable-libmudflap --with-as=/vol/gcc/bin/amd64/gas-2.24 --with-gnu-as --with-gmp-include=/vol/gcc/include --with-gmp-lib=/vol/gcc/lib/amd64 --with-mpfr-include=/vol/gcc/include --with-mpfr-lib=/vol/gcc/lib/amd64 --with-mpc-include=/vol/gcc/include --with-mpc-lib=/vol/gcc/lib/amd64 --enable-languages=all,ada,obj-c++,go --with-isl-include=/vol/gcc/include --with-isl-lib=/vol/gcc/lib/amd64 --with-cloog-include=/vol/gcc/include --with-cloog-lib=/vol/gcc/lib/amd64 --enable-cloog-backend=isl --build=amd64-pc-solaris2.11 --host=amd64-pc-solaris2.11
BOOT_CFLAGS=-g -O2