This is the mail archive of the
gcc-testresults@gcc.gnu.org
mailing list for the GCC project.
Results for 5.0.0 20141217 (experimental) [trunk revision 218829p1] (GCC) testsuite on x86_64-apple-darwin10.8.0
- From: dominiq at lps dot ens dot fr (Dominique Dhumieres)
- To: gcc-testresults at gcc dot gnu dot org
- Date: Thu, 18 Dec 2014 12:10:22 +0100
- Subject: Results for 5.0.0 20141217 (experimental) [trunk revision 218829p1] (GCC) testsuite on x86_64-apple-darwin10.8.0
- Authentication-results: sourceware.org; auth=none
LAST_UPDATED: Updated Wed Dec 17 19:31:04 CET 2014 to revision 218829 with the patch at
https://gcc.gnu.org/bugzilla/show_bug.cgi?id=64349#c1
=== acats tests ===
FAIL: c760002
FAIL: c761002
FAIL: cc1224a
FAIL: cc3007a
FAIL: cc3007b
=== acats Summary ===
# of expected passes 2315
# of unexpected failures 5
Native configuration is x86_64-apple-darwin10.8.0
=== g++ tests ===
Running target unix/-m32
FAIL: g++.dg/debug/dwarf2/imported-decl-2.C -std=gnu++11 scan-assembler-times ascii "AAAA\\\\\\\\0".*ascii "BBBB\\\\\\\\0".*DIE .0x[0-9a-f]*. DW_TAG_imported_declaration 1
FAIL: g++.dg/debug/dwarf2/imported-decl-2.C -std=gnu++14 scan-assembler-times ascii "AAAA\\\\\\\\0".*ascii "BBBB\\\\\\\\0".*DIE .0x[0-9a-f]*. DW_TAG_imported_declaration 1
FAIL: g++.dg/debug/dwarf2/imported-decl-2.C -std=gnu++98 scan-assembler-times ascii "AAAA\\\\\\\\0".*ascii "BBBB\\\\\\\\0".*DIE .0x[0-9a-f]*. DW_TAG_imported_declaration 1
FAIL: g++.dg/ext/sync-4.C -std=gnu++11 execution test
FAIL: g++.dg/ext/sync-4.C -std=gnu++14 execution test
FAIL: g++.dg/ext/sync-4.C -std=gnu++98 execution test
FAIL: g++.dg/tm/pr47573.C -std=gnu++11 (test for excess errors)
FAIL: g++.dg/tm/pr47573.C -std=gnu++14 (test for excess errors)
FAIL: g++.dg/tm/pr47573.C -std=gnu++98 (test for excess errors)
=== g++ Summary for unix/-m32 ===
# of expected passes 86738
# of unexpected failures 9
# of expected failures 299
# of unsupported tests 3558
Running target unix/-m64
FAIL: g++.dg/debug/dwarf2/imported-decl-2.C -std=gnu++11 scan-assembler-times ascii "AAAA\\\\\\\\0".*ascii "BBBB\\\\\\\\0".*DIE .0x[0-9a-f]*. DW_TAG_imported_declaration 1
FAIL: g++.dg/debug/dwarf2/imported-decl-2.C -std=gnu++14 scan-assembler-times ascii "AAAA\\\\\\\\0".*ascii "BBBB\\\\\\\\0".*DIE .0x[0-9a-f]*. DW_TAG_imported_declaration 1
FAIL: g++.dg/debug/dwarf2/imported-decl-2.C -std=gnu++98 scan-assembler-times ascii "AAAA\\\\\\\\0".*ascii "BBBB\\\\\\\\0".*DIE .0x[0-9a-f]*. DW_TAG_imported_declaration 1
FAIL: g++.dg/ext/sync-4.C -std=gnu++11 execution test
FAIL: g++.dg/ext/sync-4.C -std=gnu++14 execution test
FAIL: g++.dg/ext/sync-4.C -std=gnu++98 execution test
FAIL: g++.dg/tm/pr47573.C -std=gnu++11 (test for excess errors)
FAIL: g++.dg/tm/pr47573.C -std=gnu++14 (test for excess errors)
FAIL: g++.dg/tm/pr47573.C -std=gnu++98 (test for excess errors)
=== g++ Summary for unix/-m64 ===
# of expected passes 88140
# of unexpected failures 9
# of expected failures 299
# of unsupported tests 3799
=== g++ Summary ===
# of expected passes 174878
# of unexpected failures 18
# of expected failures 598
# of unsupported tests 7357
/opt/gcc/p_build/gcc/testsuite/g++/../../xg++ version 5.0.0 20141217 (experimental) [trunk revision 218829p1] (GCC)
=== gcc tests ===
Running target unix/-m32
FAIL: gcc.dg/20021014-1.c execution test
FAIL: gcc.dg/darwin-weakimport-3.c scan-assembler-not coalesced
FAIL: gcc.dg/pr43643.c execution test
FAIL: gcc.dg/pr61053.c (test for excess errors)
FAIL: gcc.dg/sibcall-3.c execution test
FAIL: gcc.dg/undefined-loop-2.c (test for warnings, line 18)
FAIL: gcc.dg/graphite/vect-pr43423.c scan-tree-dump-times vect "vectorized 2 loops" 1
UNRESOLVED: gcc.dg/lto/pr59626 c_lto_pr59626_0.o-c_lto_pr59626_1.o execute -O2 -flto
UNRESOLVED: gcc.dg/lto/pr59626 c_lto_pr59626_0.o-c_lto_pr59626_1.o execute -O2 -flto -flto-partition=1to1
UNRESOLVED: gcc.dg/lto/pr59626 c_lto_pr59626_0.o-c_lto_pr59626_1.o execute -O2 -flto -flto-partition=none
FAIL: gcc.dg/lto/pr59626 c_lto_pr59626_0.o-c_lto_pr59626_1.o link, -O2 -flto
FAIL: gcc.dg/lto/pr59626 c_lto_pr59626_0.o-c_lto_pr59626_1.o link, -O2 -flto -flto-partition=1to1
FAIL: gcc.dg/lto/pr59626 c_lto_pr59626_0.o-c_lto_pr59626_1.o link, -O2 -flto -flto-partition=none
UNRESOLVED: gcc.dg/lto/pr61526 c_lto_pr61526_0.o-c_lto_pr61526_1.o execute -fPIC -flto -flto-partition=1to1
FAIL: gcc.dg/lto/pr61526 c_lto_pr61526_0.o-c_lto_pr61526_1.o link, -fPIC -flto -flto-partition=1to1
FAIL: gcc.dg/torture/builtin-self.c -O0 scan-assembler-not \\tcall
FAIL: gcc.target/i386/avx512bw-vpbroadcastb-1.c (internal compiler error)
FAIL: gcc.target/i386/avx512bw-vpbroadcastb-1.c (test for excess errors)
FAIL: gcc.target/i386/avx512bw-vpbroadcastb-1.c scan-assembler-times vpbroadcastb[ \\\\t]+[^{\\n]*%xmm[0-9]+{%k[1-7]}(?:\\n|[ \\\\t]+#) 2
FAIL: gcc.target/i386/avx512bw-vpbroadcastb-1.c scan-assembler-times vpbroadcastb[ \\\\t]+[^{\\n]*%xmm[0-9]+{%k[1-7]}{z}(?:\\n|[ \\\\t]+#) 2
FAIL: gcc.target/i386/avx512bw-vpbroadcastb-1.c scan-assembler-times vpbroadcastb[ \\\\t]+[^{\\n]*%ymm[0-9]+{%k[1-7]}(?:\\n|[ \\\\t]+#) 2
FAIL: gcc.target/i386/avx512bw-vpbroadcastb-1.c scan-assembler-times vpbroadcastb[ \\\\t]+[^{\\n]*%ymm[0-9]+{%k[1-7]}{z}(?:\\n|[ \\\\t]+#) 2
FAIL: gcc.target/i386/avx512bw-vpbroadcastb-1.c scan-assembler-times vpbroadcastb[ \\\\t]+[^{\\n]*%zmm[0-9]+(?:\\n|[ \\\\t]+#) 2
FAIL: gcc.target/i386/avx512bw-vpbroadcastb-1.c scan-assembler-times vpbroadcastb[ \\\\t]+[^{\\n]*%zmm[0-9]+{%k[1-7]}(?:\\n|[ \\\\t]+#) 2
FAIL: gcc.target/i386/avx512bw-vpbroadcastb-1.c scan-assembler-times vpbroadcastb[ \\\\t]+[^{\\n]*%zmm[0-9]+{%k[1-7]}{z}(?:\\n|[ \\\\t]+#) 2
FAIL: gcc.target/i386/avx512bw-vpbroadcastw-1.c (internal compiler error)
FAIL: gcc.target/i386/avx512bw-vpbroadcastw-1.c (test for excess errors)
FAIL: gcc.target/i386/avx512bw-vpbroadcastw-1.c scan-assembler-times vpbroadcastw[ \\\\t]+[^{\\n]*%xmm[0-9]+{%k[1-7]}(?:\\n|[ \\\\t]+#) 2
FAIL: gcc.target/i386/avx512bw-vpbroadcastw-1.c scan-assembler-times vpbroadcastw[ \\\\t]+[^{\\n]*%xmm[0-9]+{%k[1-7]}{z}(?:\\n|[ \\\\t]+#) 2
FAIL: gcc.target/i386/avx512bw-vpbroadcastw-1.c scan-assembler-times vpbroadcastw[ \\\\t]+[^{\\n]*%ymm[0-9]+{%k[1-7]}(?:\\n|[ \\\\t]+#) 2
FAIL: gcc.target/i386/avx512bw-vpbroadcastw-1.c scan-assembler-times vpbroadcastw[ \\\\t]+[^{\\n]*%ymm[0-9]+{%k[1-7]}{z}(?:\\n|[ \\\\t]+#) 2
FAIL: gcc.target/i386/avx512bw-vpbroadcastw-1.c scan-assembler-times vpbroadcastw[ \\\\t]+[^{\\n]*%zmm[0-9]+(?:\\n|[ \\\\t]+#) 2
FAIL: gcc.target/i386/avx512bw-vpbroadcastw-1.c scan-assembler-times vpbroadcastw[ \\\\t]+[^{\\n]*%zmm[0-9]+{%k[1-7]}(?:\\n|[ \\\\t]+#) 2
FAIL: gcc.target/i386/avx512bw-vpbroadcastw-1.c scan-assembler-times vpbroadcastw[ \\\\t]+[^{\\n]*%zmm[0-9]+{%k[1-7]}{z}(?:\\n|[ \\\\t]+#) 2
FAIL: gcc.target/i386/avx512f-kandnw-1.c scan-assembler-times kandnw[ \\\\t]+[^{\\n]*%k[0-7](?:\\n|[ \\\\t]+#) 1
FAIL: gcc.target/i386/funcspec-5.c (test for excess errors)
FAIL: gcc.target/i386/fuse-caller-save-rec.c scan-assembler-not pop
FAIL: gcc.target/i386/fuse-caller-save-rec.c scan-assembler-not push
FAIL: gcc.target/i386/fuse-caller-save-rec.c scan-assembler-times addl\\t%[re]?dx, %[re]?ax 1
FAIL: gcc.target/i386/fuse-caller-save-xmm.c scan-assembler-times addpd\\t%xmm1, %xmm0 1
FAIL: gcc.target/i386/fuse-caller-save-xmm.c scan-assembler-times movapd\\t%xmm0, %xmm1 1
FAIL: gcc.target/i386/fuse-caller-save.c scan-assembler-not pop
FAIL: gcc.target/i386/fuse-caller-save.c scan-assembler-not push
FAIL: gcc.target/i386/fuse-caller-save.c scan-assembler-times addl\\t%[re]?d[ix], %[re]?ax 1
FAIL: gcc.target/i386/memcpy-strategy-3.c scan-assembler-times memcpy 2
FAIL: gcc.target/i386/memset-strategy-1.c scan-assembler-times memset 2
FAIL: gcc.target/i386/pr49095.c scan-assembler-not test[lq]
FAIL: gcc.target/i386/pr64110.c (internal compiler error)
FAIL: gcc.target/i386/pr64110.c (test for excess errors)
=== gcc Summary for unix/-m32 ===
# of expected passes 105889
# of unexpected failures 45
# of expected failures 301
# of unresolved testcases 4
# of unsupported tests 3680
Running target unix/-m64
FAIL: gcc.dg/undefined-loop-2.c (test for warnings, line 18)
FAIL: gcc.dg/graphite/vect-pr43423.c scan-tree-dump-times vect "vectorized 2 loops" 1
UNRESOLVED: gcc.dg/lto/pr59626 c_lto_pr59626_0.o-c_lto_pr59626_1.o execute -O2 -flto
UNRESOLVED: gcc.dg/lto/pr59626 c_lto_pr59626_0.o-c_lto_pr59626_1.o execute -O2 -flto -flto-partition=1to1
UNRESOLVED: gcc.dg/lto/pr59626 c_lto_pr59626_0.o-c_lto_pr59626_1.o execute -O2 -flto -flto-partition=none
FAIL: gcc.dg/lto/pr59626 c_lto_pr59626_0.o-c_lto_pr59626_1.o link, -O2 -flto
FAIL: gcc.dg/lto/pr59626 c_lto_pr59626_0.o-c_lto_pr59626_1.o link, -O2 -flto -flto-partition=1to1
FAIL: gcc.dg/lto/pr59626 c_lto_pr59626_0.o-c_lto_pr59626_1.o link, -O2 -flto -flto-partition=none
UNRESOLVED: gcc.dg/lto/pr61526 c_lto_pr61526_0.o-c_lto_pr61526_1.o execute -fPIC -flto -flto-partition=1to1
FAIL: gcc.dg/lto/pr61526 c_lto_pr61526_0.o-c_lto_pr61526_1.o link, -fPIC -flto -flto-partition=1to1
FAIL: gcc.target/i386/memcpy-strategy-3.c scan-assembler-times memcpy 2
FAIL: gcc.target/i386/memset-strategy-1.c scan-assembler-times memset 2
FAIL: gcc.target/i386/pr49866.c (test for excess errors)
FAIL: gcc.target/i386/pr61599-1.c (test for excess errors)
UNRESOLVED: gcc.target/i386/pr61599-1.c compilation failed to produce executable
FAIL: gcc.target/i386/pr63538.c scan-assembler movabs
=== gcc Summary for unix/-m64 ===
# of expected passes 106761
# of unexpected failures 11
# of expected failures 304
# of unresolved testcases 5
# of unsupported tests 3881
=== gcc Summary ===
# of expected passes 212650
# of unexpected failures 56
# of expected failures 605
# of unresolved testcases 9
# of unsupported tests 7561
/opt/gcc/p_build/gcc/xgcc version 5.0.0 20141217 (experimental) [trunk revision 218829p1] (GCC)
=== gfortran tests ===
Running target unix/-m32
FAIL: gfortran.dg/assumed_rank_10.f90 -O3 -fomit-frame-pointer -funroll-all-loops -finline-functions execution test
FAIL: gfortran.dg/assumed_rank_10.f90 -O3 -fomit-frame-pointer -funroll-loops execution test
FAIL: gfortran.dg/assumed_rank_8.f90 -O2 execution test
FAIL: gfortran.dg/assumed_rank_8.f90 -O3 -fomit-frame-pointer execution test
FAIL: gfortran.dg/assumed_rank_8.f90 -O3 -fomit-frame-pointer -funroll-all-loops -finline-functions execution test
FAIL: gfortran.dg/assumed_rank_8.f90 -O3 -fomit-frame-pointer -funroll-loops execution test
FAIL: gfortran.dg/assumed_rank_8.f90 -O3 -g execution test
FAIL: gfortran.dg/assumed_rank_8.f90 -Os execution test
FAIL: gfortran.dg/assumed_rank_9.f90 -O2 execution test
FAIL: gfortran.dg/assumed_rank_9.f90 -O3 -fomit-frame-pointer execution test
FAIL: gfortran.dg/assumed_rank_9.f90 -O3 -fomit-frame-pointer -funroll-all-loops -finline-functions execution test
FAIL: gfortran.dg/assumed_rank_9.f90 -O3 -fomit-frame-pointer -funroll-loops execution test
FAIL: gfortran.dg/assumed_rank_9.f90 -O3 -g execution test
FAIL: gfortran.dg/assumed_rank_9.f90 -Os execution test
FAIL: gfortran.dg/graphite/pr42393.f90 -O (internal compiler error)
FAIL: gfortran.dg/graphite/pr42393.f90 -O (test for excess errors)
=== gfortran Summary for unix/-m32 ===
# of expected passes 46629
# of unexpected failures 16
# of expected failures 61
# of unsupported tests 214
Running target unix/-m64
FAIL: gfortran.dg/assumed_rank_8.f90 -O2 execution test
FAIL: gfortran.dg/assumed_rank_8.f90 -O3 -fomit-frame-pointer execution test
FAIL: gfortran.dg/assumed_rank_8.f90 -O3 -fomit-frame-pointer -funroll-all-loops -finline-functions execution test
FAIL: gfortran.dg/assumed_rank_8.f90 -O3 -fomit-frame-pointer -funroll-loops execution test
FAIL: gfortran.dg/assumed_rank_8.f90 -O3 -g execution test
FAIL: gfortran.dg/assumed_rank_8.f90 -Os execution test
FAIL: gfortran.dg/assumed_rank_9.f90 -O2 execution test
FAIL: gfortran.dg/assumed_rank_9.f90 -O3 -fomit-frame-pointer execution test
FAIL: gfortran.dg/assumed_rank_9.f90 -O3 -fomit-frame-pointer -funroll-all-loops -finline-functions execution test
FAIL: gfortran.dg/assumed_rank_9.f90 -O3 -fomit-frame-pointer -funroll-loops execution test
FAIL: gfortran.dg/assumed_rank_9.f90 -O3 -g execution test
FAIL: gfortran.dg/assumed_rank_9.f90 -Os execution test
FAIL: gfortran.dg/graphite/pr42393.f90 -O (internal compiler error)
FAIL: gfortran.dg/graphite/pr42393.f90 -O (test for excess errors)
=== gfortran Summary for unix/-m64 ===
# of expected passes 46918
# of unexpected failures 14
# of expected failures 61
# of unsupported tests 76
=== gfortran Summary ===
# of expected passes 93547
# of unexpected failures 30
# of expected failures 122
# of unsupported tests 290
/opt/gcc/p_build/gcc/testsuite/gfortran/../../gfortran version 5.0.0 20141217 (experimental) [trunk revision 218829p1] (GCC)
=== gnat tests ===
Running target unix/-m32
FAIL: gnat.dg/lto8.adb (internal compiler error)
FAIL: gnat.dg/lto8.adb (test for excess errors)
=== gnat Summary for unix/-m32 ===
# of expected passes 1306
# of unexpected failures 2
# of expected failures 20
# of unsupported tests 7
Running target unix/-m64
FAIL: gnat.dg/lto8.adb (internal compiler error)
FAIL: gnat.dg/lto8.adb (test for excess errors)
=== gnat Summary for unix/-m64 ===
# of expected passes 1306
# of unexpected failures 2
# of expected failures 20
# of unsupported tests 7
=== gnat Summary ===
# of expected passes 2612
# of unexpected failures 4
# of expected failures 40
# of unsupported tests 14
/opt/gcc/p_build/gcc/gnatmake version 5.0.0 20141217 (experimental) [trunk revision 218829p1]
=== obj-c++ tests ===
Running target unix/-m32
=== obj-c++ Summary for unix/-m32 ===
# of expected passes 3153
# of expected failures 2
# of unsupported tests 68
Running target unix/-m64
=== obj-c++ Summary for unix/-m64 ===
# of expected passes 3094
# of expected failures 19
# of unsupported tests 74
=== obj-c++ Summary ===
# of expected passes 6247
# of expected failures 21
# of unsupported tests 142
/opt/gcc/p_build/gcc/testsuite/obj-c++/../../xg++ version 5.0.0 20141217 (experimental) [trunk revision 218829p1] (GCC)
=== objc tests ===
Running target unix/-m32
FAIL: objc.dg/ivar-scope-4.m -fnext-runtime execution test
=== objc Summary for unix/-m32 ===
# of expected passes 6131
# of unexpected failures 1
# of expected failures 6
# of unsupported tests 85
Running target unix/-m64
FAIL: objc.dg/ivar-scope-4.m -fnext-runtime execution test
=== objc Summary for unix/-m64 ===
# of expected passes 6083
# of unexpected failures 1
# of expected failures 14
# of unsupported tests 91
=== objc Summary ===
# of expected passes 12214
# of unexpected failures 2
# of expected failures 20
# of unsupported tests 176
/opt/gcc/p_build/gcc/xgcc version 5.0.0 20141217 (experimental) [trunk revision 218829p1] (GCC)
=== libatomic tests ===
Running target unix/-m32
=== libatomic Summary for unix/-m32 ===
# of expected passes 44
# of unsupported tests 5
Running target unix/-m64
=== libatomic Summary for unix/-m64 ===
# of expected passes 54
=== libatomic Summary ===
# of expected passes 98
# of unsupported tests 5
=== libgomp tests ===
Running target unix/-m32
=== libgomp Summary for unix/-m32 ===
# of expected passes 3691
# of unsupported tests 111
Running target unix/-m64
=== libgomp Summary for unix/-m64 ===
# of expected passes 3691
# of unsupported tests 111
=== libgomp Summary ===
# of expected passes 7382
# of unsupported tests 222
=== libitm tests ===
Running target unix/-m32
=== libitm Summary for unix/-m32 ===
# of expected passes 26
# of expected failures 3
# of unsupported tests 1
Running target unix/-m64
=== libitm Summary for unix/-m64 ===
# of expected passes 26
# of expected failures 3
# of unsupported tests 1
=== libitm Summary ===
# of expected passes 52
# of expected failures 6
# of unsupported tests 2
=== libstdc++ tests ===
Running target unix/-m32
=== libstdc++ Summary for unix/-m32 ===
# of expected passes 9070
# of expected failures 68
# of unsupported tests 681
Running target unix/-m64
=== libstdc++ Summary for unix/-m64 ===
# of expected passes 9068
# of expected failures 68
# of unsupported tests 682
=== libstdc++ Summary ===
# of expected passes 18138
# of expected failures 136
# of unsupported tests 1363
Compiler version: 5.0.0 20141217 (experimental) [trunk revision 218829p1] (GCC)
Platform: x86_64-apple-darwin10.8.0
configure flags: --prefix=/opt/gcc/gcc4.10p-218829p1 --enable-languages=c,c++,lto,fortran,ada,objc,obj-c++ --with-gmp=/opt/mp --with-system-zlib --enable-checking=release --with-isl=/opt/mp --enable-lto --enable-plugin