This is the mail archive of the
gcc-testresults@gcc.gnu.org
mailing list for the GCC project.
Results for 5.0.0 20141216 (experimental) (GCC) testsuite on m68k-unknown-linux-gnu
- From: Andreas Schwab <schwab at linux-m68k dot org>
- To: gcc-testresults at gcc dot gnu dot org
- Date: Tue, 16 Dec 2014 10:01:54 +0100
- Subject: Results for 5.0.0 20141216 (experimental) (GCC) testsuite on m68k-unknown-linux-gnu
- Authentication-results: sourceware.org; auth=none
Target is m68k-unknown-linux-gnu
Host is x86_64-pc-linux-gnu
=== g++ tests ===
Running target aranym
FAIL: g++.dg/abi/covariant4.C -std=c++14 (test for excess errors)
UNRESOLVED: g++.dg/abi/covariant4.C -std=c++14 compilation failed to produce executable
FAIL: g++.dg/abi/vthunk1.C -std=c++14 (test for excess errors)
FAIL: g++.dg/cdce3.C -std=gnu++98 scan-tree-dump cdce "cdce3.C:107: note: function call is shrink-wrapped into error conditions."
FAIL: g++.dg/cdce3.C -std=gnu++11 scan-tree-dump cdce "cdce3.C:107: note: function call is shrink-wrapped into error conditions."
FAIL: g++.dg/cdce3.C -std=gnu++14 scan-tree-dump cdce "cdce3.C:107: note: function call is shrink-wrapped into error conditions."
FAIL: g++.dg/cpp0x/constexpr-base4.C -std=c++14 (test for excess errors)
UNRESOLVED: g++.dg/cpp0x/constexpr-base4.C -std=c++14 compilation failed to produce executable
FAIL: g++.dg/cpp0x/constexpr-tuple.C -std=c++14 (test for excess errors)
UNRESOLVED: g++.dg/cpp0x/constexpr-tuple.C -std=c++14 compilation failed to produce executable
FAIL: g++.dg/cpp0x/defaulted22.C -std=c++14 (test for excess errors)
UNRESOLVED: g++.dg/cpp0x/defaulted22.C -std=c++14 compilation failed to produce executable
FAIL: g++.dg/cpp0x/lambda/lambda-recursive.C -std=c++14 (test for excess errors)
UNRESOLVED: g++.dg/cpp0x/lambda/lambda-recursive.C -std=c++14 compilation failed to produce executable
FAIL: g++.dg/cpp0x/lambda/lambda-template4.C -std=c++14 (test for excess errors)
UNRESOLVED: g++.dg/cpp0x/lambda/lambda-template4.C -std=c++14 compilation failed to produce executable
FAIL: g++.dg/cpp0x/lambda/lambda-this8.C -std=c++14 (test for excess errors)
UNRESOLVED: g++.dg/cpp0x/lambda/lambda-this8.C -std=c++14 compilation failed to produce executable
FAIL: g++.dg/cpp0x/variadic-function.C -std=c++14 (test for excess errors)
UNRESOLVED: g++.dg/cpp0x/variadic-function.C -std=c++14 compilation failed to produce executable
FAIL: g++.dg/eh/crossjump1.C -std=gnu++14 (test for excess errors)
UNRESOLVED: g++.dg/eh/crossjump1.C -std=gnu++14 compilation failed to produce executable
FAIL: g++.dg/eh/ctor2.C -std=c++14 (test for excess errors)
UNRESOLVED: g++.dg/eh/ctor2.C -std=c++14 compilation failed to produce executable
FAIL: g++.dg/eh/ia64-2.C -std=gnu++14 (test for excess errors)
UNRESOLVED: g++.dg/eh/ia64-2.C -std=gnu++14 compilation failed to produce executable
FAIL: g++.dg/eh/new1.C -std=c++14 (test for excess errors)
UNRESOLVED: g++.dg/eh/new1.C -std=c++14 compilation failed to produce executable
FAIL: g++.dg/expr/cast4.C -std=c++14 (test for excess errors)
UNRESOLVED: g++.dg/expr/cast4.C -std=c++14 compilation failed to produce executable
FAIL: g++.dg/ext/complex8.C -std=c++14 (test for excess errors)
UNRESOLVED: g++.dg/ext/complex8.C -std=c++14 compilation failed to produce executable
FAIL: g++.dg/inherit/covariant17.C -std=c++14 (test for excess errors)
UNRESOLVED: g++.dg/inherit/covariant17.C -std=c++14 compilation failed to produce executable
FAIL: g++.dg/inherit/covariant18.C -std=c++14 (test for excess errors)
UNRESOLVED: g++.dg/inherit/covariant18.C -std=c++14 compilation failed to produce executable
FAIL: g++.dg/inherit/covariant4.C -std=c++14 (test for excess errors)
UNRESOLVED: g++.dg/inherit/covariant4.C -std=c++14 compilation failed to produce executable
FAIL: g++.dg/inherit/thunk11.C -std=gnu++14 (test for excess errors)
FAIL: g++.dg/inherit/using2.C -std=c++14 (test for excess errors)
UNRESOLVED: g++.dg/inherit/using2.C -std=c++14 compilation failed to produce executable
FAIL: g++.dg/inherit/virtual8.C -std=c++14 (test for excess errors)
UNRESOLVED: g++.dg/inherit/virtual8.C -std=c++14 compilation failed to produce executable
FAIL: g++.dg/init/delete2.C -std=c++14 (test for excess errors)
UNRESOLVED: g++.dg/init/delete2.C -std=c++14 compilation failed to produce executable
FAIL: g++.dg/init/init-ref3.C -std=c++14 (test for excess errors)
FAIL: g++.dg/init/new26.C -std=gnu++14 (test for excess errors)
UNRESOLVED: g++.dg/init/new26.C -std=gnu++14 compilation failed to produce executable
FAIL: g++.dg/init/new36.C -std=c++14 (test for excess errors)
UNRESOLVED: g++.dg/init/new36.C -std=c++14 compilation failed to produce executable
FAIL: g++.dg/init/ref9.C -std=c++14 (test for excess errors)
UNRESOLVED: g++.dg/init/ref9.C -std=c++14 compilation failed to produce executable
FAIL: g++.dg/init/value10.C -std=c++14 (test for excess errors)
UNRESOLVED: g++.dg/init/value10.C -std=c++14 compilation failed to produce executable
FAIL: g++.dg/ipa/devirt-21.C -std=gnu++14 (test for excess errors)
UNRESOLVED: g++.dg/ipa/devirt-21.C -std=gnu++14 compilation failed to produce executable
FAIL: g++.dg/ipa/devirt-23.C -std=gnu++14 (test for excess errors)
UNRESOLVED: g++.dg/ipa/devirt-23.C -std=gnu++14 compilation failed to produce executable
FAIL: g++.dg/ipa/devirt-29.C -std=gnu++14 (test for excess errors)
UNRESOLVED: g++.dg/ipa/devirt-29.C -std=gnu++14 compilation failed to produce executable
FAIL: g++.dg/ipa/devirt-6.C -std=gnu++14 (test for excess errors)
UNRESOLVED: g++.dg/ipa/devirt-6.C -std=gnu++14 compilation failed to produce executable
FAIL: g++.dg/opt/anchor1.C -std=gnu++14 (test for excess errors)
UNRESOLVED: g++.dg/opt/anchor1.C -std=gnu++14 compilation failed to produce executable
FAIL: g++.dg/opt/cleanup1.C -std=gnu++14 (test for excess errors)
UNRESOLVED: g++.dg/opt/cleanup1.C -std=gnu++14 compilation failed to produce executable
FAIL: g++.dg/opt/const1.C -std=gnu++14 (test for excess errors)
UNRESOLVED: g++.dg/opt/const1.C -std=gnu++14 compilation failed to produce executable
FAIL: g++.dg/opt/covariant1.C -std=gnu++14 (test for excess errors)
UNRESOLVED: g++.dg/opt/covariant1.C -std=gnu++14 compilation failed to produce executable
FAIL: g++.dg/opt/dtor2.C -std=gnu++14 (test for excess errors)
FAIL: g++.dg/opt/pr15551.C -std=gnu++14 (test for excess errors)
UNRESOLVED: g++.dg/opt/pr15551.C -std=gnu++14 compilation failed to produce executable
FAIL: g++.dg/opt/pr23478.C -std=gnu++14 (test for excess errors)
UNRESOLVED: g++.dg/opt/pr23478.C -std=gnu++14 compilation failed to produce executable
FAIL: g++.dg/opt/pr36185.C -std=gnu++14 (test for excess errors)
UNRESOLVED: g++.dg/opt/pr36185.C -std=gnu++14 compilation failed to produce executable
FAIL: g++.dg/opt/pr42508.C -std=gnu++14 (test for excess errors)
UNRESOLVED: g++.dg/opt/pr42508.C -std=gnu++14 compilation failed to produce executable
FAIL: g++.dg/opt/preinc1.C -std=gnu++14 (test for excess errors)
UNRESOLVED: g++.dg/opt/preinc1.C -std=gnu++14 compilation failed to produce executable
FAIL: g++.dg/opt/reg-stack.C -std=gnu++14 (test for excess errors)
UNRESOLVED: g++.dg/opt/reg-stack.C -std=gnu++14 compilation failed to produce executable
FAIL: g++.dg/opt/rtti1.C -std=gnu++14 (test for excess errors)
UNRESOLVED: g++.dg/opt/rtti1.C -std=gnu++14 compilation failed to produce executable
FAIL: g++.dg/opt/thunk2.C -std=gnu++14 (test for excess errors)
UNRESOLVED: g++.dg/opt/thunk2.C -std=gnu++14 compilation failed to produce executable
FAIL: g++.dg/opt/typeinfo1.C -std=gnu++14 (test for excess errors)
UNRESOLVED: g++.dg/opt/typeinfo1.C -std=gnu++14 compilation failed to produce executable
FAIL: g++.dg/opt/unroll1.C -std=gnu++14 (test for excess errors)
UNRESOLVED: g++.dg/opt/unroll1.C -std=gnu++14 compilation failed to produce executable
FAIL: g++.dg/other/pr47218.C -std=gnu++14 (test for excess errors)
FAIL: g++.dg/overload/virtual2.C -std=c++14 (test for excess errors)
UNRESOLVED: g++.dg/overload/virtual2.C -std=c++14 compilation failed to produce executable
FAIL: g++.dg/pr59695.C -std=gnu++14 (test for excess errors)
UNRESOLVED: g++.dg/pr59695.C -std=gnu++14 compilation failed to produce executable
FAIL: g++.dg/pr61289-2.C -std=gnu++14 (test for excess errors)
UNRESOLVED: g++.dg/pr61289-2.C -std=gnu++14 compilation failed to produce executable
FAIL: g++.dg/pr61289.C -std=gnu++14 (test for excess errors)
UNRESOLVED: g++.dg/pr61289.C -std=gnu++14 compilation failed to produce executable
FAIL: g++.dg/rtti/dyncast2.C -std=c++14 (test for excess errors)
UNRESOLVED: g++.dg/rtti/dyncast2.C -std=c++14 compilation failed to produce executable
FAIL: g++.dg/rtti/dyncast3.C -std=c++14 (test for excess errors)
UNRESOLVED: g++.dg/rtti/dyncast3.C -std=c++14 compilation failed to produce executable
FAIL: g++.dg/rtti/dyncast7.C -std=c++14 (test for excess errors)
UNRESOLVED: g++.dg/rtti/dyncast7.C -std=c++14 compilation failed to produce executable
FAIL: g++.dg/rtti/typeid4.C -std=gnu++14 (test for excess errors)
UNRESOLVED: g++.dg/rtti/typeid4.C -std=gnu++14 compilation failed to produce executable
FAIL: g++.dg/template/repo10.C -std=gnu++14 (test for excess errors)
FAIL: g++.dg/tree-ssa/pr20458.C -std=gnu++14 (test for excess errors)
UNRESOLVED: g++.dg/tree-ssa/pr20458.C -std=gnu++14 compilation failed to produce executable
FAIL: c-c++-common/gomp/atomic-10.c -std=gnu++98 scan-tree-dump-times ompexp "__atomic_fetch_add" 4
FAIL: c-c++-common/gomp/atomic-10.c -std=gnu++11 scan-tree-dump-times ompexp "__atomic_fetch_add" 4
FAIL: c-c++-common/gomp/atomic-10.c -std=gnu++14 scan-tree-dump-times ompexp "__atomic_fetch_add" 4
FAIL: c-c++-common/gomp/atomic-3.c -std=gnu++98 scan-tree-dump-times ompexp "xyzzy, 4" 1
FAIL: c-c++-common/gomp/atomic-3.c -std=gnu++11 scan-tree-dump-times ompexp "xyzzy, 4" 1
FAIL: c-c++-common/gomp/atomic-3.c -std=gnu++14 scan-tree-dump-times ompexp "xyzzy, 4" 1
FAIL: c-c++-common/gomp/atomic-9.c -std=gnu++98 scan-tree-dump-times ompexp "__atomic_fetch_add" 1
FAIL: c-c++-common/gomp/atomic-9.c -std=gnu++11 scan-tree-dump-times ompexp "__atomic_fetch_add" 1
FAIL: c-c++-common/gomp/atomic-9.c -std=gnu++14 scan-tree-dump-times ompexp "__atomic_fetch_add" 1
FAIL: g++.dg/graphite/pr42130.C -std=gnu++14 (test for excess errors)
UNRESOLVED: g++.dg/graphite/pr42130.C -std=gnu++14 compilation failed to produce executable
FAIL: g++.old-deja/g++.abi/vbase1.C -std=c++14 (test for excess errors)
UNRESOLVED: g++.old-deja/g++.abi/vbase1.C -std=c++14 compilation failed to produce executable
FAIL: g++.old-deja/g++.abi/vbase2.C -std=c++14 (test for excess errors)
UNRESOLVED: g++.old-deja/g++.abi/vbase2.C -std=c++14 compilation failed to produce executable
FAIL: g++.old-deja/g++.abi/vbase4.C -std=c++14 (test for excess errors)
UNRESOLVED: g++.old-deja/g++.abi/vbase4.C -std=c++14 compilation failed to produce executable
FAIL: g++.old-deja/g++.abi/vbase7.C -std=c++14 (test for excess errors)
UNRESOLVED: g++.old-deja/g++.abi/vbase7.C -std=c++14 compilation failed to produce executable
FAIL: g++.old-deja/g++.brendan/delete2.C -std=c++14 (test for excess errors)
UNRESOLVED: g++.old-deja/g++.brendan/delete2.C -std=c++14 compilation failed to produce executable
FAIL: g++.old-deja/g++.brendan/dtors2.C -std=c++14 (test for excess errors)
UNRESOLVED: g++.old-deja/g++.brendan/dtors2.C -std=c++14 compilation failed to produce executable
FAIL: g++.old-deja/g++.brendan/dtors3.C -std=c++14 (test for excess errors)
UNRESOLVED: g++.old-deja/g++.brendan/dtors3.C -std=c++14 compilation failed to produce executable
FAIL: g++.old-deja/g++.brendan/new3.C -std=gnu++14 (test for excess errors)
UNRESOLVED: g++.old-deja/g++.brendan/new3.C -std=gnu++14 compilation failed to produce executable
FAIL: g++.old-deja/g++.eh/catch3p.C -std=gnu++14 (test for excess errors)
UNRESOLVED: g++.old-deja/g++.eh/catch3p.C -std=gnu++14 compilation failed to produce executable
FAIL: g++.old-deja/g++.eh/catch4p.C -std=gnu++14 (test for excess errors)
UNRESOLVED: g++.old-deja/g++.eh/catch4p.C -std=gnu++14 compilation failed to produce executable
FAIL: g++.old-deja/g++.eh/catch5p.C -std=gnu++14 (test for excess errors)
UNRESOLVED: g++.old-deja/g++.eh/catch5p.C -std=gnu++14 compilation failed to produce executable
FAIL: g++.old-deja/g++.eh/catch6p.C -std=gnu++14 (test for excess errors)
UNRESOLVED: g++.old-deja/g++.eh/catch6p.C -std=gnu++14 compilation failed to produce executable
FAIL: g++.old-deja/g++.eh/catch7p.C -std=gnu++14 (test for excess errors)
UNRESOLVED: g++.old-deja/g++.eh/catch7p.C -std=gnu++14 compilation failed to produce executable
FAIL: g++.old-deja/g++.eh/catch8p.C -std=gnu++14 (test for excess errors)
UNRESOLVED: g++.old-deja/g++.eh/catch8p.C -std=gnu++14 compilation failed to produce executable
FAIL: g++.old-deja/g++.eh/catch9p.C -std=gnu++14 (test for excess errors)
UNRESOLVED: g++.old-deja/g++.eh/catch9p.C -std=gnu++14 compilation failed to produce executable
FAIL: g++.old-deja/g++.eh/new2.C -std=gnu++14 (test for excess errors)
UNRESOLVED: g++.old-deja/g++.eh/new2.C -std=gnu++14 compilation failed to produce executable
FAIL: g++.old-deja/g++.eh/vbase4.C -std=c++14 (test for excess errors)
UNRESOLVED: g++.old-deja/g++.eh/vbase4.C -std=c++14 compilation failed to produce executable
FAIL: g++.old-deja/g++.jason/2371.C -std=gnu++14 (test for excess errors)
UNRESOLVED: g++.old-deja/g++.jason/2371.C -std=gnu++14 compilation failed to produce executable
FAIL: g++.old-deja/g++.jason/init3.C -std=c++14 (test for excess errors)
UNRESOLVED: g++.old-deja/g++.jason/init3.C -std=c++14 compilation failed to produce executable
FAIL: g++.old-deja/g++.jason/new5.C -std=c++14 (test for excess errors)
UNRESOLVED: g++.old-deja/g++.jason/new5.C -std=c++14 compilation failed to produce executable
FAIL: g++.old-deja/g++.jason/overload13.C -std=c++14 (test for excess errors)
UNRESOLVED: g++.old-deja/g++.jason/overload13.C -std=c++14 compilation failed to produce executable
FAIL: g++.old-deja/g++.jason/rvalue1.C -std=c++14 (test for excess errors)
UNRESOLVED: g++.old-deja/g++.jason/rvalue1.C -std=c++14 compilation failed to produce executable
FAIL: g++.old-deja/g++.law/code-gen5.C -std=c++14 (test for excess errors)
UNRESOLVED: g++.old-deja/g++.law/code-gen5.C -std=c++14 compilation failed to produce executable
FAIL: g++.old-deja/g++.law/ctors15.C -std=c++14 (test for excess errors)
UNRESOLVED: g++.old-deja/g++.law/ctors15.C -std=c++14 compilation failed to produce executable
FAIL: g++.old-deja/g++.law/cvt2.C -std=c++14 (test for excess errors)
UNRESOLVED: g++.old-deja/g++.law/cvt2.C -std=c++14 compilation failed to produce executable
FAIL: g++.old-deja/g++.law/operators15.C -std=c++14 (test for excess errors)
UNRESOLVED: g++.old-deja/g++.law/operators15.C -std=c++14 compilation failed to produce executable
FAIL: g++.old-deja/g++.law/scope2.C -std=c++14 (test for excess errors)
UNRESOLVED: g++.old-deja/g++.law/scope2.C -std=c++14 compilation failed to produce executable
FAIL: g++.old-deja/g++.law/virtual3.C -std=c++14 (test for excess errors)
UNRESOLVED: g++.old-deja/g++.law/virtual3.C -std=c++14 compilation failed to produce executable
FAIL: g++.old-deja/g++.mike/dyncast8.C -std=c++14 (test for excess errors)
UNRESOLVED: g++.old-deja/g++.mike/dyncast8.C -std=c++14 compilation failed to produce executable
FAIL: g++.old-deja/g++.mike/eh44.C -std=gnu++14 (test for excess errors)
UNRESOLVED: g++.old-deja/g++.mike/eh44.C -std=gnu++14 compilation failed to produce executable
FAIL: g++.old-deja/g++.mike/eh45.C -std=c++14 (test for excess errors)
UNRESOLVED: g++.old-deja/g++.mike/eh45.C -std=c++14 compilation failed to produce executable
FAIL: g++.old-deja/g++.mike/mi1.C -std=gnu++14 (test for excess errors)
UNRESOLVED: g++.old-deja/g++.mike/mi1.C -std=gnu++14 compilation failed to produce executable
FAIL: g++.old-deja/g++.mike/mi2.C -std=c++14 (test for excess errors)
UNRESOLVED: g++.old-deja/g++.mike/mi2.C -std=c++14 compilation failed to produce executable
FAIL: g++.old-deja/g++.mike/misc13.C -std=c++14 (test for excess errors)
UNRESOLVED: g++.old-deja/g++.mike/misc13.C -std=c++14 compilation failed to produce executable
FAIL: g++.old-deja/g++.mike/misc14.C -std=c++14 (test for excess errors)
UNRESOLVED: g++.old-deja/g++.mike/misc14.C -std=c++14 compilation failed to produce executable
FAIL: g++.old-deja/g++.mike/p1248.C -std=c++14 (test for excess errors)
UNRESOLVED: g++.old-deja/g++.mike/p1248.C -std=c++14 compilation failed to produce executable
FAIL: g++.old-deja/g++.mike/p16146.C -std=c++14 (test for excess errors)
UNRESOLVED: g++.old-deja/g++.mike/p16146.C -std=c++14 compilation failed to produce executable
FAIL: g++.old-deja/g++.mike/p1862.C -std=c++14 (test for excess errors)
UNRESOLVED: g++.old-deja/g++.mike/p1862.C -std=c++14 compilation failed to produce executable
FAIL: g++.old-deja/g++.mike/p2846.C -std=c++14 (test for excess errors)
UNRESOLVED: g++.old-deja/g++.mike/p2846.C -std=c++14 compilation failed to produce executable
FAIL: g++.old-deja/g++.mike/p2960.C -std=c++14 (test for excess errors)
UNRESOLVED: g++.old-deja/g++.mike/p2960.C -std=c++14 compilation failed to produce executable
FAIL: g++.old-deja/g++.mike/p3068.C -std=c++14 (test for excess errors)
UNRESOLVED: g++.old-deja/g++.mike/p3068.C -std=c++14 compilation failed to produce executable
FAIL: g++.old-deja/g++.mike/p3708.C -std=c++14 (test for excess errors)
UNRESOLVED: g++.old-deja/g++.mike/p3708.C -std=c++14 compilation failed to produce executable
FAIL: g++.old-deja/g++.mike/p3708a.C -std=c++14 (test for excess errors)
UNRESOLVED: g++.old-deja/g++.mike/p3708a.C -std=c++14 compilation failed to produce executable
FAIL: g++.old-deja/g++.mike/p3708b.C -std=c++14 (test for excess errors)
UNRESOLVED: g++.old-deja/g++.mike/p3708b.C -std=c++14 compilation failed to produce executable
FAIL: g++.old-deja/g++.mike/p4246.C -std=c++14 (test for excess errors)
UNRESOLVED: g++.old-deja/g++.mike/p4246.C -std=c++14 compilation failed to produce executable
FAIL: g++.old-deja/g++.mike/p4736c.C -std=c++14 (test for excess errors)
UNRESOLVED: g++.old-deja/g++.mike/p4736c.C -std=c++14 compilation failed to produce executable
FAIL: g++.old-deja/g++.mike/p5571.C -std=c++14 (test for excess errors)
UNRESOLVED: g++.old-deja/g++.mike/p5571.C -std=c++14 compilation failed to produce executable
FAIL: g++.old-deja/g++.mike/p755.C -std=c++14 (test for excess errors)
UNRESOLVED: g++.old-deja/g++.mike/p755.C -std=c++14 compilation failed to produce executable
FAIL: g++.old-deja/g++.mike/p755a.C -std=c++14 (test for excess errors)
UNRESOLVED: g++.old-deja/g++.mike/p755a.C -std=c++14 compilation failed to produce executable
FAIL: g++.old-deja/g++.mike/p789a.C -std=c++14 (test for excess errors)
UNRESOLVED: g++.old-deja/g++.mike/p789a.C -std=c++14 compilation failed to produce executable
FAIL: g++.old-deja/g++.mike/p8018.C -std=c++14 (test for excess errors)
UNRESOLVED: g++.old-deja/g++.mike/p8018.C -std=c++14 compilation failed to produce executable
FAIL: g++.old-deja/g++.mike/pmf2.C -std=c++14 (test for excess errors)
UNRESOLVED: g++.old-deja/g++.mike/pmf2.C -std=c++14 compilation failed to produce executable
FAIL: g++.old-deja/g++.mike/rtti3.C -std=c++14 (test for excess errors)
UNRESOLVED: g++.old-deja/g++.mike/rtti3.C -std=c++14 compilation failed to produce executable
FAIL: g++.old-deja/g++.mike/thunk2.C -std=c++14 (test for excess errors)
UNRESOLVED: g++.old-deja/g++.mike/thunk2.C -std=c++14 compilation failed to produce executable
FAIL: g++.old-deja/g++.mike/thunk3.C -std=c++14 (test for excess errors)
UNRESOLVED: g++.old-deja/g++.mike/thunk3.C -std=c++14 compilation failed to produce executable
FAIL: g++.old-deja/g++.mike/virt5.C -std=c++14 (test for excess errors)
UNRESOLVED: g++.old-deja/g++.mike/virt5.C -std=c++14 compilation failed to produce executable
FAIL: g++.old-deja/g++.oliva/delete2.C -std=c++14 (test for excess errors)
UNRESOLVED: g++.old-deja/g++.oliva/delete2.C -std=c++14 compilation failed to produce executable
FAIL: g++.old-deja/g++.oliva/delete3.C -std=c++14 (test for excess errors)
UNRESOLVED: g++.old-deja/g++.oliva/delete3.C -std=c++14 compilation failed to produce executable
FAIL: g++.old-deja/g++.other/delete3.C -std=c++14 (test for excess errors)
UNRESOLVED: g++.old-deja/g++.other/delete3.C -std=c++14 compilation failed to produce executable
FAIL: g++.old-deja/g++.other/delete8.C -std=c++14 (test for excess errors)
UNRESOLVED: g++.old-deja/g++.other/delete8.C -std=c++14 compilation failed to produce executable
FAIL: g++.old-deja/g++.other/dtor9.C -std=c++14 (test for excess errors)
UNRESOLVED: g++.old-deja/g++.other/dtor9.C -std=c++14 compilation failed to produce executable
FAIL: g++.old-deja/g++.other/dyncast1.C -std=c++14 (test for excess errors)
UNRESOLVED: g++.old-deja/g++.other/dyncast1.C -std=c++14 compilation failed to produce executable
FAIL: g++.old-deja/g++.other/dyncast2.C -std=c++14 (test for excess errors)
UNRESOLVED: g++.old-deja/g++.other/dyncast2.C -std=c++14 compilation failed to produce executable
FAIL: g++.old-deja/g++.other/dyncast3.C -std=c++14 (test for excess errors)
UNRESOLVED: g++.old-deja/g++.other/dyncast3.C -std=c++14 compilation failed to produce executable
FAIL: g++.old-deja/g++.other/dyncast4.C -std=c++14 (test for excess errors)
UNRESOLVED: g++.old-deja/g++.other/dyncast4.C -std=c++14 compilation failed to produce executable
FAIL: g++.old-deja/g++.other/dyncast5.C -std=c++14 (test for excess errors)
UNRESOLVED: g++.old-deja/g++.other/dyncast5.C -std=c++14 compilation failed to produce executable
FAIL: g++.old-deja/g++.other/local1.C -std=c++14 (test for excess errors)
FAIL: g++.old-deja/g++.other/new3.C -std=c++14 (test for excess errors)
UNRESOLVED: g++.old-deja/g++.other/new3.C -std=c++14 compilation failed to produce executable
FAIL: g++.old-deja/g++.other/pmf4.C -std=c++14 (test for excess errors)
UNRESOLVED: g++.old-deja/g++.other/pmf4.C -std=c++14 compilation failed to produce executable
FAIL: g++.old-deja/g++.other/pmf5.C -std=c++14 (test for excess errors)
UNRESOLVED: g++.old-deja/g++.other/pmf5.C -std=c++14 compilation failed to produce executable
FAIL: g++.old-deja/g++.other/thunk1.C -std=c++14 (test for excess errors)
UNRESOLVED: g++.old-deja/g++.other/thunk1.C -std=c++14 compilation failed to produce executable
FAIL: g++.old-deja/g++.other/unchanging1.C -std=gnu++14 (test for excess errors)
UNRESOLVED: g++.old-deja/g++.other/unchanging1.C -std=gnu++14 compilation failed to produce executable
FAIL: g++.old-deja/g++.other/vbase5.C -std=c++14 (test for excess errors)
UNRESOLVED: g++.old-deja/g++.other/vbase5.C -std=c++14 compilation failed to produce executable
FAIL: g++.old-deja/g++.other/vtbl2.C -std=c++14 (test for excess errors)
UNRESOLVED: g++.old-deja/g++.other/vtbl2.C -std=c++14 compilation failed to produce executable
FAIL: g++.old-deja/g++.pt/explicit74.C -std=c++14 (test for excess errors)
UNRESOLVED: g++.old-deja/g++.pt/explicit74.C -std=c++14 compilation failed to produce executable
FAIL: g++.old-deja/g++.pt/expr1.C -std=c++14 (test for excess errors)
UNRESOLVED: g++.old-deja/g++.pt/expr1.C -std=c++14 compilation failed to produce executable
FAIL: g++.old-deja/g++.pt/mi1.C -std=c++14 (test for excess errors)
UNRESOLVED: g++.old-deja/g++.pt/mi1.C -std=c++14 compilation failed to produce executable
FAIL: g++.old-deja/g++.pt/repo1.C -std=gnu++14 (test for excess errors)
FAIL: g++.old-deja/g++.pt/repo3.C -std=gnu++14 (test for excess errors)
FAIL: g++.old-deja/g++.pt/virtual1.C -std=c++14 (test for excess errors)
UNRESOLVED: g++.old-deja/g++.pt/virtual1.C -std=c++14 compilation failed to produce executable
=== g++ Summary ===
# of expected passes 79394
# of unexpected failures 150
# of expected failures 243
# of unresolved testcases 129
# of unsupported tests 3510
/daten/aranym/gcc/gcc-20141216/Build/gcc/testsuite/g++/../../xg++ version 5.0.0 20141216 (experimental) (GCC)
Host is x86_64-pc-linux-gnu
=== gcc tests ===
Running target aranym
FAIL: gcc.dg/atomic/c11-atomic-exec-5.c -O0 execution test
FAIL: gcc.dg/atomic/c11-atomic-exec-5.c -O1 execution test
FAIL: gcc.dg/atomic/c11-atomic-exec-5.c -O2 execution test
FAIL: gcc.dg/atomic/c11-atomic-exec-5.c -O3 -fomit-frame-pointer execution test
FAIL: gcc.dg/atomic/c11-atomic-exec-5.c -O3 -fomit-frame-pointer -funroll-loops execution test
FAIL: gcc.dg/atomic/c11-atomic-exec-5.c -O3 -fomit-frame-pointer -funroll-all-loops -finline-functions execution test
FAIL: gcc.dg/atomic/c11-atomic-exec-5.c -O3 -g execution test
FAIL: gcc.dg/atomic/c11-atomic-exec-5.c -Os execution test
FAIL: gcc.dg/atomic/c11-atomic-exec-5.c -O2 -flto -fno-use-linker-plugin -flto-partition=none execution test
FAIL: gcc.dg/atomic/c11-atomic-exec-5.c -O2 -flto -fuse-linker-plugin -fno-fat-lto-objects execution test
FAIL: gcc.dg/binop-xor1.c scan-tree-dump-times optimized "\\\\^" 1
FAIL: gcc.dg/optimize-bswaphi-1.c scan-tree-dump-times bswap "16 bit bswap implementation found at" 4
FAIL: gcc.dg/pr46647.c scan-tree-dump-not optimized "memset"
UNRESOLVED: gcc.dg/superblock.c scan-rtl-dump-times sched2 "ADVANCING TO" 2
FAIL: c-c++-common/gomp/atomic-10.c scan-tree-dump-times ompexp "__atomic_fetch_add" 4
FAIL: c-c++-common/gomp/atomic-3.c scan-tree-dump-times ompexp "xyzzy, 4" 1
FAIL: c-c++-common/gomp/atomic-9.c scan-tree-dump-times ompexp "__atomic_fetch_add" 1
XPASS: gcc.dg/guality/example.c -O0 execution test
XPASS: gcc.dg/guality/example.c -O1 execution test
XPASS: gcc.dg/guality/example.c -O2 execution test
XPASS: gcc.dg/guality/example.c -O3 -fomit-frame-pointer execution test
XPASS: gcc.dg/guality/example.c -O3 -fomit-frame-pointer -funroll-loops execution test
XPASS: gcc.dg/guality/example.c -O3 -fomit-frame-pointer -funroll-all-loops -finline-functions execution test
XPASS: gcc.dg/guality/example.c -O3 -g execution test
XPASS: gcc.dg/guality/example.c -Os execution test
XPASS: gcc.dg/guality/example.c -O2 -flto -fno-use-linker-plugin -flto-partition=none execution test
XPASS: gcc.dg/guality/example.c -O2 -flto -fuse-linker-plugin -fno-fat-lto-objects execution test
XPASS: gcc.dg/guality/guality.c -O0 execution test
XPASS: gcc.dg/guality/guality.c -O1 execution test
XPASS: gcc.dg/guality/guality.c -O2 execution test
XPASS: gcc.dg/guality/guality.c -O3 -fomit-frame-pointer execution test
XPASS: gcc.dg/guality/guality.c -O3 -g execution test
XPASS: gcc.dg/guality/guality.c -Os execution test
XPASS: gcc.dg/guality/guality.c -O2 -flto -fno-use-linker-plugin -flto-partition=none execution test
XPASS: gcc.dg/guality/guality.c -O2 -flto -fuse-linker-plugin -fno-fat-lto-objects execution test
XPASS: gcc.dg/guality/inline-params.c -O2 execution test
XPASS: gcc.dg/guality/inline-params.c -O3 -fomit-frame-pointer execution test
XPASS: gcc.dg/guality/inline-params.c -O3 -g execution test
XPASS: gcc.dg/guality/inline-params.c -Os execution test
XPASS: gcc.dg/guality/inline-params.c -O2 -flto -fno-use-linker-plugin -flto-partition=none execution test
XPASS: gcc.dg/guality/inline-params.c -O2 -flto -fuse-linker-plugin -fno-fat-lto-objects execution test
XPASS: gcc.dg/guality/pr41447-1.c -O0 execution test
XPASS: gcc.dg/guality/pr41447-1.c -O1 execution test
XPASS: gcc.dg/guality/pr41447-1.c -O2 execution test
XPASS: gcc.dg/guality/pr41447-1.c -O3 -fomit-frame-pointer execution test
XPASS: gcc.dg/guality/pr41447-1.c -O3 -g execution test
XPASS: gcc.dg/guality/pr41447-1.c -Os execution test
XPASS: gcc.dg/guality/pr41447-1.c -O2 -flto -fno-use-linker-plugin -flto-partition=none execution test
XPASS: gcc.dg/guality/pr41447-1.c -O2 -flto -fuse-linker-plugin -fno-fat-lto-objects execution test
XPASS: gcc.dg/guality/pr41616-1.c -O0 execution test
XPASS: gcc.dg/guality/pr41616-1.c -O1 execution test
XPASS: gcc.dg/guality/pr41616-1.c -O2 execution test
XPASS: gcc.dg/guality/pr41616-1.c -O3 -fomit-frame-pointer execution test
XPASS: gcc.dg/guality/pr41616-1.c -O3 -g execution test
XPASS: gcc.dg/guality/pr41616-1.c -Os execution test
XPASS: gcc.dg/guality/pr41616-1.c -O2 -flto -fno-use-linker-plugin -flto-partition=none execution test
XPASS: gcc.dg/guality/pr41616-1.c -O2 -flto -fuse-linker-plugin -fno-fat-lto-objects execution test
FAIL: gcc.dg/ipa/propalign-1.c scan-tree-dump-not optimized "fail_the_test"
FAIL: gcc.dg/ipa/propalign-2.c scan-tree-dump-not optimized "fail_the_test"
FAIL: gcc.dg/tree-prof/stringop-2.c scan-tree-dump optimized "MEM\\\\[\\\\(void .\\\\)&a\\\\] = 168430090"
FAIL: gcc.dg/tree-ssa/ssa-dom-thread-4.c scan-tree-dump-times dom1 "Threaded" 3
FAIL: gcc.dg/tree-ssa/vrp47.c scan-tree-dump-times vrp1 "[xy][^ ]* !=" 0
FAIL: gcc.dg/tree-ssa/vrp47.c scan-tree-dump-times vrp1 "x[^ ]* [|] y" 1
FAIL: gcc.target/m68k/20090709-1.c scan-assembler-times .LC0 3
FAIL: gcc.target/m68k/20100512-1.c scan-assembler-times __stack_chk_guard 4
FAIL: gcc.target/m68k/tls-gd.c scan-assembler foo@TLSGD\\\\(%a5\\\\)
FAIL: gcc.target/m68k/tls-ie-xgot.c scan-assembler #foo@TLSIE,%[ad][0-7]
FAIL: gcc.target/m68k/tls-ld-xgot.c scan-assembler lea \\\\(foo@TLSLDO,%a0\\\\)
FAIL: gcc.target/m68k/tls-ld-xtls.c scan-assembler foo@TLSLDM\\\\(%a5\\\\)
FAIL: gcc.target/m68k/tls-ld.c scan-assembler foo@TLSLDM\\\\(%a5\\\\)
FAIL: gcc.target/m68k/tls-ld.c scan-assembler lea \\\\(foo@TLSLDO,%a0\\\\)
FAIL: gcc.target/m68k/tls-le.c scan-assembler lea \\\\(foo@TLSLE,%a0\\\\)
=== gcc Summary ===
# of expected passes 85892
# of unexpected failures 31
# of unexpected successes 40
# of expected failures 106
# of unresolved testcases 1
# of unsupported tests 1689
/daten/aranym/gcc/gcc-20141216/Build/gcc/xgcc version 5.0.0 20141216 (experimental) (GCC)
Host is x86_64-pc-linux-gnu
=== gfortran tests ===
Running target aranym
FAIL: gfortran.dg/bessel_6.f90 -O0 execution test
FAIL: gfortran.dg/bessel_6.f90 -O1 execution test
FAIL: gfortran.dg/bessel_6.f90 -O2 execution test
FAIL: gfortran.dg/bessel_6.f90 -O3 -fomit-frame-pointer execution test
FAIL: gfortran.dg/bessel_6.f90 -O3 -fomit-frame-pointer -funroll-loops execution test
FAIL: gfortran.dg/bessel_6.f90 -O3 -fomit-frame-pointer -funroll-all-loops -finline-functions execution test
FAIL: gfortran.dg/bessel_6.f90 -O3 -g execution test
FAIL: gfortran.dg/bessel_6.f90 -Os execution test
FAIL: gfortran.dg/bessel_7.f90 -O0 execution test
FAIL: gfortran.dg/bessel_7.f90 -O1 execution test
FAIL: gfortran.dg/bessel_7.f90 -O2 execution test
FAIL: gfortran.dg/bessel_7.f90 -O3 -fomit-frame-pointer execution test
FAIL: gfortran.dg/bessel_7.f90 -O3 -fomit-frame-pointer -funroll-loops execution test
FAIL: gfortran.dg/bessel_7.f90 -O3 -fomit-frame-pointer -funroll-all-loops -finline-functions execution test
FAIL: gfortran.dg/bessel_7.f90 -O3 -g execution test
FAIL: gfortran.dg/bessel_7.f90 -Os execution test
FAIL: gfortran.dg/common_14.f90 -O (test for warnings, line 16)
FAIL: gfortran.dg/common_14.f90 -O (test for warnings, line 22)
FAIL: gfortran.dg/common_14.f90 -O (test for excess errors)
FAIL: gfortran.dg/common_16.f90 -O (test for warnings, line 10)
FAIL: gfortran.dg/common_16.f90 -O (test for excess errors)
FAIL: gfortran.dg/common_5.f -O (test for warnings, line 7)
FAIL: gfortran.dg/common_align_2.f90 -O0 (test for warnings, line 23)
FAIL: gfortran.dg/common_align_2.f90 -O0 execution test
FAIL: gfortran.dg/common_align_2.f90 -O1 (test for warnings, line 23)
FAIL: gfortran.dg/common_align_2.f90 -O1 execution test
FAIL: gfortran.dg/common_align_2.f90 -O2 (test for warnings, line 23)
FAIL: gfortran.dg/common_align_2.f90 -O2 execution test
FAIL: gfortran.dg/common_align_2.f90 -O3 -fomit-frame-pointer (test for warnings, line 23)
FAIL: gfortran.dg/common_align_2.f90 -O3 -fomit-frame-pointer execution test
FAIL: gfortran.dg/common_align_2.f90 -O3 -fomit-frame-pointer -funroll-loops (test for warnings, line 23)
FAIL: gfortran.dg/common_align_2.f90 -O3 -fomit-frame-pointer -funroll-loops execution test
FAIL: gfortran.dg/common_align_2.f90 -O3 -fomit-frame-pointer -funroll-all-loops -finline-functions (test for warnings, line 23)
FAIL: gfortran.dg/common_align_2.f90 -O3 -fomit-frame-pointer -funroll-all-loops -finline-functions execution test
FAIL: gfortran.dg/common_align_2.f90 -O3 -g (test for warnings, line 23)
FAIL: gfortran.dg/common_align_2.f90 -O3 -g execution test
FAIL: gfortran.dg/common_align_2.f90 -Os (test for warnings, line 23)
FAIL: gfortran.dg/common_align_2.f90 -Os execution test
FAIL: gfortran.dg/erf_3.F90 -O0 execution test
FAIL: gfortran.dg/erf_3.F90 -O1 execution test
FAIL: gfortran.dg/erf_3.F90 -O2 execution test
FAIL: gfortran.dg/erf_3.F90 -O3 -fomit-frame-pointer execution test
FAIL: gfortran.dg/erf_3.F90 -O3 -fomit-frame-pointer -funroll-loops execution test
FAIL: gfortran.dg/erf_3.F90 -O3 -fomit-frame-pointer -funroll-all-loops -finline-functions execution test
FAIL: gfortran.dg/erf_3.F90 -O3 -g execution test
FAIL: gfortran.dg/erf_3.F90 -Os execution test
=== gfortran Summary ===
# of expected passes 45925
# of unexpected failures 46
# of expected failures 61
# of unsupported tests 261
/daten/aranym/gcc/gcc-20141216/Build/gcc/testsuite/gfortran/../../gfortran version 5.0.0 20141216 (experimental) (GCC)
Host is x86_64-pc-linux-gnu
=== objc tests ===
Running target aranym
=== objc Summary ===
# of expected passes 3010
# of unsupported tests 74
/daten/aranym/gcc/gcc-20141216/Build/gcc/xgcc version 5.0.0 20141216 (experimental) (GCC)
Host is m68k-unknown-linux-gnu
=== libatomic tests ===
Running target aranym
=== libatomic Summary ===
# of expected passes 44
# of unsupported tests 5
Host is m68k-unknown-linux-gnu
=== libffi tests ===
Running target aranym
=== libffi Summary ===
# of expected passes 1819
# of unsupported tests 55
Host is m68k-unknown-linux-gnu
=== libgomp tests ===
Running target aranym
WARNING: program timed out.
FAIL: libgomp.fortran/strassen.f90 -O execution test
=== libgomp Summary ===
# of expected passes 3620
# of unexpected failures 1
# of unsupported tests 183
Host is m68k-unknown-linux-gnu
=== libjava tests ===
Running target aranym
FAIL: TestMultiple output - source compiled test
FAIL: TestParent output - source compiled test
=== libjava Summary ===
# of expected passes 2411
# of unexpected failures 2
# of expected failures 4
# of untested testcases 4
Host is m68k-unknown-linux-gnu
=== libstdc++ tests ===
Running target aranym
FAIL: 20_util/unique_ptr/creation/single.cc (test for excess errors)
UNRESOLVED: 20_util/unique_ptr/creation/single.cc compilation failed to produce executable
FAIL: 27_io/manipulators/standard/char/dr2344.cc (test for excess errors)
UNRESOLVED: 27_io/manipulators/standard/char/dr2344.cc compilation failed to produce executable
FAIL: 27_io/manipulators/standard/char/quoted.cc (test for excess errors)
UNRESOLVED: 27_io/manipulators/standard/char/quoted.cc compilation failed to produce executable
FAIL: 27_io/manipulators/standard/wchar_t/dr2344.cc (test for excess errors)
UNRESOLVED: 27_io/manipulators/standard/wchar_t/dr2344.cc compilation failed to produce executable
FAIL: 27_io/manipulators/standard/wchar_t/quoted.cc (test for excess errors)
UNRESOLVED: 27_io/manipulators/standard/wchar_t/quoted.cc compilation failed to produce executable
FAIL: 30_threads/shared_timed_mutex/try_lock/2.cc (test for excess errors)
UNRESOLVED: 30_threads/shared_timed_mutex/try_lock/2.cc compilation failed to produce executable
FAIL: experimental/algorithm/sample.cc (test for excess errors)
UNRESOLVED: experimental/algorithm/sample.cc compilation failed to produce executable
FAIL: experimental/any/assign/2.cc (test for excess errors)
UNRESOLVED: experimental/any/assign/2.cc compilation failed to produce executable
FAIL: experimental/any/cons/2.cc (test for excess errors)
UNRESOLVED: experimental/any/cons/2.cc compilation failed to produce executable
FAIL: experimental/any/misc/any_cast.cc (test for excess errors)
UNRESOLVED: experimental/any/misc/any_cast.cc compilation failed to produce executable
FAIL: experimental/any/misc/any_cast_no_rtti.cc (test for excess errors)
UNRESOLVED: experimental/any/misc/any_cast_no_rtti.cc compilation failed to produce executable
FAIL: experimental/optional/observers/3.cc (test for excess errors)
UNRESOLVED: experimental/optional/observers/3.cc compilation failed to produce executable
FAIL: experimental/string_view/inserters/char/3.cc (test for excess errors)
UNRESOLVED: experimental/string_view/inserters/char/3.cc compilation failed to produce executable
FAIL: experimental/string_view/inserters/pod/10081-out.cc (test for excess errors)
UNRESOLVED: experimental/string_view/inserters/pod/10081-out.cc compilation failed to produce executable
FAIL: experimental/string_view/inserters/wchar_t/3.cc (test for excess errors)
UNRESOLVED: experimental/string_view/inserters/wchar_t/3.cc compilation failed to produce executable
UNRESOLVED: libstdc++-prettyprinters/libfundts.cc compilation failed to produce executable
=== libstdc++ Summary ===
# of expected passes 9957
# of unexpected failures 15
# of expected failures 68
# of unresolved testcases 16
# of unsupported tests 260
Compiler version: 5.0.0 20141216 (experimental) (GCC)
Platform: m68k-unknown-linux-gnu
configure flags: --prefix=/daten/cross/m68k-linux --build=x86_64-linux --enable-shared --with-system-zlib CFLAGS='-O2 -g' CXXFLAGS='-O2 -g' --target=m68k-linux --with-sysroot --disable-multilib --enable-clocale=gnu