This is the mail archive of the
gcc-testresults@gcc.gnu.org
mailing list for the GCC project.
Results for 5.0.0 20141215 (experimental) [trunk revision 218769] (GCC) testsuite on x86_64-unknown-linux-gnu
- From: "Intel Automatic Testing System [Intel64 Core AVX2]" <i64corei7avx2 at ecsmtp dot ims dot intel dot com>
- To: gcc-testresults at gcc dot gnu dot org
- Date: Tue, 16 Dec 2014 09:13:24 +0300
- Subject: Results for 5.0.0 20141215 (experimental) [trunk revision 218769] (GCC) testsuite on x86_64-unknown-linux-gnu
- Authentication-results: sourceware.org; auth=none
LAST_UPDATED: Tue Dec 16 00:40:12 UTC 2014 (revision 218769)
Native configuration is x86_64-unknown-linux-gnu
=== gcc tests ===
Running target unix
FAIL: gcc.dg/undefined-loop-2.c (test for warnings, line 18)
XPASS: gcc.dg/guality/example.c -O0 execution test
XPASS: gcc.dg/guality/example.c -O1 execution test
XPASS: gcc.dg/guality/example.c -O2 execution test
XPASS: gcc.dg/guality/example.c -O2 -flto -fno-use-linker-plugin -flto-partition=none execution test
XPASS: gcc.dg/guality/guality.c -O0 execution test
XPASS: gcc.dg/guality/guality.c -O1 execution test
XPASS: gcc.dg/guality/guality.c -O2 execution test
XPASS: gcc.dg/guality/guality.c -O2 -flto -fno-use-linker-plugin -flto-partition=none execution test
XPASS: gcc.dg/guality/guality.c -O2 -flto -fuse-linker-plugin -fno-fat-lto-objects execution test
XPASS: gcc.dg/guality/guality.c -O3 -fomit-frame-pointer execution test
XPASS: gcc.dg/guality/guality.c -O3 -g execution test
XPASS: gcc.dg/guality/guality.c -Os execution test
XPASS: gcc.dg/guality/inline-params.c -O2 execution test
XPASS: gcc.dg/guality/inline-params.c -O2 -flto -fno-use-linker-plugin -flto-partition=none execution test
XPASS: gcc.dg/guality/inline-params.c -O3 -fomit-frame-pointer execution test
XPASS: gcc.dg/guality/inline-params.c -O3 -g execution test
XPASS: gcc.dg/guality/inline-params.c -Os execution test
XPASS: gcc.dg/guality/pr41353-1.c -O0 line 28 j == 28 + 37
XPASS: gcc.dg/guality/pr41447-1.c -O0 execution test
XPASS: gcc.dg/guality/pr41447-1.c -O1 execution test
XPASS: gcc.dg/guality/pr41447-1.c -O2 execution test
XPASS: gcc.dg/guality/pr41447-1.c -O2 -flto -fno-use-linker-plugin -flto-partition=none execution test
XPASS: gcc.dg/guality/pr41447-1.c -O2 -flto -fuse-linker-plugin -fno-fat-lto-objects execution test
XPASS: gcc.dg/guality/pr41447-1.c -O3 -fomit-frame-pointer execution test
XPASS: gcc.dg/guality/pr41447-1.c -O3 -g execution test
XPASS: gcc.dg/guality/pr41447-1.c -Os execution test
XPASS: gcc.dg/guality/pr41616-1.c -O0 execution test
XPASS: gcc.dg/guality/pr41616-1.c -O1 execution test
XPASS: gcc.dg/guality/pr41616-1.c -O2 execution test
XPASS: gcc.dg/guality/pr41616-1.c -O2 -flto -fno-use-linker-plugin -flto-partition=none execution test
XPASS: gcc.dg/guality/pr41616-1.c -O3 -fomit-frame-pointer execution test
XPASS: gcc.dg/guality/pr41616-1.c -O3 -g execution test
XPASS: gcc.dg/guality/pr41616-1.c -Os execution test
FAIL: gcc.dg/guality/pr43051-1.c -O2 line 35 v == 1
FAIL: gcc.dg/guality/pr43051-1.c -O2 line 36 e == &a[1]
FAIL: gcc.dg/guality/pr43051-1.c -O2 line 39 c == &a[0]
FAIL: gcc.dg/guality/pr43051-1.c -O2 line 40 v == 1
FAIL: gcc.dg/guality/pr43051-1.c -O2 line 41 e == &a[1]
FAIL: gcc.dg/guality/pr43051-1.c -O2 -flto -fno-use-linker-plugin -flto-partition=none line 35 v == 1
FAIL: gcc.dg/guality/pr43051-1.c -O2 -flto -fno-use-linker-plugin -flto-partition=none line 36 e == &a[1]
FAIL: gcc.dg/guality/pr43051-1.c -O2 -flto -fno-use-linker-plugin -flto-partition=none line 39 c == &a[0]
FAIL: gcc.dg/guality/pr43051-1.c -O2 -flto -fno-use-linker-plugin -flto-partition=none line 40 v == 1
FAIL: gcc.dg/guality/pr43051-1.c -O2 -flto -fno-use-linker-plugin -flto-partition=none line 41 e == &a[1]
FAIL: gcc.dg/guality/pr43051-1.c -O2 -flto -fuse-linker-plugin -fno-fat-lto-objects line 35 v == 1
FAIL: gcc.dg/guality/pr43051-1.c -O2 -flto -fuse-linker-plugin -fno-fat-lto-objects line 36 e == &a[1]
FAIL: gcc.dg/guality/pr43051-1.c -O2 -flto -fuse-linker-plugin -fno-fat-lto-objects line 39 c == &a[0]
FAIL: gcc.dg/guality/pr43051-1.c -O2 -flto -fuse-linker-plugin -fno-fat-lto-objects line 40 v == 1
FAIL: gcc.dg/guality/pr43051-1.c -O2 -flto -fuse-linker-plugin -fno-fat-lto-objects line 41 e == &a[1]
FAIL: gcc.dg/guality/pr43051-1.c -O3 -fomit-frame-pointer line 35 v == 1
FAIL: gcc.dg/guality/pr43051-1.c -O3 -fomit-frame-pointer line 36 e == &a[1]
FAIL: gcc.dg/guality/pr43051-1.c -O3 -fomit-frame-pointer line 39 c == &a[0]
FAIL: gcc.dg/guality/pr43051-1.c -O3 -fomit-frame-pointer line 40 v == 1
FAIL: gcc.dg/guality/pr43051-1.c -O3 -fomit-frame-pointer line 41 e == &a[1]
FAIL: gcc.dg/guality/pr43051-1.c -O3 -fomit-frame-pointer -funroll-all-loops -finline-functions line 35 v == 1
FAIL: gcc.dg/guality/pr43051-1.c -O3 -fomit-frame-pointer -funroll-all-loops -finline-functions line 36 e == &a[1]
FAIL: gcc.dg/guality/pr43051-1.c -O3 -fomit-frame-pointer -funroll-all-loops -finline-functions line 39 c == &a[0]
FAIL: gcc.dg/guality/pr43051-1.c -O3 -fomit-frame-pointer -funroll-all-loops -finline-functions line 40 v == 1
FAIL: gcc.dg/guality/pr43051-1.c -O3 -fomit-frame-pointer -funroll-all-loops -finline-functions line 41 e == &a[1]
FAIL: gcc.dg/guality/pr43051-1.c -O3 -fomit-frame-pointer -funroll-loops line 35 v == 1
FAIL: gcc.dg/guality/pr43051-1.c -O3 -fomit-frame-pointer -funroll-loops line 36 e == &a[1]
FAIL: gcc.dg/guality/pr43051-1.c -O3 -fomit-frame-pointer -funroll-loops line 39 c == &a[0]
FAIL: gcc.dg/guality/pr43051-1.c -O3 -fomit-frame-pointer -funroll-loops line 40 v == 1
FAIL: gcc.dg/guality/pr43051-1.c -O3 -fomit-frame-pointer -funroll-loops line 41 e == &a[1]
FAIL: gcc.dg/guality/pr43051-1.c -O3 -g line 35 v == 1
FAIL: gcc.dg/guality/pr43051-1.c -O3 -g line 36 e == &a[1]
FAIL: gcc.dg/guality/pr43051-1.c -O3 -g line 39 c == &a[0]
FAIL: gcc.dg/guality/pr43051-1.c -O3 -g line 40 v == 1
FAIL: gcc.dg/guality/pr43051-1.c -O3 -g line 41 e == &a[1]
FAIL: gcc.dg/guality/pr43051-1.c -Os line 35 v == 1
FAIL: gcc.dg/guality/pr43051-1.c -Os line 36 e == &a[1]
FAIL: gcc.dg/guality/pr43051-1.c -Os line 39 c == &a[0]
FAIL: gcc.dg/guality/pr43051-1.c -Os line 40 v == 1
FAIL: gcc.dg/guality/pr43051-1.c -Os line 41 e == &a[1]
FAIL: gcc.dg/guality/pr43177.c -O2 line 15 l == 10
FAIL: gcc.dg/guality/pr43177.c -O2 line 15 x == 7
FAIL: gcc.dg/guality/pr43177.c -O2 line 24 l == 10
FAIL: gcc.dg/guality/pr43177.c -O2 line 24 x == 7
FAIL: gcc.dg/guality/pr43177.c -O2 -flto -fno-use-linker-plugin -flto-partition=none line 15 l == 10
FAIL: gcc.dg/guality/pr43177.c -O2 -flto -fno-use-linker-plugin -flto-partition=none line 15 x == 7
FAIL: gcc.dg/guality/pr43177.c -O2 -flto -fno-use-linker-plugin -flto-partition=none line 24 l == 10
FAIL: gcc.dg/guality/pr43177.c -O2 -flto -fno-use-linker-plugin -flto-partition=none line 24 x == 7
FAIL: gcc.dg/guality/pr43177.c -O2 -flto -fuse-linker-plugin -fno-fat-lto-objects line 15 l == 10
FAIL: gcc.dg/guality/pr43177.c -O2 -flto -fuse-linker-plugin -fno-fat-lto-objects line 15 x == 7
FAIL: gcc.dg/guality/pr43177.c -O2 -flto -fuse-linker-plugin -fno-fat-lto-objects line 24 l == 10
FAIL: gcc.dg/guality/pr43177.c -O2 -flto -fuse-linker-plugin -fno-fat-lto-objects line 24 x == 7
FAIL: gcc.dg/guality/pr43177.c -O3 -fomit-frame-pointer line 15 l == 10
FAIL: gcc.dg/guality/pr43177.c -O3 -fomit-frame-pointer line 15 x == 7
FAIL: gcc.dg/guality/pr43177.c -O3 -fomit-frame-pointer line 24 l == 10
FAIL: gcc.dg/guality/pr43177.c -O3 -fomit-frame-pointer line 24 x == 7
FAIL: gcc.dg/guality/pr43177.c -O3 -g line 15 l == 10
FAIL: gcc.dg/guality/pr43177.c -O3 -g line 15 x == 7
FAIL: gcc.dg/guality/pr43177.c -O3 -g line 24 l == 10
FAIL: gcc.dg/guality/pr43177.c -O3 -g line 24 x == 7
FAIL: gcc.dg/guality/pr43177.c -Os line 15 l == 10
FAIL: gcc.dg/guality/pr43177.c -Os line 15 x == 7
FAIL: gcc.dg/guality/pr43177.c -Os line 24 l == 10
FAIL: gcc.dg/guality/pr43177.c -Os line 24 x == 7
FAIL: gcc.dg/guality/pr43479.c -O1 line 13 h == 9
FAIL: gcc.dg/guality/pr43479.c -O1 line 18 h == 9
FAIL: gcc.dg/guality/pr43479.c -O2 line 13 h == 9
FAIL: gcc.dg/guality/pr43479.c -O2 line 18 h == 9
FAIL: gcc.dg/guality/pr43479.c -O2 -flto -fno-use-linker-plugin -flto-partition=none line 13 h == 9
FAIL: gcc.dg/guality/pr43479.c -O2 -flto -fno-use-linker-plugin -flto-partition=none line 18 h == 9
FAIL: gcc.dg/guality/pr43479.c -O2 -flto -fuse-linker-plugin -fno-fat-lto-objects line 13 h == 9
FAIL: gcc.dg/guality/pr43479.c -O2 -flto -fuse-linker-plugin -fno-fat-lto-objects line 18 h == 9
FAIL: gcc.dg/guality/pr43479.c -O3 -fomit-frame-pointer line 13 h == 9
FAIL: gcc.dg/guality/pr43479.c -O3 -fomit-frame-pointer line 18 h == 9
FAIL: gcc.dg/guality/pr43479.c -O3 -g line 13 h == 9
FAIL: gcc.dg/guality/pr43479.c -O3 -g line 18 h == 9
FAIL: gcc.dg/guality/pr43479.c -Os line 13 h == 9
FAIL: gcc.dg/guality/pr43479.c -Os line 18 h == 9
FAIL: gcc.dg/guality/pr45003-2.c -O2 -flto -fuse-linker-plugin -fno-fat-lto-objects line 10 a == 0x8078
FAIL: gcc.dg/guality/pr45882.c -O2 -flto -fuse-linker-plugin -fno-fat-lto-objects line 16 d == 112
FAIL: gcc.dg/guality/pr45882.c -O2 -flto -fuse-linker-plugin -fno-fat-lto-objects line 16 e == 142
FAIL: gcc.dg/guality/pr54200.c -Os line 20 z == 3
FAIL: gcc.dg/guality/pr54519-1.c -O2 -flto -fno-use-linker-plugin -flto-partition=none line 20 y == 25
FAIL: gcc.dg/guality/pr54519-1.c -O2 -flto -fno-use-linker-plugin -flto-partition=none line 20 z == 6
FAIL: gcc.dg/guality/pr54519-1.c -O2 -flto -fno-use-linker-plugin -flto-partition=none line 23 y == 117
FAIL: gcc.dg/guality/pr54519-1.c -O2 -flto -fno-use-linker-plugin -flto-partition=none line 23 z == 8
FAIL: gcc.dg/guality/pr54519-2.c -O2 -flto -fno-use-linker-plugin -flto-partition=none line 17 y == 25
FAIL: gcc.dg/guality/pr54519-2.c -O2 -flto -fuse-linker-plugin -fno-fat-lto-objects line 17 y == 25
FAIL: gcc.dg/guality/pr54519-3.c -O2 -flto -fno-use-linker-plugin -flto-partition=none line 20 y == 25
FAIL: gcc.dg/guality/pr54519-3.c -O2 -flto -fno-use-linker-plugin -flto-partition=none line 20 z == 6
FAIL: gcc.dg/guality/pr54519-3.c -O2 -flto -fno-use-linker-plugin -flto-partition=none line 23 y == 117
FAIL: gcc.dg/guality/pr54519-3.c -O2 -flto -fno-use-linker-plugin -flto-partition=none line 23 z == 8
FAIL: gcc.dg/guality/pr54519-3.c -O2 -flto -fuse-linker-plugin -fno-fat-lto-objects line 20 x == 36
FAIL: gcc.dg/guality/pr54519-3.c -O2 -flto -fuse-linker-plugin -fno-fat-lto-objects line 20 y == 25
FAIL: gcc.dg/guality/pr54519-3.c -O2 -flto -fuse-linker-plugin -fno-fat-lto-objects line 20 z == 6
FAIL: gcc.dg/guality/pr54519-3.c -O2 -flto -fuse-linker-plugin -fno-fat-lto-objects line 23 x == 98
FAIL: gcc.dg/guality/pr54519-3.c -O2 -flto -fuse-linker-plugin -fno-fat-lto-objects line 23 y == 117
FAIL: gcc.dg/guality/pr54519-3.c -O2 -flto -fuse-linker-plugin -fno-fat-lto-objects line 23 z == 8
FAIL: gcc.dg/guality/pr54519-4.c -O2 -flto -fno-use-linker-plugin -flto-partition=none line 17 y == 25
FAIL: gcc.dg/guality/pr54519-4.c -O2 -flto -fuse-linker-plugin -fno-fat-lto-objects line 17 x == 6
FAIL: gcc.dg/guality/pr54519-4.c -O2 -flto -fuse-linker-plugin -fno-fat-lto-objects line 17 y == 25
FAIL: gcc.dg/guality/pr54519-5.c -O2 -flto -fno-use-linker-plugin -flto-partition=none line 17 y == 25
FAIL: gcc.dg/guality/pr54519-5.c -O2 -flto -fuse-linker-plugin -fno-fat-lto-objects line 17 y == 25
FAIL: gcc.dg/guality/sra-1.c -O2 line 43 a.i == 4
FAIL: gcc.dg/guality/sra-1.c -O2 line 43 a.j == 14
FAIL: gcc.dg/guality/sra-1.c -O2 -flto -fno-use-linker-plugin -flto-partition=none line 21 a.i == 4
FAIL: gcc.dg/guality/sra-1.c -O2 -flto -fno-use-linker-plugin -flto-partition=none line 21 a.j == 14
FAIL: gcc.dg/guality/sra-1.c -O2 -flto -fno-use-linker-plugin -flto-partition=none line 43 a.i == 4
FAIL: gcc.dg/guality/sra-1.c -O2 -flto -fno-use-linker-plugin -flto-partition=none line 43 a.j == 14
FAIL: gcc.dg/guality/sra-1.c -O2 -flto -fuse-linker-plugin -fno-fat-lto-objects line 21 a.i == 4
FAIL: gcc.dg/guality/sra-1.c -O2 -flto -fuse-linker-plugin -fno-fat-lto-objects line 43 a.i == 4
FAIL: gcc.dg/guality/sra-1.c -O3 -fomit-frame-pointer line 43 a.i == 4
FAIL: gcc.dg/guality/sra-1.c -O3 -fomit-frame-pointer line 43 a.j == 14
FAIL: gcc.dg/guality/sra-1.c -O3 -g line 43 a.i == 4
FAIL: gcc.dg/guality/sra-1.c -O3 -g line 43 a.j == 14
FAIL: gcc.dg/guality/sra-1.c -Os line 43 a.i == 4
FAIL: gcc.dg/guality/sra-1.c -Os line 43 a.j == 14
FAIL: gcc.dg/guality/vla-2.c -O2 line 25 sizeof (a) == 6 * sizeof (int)
FAIL: gcc.dg/guality/vla-2.c -O2 -flto -fno-use-linker-plugin -flto-partition=none line 25 sizeof (a) == 6 * sizeof (int)
FAIL: gcc.dg/guality/vla-2.c -O2 -flto -fuse-linker-plugin -fno-fat-lto-objects line 25 sizeof (a) == 6 * sizeof (int)
FAIL: gcc.dg/guality/vla-2.c -O3 -fomit-frame-pointer line 25 sizeof (a) == 6 * sizeof (int)
FAIL: gcc.dg/guality/vla-2.c -O3 -g line 25 sizeof (a) == 6 * sizeof (int)
FAIL: gcc.dg/guality/vla-2.c -Os line 25 sizeof (a) == 6 * sizeof (int)
FAIL: gcc.dg/tree-ssa/cunroll-10.c scan-tree-dump-times cunroll "Forced statement unreachable" 2
FAIL: gcc.dg/vect/bb-slp-pattern-1.c -flto -ffat-lto-objects scan-tree-dump-times slp2 "pattern recognized" 8
FAIL: gcc.dg/vect/bb-slp-pattern-1.c -flto -ffat-lto-objects scan-tree-dump-times slp2 "vect_recog_widen_mult_pattern: detected" 8
FAIL: gcc.dg/vect/bb-slp-pattern-1.c scan-tree-dump-times slp2 "pattern recognized" 8
FAIL: gcc.dg/vect/bb-slp-pattern-1.c scan-tree-dump-times slp2 "vect_recog_widen_mult_pattern: detected" 8
FAIL: gcc.dg/vect/no-section-anchors-vect-31.c scan-tree-dump-times vect "Alignment of access forced using peeling" 2
FAIL: gcc.dg/vect/no-section-anchors-vect-31.c scan-tree-dump-times vect "Vectorizing an unaligned access" 0
FAIL: gcc.dg/vect/no-tree-sra-bb-slp-pr50730.c scan-tree-dump-times slp2 "not vectorized: more than one data ref in stmt" 0
FAIL: gcc.dg/vect/slp-perm-9.c -flto -ffat-lto-objects scan-tree-dump-times vect "vectorized 1 loops" 2
FAIL: gcc.dg/vect/slp-perm-9.c scan-tree-dump-times vect "vectorized 1 loops" 2
FAIL: gcc.dg/vect/vect-92.c -flto -ffat-lto-objects scan-tree-dump-times vect "Alignment of access forced using peeling" 3
FAIL: gcc.dg/vect/vect-92.c -flto -ffat-lto-objects scan-tree-dump-times vect "Vectorizing an unaligned access" 0
FAIL: gcc.dg/vect/vect-92.c scan-tree-dump-times vect "Alignment of access forced using peeling" 3
FAIL: gcc.dg/vect/vect-92.c scan-tree-dump-times vect "Vectorizing an unaligned access" 0
FAIL: gcc.dg/vect/vect-93.c -flto -ffat-lto-objects scan-tree-dump-times vect "Vectorizing an unaligned access" 1
FAIL: gcc.dg/vect/vect-93.c scan-tree-dump-times vect "Vectorizing an unaligned access" 1
FAIL: gcc.dg/vect/vect-cselim-2.c -flto -ffat-lto-objects scan-tree-dump-times vect "vectorized 1 loops" 0
FAIL: gcc.dg/vect/vect-cselim-2.c scan-tree-dump-times vect "vectorized 1 loops" 0
=== gcc Summary for unix ===
Running target unix/-m32
FAIL: gcc.dg/undefined-loop-2.c (test for warnings, line 18)
XPASS: gcc.dg/guality/example.c -O0 execution test
XPASS: gcc.dg/guality/example.c -O1 execution test
XPASS: gcc.dg/guality/guality.c -O0 execution test
XPASS: gcc.dg/guality/guality.c -O1 execution test
XPASS: gcc.dg/guality/guality.c -O2 execution test
XPASS: gcc.dg/guality/guality.c -O2 -flto -fno-use-linker-plugin -flto-partition=none execution test
XPASS: gcc.dg/guality/guality.c -O2 -flto -fuse-linker-plugin -fno-fat-lto-objects execution test
XPASS: gcc.dg/guality/guality.c -O3 -fomit-frame-pointer execution test
XPASS: gcc.dg/guality/guality.c -O3 -g execution test
XPASS: gcc.dg/guality/guality.c -Os execution test
XPASS: gcc.dg/guality/inline-params.c -O2 execution test
XPASS: gcc.dg/guality/inline-params.c -O2 -flto -fno-use-linker-plugin -flto-partition=none execution test
XPASS: gcc.dg/guality/inline-params.c -O3 -fomit-frame-pointer execution test
XPASS: gcc.dg/guality/inline-params.c -O3 -g execution test
XPASS: gcc.dg/guality/inline-params.c -Os execution test
XPASS: gcc.dg/guality/pr41353-1.c -O0 line 28 j == 28 + 37
XPASS: gcc.dg/guality/pr41353-1.c -Os line 28 j == 28 + 37
XPASS: gcc.dg/guality/pr41447-1.c -O0 execution test
XPASS: gcc.dg/guality/pr41447-1.c -O1 execution test
XPASS: gcc.dg/guality/pr41447-1.c -O2 -flto -fuse-linker-plugin -fno-fat-lto-objects execution test
XPASS: gcc.dg/guality/pr41447-1.c -Os execution test
XPASS: gcc.dg/guality/pr41616-1.c -O0 execution test
XPASS: gcc.dg/guality/pr41616-1.c -O1 execution test
XPASS: gcc.dg/guality/pr41616-1.c -O2 execution test
XPASS: gcc.dg/guality/pr41616-1.c -O2 -flto -fno-use-linker-plugin -flto-partition=none execution test
XPASS: gcc.dg/guality/pr41616-1.c -O3 -fomit-frame-pointer execution test
XPASS: gcc.dg/guality/pr41616-1.c -O3 -g execution test
XPASS: gcc.dg/guality/pr41616-1.c -Os execution test
FAIL: gcc.dg/guality/pr43479.c -O1 line 13 h == 9
FAIL: gcc.dg/guality/pr43479.c -O1 line 18 h == 9
FAIL: gcc.dg/guality/pr43479.c -O2 line 13 h == 9
FAIL: gcc.dg/guality/pr43479.c -O2 line 18 h == 9
FAIL: gcc.dg/guality/pr43479.c -O2 -flto -fno-use-linker-plugin -flto-partition=none line 13 h == 9
FAIL: gcc.dg/guality/pr43479.c -O2 -flto -fno-use-linker-plugin -flto-partition=none line 18 h == 9
FAIL: gcc.dg/guality/pr43479.c -O2 -flto -fuse-linker-plugin -fno-fat-lto-objects line 13 h == 9
FAIL: gcc.dg/guality/pr43479.c -O2 -flto -fuse-linker-plugin -fno-fat-lto-objects line 18 h == 9
FAIL: gcc.dg/guality/pr43479.c -O3 -fomit-frame-pointer line 13 h == 9
FAIL: gcc.dg/guality/pr43479.c -O3 -fomit-frame-pointer line 18 h == 9
FAIL: gcc.dg/guality/pr43479.c -O3 -g line 13 h == 9
FAIL: gcc.dg/guality/pr43479.c -O3 -g line 18 h == 9
FAIL: gcc.dg/guality/pr43479.c -Os line 13 h == 9
FAIL: gcc.dg/guality/pr43479.c -Os line 18 h == 9
FAIL: gcc.dg/guality/pr45882.c -O2 -flto -fuse-linker-plugin -fno-fat-lto-objects line 16 d == 112
FAIL: gcc.dg/guality/pr45882.c -O2 -flto -fuse-linker-plugin -fno-fat-lto-objects line 16 e == 142
FAIL: gcc.dg/guality/pr54200.c -O2 -flto -fuse-linker-plugin -fno-fat-lto-objects line 20 z == 3
FAIL: gcc.dg/guality/pr54519-1.c -O2 -flto -fno-use-linker-plugin -flto-partition=none line 20 y == 25
FAIL: gcc.dg/guality/pr54519-1.c -O2 -flto -fno-use-linker-plugin -flto-partition=none line 20 z == 6
FAIL: gcc.dg/guality/pr54519-1.c -O2 -flto -fno-use-linker-plugin -flto-partition=none line 23 y == 117
FAIL: gcc.dg/guality/pr54519-1.c -O2 -flto -fno-use-linker-plugin -flto-partition=none line 23 z == 8
FAIL: gcc.dg/guality/pr54519-2.c -O2 -flto -fno-use-linker-plugin -flto-partition=none line 17 y == 25
FAIL: gcc.dg/guality/pr54519-2.c -O2 -flto -fuse-linker-plugin -fno-fat-lto-objects line 17 y == 25
FAIL: gcc.dg/guality/pr54519-3.c -O2 -flto -fno-use-linker-plugin -flto-partition=none line 20 y == 25
FAIL: gcc.dg/guality/pr54519-3.c -O2 -flto -fno-use-linker-plugin -flto-partition=none line 20 z == 6
FAIL: gcc.dg/guality/pr54519-3.c -O2 -flto -fno-use-linker-plugin -flto-partition=none line 23 y == 117
FAIL: gcc.dg/guality/pr54519-3.c -O2 -flto -fno-use-linker-plugin -flto-partition=none line 23 z == 8
FAIL: gcc.dg/guality/pr54519-3.c -O2 -flto -fuse-linker-plugin -fno-fat-lto-objects line 20 y == 25
FAIL: gcc.dg/guality/pr54519-3.c -O2 -flto -fuse-linker-plugin -fno-fat-lto-objects line 20 z == 6
FAIL: gcc.dg/guality/pr54519-3.c -O2 -flto -fuse-linker-plugin -fno-fat-lto-objects line 23 y == 117
FAIL: gcc.dg/guality/pr54519-3.c -O2 -flto -fuse-linker-plugin -fno-fat-lto-objects line 23 z == 8
FAIL: gcc.dg/guality/pr54519-4.c -O2 -flto -fno-use-linker-plugin -flto-partition=none line 17 y == 25
FAIL: gcc.dg/guality/pr54519-4.c -O2 -flto -fuse-linker-plugin -fno-fat-lto-objects line 17 y == 25
FAIL: gcc.dg/guality/pr54519-5.c -O2 -flto -fno-use-linker-plugin -flto-partition=none line 17 y == 25
FAIL: gcc.dg/guality/pr54519-5.c -O2 -flto -fuse-linker-plugin -fno-fat-lto-objects line 17 y == 25
FAIL: gcc.dg/guality/pr54970.c -Os line 15 a[0] == 1
FAIL: gcc.dg/guality/pr54970.c -Os line 20 a[0] == 1
FAIL: gcc.dg/guality/pr54970.c -Os line 25 a[0] == 1
FAIL: gcc.dg/guality/pr54970.c -Os line 31 a[0] == 4
FAIL: gcc.dg/guality/pr54970.c -Os line 36 a[0] == 4
FAIL: gcc.dg/guality/pr54970.c -Os line 45 a[0] == 4
FAIL: gcc.dg/guality/pr54970.c -Os line 45 p[-2] == 4
FAIL: gcc.dg/guality/pr54970.c -Os line 45 q[-1] == 4
FAIL: gcc.dg/guality/sra-1.c -O2 line 32 a[0] == 4
FAIL: gcc.dg/guality/sra-1.c -O2 line 43 a.i == 4
FAIL: gcc.dg/guality/sra-1.c -O2 -flto -fno-use-linker-plugin -flto-partition=none line 21 a.i == 4
FAIL: gcc.dg/guality/sra-1.c -O2 -flto -fno-use-linker-plugin -flto-partition=none line 43 a.i == 4
FAIL: gcc.dg/guality/sra-1.c -O2 -flto -fuse-linker-plugin -fno-fat-lto-objects line 21 a.i == 4
FAIL: gcc.dg/guality/sra-1.c -O3 -fomit-frame-pointer line 32 a[0] == 4
FAIL: gcc.dg/guality/sra-1.c -O3 -fomit-frame-pointer line 43 a.i == 4
FAIL: gcc.dg/guality/sra-1.c -O3 -g line 32 a[0] == 4
FAIL: gcc.dg/guality/sra-1.c -O3 -g line 43 a.i == 4
FAIL: gcc.dg/guality/sra-1.c -Os line 32 a[0] == 4
FAIL: gcc.dg/guality/sra-1.c -Os line 43 a.i == 4
FAIL: gcc.dg/vect/bb-slp-pattern-1.c -flto -ffat-lto-objects scan-tree-dump-times slp2 "pattern recognized" 8
FAIL: gcc.dg/vect/bb-slp-pattern-1.c -flto -ffat-lto-objects scan-tree-dump-times slp2 "vect_recog_widen_mult_pattern: detected" 8
FAIL: gcc.dg/vect/bb-slp-pattern-1.c scan-tree-dump-times slp2 "pattern recognized" 8
FAIL: gcc.dg/vect/bb-slp-pattern-1.c scan-tree-dump-times slp2 "vect_recog_widen_mult_pattern: detected" 8
FAIL: gcc.dg/vect/no-section-anchors-vect-31.c scan-tree-dump-times vect "Alignment of access forced using peeling" 2
FAIL: gcc.dg/vect/no-section-anchors-vect-31.c scan-tree-dump-times vect "Vectorizing an unaligned access" 0
FAIL: gcc.dg/vect/slp-perm-9.c -flto -ffat-lto-objects scan-tree-dump-times vect "vectorized 1 loops" 2
FAIL: gcc.dg/vect/slp-perm-9.c scan-tree-dump-times vect "vectorized 1 loops" 2
FAIL: gcc.dg/vect/vect-92.c -flto -ffat-lto-objects scan-tree-dump-times vect "Alignment of access forced using peeling" 3
FAIL: gcc.dg/vect/vect-92.c -flto -ffat-lto-objects scan-tree-dump-times vect "Vectorizing an unaligned access" 0
FAIL: gcc.dg/vect/vect-92.c scan-tree-dump-times vect "Alignment of access forced using peeling" 3
FAIL: gcc.dg/vect/vect-92.c scan-tree-dump-times vect "Vectorizing an unaligned access" 0
FAIL: gcc.dg/vect/vect-93.c -flto -ffat-lto-objects scan-tree-dump-times vect "Vectorizing an unaligned access" 1
FAIL: gcc.dg/vect/vect-93.c scan-tree-dump-times vect "Vectorizing an unaligned access" 1
FAIL: gcc.dg/vect/vect-cselim-2.c -flto -ffat-lto-objects scan-tree-dump-times vect "vectorized 1 loops" 0
FAIL: gcc.dg/vect/vect-cselim-2.c scan-tree-dump-times vect "vectorized 1 loops" 0
FAIL: gcc.target/i386/funcspec-5.c (test for excess errors)
FAIL: gcc.target/i386/pr49095.c scan-assembler-not test[lq]
FAIL: gcc.target/i386/pr64110.c (internal compiler error)
FAIL: gcc.target/i386/pr64110.c (test for excess errors)
=== gcc Summary for unix/-m32 ===
=== gcc Summary ===
/export/users1/nightly/gcc.svn/test-intel64corei7avx2/gcc-build-trunk/bld/gcc/xgcc version 5.0.0 20141215 (experimental) [trunk revision 218769] (GCC)
=== gfortran tests ===
Running target unix
FAIL: gfortran.dg/vect/fast-math-mgrid-resid.f -O scan-tree-dump-times pcom "Executing predictive commoning without unrolling" 1
FAIL: gfortran.dg/vect/fast-math-mgrid-resid.f -O scan-tree-dump-times pcom "Predictive commoning failed: no suitable chains" 0
=== gfortran Summary for unix ===
# of expected passes 4050
Running target unix/-m32
FAIL: gfortran.dg/vect/fast-math-mgrid-resid.f -O scan-tree-dump-times pcom "Executing predictive commoning without unrolling" 2
FAIL: gfortran.dg/vect/fast-math-mgrid-resid.f -O scan-tree-dump-times pcom "Predictive commoning failed: no suitable chains" 0
=== gfortran Summary for unix/-m32 ===
# of expected passes 4050
=== gfortran Summary ===
# of expected passes 8100
/export/users1/nightly/gcc.svn/test-intel64corei7avx2/gcc-build-trunk/bld/gcc/testsuite/gfortran/../../gfortran version 5.0.0 20141215 (experimental) [trunk revision 218769] (GCC)
=== g++ tests ===
Running target unix
FAIL: g++.dg/guality/pr55665.C -O2 line 23 p == 40
FAIL: g++.dg/guality/pr55665.C -O3 -fomit-frame-pointer line 23 p == 40
FAIL: g++.dg/guality/pr55665.C -O3 -g line 23 p == 40
XPASS: g++.dg/tls/thread_local-order2.C -std=c++11 execution test
XPASS: g++.dg/tls/thread_local-order2.C -std=c++14 execution test
FAIL: g++.dg/vect/slp-pr56812.cc -std=c++11 scan-tree-dump-times slp1 "basic block vectorized" 1
FAIL: g++.dg/vect/slp-pr56812.cc -std=c++14 scan-tree-dump-times slp1 "basic block vectorized" 1
FAIL: g++.dg/vect/slp-pr56812.cc -std=c++98 scan-tree-dump-times slp1 "basic block vectorized" 1
=== g++ Summary for unix ===
# of expected passes 20206
# of expected failures 61
# of unsupported tests 74
Running target unix/-m32
FAIL: g++.dg/abi/covariant4.C -std=c++14 (test for excess errors)
UNRESOLVED: g++.dg/abi/covariant4.C -std=c++14 compilation failed to produce executable
FAIL: g++.dg/abi/vthunk1.C -std=c++14 (test for excess errors)
FAIL: g++.dg/cpp0x/constexpr-base4.C -std=c++14 (test for excess errors)
UNRESOLVED: g++.dg/cpp0x/constexpr-base4.C -std=c++14 compilation failed to produce executable
FAIL: g++.dg/cpp0x/constexpr-tuple.C -std=c++14 (test for excess errors)
UNRESOLVED: g++.dg/cpp0x/constexpr-tuple.C -std=c++14 compilation failed to produce executable
FAIL: g++.dg/cpp0x/defaulted22.C -std=c++14 (test for excess errors)
UNRESOLVED: g++.dg/cpp0x/defaulted22.C -std=c++14 compilation failed to produce executable
FAIL: g++.dg/cpp0x/lambda/lambda-recursive.C -std=c++14 (test for excess errors)
UNRESOLVED: g++.dg/cpp0x/lambda/lambda-recursive.C -std=c++14 compilation failed to produce executable
FAIL: g++.dg/cpp0x/lambda/lambda-template4.C -std=c++14 (test for excess errors)
UNRESOLVED: g++.dg/cpp0x/lambda/lambda-template4.C -std=c++14 compilation failed to produce executable
FAIL: g++.dg/cpp0x/lambda/lambda-this8.C -std=c++14 (test for excess errors)
UNRESOLVED: g++.dg/cpp0x/lambda/lambda-this8.C -std=c++14 compilation failed to produce executable
FAIL: g++.dg/cpp0x/variadic-function.C -std=c++14 (test for excess errors)
UNRESOLVED: g++.dg/cpp0x/variadic-function.C -std=c++14 compilation failed to produce executable
FAIL: g++.dg/eh/crossjump1.C -std=gnu++14 (test for excess errors)
UNRESOLVED: g++.dg/eh/crossjump1.C -std=gnu++14 compilation failed to produce executable
FAIL: g++.dg/eh/ctor2.C -std=c++14 (test for excess errors)
UNRESOLVED: g++.dg/eh/ctor2.C -std=c++14 compilation failed to produce executable
FAIL: g++.dg/eh/ia64-2.C -std=gnu++14 (test for excess errors)
UNRESOLVED: g++.dg/eh/ia64-2.C -std=gnu++14 compilation failed to produce executable
FAIL: g++.dg/eh/new1.C -std=c++14 (test for excess errors)
UNRESOLVED: g++.dg/eh/new1.C -std=c++14 compilation failed to produce executable
FAIL: g++.dg/expr/cast4.C -std=c++14 (test for excess errors)
UNRESOLVED: g++.dg/expr/cast4.C -std=c++14 compilation failed to produce executable
FAIL: g++.dg/ext/complex8.C -std=c++14 (test for excess errors)
UNRESOLVED: g++.dg/ext/complex8.C -std=c++14 compilation failed to produce executable
FAIL: g++.dg/inherit/covariant17.C -std=c++14 (test for excess errors)
UNRESOLVED: g++.dg/inherit/covariant17.C -std=c++14 compilation failed to produce executable
FAIL: g++.dg/inherit/covariant18.C -std=c++14 (test for excess errors)
UNRESOLVED: g++.dg/inherit/covariant18.C -std=c++14 compilation failed to produce executable
FAIL: g++.dg/inherit/covariant4.C -std=c++14 (test for excess errors)
UNRESOLVED: g++.dg/inherit/covariant4.C -std=c++14 compilation failed to produce executable
FAIL: g++.dg/inherit/thunk11.C -std=gnu++14 (test for excess errors)
FAIL: g++.dg/inherit/using2.C -std=c++14 (test for excess errors)
UNRESOLVED: g++.dg/inherit/using2.C -std=c++14 compilation failed to produce executable
FAIL: g++.dg/inherit/virtual8.C -std=c++14 (test for excess errors)
UNRESOLVED: g++.dg/inherit/virtual8.C -std=c++14 compilation failed to produce executable
FAIL: g++.dg/init/delete2.C -std=c++14 (test for excess errors)
UNRESOLVED: g++.dg/init/delete2.C -std=c++14 compilation failed to produce executable
FAIL: g++.dg/init/init-ref3.C -std=c++14 (test for excess errors)
FAIL: g++.dg/init/new26.C -std=gnu++14 (test for excess errors)
UNRESOLVED: g++.dg/init/new26.C -std=gnu++14 compilation failed to produce executable
FAIL: g++.dg/init/new36.C -std=c++14 (test for excess errors)
UNRESOLVED: g++.dg/init/new36.C -std=c++14 compilation failed to produce executable
FAIL: g++.dg/init/ref9.C -std=c++14 (test for excess errors)
UNRESOLVED: g++.dg/init/ref9.C -std=c++14 compilation failed to produce executable
FAIL: g++.dg/init/value10.C -std=c++14 (test for excess errors)
UNRESOLVED: g++.dg/init/value10.C -std=c++14 compilation failed to produce executable
FAIL: g++.dg/ipa/devirt-21.C -std=gnu++14 (test for excess errors)
UNRESOLVED: g++.dg/ipa/devirt-21.C -std=gnu++14 compilation failed to produce executable
FAIL: g++.dg/ipa/devirt-23.C -std=gnu++14 (test for excess errors)
UNRESOLVED: g++.dg/ipa/devirt-23.C -std=gnu++14 compilation failed to produce executable
FAIL: g++.dg/ipa/devirt-29.C -std=gnu++14 (test for excess errors)
UNRESOLVED: g++.dg/ipa/devirt-29.C -std=gnu++14 compilation failed to produce executable
FAIL: g++.dg/ipa/devirt-6.C -std=gnu++14 (test for excess errors)
UNRESOLVED: g++.dg/ipa/devirt-6.C -std=gnu++14 compilation failed to produce executable
FAIL: g++.dg/opt/anchor1.C -std=gnu++14 (test for excess errors)
UNRESOLVED: g++.dg/opt/anchor1.C -std=gnu++14 compilation failed to produce executable
FAIL: g++.dg/opt/cleanup1.C -std=gnu++14 (test for excess errors)
UNRESOLVED: g++.dg/opt/cleanup1.C -std=gnu++14 compilation failed to produce executable
FAIL: g++.dg/opt/const1.C -std=gnu++14 (test for excess errors)
UNRESOLVED: g++.dg/opt/const1.C -std=gnu++14 compilation failed to produce executable
FAIL: g++.dg/opt/covariant1.C -std=gnu++14 (test for excess errors)
UNRESOLVED: g++.dg/opt/covariant1.C -std=gnu++14 compilation failed to produce executable
FAIL: g++.dg/opt/dtor2.C -std=gnu++14 (test for excess errors)
FAIL: g++.dg/opt/pr15551.C -std=gnu++14 (test for excess errors)
UNRESOLVED: g++.dg/opt/pr15551.C -std=gnu++14 compilation failed to produce executable
FAIL: g++.dg/opt/pr23478.C -std=gnu++14 (test for excess errors)
UNRESOLVED: g++.dg/opt/pr23478.C -std=gnu++14 compilation failed to produce executable
FAIL: g++.dg/opt/pr36185.C -std=gnu++14 (test for excess errors)
UNRESOLVED: g++.dg/opt/pr36185.C -std=gnu++14 compilation failed to produce executable
FAIL: g++.dg/opt/pr42508.C -std=gnu++14 (test for excess errors)
UNRESOLVED: g++.dg/opt/pr42508.C -std=gnu++14 compilation failed to produce executable
FAIL: g++.dg/opt/preinc1.C -std=gnu++14 (test for excess errors)
UNRESOLVED: g++.dg/opt/preinc1.C -std=gnu++14 compilation failed to produce executable
FAIL: g++.dg/opt/reg-stack.C -std=gnu++14 (test for excess errors)
UNRESOLVED: g++.dg/opt/reg-stack.C -std=gnu++14 compilation failed to produce executable
FAIL: g++.dg/opt/rtti1.C -std=gnu++14 (test for excess errors)
UNRESOLVED: g++.dg/opt/rtti1.C -std=gnu++14 compilation failed to produce executable
FAIL: g++.dg/opt/thunk2.C -std=gnu++14 (test for excess errors)
UNRESOLVED: g++.dg/opt/thunk2.C -std=gnu++14 compilation failed to produce executable
FAIL: g++.dg/opt/typeinfo1.C -std=gnu++14 (test for excess errors)
UNRESOLVED: g++.dg/opt/typeinfo1.C -std=gnu++14 compilation failed to produce executable
FAIL: g++.dg/opt/unroll1.C -std=gnu++14 (test for excess errors)
UNRESOLVED: g++.dg/opt/unroll1.C -std=gnu++14 compilation failed to produce executable
FAIL: g++.dg/other/pr47218.C -std=gnu++14 (test for excess errors)
FAIL: g++.dg/overload/virtual2.C -std=c++14 (test for excess errors)
UNRESOLVED: g++.dg/overload/virtual2.C -std=c++14 compilation failed to produce executable
FAIL: g++.dg/pr59695.C -std=gnu++14 (test for excess errors)
UNRESOLVED: g++.dg/pr59695.C -std=gnu++14 compilation failed to produce executable
FAIL: g++.dg/pr61289-2.C -std=gnu++14 (test for excess errors)
UNRESOLVED: g++.dg/pr61289-2.C -std=gnu++14 compilation failed to produce executable
FAIL: g++.dg/pr61289.C -std=gnu++14 (test for excess errors)
UNRESOLVED: g++.dg/pr61289.C -std=gnu++14 compilation failed to produce executable
FAIL: g++.dg/rtti/dyncast2.C -std=c++14 (test for excess errors)
UNRESOLVED: g++.dg/rtti/dyncast2.C -std=c++14 compilation failed to produce executable
FAIL: g++.dg/rtti/dyncast3.C -std=c++14 (test for excess errors)
UNRESOLVED: g++.dg/rtti/dyncast3.C -std=c++14 compilation failed to produce executable
FAIL: g++.dg/rtti/dyncast7.C -std=c++14 (test for excess errors)
UNRESOLVED: g++.dg/rtti/dyncast7.C -std=c++14 compilation failed to produce executable
FAIL: g++.dg/rtti/typeid4.C -std=gnu++14 (test for excess errors)
UNRESOLVED: g++.dg/rtti/typeid4.C -std=gnu++14 compilation failed to produce executable
FAIL: g++.dg/template/repo10.C -std=gnu++14 (test for excess errors)
FAIL: g++.dg/tree-ssa/pr20458.C -std=gnu++14 (test for excess errors)
UNRESOLVED: g++.dg/tree-ssa/pr20458.C -std=gnu++14 compilation failed to produce executable
FAIL: g++.dg/guality/pr55665.C -O2 line 23 p == 40
FAIL: g++.dg/guality/pr55665.C -O3 -fomit-frame-pointer line 23 p == 40
FAIL: g++.dg/guality/pr55665.C -O3 -g line 23 p == 40
XPASS: g++.dg/tls/thread_local-order2.C -std=c++11 execution test
XPASS: g++.dg/tls/thread_local-order2.C -std=c++14 execution test
FAIL: g++.dg/vect/slp-pr56812.cc -std=c++11 scan-tree-dump-times slp1 "basic block vectorized" 1
FAIL: g++.dg/vect/slp-pr56812.cc -std=c++14 scan-tree-dump-times slp1 "basic block vectorized" 1
FAIL: g++.dg/vect/slp-pr56812.cc -std=c++98 scan-tree-dump-times slp1 "basic block vectorized" 1
FAIL: g++.old-deja/g++.abi/vbase1.C -std=c++14 (test for excess errors)
UNRESOLVED: g++.old-deja/g++.abi/vbase1.C -std=c++14 compilation failed to produce executable
FAIL: g++.old-deja/g++.abi/vbase2.C -std=c++14 (test for excess errors)
UNRESOLVED: g++.old-deja/g++.abi/vbase2.C -std=c++14 compilation failed to produce executable
FAIL: g++.old-deja/g++.abi/vbase4.C -std=c++14 (test for excess errors)
UNRESOLVED: g++.old-deja/g++.abi/vbase4.C -std=c++14 compilation failed to produce executable
FAIL: g++.old-deja/g++.abi/vbase7.C -std=c++14 (test for excess errors)
UNRESOLVED: g++.old-deja/g++.abi/vbase7.C -std=c++14 compilation failed to produce executable
FAIL: g++.old-deja/g++.brendan/delete2.C -std=c++14 (test for excess errors)
UNRESOLVED: g++.old-deja/g++.brendan/delete2.C -std=c++14 compilation failed to produce executable
FAIL: g++.old-deja/g++.brendan/dtors2.C -std=c++14 (test for excess errors)
UNRESOLVED: g++.old-deja/g++.brendan/dtors2.C -std=c++14 compilation failed to produce executable
FAIL: g++.old-deja/g++.brendan/dtors3.C -std=c++14 (test for excess errors)
UNRESOLVED: g++.old-deja/g++.brendan/dtors3.C -std=c++14 compilation failed to produce executable
FAIL: g++.old-deja/g++.brendan/new3.C -std=gnu++14 (test for excess errors)
UNRESOLVED: g++.old-deja/g++.brendan/new3.C -std=gnu++14 compilation failed to produce executable
FAIL: g++.old-deja/g++.eh/catch3p.C -std=gnu++14 (test for excess errors)
UNRESOLVED: g++.old-deja/g++.eh/catch3p.C -std=gnu++14 compilation failed to produce executable
FAIL: g++.old-deja/g++.eh/catch4p.C -std=gnu++14 (test for excess errors)
UNRESOLVED: g++.old-deja/g++.eh/catch4p.C -std=gnu++14 compilation failed to produce executable
FAIL: g++.old-deja/g++.eh/catch5p.C -std=gnu++14 (test for excess errors)
UNRESOLVED: g++.old-deja/g++.eh/catch5p.C -std=gnu++14 compilation failed to produce executable
FAIL: g++.old-deja/g++.eh/catch6p.C -std=gnu++14 (test for excess errors)
UNRESOLVED: g++.old-deja/g++.eh/catch6p.C -std=gnu++14 compilation failed to produce executable
FAIL: g++.old-deja/g++.eh/catch7p.C -std=gnu++14 (test for excess errors)
UNRESOLVED: g++.old-deja/g++.eh/catch7p.C -std=gnu++14 compilation failed to produce executable
FAIL: g++.old-deja/g++.eh/catch8p.C -std=gnu++14 (test for excess errors)
UNRESOLVED: g++.old-deja/g++.eh/catch8p.C -std=gnu++14 compilation failed to produce executable
FAIL: g++.old-deja/g++.eh/catch9p.C -std=gnu++14 (test for excess errors)
UNRESOLVED: g++.old-deja/g++.eh/catch9p.C -std=gnu++14 compilation failed to produce executable
FAIL: g++.old-deja/g++.eh/new2.C -std=gnu++14 (test for excess errors)
UNRESOLVED: g++.old-deja/g++.eh/new2.C -std=gnu++14 compilation failed to produce executable
FAIL: g++.old-deja/g++.eh/vbase4.C -std=c++14 (test for excess errors)
UNRESOLVED: g++.old-deja/g++.eh/vbase4.C -std=c++14 compilation failed to produce executable
FAIL: g++.old-deja/g++.jason/2371.C -std=gnu++14 (test for excess errors)
UNRESOLVED: g++.old-deja/g++.jason/2371.C -std=gnu++14 compilation failed to produce executable
FAIL: g++.old-deja/g++.jason/init3.C -std=c++14 (test for excess errors)
UNRESOLVED: g++.old-deja/g++.jason/init3.C -std=c++14 compilation failed to produce executable
FAIL: g++.old-deja/g++.jason/new5.C -std=c++14 (test for excess errors)
UNRESOLVED: g++.old-deja/g++.jason/new5.C -std=c++14 compilation failed to produce executable
FAIL: g++.old-deja/g++.jason/overload13.C -std=c++14 (test for excess errors)
UNRESOLVED: g++.old-deja/g++.jason/overload13.C -std=c++14 compilation failed to produce executable
FAIL: g++.old-deja/g++.jason/rvalue1.C -std=c++14 (test for excess errors)
UNRESOLVED: g++.old-deja/g++.jason/rvalue1.C -std=c++14 compilation failed to produce executable
FAIL: g++.old-deja/g++.law/code-gen5.C -std=c++14 (test for excess errors)
UNRESOLVED: g++.old-deja/g++.law/code-gen5.C -std=c++14 compilation failed to produce executable
FAIL: g++.old-deja/g++.law/ctors15.C -std=c++14 (test for excess errors)
UNRESOLVED: g++.old-deja/g++.law/ctors15.C -std=c++14 compilation failed to produce executable
FAIL: g++.old-deja/g++.law/cvt2.C -std=c++14 (test for excess errors)
UNRESOLVED: g++.old-deja/g++.law/cvt2.C -std=c++14 compilation failed to produce executable
FAIL: g++.old-deja/g++.law/operators15.C -std=c++14 (test for excess errors)
UNRESOLVED: g++.old-deja/g++.law/operators15.C -std=c++14 compilation failed to produce executable
FAIL: g++.old-deja/g++.law/scope2.C -std=c++14 (test for excess errors)
UNRESOLVED: g++.old-deja/g++.law/scope2.C -std=c++14 compilation failed to produce executable
FAIL: g++.old-deja/g++.law/virtual3.C -std=c++14 (test for excess errors)
UNRESOLVED: g++.old-deja/g++.law/virtual3.C -std=c++14 compilation failed to produce executable
FAIL: g++.old-deja/g++.mike/dyncast8.C -std=c++14 (test for excess errors)
UNRESOLVED: g++.old-deja/g++.mike/dyncast8.C -std=c++14 compilation failed to produce executable
FAIL: g++.old-deja/g++.mike/eh44.C -std=gnu++14 (test for excess errors)
UNRESOLVED: g++.old-deja/g++.mike/eh44.C -std=gnu++14 compilation failed to produce executable
FAIL: g++.old-deja/g++.mike/eh45.C -std=c++14 (test for excess errors)
UNRESOLVED: g++.old-deja/g++.mike/eh45.C -std=c++14 compilation failed to produce executable
FAIL: g++.old-deja/g++.mike/mi1.C -std=gnu++14 (test for excess errors)
UNRESOLVED: g++.old-deja/g++.mike/mi1.C -std=gnu++14 compilation failed to produce executable
FAIL: g++.old-deja/g++.mike/mi2.C -std=c++14 (test for excess errors)
UNRESOLVED: g++.old-deja/g++.mike/mi2.C -std=c++14 compilation failed to produce executable
FAIL: g++.old-deja/g++.mike/misc13.C -std=c++14 (test for excess errors)
UNRESOLVED: g++.old-deja/g++.mike/misc13.C -std=c++14 compilation failed to produce executable
FAIL: g++.old-deja/g++.mike/misc14.C -std=c++14 (test for excess errors)
UNRESOLVED: g++.old-deja/g++.mike/misc14.C -std=c++14 compilation failed to produce executable
FAIL: g++.old-deja/g++.mike/p1248.C -std=c++14 (test for excess errors)
UNRESOLVED: g++.old-deja/g++.mike/p1248.C -std=c++14 compilation failed to produce executable
FAIL: g++.old-deja/g++.mike/p16146.C -std=c++14 (test for excess errors)
UNRESOLVED: g++.old-deja/g++.mike/p16146.C -std=c++14 compilation failed to produce executable
FAIL: g++.old-deja/g++.mike/p1862.C -std=c++14 (test for excess errors)
UNRESOLVED: g++.old-deja/g++.mike/p1862.C -std=c++14 compilation failed to produce executable
FAIL: g++.old-deja/g++.mike/p2846.C -std=c++14 (test for excess errors)
UNRESOLVED: g++.old-deja/g++.mike/p2846.C -std=c++14 compilation failed to produce executable
FAIL: g++.old-deja/g++.mike/p2960.C -std=c++14 (test for excess errors)
UNRESOLVED: g++.old-deja/g++.mike/p2960.C -std=c++14 compilation failed to produce executable
FAIL: g++.old-deja/g++.mike/p3068.C -std=c++14 (test for excess errors)
UNRESOLVED: g++.old-deja/g++.mike/p3068.C -std=c++14 compilation failed to produce executable
FAIL: g++.old-deja/g++.mike/p3708.C -std=c++14 (test for excess errors)
UNRESOLVED: g++.old-deja/g++.mike/p3708.C -std=c++14 compilation failed to produce executable
FAIL: g++.old-deja/g++.mike/p3708a.C -std=c++14 (test for excess errors)
UNRESOLVED: g++.old-deja/g++.mike/p3708a.C -std=c++14 compilation failed to produce executable
FAIL: g++.old-deja/g++.mike/p3708b.C -std=c++14 (test for excess errors)
UNRESOLVED: g++.old-deja/g++.mike/p3708b.C -std=c++14 compilation failed to produce executable
FAIL: g++.old-deja/g++.mike/p4246.C -std=c++14 (test for excess errors)
UNRESOLVED: g++.old-deja/g++.mike/p4246.C -std=c++14 compilation failed to produce executable
FAIL: g++.old-deja/g++.mike/p4736c.C -std=c++14 (test for excess errors)
UNRESOLVED: g++.old-deja/g++.mike/p4736c.C -std=c++14 compilation failed to produce executable
FAIL: g++.old-deja/g++.mike/p5571.C -std=c++14 (test for excess errors)
UNRESOLVED: g++.old-deja/g++.mike/p5571.C -std=c++14 compilation failed to produce executable
FAIL: g++.old-deja/g++.mike/p755.C -std=c++14 (test for excess errors)
UNRESOLVED: g++.old-deja/g++.mike/p755.C -std=c++14 compilation failed to produce executable
FAIL: g++.old-deja/g++.mike/p755a.C -std=c++14 (test for excess errors)
UNRESOLVED: g++.old-deja/g++.mike/p755a.C -std=c++14 compilation failed to produce executable
FAIL: g++.old-deja/g++.mike/p789a.C -std=c++14 (test for excess errors)
UNRESOLVED: g++.old-deja/g++.mike/p789a.C -std=c++14 compilation failed to produce executable
FAIL: g++.old-deja/g++.mike/p8018.C -std=c++14 (test for excess errors)
UNRESOLVED: g++.old-deja/g++.mike/p8018.C -std=c++14 compilation failed to produce executable
FAIL: g++.old-deja/g++.mike/pmf2.C -std=c++14 (test for excess errors)
UNRESOLVED: g++.old-deja/g++.mike/pmf2.C -std=c++14 compilation failed to produce executable
FAIL: g++.old-deja/g++.mike/rtti3.C -std=c++14 (test for excess errors)
UNRESOLVED: g++.old-deja/g++.mike/rtti3.C -std=c++14 compilation failed to produce executable
FAIL: g++.old-deja/g++.mike/thunk2.C -std=c++14 (test for excess errors)
UNRESOLVED: g++.old-deja/g++.mike/thunk2.C -std=c++14 compilation failed to produce executable
FAIL: g++.old-deja/g++.mike/thunk3.C -std=c++14 (test for excess errors)
UNRESOLVED: g++.old-deja/g++.mike/thunk3.C -std=c++14 compilation failed to produce executable
FAIL: g++.old-deja/g++.mike/virt5.C -std=c++14 (test for excess errors)
UNRESOLVED: g++.old-deja/g++.mike/virt5.C -std=c++14 compilation failed to produce executable
FAIL: g++.old-deja/g++.oliva/delete2.C -std=c++14 (test for excess errors)
UNRESOLVED: g++.old-deja/g++.oliva/delete2.C -std=c++14 compilation failed to produce executable
FAIL: g++.old-deja/g++.oliva/delete3.C -std=c++14 (test for excess errors)
UNRESOLVED: g++.old-deja/g++.oliva/delete3.C -std=c++14 compilation failed to produce executable
FAIL: g++.old-deja/g++.other/delete3.C -std=c++14 (test for excess errors)
UNRESOLVED: g++.old-deja/g++.other/delete3.C -std=c++14 compilation failed to produce executable
FAIL: g++.old-deja/g++.other/delete8.C -std=c++14 (test for excess errors)
UNRESOLVED: g++.old-deja/g++.other/delete8.C -std=c++14 compilation failed to produce executable
FAIL: g++.old-deja/g++.other/dtor9.C -std=c++14 (test for excess errors)
UNRESOLVED: g++.old-deja/g++.other/dtor9.C -std=c++14 compilation failed to produce executable
FAIL: g++.old-deja/g++.other/dyncast1.C -std=c++14 (test for excess errors)
UNRESOLVED: g++.old-deja/g++.other/dyncast1.C -std=c++14 compilation failed to produce executable
FAIL: g++.old-deja/g++.other/dyncast2.C -std=c++14 (test for excess errors)
UNRESOLVED: g++.old-deja/g++.other/dyncast2.C -std=c++14 compilation failed to produce executable
FAIL: g++.old-deja/g++.other/dyncast3.C -std=c++14 (test for excess errors)
UNRESOLVED: g++.old-deja/g++.other/dyncast3.C -std=c++14 compilation failed to produce executable
FAIL: g++.old-deja/g++.other/dyncast4.C -std=c++14 (test for excess errors)
UNRESOLVED: g++.old-deja/g++.other/dyncast4.C -std=c++14 compilation failed to produce executable
FAIL: g++.old-deja/g++.other/dyncast5.C -std=c++14 (test for excess errors)
UNRESOLVED: g++.old-deja/g++.other/dyncast5.C -std=c++14 compilation failed to produce executable
FAIL: g++.old-deja/g++.other/local1.C -std=c++14 (test for excess errors)
FAIL: g++.old-deja/g++.other/new3.C -std=c++14 (test for excess errors)
UNRESOLVED: g++.old-deja/g++.other/new3.C -std=c++14 compilation failed to produce executable
FAIL: g++.old-deja/g++.other/pmf4.C -std=c++14 (test for excess errors)
UNRESOLVED: g++.old-deja/g++.other/pmf4.C -std=c++14 compilation failed to produce executable
FAIL: g++.old-deja/g++.other/pmf5.C -std=c++14 (test for excess errors)
UNRESOLVED: g++.old-deja/g++.other/pmf5.C -std=c++14 compilation failed to produce executable
FAIL: g++.old-deja/g++.other/store-expr1.C -std=gnu++14 (test for excess errors)
UNRESOLVED: g++.old-deja/g++.other/store-expr1.C -std=gnu++14 compilation failed to produce executable
FAIL: g++.old-deja/g++.other/store-expr2.C -std=gnu++14 (test for excess errors)
UNRESOLVED: g++.old-deja/g++.other/store-expr2.C -std=gnu++14 compilation failed to produce executable
FAIL: g++.old-deja/g++.other/thunk1.C -std=c++14 (test for excess errors)
UNRESOLVED: g++.old-deja/g++.other/thunk1.C -std=c++14 compilation failed to produce executable
FAIL: g++.old-deja/g++.other/unchanging1.C -std=gnu++14 (test for excess errors)
UNRESOLVED: g++.old-deja/g++.other/unchanging1.C -std=gnu++14 compilation failed to produce executable
FAIL: g++.old-deja/g++.other/vbase5.C -std=c++14 (test for excess errors)
UNRESOLVED: g++.old-deja/g++.other/vbase5.C -std=c++14 compilation failed to produce executable
FAIL: g++.old-deja/g++.other/vtbl2.C -std=c++14 (test for excess errors)
UNRESOLVED: g++.old-deja/g++.other/vtbl2.C -std=c++14 compilation failed to produce executable
FAIL: g++.old-deja/g++.pt/explicit74.C -std=c++14 (test for excess errors)
UNRESOLVED: g++.old-deja/g++.pt/explicit74.C -std=c++14 compilation failed to produce executable
FAIL: g++.old-deja/g++.pt/expr1.C -std=c++14 (test for excess errors)
UNRESOLVED: g++.old-deja/g++.pt/expr1.C -std=c++14 compilation failed to produce executable
FAIL: g++.old-deja/g++.pt/mi1.C -std=c++14 (test for excess errors)
UNRESOLVED: g++.old-deja/g++.pt/mi1.C -std=c++14 compilation failed to produce executable
FAIL: g++.old-deja/g++.pt/repo1.C -std=gnu++14 (test for excess errors)
FAIL: g++.old-deja/g++.pt/repo3.C -std=gnu++14 (test for excess errors)
FAIL: g++.old-deja/g++.pt/virtual1.C -std=c++14 (test for excess errors)
UNRESOLVED: g++.old-deja/g++.pt/virtual1.C -std=c++14 compilation failed to produce executable
=== g++ Summary for unix/-m32 ===
# of expected passes 20186
# of unexpected failures 82
# of expected failures 61
# of unresolved testcases 79
# of unsupported tests 44
=== g++ Summary ===
# of expected passes 40392
# of unexpected failures 82
# of expected failures 122
# of unresolved testcases 79
# of unsupported tests 118
/export/users1/nightly/gcc.svn/test-intel64corei7avx2/gcc-build-trunk/bld/gcc/testsuite/g++/../../xg++ version 5.0.0 20141215 (experimental) [trunk revision 218769] (GCC)
=== objc tests ===
Running target unix
=== objc Summary for unix ===
# of expected passes 64
Running target unix/-m32
=== objc Summary for unix/-m32 ===
# of expected passes 64
=== objc Summary ===
# of expected passes 128
/export/users1/nightly/gcc.svn/test-intel64corei7avx2/gcc-build-trunk/bld/gcc/xgcc version 5.0.0 20141215 (experimental) [trunk revision 218769] (GCC)
=== libatomic tests ===
Running target unix/-m32
=== libatomic Summary for unix/-m32 ===
# of expected passes 44
# of unsupported tests 5
Running target unix
=== libatomic Summary for unix ===
# of expected passes 54
=== libatomic Summary ===
# of expected passes 98
# of unsupported tests 5
=== libffi tests ===
Running target unix/-m32
=== libffi Summary for unix/-m32 ===
# of expected passes 24
Running target unix
=== libffi Summary for unix ===
# of expected passes 24
=== libffi Summary ===
# of expected passes 3638
# of unsupported tests 110
=== libgomp tests ===
Running target unix/-m32
=== libgomp Summary for unix/-m32 ===
Running target unix
=== libgomp Summary for unix ===
=== libgomp Summary ===
# of expected passes 7396
# of unsupported tests 166
=== libitm tests ===
Running target unix/-m32
=== libitm Summary for unix/-m32 ===
# of expected passes 4
# of expected failures 1
# of unsupported tests 1
Running target unix
=== libitm Summary for unix ===
# of expected passes 4
# of expected failures 1
# of unsupported tests 1
=== libitm Summary ===
# of expected passes 52
# of expected failures 6
# of unsupported tests 2
=== libjava tests ===
Running target unix/-m32
=== libjava Summary for unix/-m32 ===
Running target unix
=== libjava Summary for unix ===
=== libjava Summary ===
# of expected passes 5164
# of expected failures 8
=== libstdc++ tests ===
Running target unix
XPASS: 26_numerics/headers/cmath/c_math.cc execution test
=== libstdc++ Summary for unix ===
# of unsupported tests 1
Running target unix/-m32
FAIL: 20_util/unique_ptr/creation/single.cc (test for excess errors)
UNRESOLVED: 20_util/unique_ptr/creation/single.cc compilation failed to produce executable
FAIL: 27_io/manipulators/standard/char/dr2344.cc (test for excess errors)
UNRESOLVED: 27_io/manipulators/standard/char/dr2344.cc compilation failed to produce executable
FAIL: 27_io/manipulators/standard/char/quoted.cc (test for excess errors)
UNRESOLVED: 27_io/manipulators/standard/char/quoted.cc compilation failed to produce executable
FAIL: 27_io/manipulators/standard/wchar_t/dr2344.cc (test for excess errors)
UNRESOLVED: 27_io/manipulators/standard/wchar_t/dr2344.cc compilation failed to produce executable
FAIL: 27_io/manipulators/standard/wchar_t/quoted.cc (test for excess errors)
UNRESOLVED: 27_io/manipulators/standard/wchar_t/quoted.cc compilation failed to produce executable
FAIL: 30_threads/shared_timed_mutex/try_lock/2.cc (test for excess errors)
UNRESOLVED: 30_threads/shared_timed_mutex/try_lock/2.cc compilation failed to produce executable
FAIL: experimental/algorithm/sample.cc (test for excess errors)
UNRESOLVED: experimental/algorithm/sample.cc compilation failed to produce executable
FAIL: experimental/any/assign/2.cc (test for excess errors)
UNRESOLVED: experimental/any/assign/2.cc compilation failed to produce executable
FAIL: experimental/any/cons/2.cc (test for excess errors)
UNRESOLVED: experimental/any/cons/2.cc compilation failed to produce executable
FAIL: experimental/any/misc/any_cast.cc (test for excess errors)
UNRESOLVED: experimental/any/misc/any_cast.cc compilation failed to produce executable
FAIL: experimental/any/misc/any_cast_no_rtti.cc (test for excess errors)
UNRESOLVED: experimental/any/misc/any_cast_no_rtti.cc compilation failed to produce executable
FAIL: experimental/optional/observers/3.cc (test for excess errors)
UNRESOLVED: experimental/optional/observers/3.cc compilation failed to produce executable
FAIL: experimental/string_view/inserters/char/3.cc (test for excess errors)
UNRESOLVED: experimental/string_view/inserters/char/3.cc compilation failed to produce executable
FAIL: experimental/string_view/inserters/pod/10081-out.cc (test for excess errors)
UNRESOLVED: experimental/string_view/inserters/pod/10081-out.cc compilation failed to produce executable
FAIL: experimental/string_view/inserters/wchar_t/3.cc (test for excess errors)
UNRESOLVED: experimental/string_view/inserters/wchar_t/3.cc compilation failed to produce executable
UNRESOLVED: libstdc++-prettyprinters/libfundts.cc compilation failed to produce executable
=== libstdc++ Summary for unix/-m32 ===
# of unsupported tests 1
=== libstdc++ Summary ===
# of unsupported tests 2
Compiler version: 5.0.0 20141215 (experimental) [trunk revision 218769] (GCC)
Platform: x86_64-unknown-linux-gnu
configure flags: --with-arch=core-avx2 --with-cpu=core-avx2 --prefix=/usr/local --enable-clocale=gnu --with-system-zlib --enable-shared --with-demangler-in-ld --enable-cloog-backend=isl --with-ppl-include=/opt/gnu/include --with-ppl-lib=/opt/gnu/lib64 --with-cloog-include=/opt/gnu/include --with-cloog-lib=/opt/gnu/lib64 --with-fpmath=sse --enable-languages=c,c++,fortran,java,lto,objc