This is the mail archive of the
gcc-testresults@gcc.gnu.org
mailing list for the GCC project.
Results for 5.0.0 20141212 (experimental) [trunk revision 218692] (GCC) testsuite on i686-pc-linux-gnu
- From: ia32 at gnu-5 dot sc dot intel dot com (H.J. Lu (ia32 -fpic))
- To: gcc-testresults at gcc dot gnu dot org
- Date: Fri, 12 Dec 2014 20:00:17 -0800
- Subject: Results for 5.0.0 20141212 (experimental) [trunk revision 218692] (GCC) testsuite on i686-pc-linux-gnu
- Authentication-results: sourceware.org; auth=none
Native configuration is i686-pc-linux-gnu
=== g++ tests ===
Running target unix/-fpic
FAIL: g++.dg/abi/anon1.C -std=c++11 scan-assembler-not globl
FAIL: g++.dg/abi/anon1.C -std=c++14 scan-assembler-not globl
FAIL: g++.dg/abi/anon1.C -std=c++98 scan-assembler-not globl
FAIL: g++.dg/cpp1y/pr63996.C -std=c++14 (test for excess errors)
FAIL: g++.dg/ipa/devirt-40.C -std=gnu++11 scan-tree-dump-not fre2 "\\\\n OBJ_TYPE_REF"
FAIL: g++.dg/ipa/devirt-40.C -std=gnu++14 scan-tree-dump-not fre2 "\\\\n OBJ_TYPE_REF"
FAIL: g++.dg/ipa/devirt-40.C -std=gnu++98 scan-tree-dump-not fre2 "\\\\n OBJ_TYPE_REF"
FAIL: g++.dg/ipa/devirt-42.C -std=gnu++11 scan-ipa-dump-times inline "Discovered a virtual call to a known target" 2
FAIL: g++.dg/ipa/devirt-42.C -std=gnu++11 scan-ipa-dump-times inline "First type is base of second" 3
FAIL: g++.dg/ipa/devirt-42.C -std=gnu++11 scan-tree-dump-times optimized "return 2" 3
FAIL: g++.dg/ipa/devirt-42.C -std=gnu++14 scan-ipa-dump-times inline "Discovered a virtual call to a known target" 2
FAIL: g++.dg/ipa/devirt-42.C -std=gnu++14 scan-ipa-dump-times inline "First type is base of second" 3
FAIL: g++.dg/ipa/devirt-42.C -std=gnu++14 scan-tree-dump-times optimized "return 2" 3
FAIL: g++.dg/ipa/devirt-42.C -std=gnu++98 scan-ipa-dump-times inline "Discovered a virtual call to a known target" 2
FAIL: g++.dg/ipa/devirt-42.C -std=gnu++98 scan-ipa-dump-times inline "First type is base of second" 3
FAIL: g++.dg/ipa/devirt-42.C -std=gnu++98 scan-tree-dump-times optimized "return 2" 3
FAIL: g++.dg/ipa/devirt-c-8.C -std=gnu++11 scan-ipa-dump cp "Discovered a virtual call to a known target.*A::foo"
FAIL: g++.dg/ipa/devirt-c-8.C -std=gnu++11 scan-tree-dump-times optimized "OBJ_TYPE_REF" 0
FAIL: g++.dg/ipa/devirt-c-8.C -std=gnu++14 scan-ipa-dump cp "Discovered a virtual call to a known target.*A::foo"
FAIL: g++.dg/ipa/devirt-c-8.C -std=gnu++14 scan-tree-dump-times optimized "OBJ_TYPE_REF" 0
FAIL: g++.dg/ipa/devirt-c-8.C -std=gnu++98 scan-ipa-dump cp "Discovered a virtual call to a known target.*A::foo"
FAIL: g++.dg/ipa/devirt-c-8.C -std=gnu++98 scan-tree-dump-times optimized "OBJ_TYPE_REF" 0
XPASS: g++.dg/tls/thread_local-order2.C -std=c++11 execution test
XPASS: g++.dg/tls/thread_local-order2.C -std=c++14 execution test
FAIL: g++.dg/torture/pr60474.C -O1 (internal compiler error)
FAIL: g++.dg/torture/pr60474.C -O1 (test for excess errors)
FAIL: g++.dg/torture/pr60474.C -O2 (internal compiler error)
FAIL: g++.dg/torture/pr60474.C -O2 (test for excess errors)
FAIL: g++.dg/torture/pr60474.C -O2 -flto -fno-use-linker-plugin -flto-partition=none (internal compiler error)
FAIL: g++.dg/torture/pr60474.C -O2 -flto -fno-use-linker-plugin -flto-partition=none (test for excess errors)
FAIL: g++.dg/torture/pr60474.C -O3 -fomit-frame-pointer (internal compiler error)
FAIL: g++.dg/torture/pr60474.C -O3 -fomit-frame-pointer (test for excess errors)
FAIL: g++.dg/torture/pr60474.C -O3 -fomit-frame-pointer -funroll-all-loops -finline-functions (internal compiler error)
FAIL: g++.dg/torture/pr60474.C -O3 -fomit-frame-pointer -funroll-all-loops -finline-functions (test for excess errors)
FAIL: g++.dg/torture/pr60474.C -O3 -fomit-frame-pointer -funroll-loops (internal compiler error)
FAIL: g++.dg/torture/pr60474.C -O3 -fomit-frame-pointer -funroll-loops (test for excess errors)
FAIL: g++.dg/torture/pr60474.C -O3 -g (internal compiler error)
FAIL: g++.dg/torture/pr60474.C -O3 -g (test for excess errors)
FAIL: g++.dg/torture/pr60474.C -Os (internal compiler error)
FAIL: g++.dg/torture/pr60474.C -Os (test for excess errors)
FAIL: c-c++-common/ubsan/object-size-9.c -O2 output pattern test, is c-c++-common/ubsan/object-size-9.c:21:11: runtime error: load of address 0xffc96acc with insufficient space for an object of type 'char'
FAIL: c-c++-common/ubsan/object-size-9.c -O2 -flto -fno-use-linker-plugin -flto-partition=none output pattern test, is c-c++-common/ubsan/object-size-9.c:21:11: runtime error: load of address 0xffc2df6c with insufficient space for an object of type 'char'
=== g++ Summary ===
# of expected passes 89344
# of unexpected failures 40
# of unexpected successes 2
# of expected failures 294
# of unsupported tests 3255
/export/gnu/import/git/gcc-test-ia32/bld/gcc/testsuite/g++/../../xg++ version 5.0.0 20141212 (experimental) [trunk revision 218692] (GCC)
=== gcc tests ===
Running target unix/-fpic
FAIL: gcc.dg/addr_equal-1.c execution test
FAIL: gcc.dg/noreturn-7.c (test for warnings, line 30)
FAIL: gcc.dg/pr28685-1.c scan-tree-dump-times optimized " <= " 4
FAIL: gcc.dg/undefined-loop-2.c (test for warnings, line 18)
XPASS: gcc.dg/guality/example.c -O0 execution test
XPASS: gcc.dg/guality/example.c -O1 execution test
XPASS: gcc.dg/guality/example.c -O3 -fomit-frame-pointer -funroll-all-loops -finline-functions execution test
XPASS: gcc.dg/guality/example.c -O3 -fomit-frame-pointer -funroll-loops execution test
XPASS: gcc.dg/guality/guality.c -O0 execution test
XPASS: gcc.dg/guality/guality.c -O1 execution test
XPASS: gcc.dg/guality/guality.c -O2 execution test
XPASS: gcc.dg/guality/guality.c -O2 -flto -fno-use-linker-plugin -flto-partition=none execution test
XPASS: gcc.dg/guality/guality.c -O2 -flto -fuse-linker-plugin -fno-fat-lto-objects execution test
XPASS: gcc.dg/guality/guality.c -O3 -fomit-frame-pointer execution test
XPASS: gcc.dg/guality/guality.c -O3 -g execution test
XPASS: gcc.dg/guality/guality.c -Os execution test
XPASS: gcc.dg/guality/inline-params.c -O2 execution test
XPASS: gcc.dg/guality/inline-params.c -O2 -flto -fno-use-linker-plugin -flto-partition=none execution test
XPASS: gcc.dg/guality/inline-params.c -O3 -fomit-frame-pointer execution test
XPASS: gcc.dg/guality/inline-params.c -O3 -g execution test
XPASS: gcc.dg/guality/inline-params.c -Os execution test
FAIL: gcc.dg/guality/pr36728-2.c -O1 line 18 *x == (char) 25
FAIL: gcc.dg/guality/pr36728-2.c -O2 line 18 *x == (char) 25
FAIL: gcc.dg/guality/pr36728-2.c -O2 -flto -fno-use-linker-plugin -flto-partition=none line 18 *x == (char) 25
FAIL: gcc.dg/guality/pr36728-2.c -O3 -fomit-frame-pointer line 18 *x == (char) 25
FAIL: gcc.dg/guality/pr36728-2.c -O3 -g line 18 *x == (char) 25
FAIL: gcc.dg/guality/pr36728-2.c -Os line 18 *x == (char) 25
XPASS: gcc.dg/guality/pr41353-1.c -O0 line 28 j == 28 + 37
XPASS: gcc.dg/guality/pr41353-1.c -Os line 28 j == 28 + 37
XPASS: gcc.dg/guality/pr41447-1.c -O0 execution test
XPASS: gcc.dg/guality/pr41447-1.c -O1 execution test
XPASS: gcc.dg/guality/pr41447-1.c -O2 -flto -fuse-linker-plugin -fno-fat-lto-objects execution test
XPASS: gcc.dg/guality/pr41616-1.c -O0 execution test
XPASS: gcc.dg/guality/pr41616-1.c -O1 execution test
XPASS: gcc.dg/guality/pr41616-1.c -O2 execution test
XPASS: gcc.dg/guality/pr41616-1.c -O2 -flto -fno-use-linker-plugin -flto-partition=none execution test
XPASS: gcc.dg/guality/pr41616-1.c -O3 -fomit-frame-pointer execution test
XPASS: gcc.dg/guality/pr41616-1.c -O3 -g execution test
XPASS: gcc.dg/guality/pr41616-1.c -Os execution test
FAIL: gcc.dg/guality/pr43479.c -O1 line 13 h == 9
FAIL: gcc.dg/guality/pr43479.c -O1 line 18 h == 9
FAIL: gcc.dg/guality/pr43479.c -O2 line 13 h == 9
FAIL: gcc.dg/guality/pr43479.c -O2 line 18 h == 9
FAIL: gcc.dg/guality/pr43479.c -O2 -flto -fno-use-linker-plugin -flto-partition=none line 13 h == 9
FAIL: gcc.dg/guality/pr43479.c -O2 -flto -fno-use-linker-plugin -flto-partition=none line 18 h == 9
FAIL: gcc.dg/guality/pr43479.c -O2 -flto -fuse-linker-plugin -fno-fat-lto-objects line 13 h == 9
FAIL: gcc.dg/guality/pr43479.c -O2 -flto -fuse-linker-plugin -fno-fat-lto-objects line 18 h == 9
FAIL: gcc.dg/guality/pr43479.c -O3 -fomit-frame-pointer line 13 h == 9
FAIL: gcc.dg/guality/pr43479.c -O3 -fomit-frame-pointer line 18 h == 9
FAIL: gcc.dg/guality/pr43479.c -O3 -g line 13 h == 9
FAIL: gcc.dg/guality/pr43479.c -O3 -g line 18 h == 9
FAIL: gcc.dg/guality/pr43479.c -Os line 13 h == 9
FAIL: gcc.dg/guality/pr43479.c -Os line 18 h == 9
FAIL: gcc.dg/guality/pr45882.c -O2 -flto -fuse-linker-plugin -fno-fat-lto-objects line 16 d == 112
FAIL: gcc.dg/guality/pr45882.c -O2 -flto -fuse-linker-plugin -fno-fat-lto-objects line 16 e == 142
FAIL: gcc.dg/guality/pr54200.c -O2 -flto -fuse-linker-plugin -fno-fat-lto-objects line 20 z == 3
FAIL: gcc.dg/guality/pr54519-1.c -O2 -flto -fno-use-linker-plugin -flto-partition=none line 20 y == 25
FAIL: gcc.dg/guality/pr54519-1.c -O2 -flto -fno-use-linker-plugin -flto-partition=none line 20 z == 6
FAIL: gcc.dg/guality/pr54519-1.c -O2 -flto -fno-use-linker-plugin -flto-partition=none line 23 y == 117
FAIL: gcc.dg/guality/pr54519-1.c -O2 -flto -fno-use-linker-plugin -flto-partition=none line 23 z == 8
FAIL: gcc.dg/guality/pr54519-2.c -O2 -flto -fno-use-linker-plugin -flto-partition=none line 17 y == 25
FAIL: gcc.dg/guality/pr54519-2.c -O2 -flto -fuse-linker-plugin -fno-fat-lto-objects line 17 y == 25
FAIL: gcc.dg/guality/pr54519-2.c -Os line 22 y == 68
FAIL: gcc.dg/guality/pr54519-3.c -O2 -flto -fno-use-linker-plugin -flto-partition=none line 20 y == 25
FAIL: gcc.dg/guality/pr54519-3.c -O2 -flto -fno-use-linker-plugin -flto-partition=none line 20 z == 6
FAIL: gcc.dg/guality/pr54519-3.c -O2 -flto -fno-use-linker-plugin -flto-partition=none line 23 y == 117
FAIL: gcc.dg/guality/pr54519-3.c -O2 -flto -fno-use-linker-plugin -flto-partition=none line 23 z == 8
FAIL: gcc.dg/guality/pr54519-3.c -O2 -flto -fuse-linker-plugin -fno-fat-lto-objects line 20 y == 25
FAIL: gcc.dg/guality/pr54519-3.c -O2 -flto -fuse-linker-plugin -fno-fat-lto-objects line 20 z == 6
FAIL: gcc.dg/guality/pr54519-3.c -O2 -flto -fuse-linker-plugin -fno-fat-lto-objects line 23 y == 117
FAIL: gcc.dg/guality/pr54519-3.c -O2 -flto -fuse-linker-plugin -fno-fat-lto-objects line 23 z == 8
FAIL: gcc.dg/guality/pr54519-4.c -O2 -flto -fno-use-linker-plugin -flto-partition=none line 17 y == 25
FAIL: gcc.dg/guality/pr54519-4.c -O2 -flto -fuse-linker-plugin -fno-fat-lto-objects line 17 y == 25
FAIL: gcc.dg/guality/pr54519-5.c -O2 -flto -fno-use-linker-plugin -flto-partition=none line 17 y == 25
FAIL: gcc.dg/guality/pr54519-5.c -O2 -flto -fuse-linker-plugin -fno-fat-lto-objects line 17 y == 25
FAIL: gcc.dg/guality/pr54970.c -Os line 15 a[0] == 1
FAIL: gcc.dg/guality/pr54970.c -Os line 20 a[0] == 1
FAIL: gcc.dg/guality/pr54970.c -Os line 25 a[0] == 1
FAIL: gcc.dg/guality/pr54970.c -Os line 31 a[0] == 4
FAIL: gcc.dg/guality/pr54970.c -Os line 36 a[0] == 4
FAIL: gcc.dg/guality/pr54970.c -Os line 45 a[0] == 4
FAIL: gcc.dg/guality/pr54970.c -Os line 45 p[-2] == 4
FAIL: gcc.dg/guality/pr54970.c -Os line 45 q[-1] == 4
FAIL: gcc.dg/lto/pr55113 c_lto_pr55113_0.o assemble, -flto -fshort-double -O0 (internal compiler error)
UNRESOLVED: gcc.dg/lto/pr55113 c_lto_pr55113_0.o-c_lto_pr55113_0.o execute -flto -fshort-double -O0
UNRESOLVED: gcc.dg/lto/pr55113 c_lto_pr55113_0.o-c_lto_pr55113_0.o link -flto -fshort-double -O0
FAIL: gcc.dg/torture/builtin-self.c -O0 scan-assembler-not \\tcall
FAIL: gcc.dg/tree-prof/inliner-1.c scan-tree-dump optimized "cold_function ..;"
FAIL: gcc.dg/tree-ssa/inline-10.c scan-tree-dump-not optimized "do_something \\\\(70\\\\)"
FAIL: gcc.dg/tree-ssa/inline-10.c scan-tree-dump-times optimized "do_something2" 1
FAIL: gcc.dg/tree-ssa/inline-10.c scan-tree-dump-times optimized "do_something3" 1
FAIL: gcc.dg/tree-ssa/inline-8.c scan-tree-dump-times einline "Inlining" 5
FAIL: gcc.dg/tree-ssa/inline-9.c scan-tree-dump-times optimized "q \\\\(15\\\\)" 1
FAIL: gcc.dg/tree-ssa/ipa-split-6.c scan-tree-dump optimized "part"
FAIL: gcc.dg/vect/costmodel/i386/costmodel-vect-31.c scan-tree-dump-times vect "vectorized 4 loops" 1
FAIL: gcc.dg/vect/no-section-anchors-vect-31.c scan-tree-dump-times vect "Alignment of access forced using peeling" 2
FAIL: gcc.dg/vect/no-section-anchors-vect-34.c scan-tree-dump-times vect "Vectorizing an unaligned access" 0
FAIL: gcc.dg/vect/no-section-anchors-vect-36.c scan-tree-dump-times vect "Alignment of access forced using peeling" 0
FAIL: gcc.dg/vect/no-section-anchors-vect-36.c scan-tree-dump-times vect "Vectorizing an unaligned access" 0
FAIL: gcc.dg/vect/no-section-anchors-vect-64.c scan-tree-dump-times vect "Alignment of access forced using peeling" 2
FAIL: gcc.dg/vect/no-section-anchors-vect-65.c scan-tree-dump-times vect "Vectorizing an unaligned access" 0
FAIL: gcc.dg/vect/no-section-anchors-vect-69.c scan-tree-dump-times vect "Alignment of access forced using peeling" 2
FAIL: gcc.dg/vect/slp-25.c -flto -ffat-lto-objects scan-tree-dump-times vect "Alignment of access forced using peeling" 2
FAIL: gcc.dg/vect/slp-25.c -flto -ffat-lto-objects scan-tree-dump-times vect "Vectorizing an unaligned access" 0
FAIL: gcc.dg/vect/slp-25.c scan-tree-dump-times vect "Alignment of access forced using peeling" 2
FAIL: gcc.dg/vect/slp-25.c scan-tree-dump-times vect "Vectorizing an unaligned access" 0
FAIL: gcc.dg/vect/vect-109.c -flto -ffat-lto-objects scan-tree-dump-times vect "Vectorizing an unaligned access" 3
FAIL: gcc.dg/vect/vect-109.c scan-tree-dump-times vect "Vectorizing an unaligned access" 3
FAIL: gcc.dg/vect/vect-13.c -flto -ffat-lto-objects scan-tree-dump-times vect "Vectorizing an unaligned access" 0
FAIL: gcc.dg/vect/vect-13.c scan-tree-dump-times vect "Vectorizing an unaligned access" 0
FAIL: gcc.dg/vect/vect-17.c -flto -ffat-lto-objects scan-tree-dump-times vect "Vectorizing an unaligned access" 0
FAIL: gcc.dg/vect/vect-17.c scan-tree-dump-times vect "Vectorizing an unaligned access" 0
FAIL: gcc.dg/vect/vect-18.c -flto -ffat-lto-objects scan-tree-dump-times vect "Vectorizing an unaligned access" 0
FAIL: gcc.dg/vect/vect-18.c scan-tree-dump-times vect "Vectorizing an unaligned access" 0
FAIL: gcc.dg/vect/vect-19.c -flto -ffat-lto-objects scan-tree-dump-times vect "Vectorizing an unaligned access" 0
FAIL: gcc.dg/vect/vect-19.c scan-tree-dump-times vect "Vectorizing an unaligned access" 0
FAIL: gcc.dg/vect/vect-2-big-array.c -flto -ffat-lto-objects scan-tree-dump-times vect "Vectorizing an unaligned access" 0
FAIL: gcc.dg/vect/vect-2-big-array.c scan-tree-dump-times vect "Vectorizing an unaligned access" 0
FAIL: gcc.dg/vect/vect-2.c -flto -ffat-lto-objects scan-tree-dump-times vect "Vectorizing an unaligned access" 0
FAIL: gcc.dg/vect/vect-2.c scan-tree-dump-times vect "Vectorizing an unaligned access" 0
FAIL: gcc.dg/vect/vect-20.c -flto -ffat-lto-objects scan-tree-dump-times vect "Vectorizing an unaligned access" 0
FAIL: gcc.dg/vect/vect-20.c scan-tree-dump-times vect "Vectorizing an unaligned access" 0
FAIL: gcc.dg/vect/vect-21.c -flto -ffat-lto-objects scan-tree-dump-times vect "Vectorizing an unaligned access" 0
FAIL: gcc.dg/vect/vect-21.c scan-tree-dump-times vect "Vectorizing an unaligned access" 0
FAIL: gcc.dg/vect/vect-22.c -flto -ffat-lto-objects scan-tree-dump-times vect "Vectorizing an unaligned access" 0
FAIL: gcc.dg/vect/vect-22.c scan-tree-dump-times vect "Vectorizing an unaligned access" 0
FAIL: gcc.dg/vect/vect-27.c -flto -ffat-lto-objects scan-tree-dump-times vect "Alignment of access forced using peeling" 0
FAIL: gcc.dg/vect/vect-27.c scan-tree-dump-times vect "Alignment of access forced using peeling" 0
FAIL: gcc.dg/vect/vect-29.c -flto -ffat-lto-objects scan-tree-dump-times vect "Alignment of access forced using peeling" 0
FAIL: gcc.dg/vect/vect-29.c scan-tree-dump-times vect "Alignment of access forced using peeling" 0
FAIL: gcc.dg/vect/vect-3.c -flto -ffat-lto-objects scan-tree-dump-times vect "Vectorizing an unaligned access" 0
FAIL: gcc.dg/vect/vect-3.c scan-tree-dump-times vect "Vectorizing an unaligned access" 0
FAIL: gcc.dg/vect/vect-4.c -flto -ffat-lto-objects scan-tree-dump-times vect "Vectorizing an unaligned access" 0
FAIL: gcc.dg/vect/vect-4.c scan-tree-dump-times vect "Vectorizing an unaligned access" 0
FAIL: gcc.dg/vect/vect-5.c -flto -ffat-lto-objects scan-tree-dump-times vect "Vectorizing an unaligned access" 0
FAIL: gcc.dg/vect/vect-5.c scan-tree-dump-times vect "Vectorizing an unaligned access" 0
FAIL: gcc.dg/vect/vect-7.c -flto -ffat-lto-objects scan-tree-dump-times vect "Vectorizing an unaligned access" 0
FAIL: gcc.dg/vect/vect-7.c scan-tree-dump-times vect "Vectorizing an unaligned access" 0
FAIL: gcc.dg/vect/vect-72.c -flto -ffat-lto-objects scan-tree-dump-times vect "Alignment of access forced using peeling" 0
FAIL: gcc.dg/vect/vect-72.c scan-tree-dump-times vect "Alignment of access forced using peeling" 0
FAIL: gcc.dg/vect/vect-73-big-array.c -flto -ffat-lto-objects scan-tree-dump-times vect "Vectorizing an unaligned access" 0
FAIL: gcc.dg/vect/vect-73-big-array.c scan-tree-dump-times vect "Vectorizing an unaligned access" 0
FAIL: gcc.dg/vect/vect-73.c -flto -ffat-lto-objects scan-tree-dump-times vect "Vectorizing an unaligned access" 0
FAIL: gcc.dg/vect/vect-73.c scan-tree-dump-times vect "Vectorizing an unaligned access" 0
FAIL: gcc.dg/vect/vect-77-global.c -flto -ffat-lto-objects scan-tree-dump-times vect "Alignment of access forced using peeling" 0
FAIL: gcc.dg/vect/vect-77-global.c scan-tree-dump-times vect "Alignment of access forced using peeling" 0
FAIL: gcc.dg/vect/vect-78-global.c -flto -ffat-lto-objects scan-tree-dump-times vect "Alignment of access forced using peeling" 0
FAIL: gcc.dg/vect/vect-78-global.c scan-tree-dump-times vect "Alignment of access forced using peeling" 0
FAIL: gcc.dg/vect/vect-86.c -flto -ffat-lto-objects scan-tree-dump-times vect "Alignment of access forced using peeling" 0
FAIL: gcc.dg/vect/vect-86.c scan-tree-dump-times vect "Alignment of access forced using peeling" 0
FAIL: gcc.dg/vect/vect-align-1.c -flto -ffat-lto-objects scan-tree-dump-times vect "Vectorizing an unaligned access" 1
FAIL: gcc.dg/vect/vect-align-1.c scan-tree-dump-times vect "Vectorizing an unaligned access" 1
FAIL: gcc.dg/vect/vect-align-3.c -flto -ffat-lto-objects scan-tree-dump-not vect "loop peeled for vectorization"
FAIL: gcc.dg/vect/vect-align-3.c -flto -ffat-lto-objects scan-tree-dump-not vect "vect_do_peeling_for_loop_bound"
FAIL: gcc.dg/vect/vect-align-3.c scan-tree-dump-not vect "loop peeled for vectorization"
FAIL: gcc.dg/vect/vect-align-3.c scan-tree-dump-not vect "vect_do_peeling_for_loop_bound"
FAIL: gcc.dg/vect/vect-all-big-array.c -flto -ffat-lto-objects scan-tree-dump-times vect "Alignment of access forced using peeling" 0
FAIL: gcc.dg/vect/vect-all-big-array.c scan-tree-dump-times vect "Alignment of access forced using peeling" 0
FAIL: gcc.dg/vect/vect-all.c -flto -ffat-lto-objects scan-tree-dump-times vect "Alignment of access forced using peeling" 0
FAIL: gcc.dg/vect/vect-all.c scan-tree-dump-times vect "Alignment of access forced using peeling" 0
FAIL: gcc.dg/vect/vect-multitypes-1.c -flto -ffat-lto-objects scan-tree-dump-times vect "Vectorizing an unaligned access" 4
FAIL: gcc.dg/vect/vect-multitypes-1.c scan-tree-dump-times vect "Vectorizing an unaligned access" 4
FAIL: gcc.dg/vect/vect-multitypes-4.c -flto -ffat-lto-objects scan-tree-dump-times vect "Alignment of access forced using peeling" 0
XPASS: gcc.dg/vect/vect-multitypes-4.c -flto -ffat-lto-objects scan-tree-dump-times vect "Alignment of access forced using peeling" 2
FAIL: gcc.dg/vect/vect-multitypes-4.c -flto -ffat-lto-objects scan-tree-dump-times vect "Vectorizing an unaligned access" 4
FAIL: gcc.dg/vect/vect-multitypes-4.c scan-tree-dump-times vect "Alignment of access forced using peeling" 0
XPASS: gcc.dg/vect/vect-multitypes-4.c scan-tree-dump-times vect "Alignment of access forced using peeling" 2
FAIL: gcc.dg/vect/vect-multitypes-4.c scan-tree-dump-times vect "Vectorizing an unaligned access" 4
FAIL: gcc.dg/vect/vect-peel-3.c -flto -ffat-lto-objects scan-tree-dump-times vect "Vectorizing an unaligned access" 1
FAIL: gcc.dg/vect/vect-peel-3.c scan-tree-dump-times vect "Vectorizing an unaligned access" 1
FAIL: gcc.dg/vect/vect-peel-4.c -flto -ffat-lto-objects scan-tree-dump-times vect "Alignment of access forced using peeling" 0
FAIL: gcc.dg/vect/vect-peel-4.c -flto -ffat-lto-objects scan-tree-dump-times vect "Vectorizing an unaligned access" 1
FAIL: gcc.dg/vect/vect-peel-4.c scan-tree-dump-times vect "Alignment of access forced using peeling" 0
FAIL: gcc.dg/vect/vect-peel-4.c scan-tree-dump-times vect "Vectorizing an unaligned access" 1
FAIL: gcc.dg/vect/wrapv-vect-7.c scan-tree-dump-times vect "Vectorizing an unaligned access" 0
FAIL: gcc.target/i386/avx256-unaligned-load-4.c scan-assembler (avx_loadups256|vmovups[^\\n\\r]*movv8sf_internal)
FAIL: gcc.target/i386/avx512f-kandnw-1.c scan-assembler-times kandnw[ \\\\t]+[^{\\n]*%k[0-7](?:\\n|[ \\\\t]+#) 1
FAIL: gcc.target/i386/avx512vl-vmovdqa64-1.c scan-assembler-times vmovdqa64[ \\\\t]+[^{\\n]*%ymm[0-9]+[^\\n^x^y]*\\\\(.{5}(?:\\n|[ \\\\t]+#) 1
FAIL: gcc.target/i386/avx512vl-vmovdqa64-1.c scan-assembler-times vmovdqa64[ \\\\t]+\\\\([^\\n]*%xmm[0-9]+(?:\\n|[ \\\\t]+#) 1
FAIL: gcc.target/i386/avx512vl-vmovdqa64-1.c scan-assembler-times vmovdqa64[ \\\\t]+\\\\([^\\n]*%ymm[0-9]+(?:\\n|[ \\\\t]+#) 1
FAIL: gcc.target/i386/conversion-2.c scan-assembler (ax|di), %xmm1
FAIL: gcc.target/i386/conversion-2.c scan-assembler sp\\\\), %xmm0
FAIL: gcc.target/i386/fentry-override.c (test for excess errors)
UNRESOLVED: gcc.target/i386/fentry-override.c scan-assembler-not __fentry__
FAIL: gcc.target/i386/fentry.c (test for excess errors)
UNRESOLVED: gcc.target/i386/fentry.c scan-assembler __fentry__
FAIL: gcc.target/i386/funcspec-5.c (test for excess errors)
FAIL: gcc.target/i386/fuse-caller-save-rec.c scan-assembler-not pop
FAIL: gcc.target/i386/fuse-caller-save-rec.c scan-assembler-not push
FAIL: gcc.target/i386/fuse-caller-save-rec.c scan-assembler-times addl\\t%[re]?dx, %[re]?ax 1
FAIL: gcc.target/i386/fuse-caller-save-xmm.c scan-assembler-times addpd\\t%xmm1, %xmm0 1
FAIL: gcc.target/i386/fuse-caller-save-xmm.c scan-assembler-times movapd\\t%xmm0, %xmm1 1
FAIL: gcc.target/i386/fuse-caller-save.c scan-assembler-not pop
FAIL: gcc.target/i386/fuse-caller-save.c scan-assembler-not push
FAIL: gcc.target/i386/fuse-caller-save.c scan-assembler-times addl\\t%[re]?d[ix], %[re]?ax 1
FAIL: gcc.target/i386/headmerge-1.c scan-assembler-times \\\\\$120|, 120 1
FAIL: gcc.target/i386/headmerge-2.c scan-assembler-times \\\\\$120|, 120 1
FAIL: gcc.target/i386/nop-mcount.c (test for excess errors)
UNRESOLVED: gcc.target/i386/nop-mcount.c scan-assembler-not __fentry__
FAIL: gcc.target/i386/pad-10.c scan-assembler-not nop
FAIL: gcc.target/i386/pad-3.c scan-assembler-not nop
FAIL: gcc.target/i386/pr49095.c scan-assembler-not test[lq]
FAIL: gcc.target/i386/sibcall-6.c scan-assembler jmp[ \\t]*.%eax
FAIL: gcc.target/i386/vect-sizes-1.c scan-assembler vmovapd[ \\\\t]+[^\\n]*%ymm
FAIL: gcc.target/i386/stackalign/longlong-2.c -mno-stackrealign scan-assembler-times and[lq]?[^\\\\n]*-16,[^\\\\n]*sp 2
FAIL: gcc.target/i386/stackalign/longlong-2.c -mno-stackrealign scan-assembler-times and[lq]?[^\\\\n]*-8,[^\\\\n]*sp 2
FAIL: gcc.target/i386/stackalign/longlong-2.c -mstackrealign scan-assembler-times and[lq]?[^\\\\n]*-16,[^\\\\n]*sp 2
FAIL: gcc.target/i386/stackalign/longlong-2.c -mstackrealign scan-assembler-times and[lq]?[^\\\\n]*-8,[^\\\\n]*sp 2
=== gcc Summary ===
# of expected passes 113670
# of unexpected failures 172
# of unexpected successes 31
# of expected failures 316
# of unresolved testcases 5
# of unsupported tests 1738
/export/gnu/import/git/gcc-test-ia32/bld/gcc/xgcc version 5.0.0 20141212 (experimental) [trunk revision 218692] (GCC)
=== gfortran tests ===
Running target unix/-fpic
FAIL: gfortran.dg/pr48636-2.f90 -O scan-ipa-dump cp "Creating a specialized node of [^\\n\\r]*bar/[0-9]*\\\\."
FAIL: gfortran.dg/pr48636-2.f90 -O scan-ipa-dump-times cp "Aggregate replacements[^=]*=[^=]*=[^=]*=[^=]*=[^=]*=[^=]*=[^=]*=[^=]*=[^=]*=" 2
FAIL: gfortran.dg/pr48636.f90 -O scan-ipa-dump inline "bar[^\\\\n]*inline copy in MAIN"
FAIL: gfortran.dg/pr48636.f90 -O scan-ipa-dump inline "inline hints: loop_iterations"
=== gfortran Summary ===
# of expected passes 46589
# of unexpected failures 4
# of expected failures 47
# of unsupported tests 205
/export/gnu/import/git/gcc-test-ia32/bld/gcc/testsuite/gfortran/../../gfortran version 5.0.0 20141212 (experimental) [trunk revision 218692] (GCC)
=== objc tests ===
Running target unix/-fpic
=== objc Summary ===
# of expected passes 3004
# of expected failures 6
# of unsupported tests 74
/export/gnu/import/git/gcc-test-ia32/bld/gcc/xgcc version 5.0.0 20141212 (experimental) [trunk revision 218692] (GCC)
=== libatomic tests ===
Running target unix/-fpic
=== libatomic Summary ===
# of expected passes 44
# of unsupported tests 5
=== libffi tests ===
Running target unix/-fpic
=== libffi Summary ===
# of expected passes 1819
# of unsupported tests 55
=== libgomp tests ===
Running target unix/-fpic
=== libgomp Summary ===
# of expected passes 3698
# of unsupported tests 83
=== libitm tests ===
Running target unix/-fpic
FAIL: libitm.c/stackundo.c (test for excess errors)
UNRESOLVED: libitm.c/stackundo.c compilation failed to produce executable
=== libitm Summary ===
# of expected passes 24
# of unexpected failures 1
# of expected failures 3
# of unresolved testcases 1
# of unsupported tests 1
=== libjava tests ===
Running target unix/-fpic
=== libjava Summary ===
# of expected passes 2582
# of expected failures 4
=== libstdc++ tests ===
Running target unix/-fpic
FAIL: 20_util/shared_ptr/creation/58594-no-rtti.cc (test for excess errors)
=== libstdc++ Summary ===
# of expected passes 10390
# of unexpected failures 1
# of expected failures 68
# of unsupported tests 225
Compiler version: 5.0.0 20141212 (experimental) [trunk revision 218692] (GCC)
Platform: i686-pc-linux-gnu
configure flags: --prefix=/usr/5.0.0 --enable-clocale=gnu --with-system-zlib --enable-shared --with-demangler-in-ld i686-linux --with-fpmath=sse --enable-languages=c,c++,fortran,java,lto,objc