This is the mail archive of the
gcc-testresults@gcc.gnu.org
mailing list for the GCC project.
Results for 5.0.0 20141212 (experimental) (GCC) testsuite on arm-none-eabi
- From: CodeSourcery Automatic Testing System <gcc at codesourcery dot com>
- To: <gcc-testresults at gcc dot gnu dot org>
- Date: Fri, 12 Dec 2014 05:26:27 -0800
- Subject: Results for 5.0.0 20141212 (experimental) (GCC) testsuite on arm-none-eabi
- Authentication-results: sourceware.org; auth=none
LAST_UPDATED: Fri Dec 12 08:10:29 UTC 2014 (/trunk revision 218658)
Target is arm-none-eabi
Host is i686-pc-linux-gnu
=== g++ tests ===
Running target arm-sim-fsf
FAIL: g++.dg/abi/mangle-arm-crypto.C -std=c++98 (test for excess errors)
UNRESOLVED: g++.dg/abi/mangle-arm-crypto.C -std=c++98 scan-assembler _Z2f0y:
UNRESOLVED: g++.dg/abi/mangle-arm-crypto.C -std=c++98 scan-assembler _Z2f1o:
UNRESOLVED: g++.dg/abi/mangle-arm-crypto.C -std=c++98 scan-assembler _Z2f2Dv2_y:
FAIL: g++.dg/abi/mangle-arm-crypto.C -std=c++11 (test for excess errors)
UNRESOLVED: g++.dg/abi/mangle-arm-crypto.C -std=c++11 scan-assembler _Z2f0y:
UNRESOLVED: g++.dg/abi/mangle-arm-crypto.C -std=c++11 scan-assembler _Z2f1o:
UNRESOLVED: g++.dg/abi/mangle-arm-crypto.C -std=c++11 scan-assembler _Z2f2Dv2_y:
FAIL: g++.dg/abi/mangle-arm-crypto.C -std=c++14 (test for excess errors)
UNRESOLVED: g++.dg/abi/mangle-arm-crypto.C -std=c++14 scan-assembler _Z2f0y:
UNRESOLVED: g++.dg/abi/mangle-arm-crypto.C -std=c++14 scan-assembler _Z2f1o:
UNRESOLVED: g++.dg/abi/mangle-arm-crypto.C -std=c++14 scan-assembler _Z2f2Dv2_y:
FAIL: g++.dg/ipa/devirt-28a.C -std=gnu++98 (test for excess errors)
FAIL: g++.dg/ipa/devirt-28a.C -std=gnu++11 (test for excess errors)
FAIL: g++.dg/ipa/devirt-28a.C -std=gnu++14 (test for excess errors)
FAIL: g++.dg/ipa/pr64059.C -std=gnu++98 (internal compiler error)
FAIL: g++.dg/ipa/pr64059.C -std=gnu++98 (test for excess errors)
FAIL: g++.dg/ipa/pr64059.C -std=gnu++11 (internal compiler error)
FAIL: g++.dg/ipa/pr64059.C -std=gnu++11 (test for excess errors)
FAIL: g++.dg/ipa/pr64059.C -std=gnu++14 (internal compiler error)
FAIL: g++.dg/ipa/pr64059.C -std=gnu++14 (test for excess errors)
FAIL: g++.dg/lto/20081119 cp_lto_20081119_0.o assemble, -O0 -flto -flto-partition=none -fuse-linker-plugin (internal compiler error)
FAIL: g++.dg/lto/20081119 cp_lto_20081119_1.o assemble, -O0 -flto -flto-partition=none -fuse-linker-plugin (internal compiler error)
UNRESOLVED: g++.dg/lto/20081119 cp_lto_20081119_0.o-cp_lto_20081119_1.o link -O0 -flto -flto-partition=none -fuse-linker-plugin
UNRESOLVED: g++.dg/lto/20081119 cp_lto_20081119_0.o-cp_lto_20081119_1.o execute -O0 -flto -flto-partition=none -fuse-linker-plugin
FAIL: g++.dg/lto/20081119 cp_lto_20081119_0.o assemble, -O0 -flto -flto-partition=1to1 -fno-use-linker-plugin (internal compiler error)
FAIL: g++.dg/lto/20081119 cp_lto_20081119_1.o assemble, -O0 -flto -flto-partition=1to1 -fno-use-linker-plugin (internal compiler error)
UNRESOLVED: g++.dg/lto/20081119 cp_lto_20081119_0.o-cp_lto_20081119_1.o link -O0 -flto -flto-partition=1to1 -fno-use-linker-plugin
UNRESOLVED: g++.dg/lto/20081119 cp_lto_20081119_0.o-cp_lto_20081119_1.o execute -O0 -flto -flto-partition=1to1 -fno-use-linker-plugin
FAIL: g++.dg/lto/20081119 cp_lto_20081119_0.o assemble, -O0 -flto -fuse-linker-plugin -fno-fat-lto-objects (internal compiler error)
FAIL: g++.dg/lto/20081119 cp_lto_20081119_1.o assemble, -O0 -flto -fuse-linker-plugin -fno-fat-lto-objects (internal compiler error)
UNRESOLVED: g++.dg/lto/20081119 cp_lto_20081119_0.o-cp_lto_20081119_1.o link -O0 -flto -fuse-linker-plugin -fno-fat-lto-objects
UNRESOLVED: g++.dg/lto/20081119 cp_lto_20081119_0.o-cp_lto_20081119_1.o execute -O0 -flto -fuse-linker-plugin -fno-fat-lto-objects
FAIL: g++.dg/lto/20081211-1 cp_lto_20081211-1_0.o assemble, -O0 -flto -flto-partition=none -fuse-linker-plugin (internal compiler error)
UNRESOLVED: g++.dg/lto/20081211-1 cp_lto_20081211-1_0.o-cp_lto_20081211-1_1.o link -O0 -flto -flto-partition=none -fuse-linker-plugin
UNRESOLVED: g++.dg/lto/20081211-1 cp_lto_20081211-1_0.o-cp_lto_20081211-1_1.o execute -O0 -flto -flto-partition=none -fuse-linker-plugin
FAIL: g++.dg/lto/20081211-1 cp_lto_20081211-1_0.o assemble, -O0 -flto -flto-partition=1to1 -fno-use-linker-plugin (internal compiler error)
UNRESOLVED: g++.dg/lto/20081211-1 cp_lto_20081211-1_0.o-cp_lto_20081211-1_1.o link -O0 -flto -flto-partition=1to1 -fno-use-linker-plugin
UNRESOLVED: g++.dg/lto/20081211-1 cp_lto_20081211-1_0.o-cp_lto_20081211-1_1.o execute -O0 -flto -flto-partition=1to1 -fno-use-linker-plugin
FAIL: g++.dg/lto/20081211-1 cp_lto_20081211-1_0.o assemble, -O0 -flto -fuse-linker-plugin -fno-fat-lto-objects (internal compiler error)
UNRESOLVED: g++.dg/lto/20081211-1 cp_lto_20081211-1_0.o-cp_lto_20081211-1_1.o link -O0 -flto -fuse-linker-plugin -fno-fat-lto-objects
UNRESOLVED: g++.dg/lto/20081211-1 cp_lto_20081211-1_0.o-cp_lto_20081211-1_1.o execute -O0 -flto -fuse-linker-plugin -fno-fat-lto-objects
FAIL: g++.dg/lto/pr45621 cp_lto_pr45621_1.o assemble, -O0 -flto -flto-partition=none -fuse-linker-plugin (internal compiler error)
FAIL: g++.dg/lto/pr45621 cp_lto_pr45621_1.o assemble, -O0 -flto -flto-partition=1to1 -fno-use-linker-plugin (internal compiler error)
FAIL: g++.dg/lto/pr45621 cp_lto_pr45621_1.o assemble, -O0 -flto -fuse-linker-plugin -fno-fat-lto-objects (internal compiler error)
FAIL: g++.dg/lto/pr52605 cp_lto_pr52605_0.o assemble, -flto -g (internal compiler error)
UNRESOLVED: g++.dg/lto/pr52605 cp_lto_pr52605_0.o-cp_lto_pr52605_0.o link -flto -g
UNRESOLVED: g++.dg/lto/pr52605 cp_lto_pr52605_0.o-cp_lto_pr52605_0.o execute -flto -g
FAIL: g++.dg/lto/v1-plugin-api-not-supported cp_lto_v1-plugin-api-not-supported_0.o assemble, -O0 -flto -flto-partition=none -fuse-linker-plugin (internal compiler error)
UNRESOLVED: g++.dg/lto/v1-plugin-api-not-supported cp_lto_v1-plugin-api-not-supported_0.o-cp_lto_v1-plugin-api-not-supported_0.o link -O0 -flto -flto-partition=none -fuse-linker-plugin
UNRESOLVED: g++.dg/lto/v1-plugin-api-not-supported cp_lto_v1-plugin-api-not-supported_0.o-cp_lto_v1-plugin-api-not-supported_0.o execute -O0 -flto -flto-partition=none -fuse-linker-plugin
FAIL: g++.dg/lto/v1-plugin-api-not-supported cp_lto_v1-plugin-api-not-supported_0.o assemble, -O0 -flto -flto-partition=1to1 -fno-use-linker-plugin (internal compiler error)
UNRESOLVED: g++.dg/lto/v1-plugin-api-not-supported cp_lto_v1-plugin-api-not-supported_0.o-cp_lto_v1-plugin-api-not-supported_0.o link -O0 -flto -flto-partition=1to1 -fno-use-linker-plugin
UNRESOLVED: g++.dg/lto/v1-plugin-api-not-supported cp_lto_v1-plugin-api-not-supported_0.o-cp_lto_v1-plugin-api-not-supported_0.o execute -O0 -flto -flto-partition=1to1 -fno-use-linker-plugin
FAIL: g++.dg/lto/v1-plugin-api-not-supported cp_lto_v1-plugin-api-not-supported_0.o assemble, -O0 -flto -fuse-linker-plugin -fno-fat-lto-objects (internal compiler error)
UNRESOLVED: g++.dg/lto/v1-plugin-api-not-supported cp_lto_v1-plugin-api-not-supported_0.o-cp_lto_v1-plugin-api-not-supported_0.o link -O0 -flto -fuse-linker-plugin -fno-fat-lto-objects
UNRESOLVED: g++.dg/lto/v1-plugin-api-not-supported cp_lto_v1-plugin-api-not-supported_0.o-cp_lto_v1-plugin-api-not-supported_0.o execute -O0 -flto -fuse-linker-plugin -fno-fat-lto-objects
FAIL: g++.dg/torture/20141013.C -O0 (test for excess errors)
FAIL: g++.dg/torture/20141013.C -O1 (test for excess errors)
FAIL: g++.dg/torture/20141013.C -O2 (test for excess errors)
FAIL: g++.dg/torture/20141013.C -O3 -fomit-frame-pointer (test for excess errors)
FAIL: g++.dg/torture/20141013.C -O3 -fomit-frame-pointer -funroll-loops (test for excess errors)
FAIL: g++.dg/torture/20141013.C -O3 -fomit-frame-pointer -funroll-all-loops -finline-functions (test for excess errors)
FAIL: g++.dg/torture/20141013.C -O3 -g (test for excess errors)
FAIL: g++.dg/torture/20141013.C -Os (test for excess errors)
FAIL: g++.dg/torture/20141013.C -O2 -flto -fno-use-linker-plugin -flto-partition=none (test for excess errors)
FAIL: g++.dg/torture/20141013.C -O2 -flto -fuse-linker-plugin -fno-fat-lto-objects (test for excess errors)
FAIL: g++.dg/torture/pr60474.C -O1 (internal compiler error)
FAIL: g++.dg/torture/pr60474.C -O1 (test for excess errors)
FAIL: g++.dg/torture/pr60474.C -O2 (internal compiler error)
FAIL: g++.dg/torture/pr60474.C -O2 (test for excess errors)
FAIL: g++.dg/torture/pr60474.C -O3 -fomit-frame-pointer (internal compiler error)
FAIL: g++.dg/torture/pr60474.C -O3 -fomit-frame-pointer (test for excess errors)
FAIL: g++.dg/torture/pr60474.C -O3 -fomit-frame-pointer -funroll-loops (internal compiler error)
FAIL: g++.dg/torture/pr60474.C -O3 -fomit-frame-pointer -funroll-loops (test for excess errors)
FAIL: g++.dg/torture/pr60474.C -O3 -fomit-frame-pointer -funroll-all-loops -finline-functions (internal compiler error)
FAIL: g++.dg/torture/pr60474.C -O3 -fomit-frame-pointer -funroll-all-loops -finline-functions (test for excess errors)
FAIL: g++.dg/torture/pr60474.C -O3 -g (internal compiler error)
FAIL: g++.dg/torture/pr60474.C -O3 -g (test for excess errors)
FAIL: g++.dg/torture/pr60474.C -Os (internal compiler error)
FAIL: g++.dg/torture/pr60474.C -Os (test for excess errors)
FAIL: g++.dg/torture/pr60474.C -O2 -flto -fno-use-linker-plugin -flto-partition=none (internal compiler error)
FAIL: g++.dg/torture/pr60474.C -O2 -flto -fno-use-linker-plugin -flto-partition=none (test for excess errors)
=== g++ Summary ===
# of expected passes 75344
# of unexpected failures 54
# of expected failures 235
# of unresolved testcases 29
# of unsupported tests 3626
/scratch/gcc/nightly-2014-12-12-mainline/arm-none-eabi/obj/test-mainline-0-arm-none-eabi/host-i686-pc-linux-gnu/fsf-mainline/bin/arm-none-eabi-g++ version 5.0.0 20141212 (experimental) (GCC)
=== Summary adjusted for local xfails ===
# of unexpected failures 54
# of expected passes 75344
# of expected failures 235
# of unresolved testcases 29
# of unsupported tests 3626
Host is i686-pc-linux-gnu
=== gcc tests ===
Running target arm-sim-fsf
FAIL: gcc.c-torture/execute/pr51581-1.c -O3 -fomit-frame-pointer -funroll-loops execution test
FAIL: gcc.c-torture/execute/pr51581-1.c -O3 -fomit-frame-pointer -funroll-all-loops -finline-functions execution test
FAIL: gcc.c-torture/execute/pr51581-2.c -O3 -fomit-frame-pointer -funroll-loops execution test
FAIL: gcc.c-torture/execute/pr51581-2.c -O3 -fomit-frame-pointer -funroll-all-loops -finline-functions execution test
FAIL: gcc.c-torture/execute/pr53645-2.c -O2 execution test
FAIL: gcc.c-torture/execute/pr53645-2.c -O3 -fomit-frame-pointer execution test
FAIL: gcc.c-torture/execute/pr53645-2.c -O3 -fomit-frame-pointer -funroll-loops execution test
FAIL: gcc.c-torture/execute/pr53645-2.c -O3 -fomit-frame-pointer -funroll-all-loops -finline-functions execution test
FAIL: gcc.c-torture/execute/pr53645-2.c -O3 -g execution test
FAIL: gcc.c-torture/execute/pr53645-2.c -O2 -flto -fno-use-linker-plugin -flto-partition=none execution test
FAIL: gcc.c-torture/execute/pr53645-2.c -O2 -flto -fuse-linker-plugin -fno-fat-lto-objects execution test
FAIL: gcc.dg/cwsc1.c execution test
FAIL: gcc.dg/undefined-loop-2.c (test for warnings, line 18)
FAIL: gcc.dg/fixed-point/allop.c (internal compiler error)
FAIL: gcc.dg/fixed-point/allop.c (test for excess errors)
FAIL: gcc.dg/fixed-point/binary.c (internal compiler error)
FAIL: gcc.dg/fixed-point/binary.c (test for excess errors)
UNRESOLVED: gcc.dg/fixed-point/binary.c compilation failed to produce executable
FAIL: gcc.dg/fixed-point/call-by-value.c (internal compiler error)
FAIL: gcc.dg/fixed-point/call-by-value.c (test for excess errors)
UNRESOLVED: gcc.dg/fixed-point/call-by-value.c compilation failed to produce executable
FAIL: gcc.dg/fixed-point/loop-index.c (internal compiler error)
FAIL: gcc.dg/fixed-point/loop-index.c (test for excess errors)
UNRESOLVED: gcc.dg/fixed-point/loop-index.c compilation failed to produce executable
FAIL: gcc.dg/fixed-point/noassoc.c (internal compiler error)
FAIL: gcc.dg/fixed-point/noassoc.c (test for excess errors)
UNRESOLVED: gcc.dg/fixed-point/noassoc.c compilation failed to produce executable
FAIL: gcc.dg/fixed-point/unary.c (internal compiler error)
FAIL: gcc.dg/fixed-point/unary.c (test for excess errors)
UNRESOLVED: gcc.dg/fixed-point/unary.c compilation failed to produce executable
FAIL: gcc.dg/graphite/vect-pr43423.c scan-tree-dump-times vect "vectorized 2 loops" 1
FAIL: gcc.dg/torture/builtin-explog-1.c -O1 (test for excess errors)
FAIL: gcc.dg/torture/builtin-explog-1.c -O2 (test for excess errors)
FAIL: gcc.dg/torture/builtin-explog-1.c -O3 -fomit-frame-pointer (test for excess errors)
FAIL: gcc.dg/torture/builtin-explog-1.c -O3 -g (test for excess errors)
FAIL: gcc.dg/torture/builtin-explog-1.c -Os (test for excess errors)
FAIL: gcc.dg/torture/builtin-explog-1.c -O2 -flto -fno-use-linker-plugin -flto-partition=none (test for excess errors)
FAIL: gcc.dg/tree-ssa/sra-12.c scan-tree-dump-times release_ssa "l;" 0
FAIL: gcc.dg/tree-ssa/ssa-dom-cse-2.c scan-tree-dump optimized "return 28;"
XPASS: gcc.dg/vect/pr33804.c scan-tree-dump-times vect "vectorized 1 loops" 1
XPASS: gcc.dg/vect/pr33804.c scan-tree-dump-times vect "vectorizing stmts using SLP" 1
XPASS: gcc.dg/vect/pr33953.c scan-tree-dump-times vect "vectorized 1 loops" 1
XPASS: gcc.dg/vect/pr33953.c scan-tree-dump-times vect "vectorizing stmts using SLP" 1
XPASS: gcc.dg/vect/pr58508.c scan-tree-dump-times vect "hoist" 3
FAIL: gcc.dg/vect/pr64252.c execution test
FAIL: gcc.dg/vect/vect-33.c scan-tree-dump vect "Alignment of access forced using peeling"
XPASS: gcc.dg/vect/vect-cselim-1.c scan-tree-dump-times vect "vectorized 1 loops" 1
FAIL: gcc.dg/vect/vect-outer-3a-big-array.c scan-tree-dump-times vect "step doesn't divide the vector-size" 1
FAIL: gcc.dg/vect/vect-outer-3a.c scan-tree-dump-times vect "step doesn't divide the vector-size" 1
XPASS: gcc.dg/vect/vect-outer-5.c scan-tree-dump vect "zero step in outer loop."
XPASS: gcc.dg/vect/slp-24-big-array.c scan-tree-dump-times vect "vectorized 1 loops" 1
XPASS: gcc.dg/vect/slp-24-big-array.c scan-tree-dump-times vect "vectorizing stmts using SLP" 2
XPASS: gcc.dg/vect/slp-24.c scan-tree-dump-times vect "vectorized 1 loops" 1
XPASS: gcc.dg/vect/slp-24.c scan-tree-dump-times vect "vectorizing stmts using SLP" 2
FAIL: gcc.dg/vect/bb-slp-26.c scan-tree-dump-times slp1 "basic block vectorized" 1
XPASS: gcc.dg/vect/pr33804.c -flto -ffat-lto-objects scan-tree-dump-times vect "vectorized 1 loops" 1
XPASS: gcc.dg/vect/pr33804.c -flto -ffat-lto-objects scan-tree-dump-times vect "vectorizing stmts using SLP" 1
XPASS: gcc.dg/vect/pr33953.c -flto -ffat-lto-objects scan-tree-dump-times vect "vectorized 1 loops" 1
XPASS: gcc.dg/vect/pr33953.c -flto -ffat-lto-objects scan-tree-dump-times vect "vectorizing stmts using SLP" 1
XPASS: gcc.dg/vect/pr58508.c -flto -ffat-lto-objects scan-tree-dump-times vect "hoist" 3
FAIL: gcc.dg/vect/pr64252.c -flto -ffat-lto-objects execution test
FAIL: gcc.dg/vect/vect-33.c -flto -ffat-lto-objects scan-tree-dump vect "Alignment of access forced using peeling"
XPASS: gcc.dg/vect/vect-cselim-1.c -flto -ffat-lto-objects scan-tree-dump-times vect "vectorized 1 loops" 1
FAIL: gcc.dg/vect/vect-outer-3a-big-array.c -flto -ffat-lto-objects scan-tree-dump-times vect "step doesn't divide the vector-size" 1
FAIL: gcc.dg/vect/vect-outer-3a.c -flto -ffat-lto-objects scan-tree-dump-times vect "step doesn't divide the vector-size" 1
XPASS: gcc.dg/vect/vect-outer-5.c -flto -ffat-lto-objects scan-tree-dump vect "zero step in outer loop."
XPASS: gcc.dg/vect/slp-24-big-array.c -flto -ffat-lto-objects scan-tree-dump-times vect "vectorized 1 loops" 1
XPASS: gcc.dg/vect/slp-24-big-array.c -flto -ffat-lto-objects scan-tree-dump-times vect "vectorizing stmts using SLP" 2
XPASS: gcc.dg/vect/slp-24.c -flto -ffat-lto-objects scan-tree-dump-times vect "vectorized 1 loops" 1
XPASS: gcc.dg/vect/slp-24.c -flto -ffat-lto-objects scan-tree-dump-times vect "vectorizing stmts using SLP" 2
FAIL: gcc.dg/vect/bb-slp-26.c -flto -ffat-lto-objects scan-tree-dump-times slp1 "basic block vectorized" 1
FAIL: gcc.dg/vect/no-vfa-vect-depend-1.c scan-tree-dump-times vect "dependence distance negative" 1
FAIL: gcc.dg/vect/no-vfa-vect-depend-2.c scan-tree-dump-times vect "dependence distance negative" 1
FAIL: gcc.dg/vect/no-vfa-vect-depend-3.c scan-tree-dump-times vect "dependence distance negative" 4
XPASS: gcc.dg/vect/if-cvt-stores-vect-ifcvt-18.c scan-tree-dump-times vect "vectorized 1 loops" 1
FAIL: gcc.target/aarch64/advsimd-intrinsics/vaba.c execution, -O0
FAIL: gcc.target/aarch64/advsimd-intrinsics/vaba.c execution, -O1
FAIL: gcc.target/aarch64/advsimd-intrinsics/vaba.c execution, -O2
FAIL: gcc.target/aarch64/advsimd-intrinsics/vaba.c execution, -O3 -fomit-frame-pointer
FAIL: gcc.target/aarch64/advsimd-intrinsics/vaba.c execution, -O3 -g
FAIL: gcc.target/aarch64/advsimd-intrinsics/vaba.c execution, -Os
FAIL: gcc.target/aarch64/advsimd-intrinsics/vaba.c execution, -Og -g
FAIL: gcc.target/aarch64/advsimd-intrinsics/vaba.c execution, -O2 -flto -fno-use-linker-plugin -flto-partition=none
FAIL: gcc.target/aarch64/advsimd-intrinsics/vaba.c execution, -O2 -flto -fuse-linker-plugin -fno-fat-lto-objects
FAIL: gcc.target/aarch64/advsimd-intrinsics/vabal.c execution, -O0
FAIL: gcc.target/aarch64/advsimd-intrinsics/vabal.c execution, -O1
FAIL: gcc.target/aarch64/advsimd-intrinsics/vabal.c execution, -O2
FAIL: gcc.target/aarch64/advsimd-intrinsics/vabal.c execution, -O3 -fomit-frame-pointer
FAIL: gcc.target/aarch64/advsimd-intrinsics/vabal.c execution, -O3 -g
FAIL: gcc.target/aarch64/advsimd-intrinsics/vabal.c execution, -Os
FAIL: gcc.target/aarch64/advsimd-intrinsics/vabal.c execution, -Og -g
FAIL: gcc.target/aarch64/advsimd-intrinsics/vabal.c execution, -O2 -flto -fno-use-linker-plugin -flto-partition=none
FAIL: gcc.target/aarch64/advsimd-intrinsics/vabal.c execution, -O2 -flto -fuse-linker-plugin -fno-fat-lto-objects
FAIL: gcc.target/aarch64/advsimd-intrinsics/vabd.c execution, -O0
FAIL: gcc.target/aarch64/advsimd-intrinsics/vabd.c execution, -O1
FAIL: gcc.target/aarch64/advsimd-intrinsics/vabd.c execution, -O2
FAIL: gcc.target/aarch64/advsimd-intrinsics/vabd.c execution, -O3 -fomit-frame-pointer
FAIL: gcc.target/aarch64/advsimd-intrinsics/vabd.c execution, -O3 -g
FAIL: gcc.target/aarch64/advsimd-intrinsics/vabd.c execution, -Os
FAIL: gcc.target/aarch64/advsimd-intrinsics/vabd.c execution, -Og -g
FAIL: gcc.target/aarch64/advsimd-intrinsics/vabd.c execution, -O2 -flto -fno-use-linker-plugin -flto-partition=none
FAIL: gcc.target/aarch64/advsimd-intrinsics/vabd.c execution, -O2 -flto -fuse-linker-plugin -fno-fat-lto-objects
FAIL: gcc.target/aarch64/advsimd-intrinsics/vabdl.c execution, -O0
FAIL: gcc.target/aarch64/advsimd-intrinsics/vabdl.c execution, -O1
FAIL: gcc.target/aarch64/advsimd-intrinsics/vabdl.c execution, -O2
FAIL: gcc.target/aarch64/advsimd-intrinsics/vabdl.c execution, -O3 -fomit-frame-pointer
FAIL: gcc.target/aarch64/advsimd-intrinsics/vabdl.c execution, -O3 -g
FAIL: gcc.target/aarch64/advsimd-intrinsics/vabdl.c execution, -Os
FAIL: gcc.target/aarch64/advsimd-intrinsics/vabdl.c execution, -Og -g
FAIL: gcc.target/aarch64/advsimd-intrinsics/vabdl.c execution, -O2 -flto -fno-use-linker-plugin -flto-partition=none
FAIL: gcc.target/aarch64/advsimd-intrinsics/vabdl.c execution, -O2 -flto -fuse-linker-plugin -fno-fat-lto-objects
FAIL: gcc.target/aarch64/advsimd-intrinsics/vabs.c execution, -O0
FAIL: gcc.target/aarch64/advsimd-intrinsics/vabs.c execution, -O1
FAIL: gcc.target/aarch64/advsimd-intrinsics/vabs.c execution, -O2
FAIL: gcc.target/aarch64/advsimd-intrinsics/vabs.c execution, -O3 -fomit-frame-pointer
FAIL: gcc.target/aarch64/advsimd-intrinsics/vabs.c execution, -O3 -g
FAIL: gcc.target/aarch64/advsimd-intrinsics/vabs.c execution, -Os
FAIL: gcc.target/aarch64/advsimd-intrinsics/vabs.c execution, -Og -g
FAIL: gcc.target/aarch64/advsimd-intrinsics/vabs.c execution, -O2 -flto -fno-use-linker-plugin -flto-partition=none
FAIL: gcc.target/aarch64/advsimd-intrinsics/vabs.c execution, -O2 -flto -fuse-linker-plugin -fno-fat-lto-objects
FAIL: gcc.target/aarch64/advsimd-intrinsics/vadd.c execution, -O0
FAIL: gcc.target/aarch64/advsimd-intrinsics/vadd.c execution, -O1
FAIL: gcc.target/aarch64/advsimd-intrinsics/vadd.c execution, -O2
FAIL: gcc.target/aarch64/advsimd-intrinsics/vadd.c execution, -O3 -fomit-frame-pointer
FAIL: gcc.target/aarch64/advsimd-intrinsics/vadd.c execution, -O3 -g
FAIL: gcc.target/aarch64/advsimd-intrinsics/vadd.c execution, -Os
FAIL: gcc.target/aarch64/advsimd-intrinsics/vadd.c execution, -Og -g
FAIL: gcc.target/aarch64/advsimd-intrinsics/vadd.c execution, -O2 -flto -fno-use-linker-plugin -flto-partition=none
FAIL: gcc.target/aarch64/advsimd-intrinsics/vadd.c execution, -O2 -flto -fuse-linker-plugin -fno-fat-lto-objects
FAIL: gcc.target/aarch64/advsimd-intrinsics/vaddhn.c execution, -O0
FAIL: gcc.target/aarch64/advsimd-intrinsics/vaddhn.c execution, -O1
FAIL: gcc.target/aarch64/advsimd-intrinsics/vaddhn.c execution, -O2
FAIL: gcc.target/aarch64/advsimd-intrinsics/vaddhn.c execution, -O3 -fomit-frame-pointer
FAIL: gcc.target/aarch64/advsimd-intrinsics/vaddhn.c execution, -O3 -g
FAIL: gcc.target/aarch64/advsimd-intrinsics/vaddhn.c execution, -Os
FAIL: gcc.target/aarch64/advsimd-intrinsics/vaddhn.c execution, -Og -g
FAIL: gcc.target/aarch64/advsimd-intrinsics/vaddhn.c execution, -O2 -flto -fno-use-linker-plugin -flto-partition=none
FAIL: gcc.target/aarch64/advsimd-intrinsics/vaddhn.c execution, -O2 -flto -fuse-linker-plugin -fno-fat-lto-objects
FAIL: gcc.target/aarch64/advsimd-intrinsics/vaddl.c execution, -O0
FAIL: gcc.target/aarch64/advsimd-intrinsics/vaddl.c execution, -O1
FAIL: gcc.target/aarch64/advsimd-intrinsics/vaddl.c execution, -O2
FAIL: gcc.target/aarch64/advsimd-intrinsics/vaddl.c execution, -O3 -fomit-frame-pointer
FAIL: gcc.target/aarch64/advsimd-intrinsics/vaddl.c execution, -O3 -g
FAIL: gcc.target/aarch64/advsimd-intrinsics/vaddl.c execution, -Os
FAIL: gcc.target/aarch64/advsimd-intrinsics/vaddl.c execution, -Og -g
FAIL: gcc.target/aarch64/advsimd-intrinsics/vaddl.c execution, -O2 -flto -fno-use-linker-plugin -flto-partition=none
FAIL: gcc.target/aarch64/advsimd-intrinsics/vaddl.c execution, -O2 -flto -fuse-linker-plugin -fno-fat-lto-objects
FAIL: gcc.target/aarch64/advsimd-intrinsics/vaddw.c execution, -O0
FAIL: gcc.target/aarch64/advsimd-intrinsics/vaddw.c execution, -O1
FAIL: gcc.target/aarch64/advsimd-intrinsics/vaddw.c execution, -O2
FAIL: gcc.target/aarch64/advsimd-intrinsics/vaddw.c execution, -O3 -fomit-frame-pointer
FAIL: gcc.target/aarch64/advsimd-intrinsics/vaddw.c execution, -O3 -g
FAIL: gcc.target/aarch64/advsimd-intrinsics/vaddw.c execution, -Os
FAIL: gcc.target/aarch64/advsimd-intrinsics/vaddw.c execution, -Og -g
FAIL: gcc.target/aarch64/advsimd-intrinsics/vaddw.c execution, -O2 -flto -fno-use-linker-plugin -flto-partition=none
FAIL: gcc.target/aarch64/advsimd-intrinsics/vaddw.c execution, -O2 -flto -fuse-linker-plugin -fno-fat-lto-objects
FAIL: gcc.target/aarch64/advsimd-intrinsics/vand.c execution, -O0
FAIL: gcc.target/aarch64/advsimd-intrinsics/vand.c execution, -O1
FAIL: gcc.target/aarch64/advsimd-intrinsics/vand.c execution, -O2
FAIL: gcc.target/aarch64/advsimd-intrinsics/vand.c execution, -O3 -fomit-frame-pointer
FAIL: gcc.target/aarch64/advsimd-intrinsics/vand.c execution, -O3 -g
FAIL: gcc.target/aarch64/advsimd-intrinsics/vand.c execution, -Os
FAIL: gcc.target/aarch64/advsimd-intrinsics/vand.c execution, -Og -g
FAIL: gcc.target/aarch64/advsimd-intrinsics/vand.c execution, -O2 -flto -fno-use-linker-plugin -flto-partition=none
FAIL: gcc.target/aarch64/advsimd-intrinsics/vand.c execution, -O2 -flto -fuse-linker-plugin -fno-fat-lto-objects
FAIL: gcc.target/aarch64/advsimd-intrinsics/vbic.c execution, -O0
FAIL: gcc.target/aarch64/advsimd-intrinsics/vbic.c execution, -O1
FAIL: gcc.target/aarch64/advsimd-intrinsics/vbic.c execution, -O2
FAIL: gcc.target/aarch64/advsimd-intrinsics/vbic.c execution, -O3 -fomit-frame-pointer
FAIL: gcc.target/aarch64/advsimd-intrinsics/vbic.c execution, -O3 -g
FAIL: gcc.target/aarch64/advsimd-intrinsics/vbic.c execution, -Os
FAIL: gcc.target/aarch64/advsimd-intrinsics/vbic.c execution, -Og -g
FAIL: gcc.target/aarch64/advsimd-intrinsics/vbic.c execution, -O2 -flto -fno-use-linker-plugin -flto-partition=none
FAIL: gcc.target/aarch64/advsimd-intrinsics/vbic.c execution, -O2 -flto -fuse-linker-plugin -fno-fat-lto-objects
FAIL: gcc.target/aarch64/advsimd-intrinsics/vbsl.c execution, -O0
FAIL: gcc.target/aarch64/advsimd-intrinsics/vbsl.c execution, -O1
FAIL: gcc.target/aarch64/advsimd-intrinsics/vbsl.c execution, -O2
FAIL: gcc.target/aarch64/advsimd-intrinsics/vbsl.c execution, -O3 -fomit-frame-pointer
FAIL: gcc.target/aarch64/advsimd-intrinsics/vbsl.c execution, -O3 -g
FAIL: gcc.target/aarch64/advsimd-intrinsics/vbsl.c execution, -Os
FAIL: gcc.target/aarch64/advsimd-intrinsics/vbsl.c execution, -Og -g
FAIL: gcc.target/aarch64/advsimd-intrinsics/vbsl.c execution, -O2 -flto -fno-use-linker-plugin -flto-partition=none
FAIL: gcc.target/aarch64/advsimd-intrinsics/vbsl.c execution, -O2 -flto -fuse-linker-plugin -fno-fat-lto-objects
FAIL: gcc.target/aarch64/advsimd-intrinsics/vcage.c execution, -O0
FAIL: gcc.target/aarch64/advsimd-intrinsics/vcage.c execution, -O1
FAIL: gcc.target/aarch64/advsimd-intrinsics/vcage.c execution, -O2
FAIL: gcc.target/aarch64/advsimd-intrinsics/vcage.c execution, -O3 -fomit-frame-pointer
FAIL: gcc.target/aarch64/advsimd-intrinsics/vcage.c execution, -O3 -g
FAIL: gcc.target/aarch64/advsimd-intrinsics/vcage.c execution, -Os
FAIL: gcc.target/aarch64/advsimd-intrinsics/vcage.c execution, -Og -g
FAIL: gcc.target/aarch64/advsimd-intrinsics/vcage.c execution, -O2 -flto -fno-use-linker-plugin -flto-partition=none
FAIL: gcc.target/aarch64/advsimd-intrinsics/vcage.c execution, -O2 -flto -fuse-linker-plugin -fno-fat-lto-objects
FAIL: gcc.target/aarch64/advsimd-intrinsics/vcagt.c execution, -O0
FAIL: gcc.target/aarch64/advsimd-intrinsics/vcagt.c execution, -O1
FAIL: gcc.target/aarch64/advsimd-intrinsics/vcagt.c execution, -O2
FAIL: gcc.target/aarch64/advsimd-intrinsics/vcagt.c execution, -O3 -fomit-frame-pointer
FAIL: gcc.target/aarch64/advsimd-intrinsics/vcagt.c execution, -O3 -g
FAIL: gcc.target/aarch64/advsimd-intrinsics/vcagt.c execution, -Os
FAIL: gcc.target/aarch64/advsimd-intrinsics/vcagt.c execution, -Og -g
FAIL: gcc.target/aarch64/advsimd-intrinsics/vcagt.c execution, -O2 -flto -fno-use-linker-plugin -flto-partition=none
FAIL: gcc.target/aarch64/advsimd-intrinsics/vcagt.c execution, -O2 -flto -fuse-linker-plugin -fno-fat-lto-objects
FAIL: gcc.target/aarch64/advsimd-intrinsics/vcale.c execution, -O0
FAIL: gcc.target/aarch64/advsimd-intrinsics/vcale.c execution, -O1
FAIL: gcc.target/aarch64/advsimd-intrinsics/vcale.c execution, -O2
FAIL: gcc.target/aarch64/advsimd-intrinsics/vcale.c execution, -O3 -fomit-frame-pointer
FAIL: gcc.target/aarch64/advsimd-intrinsics/vcale.c execution, -O3 -g
FAIL: gcc.target/aarch64/advsimd-intrinsics/vcale.c execution, -Os
FAIL: gcc.target/aarch64/advsimd-intrinsics/vcale.c execution, -Og -g
FAIL: gcc.target/aarch64/advsimd-intrinsics/vcale.c execution, -O2 -flto -fno-use-linker-plugin -flto-partition=none
FAIL: gcc.target/aarch64/advsimd-intrinsics/vcale.c execution, -O2 -flto -fuse-linker-plugin -fno-fat-lto-objects
FAIL: gcc.target/aarch64/advsimd-intrinsics/vcalt.c execution, -O0
FAIL: gcc.target/aarch64/advsimd-intrinsics/vcalt.c execution, -O1
FAIL: gcc.target/aarch64/advsimd-intrinsics/vcalt.c execution, -O2
FAIL: gcc.target/aarch64/advsimd-intrinsics/vcalt.c execution, -O3 -fomit-frame-pointer
FAIL: gcc.target/aarch64/advsimd-intrinsics/vcalt.c execution, -O3 -g
FAIL: gcc.target/aarch64/advsimd-intrinsics/vcalt.c execution, -Os
FAIL: gcc.target/aarch64/advsimd-intrinsics/vcalt.c execution, -Og -g
FAIL: gcc.target/aarch64/advsimd-intrinsics/vcalt.c execution, -O2 -flto -fno-use-linker-plugin -flto-partition=none
FAIL: gcc.target/aarch64/advsimd-intrinsics/vcalt.c execution, -O2 -flto -fuse-linker-plugin -fno-fat-lto-objects
FAIL: gcc.target/aarch64/advsimd-intrinsics/vceq.c execution, -O0
FAIL: gcc.target/aarch64/advsimd-intrinsics/vceq.c execution, -O1
FAIL: gcc.target/aarch64/advsimd-intrinsics/vceq.c execution, -O2
FAIL: gcc.target/aarch64/advsimd-intrinsics/vceq.c execution, -O3 -fomit-frame-pointer
FAIL: gcc.target/aarch64/advsimd-intrinsics/vceq.c execution, -O3 -g
FAIL: gcc.target/aarch64/advsimd-intrinsics/vceq.c execution, -Os
FAIL: gcc.target/aarch64/advsimd-intrinsics/vceq.c execution, -Og -g
FAIL: gcc.target/aarch64/advsimd-intrinsics/vceq.c execution, -O2 -flto -fno-use-linker-plugin -flto-partition=none
FAIL: gcc.target/aarch64/advsimd-intrinsics/vceq.c execution, -O2 -flto -fuse-linker-plugin -fno-fat-lto-objects
FAIL: gcc.target/aarch64/advsimd-intrinsics/vcge.c execution, -O0
FAIL: gcc.target/aarch64/advsimd-intrinsics/vcge.c execution, -O1
FAIL: gcc.target/aarch64/advsimd-intrinsics/vcge.c execution, -O2
FAIL: gcc.target/aarch64/advsimd-intrinsics/vcge.c execution, -O3 -fomit-frame-pointer
FAIL: gcc.target/aarch64/advsimd-intrinsics/vcge.c execution, -O3 -g
FAIL: gcc.target/aarch64/advsimd-intrinsics/vcge.c execution, -Os
FAIL: gcc.target/aarch64/advsimd-intrinsics/vcge.c execution, -Og -g
FAIL: gcc.target/aarch64/advsimd-intrinsics/vcge.c execution, -O2 -flto -fno-use-linker-plugin -flto-partition=none
FAIL: gcc.target/aarch64/advsimd-intrinsics/vcge.c execution, -O2 -flto -fuse-linker-plugin -fno-fat-lto-objects
FAIL: gcc.target/aarch64/advsimd-intrinsics/vcgt.c execution, -O0
FAIL: gcc.target/aarch64/advsimd-intrinsics/vcgt.c execution, -O1
FAIL: gcc.target/aarch64/advsimd-intrinsics/vcgt.c execution, -O2
FAIL: gcc.target/aarch64/advsimd-intrinsics/vcgt.c execution, -O3 -fomit-frame-pointer
FAIL: gcc.target/aarch64/advsimd-intrinsics/vcgt.c execution, -O3 -g
FAIL: gcc.target/aarch64/advsimd-intrinsics/vcgt.c execution, -Os
FAIL: gcc.target/aarch64/advsimd-intrinsics/vcgt.c execution, -Og -g
FAIL: gcc.target/aarch64/advsimd-intrinsics/vcgt.c execution, -O2 -flto -fno-use-linker-plugin -flto-partition=none
FAIL: gcc.target/aarch64/advsimd-intrinsics/vcgt.c execution, -O2 -flto -fuse-linker-plugin -fno-fat-lto-objects
FAIL: gcc.target/aarch64/advsimd-intrinsics/vcle.c execution, -O0
FAIL: gcc.target/aarch64/advsimd-intrinsics/vcle.c execution, -O1
FAIL: gcc.target/aarch64/advsimd-intrinsics/vcle.c execution, -O2
FAIL: gcc.target/aarch64/advsimd-intrinsics/vcle.c execution, -O3 -fomit-frame-pointer
FAIL: gcc.target/aarch64/advsimd-intrinsics/vcle.c execution, -O3 -g
FAIL: gcc.target/aarch64/advsimd-intrinsics/vcle.c execution, -Os
FAIL: gcc.target/aarch64/advsimd-intrinsics/vcle.c execution, -Og -g
FAIL: gcc.target/aarch64/advsimd-intrinsics/vcle.c execution, -O2 -flto -fno-use-linker-plugin -flto-partition=none
FAIL: gcc.target/aarch64/advsimd-intrinsics/vcle.c execution, -O2 -flto -fuse-linker-plugin -fno-fat-lto-objects
FAIL: gcc.target/aarch64/advsimd-intrinsics/vcls.c execution, -O0
FAIL: gcc.target/aarch64/advsimd-intrinsics/vcls.c execution, -O1
FAIL: gcc.target/aarch64/advsimd-intrinsics/vcls.c execution, -O2
FAIL: gcc.target/aarch64/advsimd-intrinsics/vcls.c execution, -O3 -fomit-frame-pointer
FAIL: gcc.target/aarch64/advsimd-intrinsics/vcls.c execution, -O3 -g
FAIL: gcc.target/aarch64/advsimd-intrinsics/vcls.c execution, -Os
FAIL: gcc.target/aarch64/advsimd-intrinsics/vcls.c execution, -Og -g
FAIL: gcc.target/aarch64/advsimd-intrinsics/vcls.c execution, -O2 -flto -fno-use-linker-plugin -flto-partition=none
FAIL: gcc.target/aarch64/advsimd-intrinsics/vcls.c execution, -O2 -flto -fuse-linker-plugin -fno-fat-lto-objects
FAIL: gcc.target/aarch64/advsimd-intrinsics/vclt.c execution, -O0
FAIL: gcc.target/aarch64/advsimd-intrinsics/vclt.c execution, -O1
FAIL: gcc.target/aarch64/advsimd-intrinsics/vclt.c execution, -O2
FAIL: gcc.target/aarch64/advsimd-intrinsics/vclt.c execution, -O3 -fomit-frame-pointer
FAIL: gcc.target/aarch64/advsimd-intrinsics/vclt.c execution, -O3 -g
FAIL: gcc.target/aarch64/advsimd-intrinsics/vclt.c execution, -Os
FAIL: gcc.target/aarch64/advsimd-intrinsics/vclt.c execution, -Og -g
FAIL: gcc.target/aarch64/advsimd-intrinsics/vclt.c execution, -O2 -flto -fno-use-linker-plugin -flto-partition=none
FAIL: gcc.target/aarch64/advsimd-intrinsics/vclt.c execution, -O2 -flto -fuse-linker-plugin -fno-fat-lto-objects
FAIL: gcc.target/aarch64/advsimd-intrinsics/vclz.c execution, -O0
FAIL: gcc.target/aarch64/advsimd-intrinsics/vclz.c execution, -O1
FAIL: gcc.target/aarch64/advsimd-intrinsics/vclz.c execution, -O2
FAIL: gcc.target/aarch64/advsimd-intrinsics/vclz.c execution, -O3 -fomit-frame-pointer
FAIL: gcc.target/aarch64/advsimd-intrinsics/vclz.c execution, -O3 -g
FAIL: gcc.target/aarch64/advsimd-intrinsics/vclz.c execution, -Os
FAIL: gcc.target/aarch64/advsimd-intrinsics/vclz.c execution, -Og -g
FAIL: gcc.target/aarch64/advsimd-intrinsics/vclz.c execution, -O2 -flto -fno-use-linker-plugin -flto-partition=none
FAIL: gcc.target/aarch64/advsimd-intrinsics/vclz.c execution, -O2 -flto -fuse-linker-plugin -fno-fat-lto-objects
FAIL: gcc.target/aarch64/advsimd-intrinsics/vcnt.c execution, -O0
FAIL: gcc.target/aarch64/advsimd-intrinsics/vcnt.c execution, -O1
FAIL: gcc.target/aarch64/advsimd-intrinsics/vcnt.c execution, -O2
FAIL: gcc.target/aarch64/advsimd-intrinsics/vcnt.c execution, -O3 -fomit-frame-pointer
FAIL: gcc.target/aarch64/advsimd-intrinsics/vcnt.c execution, -O3 -g
FAIL: gcc.target/aarch64/advsimd-intrinsics/vcnt.c execution, -Os
FAIL: gcc.target/aarch64/advsimd-intrinsics/vcnt.c execution, -Og -g
FAIL: gcc.target/aarch64/advsimd-intrinsics/vcnt.c execution, -O2 -flto -fno-use-linker-plugin -flto-partition=none
FAIL: gcc.target/aarch64/advsimd-intrinsics/vcnt.c execution, -O2 -flto -fuse-linker-plugin -fno-fat-lto-objects
FAIL: gcc.target/aarch64/advsimd-intrinsics/vcombine.c execution, -O0
FAIL: gcc.target/aarch64/advsimd-intrinsics/vcombine.c execution, -O1
FAIL: gcc.target/aarch64/advsimd-intrinsics/vcombine.c execution, -O2
FAIL: gcc.target/aarch64/advsimd-intrinsics/vcombine.c execution, -O3 -fomit-frame-pointer
FAIL: gcc.target/aarch64/advsimd-intrinsics/vcombine.c execution, -O3 -g
FAIL: gcc.target/aarch64/advsimd-intrinsics/vcombine.c execution, -Os
FAIL: gcc.target/aarch64/advsimd-intrinsics/vcombine.c execution, -Og -g
FAIL: gcc.target/aarch64/advsimd-intrinsics/vcombine.c execution, -O2 -flto -fno-use-linker-plugin -flto-partition=none
FAIL: gcc.target/aarch64/advsimd-intrinsics/vcombine.c execution, -O2 -flto -fuse-linker-plugin -fno-fat-lto-objects
FAIL: gcc.target/aarch64/advsimd-intrinsics/vcreate.c execution, -O0
FAIL: gcc.target/aarch64/advsimd-intrinsics/vcreate.c execution, -O1
FAIL: gcc.target/aarch64/advsimd-intrinsics/vcreate.c execution, -O2
FAIL: gcc.target/aarch64/advsimd-intrinsics/vcreate.c execution, -O3 -fomit-frame-pointer
FAIL: gcc.target/aarch64/advsimd-intrinsics/vcreate.c execution, -O3 -g
FAIL: gcc.target/aarch64/advsimd-intrinsics/vcreate.c execution, -Os
FAIL: gcc.target/aarch64/advsimd-intrinsics/vcreate.c execution, -Og -g
FAIL: gcc.target/aarch64/advsimd-intrinsics/vcreate.c execution, -O2 -flto -fno-use-linker-plugin -flto-partition=none
FAIL: gcc.target/aarch64/advsimd-intrinsics/vcreate.c execution, -O2 -flto -fuse-linker-plugin -fno-fat-lto-objects
FAIL: gcc.target/aarch64/advsimd-intrinsics/vcvt.c execution, -O0
FAIL: gcc.target/aarch64/advsimd-intrinsics/vcvt.c execution, -O1
FAIL: gcc.target/aarch64/advsimd-intrinsics/vcvt.c execution, -O2
FAIL: gcc.target/aarch64/advsimd-intrinsics/vcvt.c execution, -O3 -fomit-frame-pointer
FAIL: gcc.target/aarch64/advsimd-intrinsics/vcvt.c execution, -O3 -g
FAIL: gcc.target/aarch64/advsimd-intrinsics/vcvt.c execution, -Os
FAIL: gcc.target/aarch64/advsimd-intrinsics/vcvt.c execution, -Og -g
FAIL: gcc.target/aarch64/advsimd-intrinsics/vcvt.c execution, -O2 -flto -fno-use-linker-plugin -flto-partition=none
FAIL: gcc.target/aarch64/advsimd-intrinsics/vcvt.c execution, -O2 -flto -fuse-linker-plugin -fno-fat-lto-objects
FAIL: gcc.target/aarch64/advsimd-intrinsics/vdup-vmov.c execution, -O0
FAIL: gcc.target/aarch64/advsimd-intrinsics/vdup-vmov.c execution, -O1
FAIL: gcc.target/aarch64/advsimd-intrinsics/vdup-vmov.c execution, -O2
FAIL: gcc.target/aarch64/advsimd-intrinsics/vdup-vmov.c execution, -O3 -fomit-frame-pointer
FAIL: gcc.target/aarch64/advsimd-intrinsics/vdup-vmov.c execution, -O3 -fomit-frame-pointer -funroll-loops
FAIL: gcc.target/aarch64/advsimd-intrinsics/vdup-vmov.c execution, -O3 -fomit-frame-pointer -funroll-all-loops -finline-functions
FAIL: gcc.target/aarch64/advsimd-intrinsics/vdup-vmov.c execution, -O3 -g
FAIL: gcc.target/aarch64/advsimd-intrinsics/vdup-vmov.c execution, -Os
FAIL: gcc.target/aarch64/advsimd-intrinsics/vdup-vmov.c execution, -Og -g
FAIL: gcc.target/aarch64/advsimd-intrinsics/vdup-vmov.c execution, -O2 -flto -fno-use-linker-plugin -flto-partition=none
FAIL: gcc.target/aarch64/advsimd-intrinsics/vdup-vmov.c execution, -O2 -flto -fuse-linker-plugin -fno-fat-lto-objects
FAIL: gcc.target/aarch64/advsimd-intrinsics/vdup_lane.c execution, -O0
FAIL: gcc.target/aarch64/advsimd-intrinsics/vdup_lane.c execution, -O1
FAIL: gcc.target/aarch64/advsimd-intrinsics/vdup_lane.c execution, -O2
FAIL: gcc.target/aarch64/advsimd-intrinsics/vdup_lane.c execution, -O3 -fomit-frame-pointer
FAIL: gcc.target/aarch64/advsimd-intrinsics/vdup_lane.c execution, -O3 -g
FAIL: gcc.target/aarch64/advsimd-intrinsics/vdup_lane.c execution, -Os
FAIL: gcc.target/aarch64/advsimd-intrinsics/vdup_lane.c execution, -Og -g
FAIL: gcc.target/aarch64/advsimd-intrinsics/vdup_lane.c execution, -O2 -flto -fno-use-linker-plugin -flto-partition=none
FAIL: gcc.target/aarch64/advsimd-intrinsics/vdup_lane.c execution, -O2 -flto -fuse-linker-plugin -fno-fat-lto-objects
FAIL: gcc.target/aarch64/advsimd-intrinsics/veor.c execution, -O0
FAIL: gcc.target/aarch64/advsimd-intrinsics/veor.c execution, -O1
FAIL: gcc.target/aarch64/advsimd-intrinsics/veor.c execution, -O2
FAIL: gcc.target/aarch64/advsimd-intrinsics/veor.c execution, -O3 -fomit-frame-pointer
FAIL: gcc.target/aarch64/advsimd-intrinsics/veor.c execution, -O3 -g
FAIL: gcc.target/aarch64/advsimd-intrinsics/veor.c execution, -Os
FAIL: gcc.target/aarch64/advsimd-intrinsics/veor.c execution, -Og -g
FAIL: gcc.target/aarch64/advsimd-intrinsics/veor.c execution, -O2 -flto -fno-use-linker-plugin -flto-partition=none
FAIL: gcc.target/aarch64/advsimd-intrinsics/veor.c execution, -O2 -flto -fuse-linker-plugin -fno-fat-lto-objects
FAIL: gcc.target/aarch64/advsimd-intrinsics/vext.c execution, -O0
FAIL: gcc.target/aarch64/advsimd-intrinsics/vext.c execution, -O1
FAIL: gcc.target/aarch64/advsimd-intrinsics/vext.c execution, -O2
FAIL: gcc.target/aarch64/advsimd-intrinsics/vext.c execution, -O3 -fomit-frame-pointer
FAIL: gcc.target/aarch64/advsimd-intrinsics/vext.c execution, -O3 -g
FAIL: gcc.target/aarch64/advsimd-intrinsics/vext.c execution, -Os
FAIL: gcc.target/aarch64/advsimd-intrinsics/vext.c execution, -Og -g
FAIL: gcc.target/aarch64/advsimd-intrinsics/vext.c execution, -O2 -flto -fno-use-linker-plugin -flto-partition=none
FAIL: gcc.target/aarch64/advsimd-intrinsics/vext.c execution, -O2 -flto -fuse-linker-plugin -fno-fat-lto-objects
FAIL: gcc.target/aarch64/advsimd-intrinsics/vfma.c compilation, -O0
UNRESOLVED: gcc.target/aarch64/advsimd-intrinsics/vfma.c execution, -O0
FAIL: gcc.target/aarch64/advsimd-intrinsics/vfma.c compilation, -O1
UNRESOLVED: gcc.target/aarch64/advsimd-intrinsics/vfma.c execution, -O1
FAIL: gcc.target/aarch64/advsimd-intrinsics/vfma.c compilation, -O2
UNRESOLVED: gcc.target/aarch64/advsimd-intrinsics/vfma.c execution, -O2
FAIL: gcc.target/aarch64/advsimd-intrinsics/vfma.c compilation, -O3 -fomit-frame-pointer
UNRESOLVED: gcc.target/aarch64/advsimd-intrinsics/vfma.c execution, -O3 -fomit-frame-pointer
FAIL: gcc.target/aarch64/advsimd-intrinsics/vfma.c compilation, -O3 -g
UNRESOLVED: gcc.target/aarch64/advsimd-intrinsics/vfma.c execution, -O3 -g
FAIL: gcc.target/aarch64/advsimd-intrinsics/vfma.c compilation, -Os
UNRESOLVED: gcc.target/aarch64/advsimd-intrinsics/vfma.c execution, -Os
FAIL: gcc.target/aarch64/advsimd-intrinsics/vfma.c compilation, -Og -g
UNRESOLVED: gcc.target/aarch64/advsimd-intrinsics/vfma.c execution, -Og -g
FAIL: gcc.target/aarch64/advsimd-intrinsics/vfma.c compilation, -O2 -flto -fno-use-linker-plugin -flto-partition=none
UNRESOLVED: gcc.target/aarch64/advsimd-intrinsics/vfma.c execution, -O2 -flto -fno-use-linker-plugin -flto-partition=none
FAIL: gcc.target/aarch64/advsimd-intrinsics/vfma.c compilation, -O2 -flto -fuse-linker-plugin -fno-fat-lto-objects
UNRESOLVED: gcc.target/aarch64/advsimd-intrinsics/vfma.c execution, -O2 -flto -fuse-linker-plugin -fno-fat-lto-objects
FAIL: gcc.target/aarch64/advsimd-intrinsics/vfma.c -O0 (test for excess errors)
FAIL: gcc.target/aarch64/advsimd-intrinsics/vfma.c -O1 (test for excess errors)
FAIL: gcc.target/aarch64/advsimd-intrinsics/vfma.c -O2 (test for excess errors)
FAIL: gcc.target/aarch64/advsimd-intrinsics/vfma.c -O3 -fomit-frame-pointer (test for excess errors)
FAIL: gcc.target/aarch64/advsimd-intrinsics/vfma.c -O3 -g (test for excess errors)
FAIL: gcc.target/aarch64/advsimd-intrinsics/vfma.c -Os (test for excess errors)
FAIL: gcc.target/aarch64/advsimd-intrinsics/vfma.c -Og -g (test for excess errors)
FAIL: gcc.target/aarch64/advsimd-intrinsics/vfma.c -O2 -flto -fno-use-linker-plugin -flto-partition=none (test for excess errors)
FAIL: gcc.target/aarch64/advsimd-intrinsics/vfma.c -O2 -flto -fuse-linker-plugin -fno-fat-lto-objects (test for excess errors)
FAIL: gcc.target/aarch64/advsimd-intrinsics/vfma_n.c compilation, -O0
UNRESOLVED: gcc.target/aarch64/advsimd-intrinsics/vfma_n.c execution, -O0
FAIL: gcc.target/aarch64/advsimd-intrinsics/vfma_n.c compilation, -O1
UNRESOLVED: gcc.target/aarch64/advsimd-intrinsics/vfma_n.c execution, -O1
FAIL: gcc.target/aarch64/advsimd-intrinsics/vfma_n.c compilation, -O2
UNRESOLVED: gcc.target/aarch64/advsimd-intrinsics/vfma_n.c execution, -O2
FAIL: gcc.target/aarch64/advsimd-intrinsics/vfma_n.c compilation, -O3 -fomit-frame-pointer
UNRESOLVED: gcc.target/aarch64/advsimd-intrinsics/vfma_n.c execution, -O3 -fomit-frame-pointer
FAIL: gcc.target/aarch64/advsimd-intrinsics/vfma_n.c compilation, -O3 -g
UNRESOLVED: gcc.target/aarch64/advsimd-intrinsics/vfma_n.c execution, -O3 -g
FAIL: gcc.target/aarch64/advsimd-intrinsics/vfma_n.c compilation, -Os
UNRESOLVED: gcc.target/aarch64/advsimd-intrinsics/vfma_n.c execution, -Os
FAIL: gcc.target/aarch64/advsimd-intrinsics/vfma_n.c compilation, -Og -g
UNRESOLVED: gcc.target/aarch64/advsimd-intrinsics/vfma_n.c execution, -Og -g
FAIL: gcc.target/aarch64/advsimd-intrinsics/vfma_n.c compilation, -O2 -flto -fno-use-linker-plugin -flto-partition=none
UNRESOLVED: gcc.target/aarch64/advsimd-intrinsics/vfma_n.c execution, -O2 -flto -fno-use-linker-plugin -flto-partition=none
FAIL: gcc.target/aarch64/advsimd-intrinsics/vfma_n.c compilation, -O2 -flto -fuse-linker-plugin -fno-fat-lto-objects
UNRESOLVED: gcc.target/aarch64/advsimd-intrinsics/vfma_n.c execution, -O2 -flto -fuse-linker-plugin -fno-fat-lto-objects
FAIL: gcc.target/aarch64/advsimd-intrinsics/vfma_n.c -O0 (test for excess errors)
FAIL: gcc.target/aarch64/advsimd-intrinsics/vfma_n.c -O1 (test for excess errors)
FAIL: gcc.target/aarch64/advsimd-intrinsics/vfma_n.c -O2 (test for excess errors)
FAIL: gcc.target/aarch64/advsimd-intrinsics/vfma_n.c -O3 -fomit-frame-pointer (test for excess errors)
FAIL: gcc.target/aarch64/advsimd-intrinsics/vfma_n.c -O3 -g (test for excess errors)
FAIL: gcc.target/aarch64/advsimd-intrinsics/vfma_n.c -Os (test for excess errors)
FAIL: gcc.target/aarch64/advsimd-intrinsics/vfma_n.c -Og -g (test for excess errors)
FAIL: gcc.target/aarch64/advsimd-intrinsics/vfma_n.c -O2 -flto -fno-use-linker-plugin -flto-partition=none (test for excess errors)
FAIL: gcc.target/aarch64/advsimd-intrinsics/vfma_n.c -O2 -flto -fuse-linker-plugin -fno-fat-lto-objects (test for excess errors)
FAIL: gcc.target/aarch64/advsimd-intrinsics/vfms.c compilation, -O0
UNRESOLVED: gcc.target/aarch64/advsimd-intrinsics/vfms.c execution, -O0
FAIL: gcc.target/aarch64/advsimd-intrinsics/vfms.c compilation, -O1
UNRESOLVED: gcc.target/aarch64/advsimd-intrinsics/vfms.c execution, -O1
FAIL: gcc.target/aarch64/advsimd-intrinsics/vfms.c compilation, -O2
UNRESOLVED: gcc.target/aarch64/advsimd-intrinsics/vfms.c execution, -O2
FAIL: gcc.target/aarch64/advsimd-intrinsics/vfms.c compilation, -O3 -fomit-frame-pointer
UNRESOLVED: gcc.target/aarch64/advsimd-intrinsics/vfms.c execution, -O3 -fomit-frame-pointer
FAIL: gcc.target/aarch64/advsimd-intrinsics/vfms.c compilation, -O3 -g
UNRESOLVED: gcc.target/aarch64/advsimd-intrinsics/vfms.c execution, -O3 -g
FAIL: gcc.target/aarch64/advsimd-intrinsics/vfms.c compilation, -Os
UNRESOLVED: gcc.target/aarch64/advsimd-intrinsics/vfms.c execution, -Os
FAIL: gcc.target/aarch64/advsimd-intrinsics/vfms.c compilation, -Og -g
UNRESOLVED: gcc.target/aarch64/advsimd-intrinsics/vfms.c execution, -Og -g
FAIL: gcc.target/aarch64/advsimd-intrinsics/vfms.c compilation, -O2 -flto -fno-use-linker-plugin -flto-partition=none
UNRESOLVED: gcc.target/aarch64/advsimd-intrinsics/vfms.c execution, -O2 -flto -fno-use-linker-plugin -flto-partition=none
FAIL: gcc.target/aarch64/advsimd-intrinsics/vfms.c compilation, -O2 -flto -fuse-linker-plugin -fno-fat-lto-objects
UNRESOLVED: gcc.target/aarch64/advsimd-intrinsics/vfms.c execution, -O2 -flto -fuse-linker-plugin -fno-fat-lto-objects
FAIL: gcc.target/aarch64/advsimd-intrinsics/vfms.c -O0 (test for excess errors)
FAIL: gcc.target/aarch64/advsimd-intrinsics/vfms.c -O1 (test for excess errors)
FAIL: gcc.target/aarch64/advsimd-intrinsics/vfms.c -O2 (test for excess errors)
FAIL: gcc.target/aarch64/advsimd-intrinsics/vfms.c -O3 -fomit-frame-pointer (test for excess errors)
FAIL: gcc.target/aarch64/advsimd-intrinsics/vfms.c -O3 -g (test for excess errors)
FAIL: gcc.target/aarch64/advsimd-intrinsics/vfms.c -Os (test for excess errors)
FAIL: gcc.target/aarch64/advsimd-intrinsics/vfms.c -Og -g (test for excess errors)
FAIL: gcc.target/aarch64/advsimd-intrinsics/vfms.c -O2 -flto -fno-use-linker-plugin -flto-partition=none (test for excess errors)
FAIL: gcc.target/aarch64/advsimd-intrinsics/vfms.c -O2 -flto -fuse-linker-plugin -fno-fat-lto-objects (test for excess errors)
FAIL: gcc.target/aarch64/advsimd-intrinsics/vget_high.c execution, -O0
FAIL: gcc.target/aarch64/advsimd-intrinsics/vget_high.c execution, -O1
FAIL: gcc.target/aarch64/advsimd-intrinsics/vget_high.c execution, -O2
FAIL: gcc.target/aarch64/advsimd-intrinsics/vget_high.c execution, -O3 -fomit-frame-pointer
FAIL: gcc.target/aarch64/advsimd-intrinsics/vget_high.c execution, -O3 -g
FAIL: gcc.target/aarch64/advsimd-intrinsics/vget_high.c execution, -Os
FAIL: gcc.target/aarch64/advsimd-intrinsics/vget_high.c execution, -Og -g
FAIL: gcc.target/aarch64/advsimd-intrinsics/vget_high.c execution, -O2 -flto -fno-use-linker-plugin -flto-partition=none
FAIL: gcc.target/aarch64/advsimd-intrinsics/vget_high.c execution, -O2 -flto -fuse-linker-plugin -fno-fat-lto-objects
FAIL: gcc.target/aarch64/advsimd-intrinsics/vget_low.c execution, -O0
FAIL: gcc.target/aarch64/advsimd-intrinsics/vget_low.c execution, -O1
FAIL: gcc.target/aarch64/advsimd-intrinsics/vget_low.c execution, -O2
FAIL: gcc.target/aarch64/advsimd-intrinsics/vget_low.c execution, -O3 -fomit-frame-pointer
FAIL: gcc.target/aarch64/advsimd-intrinsics/vget_low.c execution, -O3 -g
FAIL: gcc.target/aarch64/advsimd-intrinsics/vget_low.c execution, -Os
FAIL: gcc.target/aarch64/advsimd-intrinsics/vget_low.c execution, -Og -g
FAIL: gcc.target/aarch64/advsimd-intrinsics/vget_low.c execution, -O2 -flto -fno-use-linker-plugin -flto-partition=none
FAIL: gcc.target/aarch64/advsimd-intrinsics/vget_low.c execution, -O2 -flto -fuse-linker-plugin -fno-fat-lto-objects
FAIL: gcc.target/aarch64/advsimd-intrinsics/vld1.c execution, -O0
FAIL: gcc.target/aarch64/advsimd-intrinsics/vld1.c execution, -O1
FAIL: gcc.target/aarch64/advsimd-intrinsics/vld1.c execution, -O2
FAIL: gcc.target/aarch64/advsimd-intrinsics/vld1.c execution, -O3 -fomit-frame-pointer
FAIL: gcc.target/aarch64/advsimd-intrinsics/vld1.c execution, -O3 -g
FAIL: gcc.target/aarch64/advsimd-intrinsics/vld1.c execution, -Os
FAIL: gcc.target/aarch64/advsimd-intrinsics/vld1.c execution, -Og -g
FAIL: gcc.target/aarch64/advsimd-intrinsics/vld1.c execution, -O2 -flto -fno-use-linker-plugin -flto-partition=none
FAIL: gcc.target/aarch64/advsimd-intrinsics/vld1.c execution, -O2 -flto -fuse-linker-plugin -fno-fat-lto-objects
FAIL: gcc.target/aarch64/advsimd-intrinsics/vld1_dup.c execution, -O0
FAIL: gcc.target/aarch64/advsimd-intrinsics/vld1_dup.c execution, -O1
FAIL: gcc.target/aarch64/advsimd-intrinsics/vld1_dup.c execution, -O2
FAIL: gcc.target/aarch64/advsimd-intrinsics/vld1_dup.c execution, -O3 -fomit-frame-pointer
FAIL: gcc.target/aarch64/advsimd-intrinsics/vld1_dup.c execution, -O3 -fomit-frame-pointer -funroll-loops
FAIL: gcc.target/aarch64/advsimd-intrinsics/vld1_dup.c execution, -O3 -fomit-frame-pointer -funroll-all-loops -finline-functions
FAIL: gcc.target/aarch64/advsimd-intrinsics/vld1_dup.c execution, -O3 -g
FAIL: gcc.target/aarch64/advsimd-intrinsics/vld1_dup.c execution, -Os
FAIL: gcc.target/aarch64/advsimd-intrinsics/vld1_dup.c execution, -Og -g
FAIL: gcc.target/aarch64/advsimd-intrinsics/vld1_dup.c execution, -O2 -flto -fno-use-linker-plugin -flto-partition=none
FAIL: gcc.target/aarch64/advsimd-intrinsics/vld1_dup.c execution, -O2 -flto -fuse-linker-plugin -fno-fat-lto-objects
FAIL: gcc.target/aarch64/advsimd-intrinsics/vldX.c execution, -O0
FAIL: gcc.target/aarch64/advsimd-intrinsics/vldX.c execution, -O1
FAIL: gcc.target/aarch64/advsimd-intrinsics/vldX.c execution, -O2
FAIL: gcc.target/aarch64/advsimd-intrinsics/vldX.c execution, -O3 -fomit-frame-pointer
FAIL: gcc.target/aarch64/advsimd-intrinsics/vldX.c execution, -O3 -g
FAIL: gcc.target/aarch64/advsimd-intrinsics/vldX.c execution, -Os
FAIL: gcc.target/aarch64/advsimd-intrinsics/vldX.c execution, -Og -g
FAIL: gcc.target/aarch64/advsimd-intrinsics/vldX.c execution, -O2 -flto -fno-use-linker-plugin -flto-partition=none
FAIL: gcc.target/aarch64/advsimd-intrinsics/vldX.c execution, -O2 -flto -fuse-linker-plugin -fno-fat-lto-objects
FAIL: gcc.target/aarch64/advsimd-intrinsics/vldX_lane.c execution, -O0
FAIL: gcc.target/aarch64/advsimd-intrinsics/vldX_lane.c execution, -O1
FAIL: gcc.target/aarch64/advsimd-intrinsics/vldX_lane.c execution, -O2
FAIL: gcc.target/aarch64/advsimd-intrinsics/vldX_lane.c execution, -O3 -fomit-frame-pointer
FAIL: gcc.target/aarch64/advsimd-intrinsics/vldX_lane.c execution, -O3 -g
FAIL: gcc.target/aarch64/advsimd-intrinsics/vldX_lane.c execution, -Os
FAIL: gcc.target/aarch64/advsimd-intrinsics/vldX_lane.c execution, -Og -g
FAIL: gcc.target/aarch64/advsimd-intrinsics/vldX_lane.c execution, -O2 -flto -fno-use-linker-plugin -flto-partition=none
FAIL: gcc.target/aarch64/advsimd-intrinsics/vldX_lane.c execution, -O2 -flto -fuse-linker-plugin -fno-fat-lto-objects
FAIL: gcc.target/aarch64/advsimd-intrinsics/vmul.c execution, -O0
FAIL: gcc.target/aarch64/advsimd-intrinsics/vmul.c execution, -O1
FAIL: gcc.target/aarch64/advsimd-intrinsics/vmul.c execution, -O2
FAIL: gcc.target/aarch64/advsimd-intrinsics/vmul.c execution, -O3 -fomit-frame-pointer
FAIL: gcc.target/aarch64/advsimd-intrinsics/vmul.c execution, -O3 -g
FAIL: gcc.target/aarch64/advsimd-intrinsics/vmul.c execution, -Os
FAIL: gcc.target/aarch64/advsimd-intrinsics/vmul.c execution, -Og -g
FAIL: gcc.target/aarch64/advsimd-intrinsics/vmul.c execution, -O2 -flto -fno-use-linker-plugin -flto-partition=none
FAIL: gcc.target/aarch64/advsimd-intrinsics/vmul.c execution, -O2 -flto -fuse-linker-plugin -fno-fat-lto-objects
FAIL: gcc.target/aarch64/advsimd-intrinsics/vneg.c execution, -O0
FAIL: gcc.target/aarch64/advsimd-intrinsics/vneg.c execution, -O1
FAIL: gcc.target/aarch64/advsimd-intrinsics/vneg.c execution, -O2
FAIL: gcc.target/aarch64/advsimd-intrinsics/vneg.c execution, -O3 -fomit-frame-pointer
FAIL: gcc.target/aarch64/advsimd-intrinsics/vneg.c execution, -O3 -g
FAIL: gcc.target/aarch64/advsimd-intrinsics/vneg.c execution, -Os
FAIL: gcc.target/aarch64/advsimd-intrinsics/vneg.c execution, -Og -g
FAIL: gcc.target/aarch64/advsimd-intrinsics/vneg.c execution, -O2 -flto -fno-use-linker-plugin -flto-partition=none
FAIL: gcc.target/aarch64/advsimd-intrinsics/vneg.c execution, -O2 -flto -fuse-linker-plugin -fno-fat-lto-objects
FAIL: gcc.target/aarch64/advsimd-intrinsics/vorn.c execution, -O0
FAIL: gcc.target/aarch64/advsimd-intrinsics/vorn.c execution, -O1
FAIL: gcc.target/aarch64/advsimd-intrinsics/vorn.c execution, -O2
FAIL: gcc.target/aarch64/advsimd-intrinsics/vorn.c execution, -O3 -fomit-frame-pointer
FAIL: gcc.target/aarch64/advsimd-intrinsics/vorn.c execution, -O3 -g
FAIL: gcc.target/aarch64/advsimd-intrinsics/vorn.c execution, -Os
FAIL: gcc.target/aarch64/advsimd-intrinsics/vorn.c execution, -Og -g
FAIL: gcc.target/aarch64/advsimd-intrinsics/vorn.c execution, -O2 -flto -fno-use-linker-plugin -flto-partition=none
FAIL: gcc.target/aarch64/advsimd-intrinsics/vorn.c execution, -O2 -flto -fuse-linker-plugin -fno-fat-lto-objects
FAIL: gcc.target/aarch64/advsimd-intrinsics/vorr.c execution, -O0
FAIL: gcc.target/aarch64/advsimd-intrinsics/vorr.c execution, -O1
FAIL: gcc.target/aarch64/advsimd-intrinsics/vorr.c execution, -O2
FAIL: gcc.target/aarch64/advsimd-intrinsics/vorr.c execution, -O3 -fomit-frame-pointer
FAIL: gcc.target/aarch64/advsimd-intrinsics/vorr.c execution, -O3 -g
FAIL: gcc.target/aarch64/advsimd-intrinsics/vorr.c execution, -Os
FAIL: gcc.target/aarch64/advsimd-intrinsics/vorr.c execution, -Og -g
FAIL: gcc.target/aarch64/advsimd-intrinsics/vorr.c execution, -O2 -flto -fno-use-linker-plugin -flto-partition=none
FAIL: gcc.target/aarch64/advsimd-intrinsics/vorr.c execution, -O2 -flto -fuse-linker-plugin -fno-fat-lto-objects
FAIL: gcc.target/aarch64/advsimd-intrinsics/vqabs.c execution, -O0
FAIL: gcc.target/aarch64/advsimd-intrinsics/vqabs.c execution, -O1
FAIL: gcc.target/aarch64/advsimd-intrinsics/vqabs.c execution, -O2
FAIL: gcc.target/aarch64/advsimd-intrinsics/vqabs.c execution, -O3 -fomit-frame-pointer
FAIL: gcc.target/aarch64/advsimd-intrinsics/vqabs.c execution, -O3 -g
FAIL: gcc.target/aarch64/advsimd-intrinsics/vqabs.c execution, -Os
FAIL: gcc.target/aarch64/advsimd-intrinsics/vqabs.c execution, -Og -g
FAIL: gcc.target/aarch64/advsimd-intrinsics/vqabs.c execution, -O2 -flto -fno-use-linker-plugin -flto-partition=none
FAIL: gcc.target/aarch64/advsimd-intrinsics/vqabs.c execution, -O2 -flto -fuse-linker-plugin -fno-fat-lto-objects
FAIL: gcc.target/aarch64/advsimd-intrinsics/vqadd.c execution, -O0
FAIL: gcc.target/aarch64/advsimd-intrinsics/vqadd.c execution, -O1
FAIL: gcc.target/aarch64/advsimd-intrinsics/vqadd.c execution, -O2
FAIL: gcc.target/aarch64/advsimd-intrinsics/vqadd.c execution, -O3 -fomit-frame-pointer
FAIL: gcc.target/aarch64/advsimd-intrinsics/vqadd.c execution, -O3 -g
FAIL: gcc.target/aarch64/advsimd-intrinsics/vqadd.c execution, -Os
FAIL: gcc.target/aarch64/advsimd-intrinsics/vqadd.c execution, -Og -g
FAIL: gcc.target/aarch64/advsimd-intrinsics/vqadd.c execution, -O2 -flto -fno-use-linker-plugin -flto-partition=none
FAIL: gcc.target/aarch64/advsimd-intrinsics/vqadd.c execution, -O2 -flto -fuse-linker-plugin -fno-fat-lto-objects
FAIL: gcc.target/aarch64/advsimd-intrinsics/vqneg.c execution, -O0
FAIL: gcc.target/aarch64/advsimd-intrinsics/vqneg.c execution, -O1
FAIL: gcc.target/aarch64/advsimd-intrinsics/vqneg.c execution, -O2
FAIL: gcc.target/aarch64/advsimd-intrinsics/vqneg.c execution, -O3 -fomit-frame-pointer
FAIL: gcc.target/aarch64/advsimd-intrinsics/vqneg.c execution, -O3 -g
FAIL: gcc.target/aarch64/advsimd-intrinsics/vqneg.c execution, -Os
FAIL: gcc.target/aarch64/advsimd-intrinsics/vqneg.c execution, -Og -g
FAIL: gcc.target/aarch64/advsimd-intrinsics/vqneg.c execution, -O2 -flto -fno-use-linker-plugin -flto-partition=none
FAIL: gcc.target/aarch64/advsimd-intrinsics/vqneg.c execution, -O2 -flto -fuse-linker-plugin -fno-fat-lto-objects
FAIL: gcc.target/aarch64/advsimd-intrinsics/vqsub.c execution, -O0
FAIL: gcc.target/aarch64/advsimd-intrinsics/vqsub.c execution, -O1
FAIL: gcc.target/aarch64/advsimd-intrinsics/vqsub.c execution, -O2
FAIL: gcc.target/aarch64/advsimd-intrinsics/vqsub.c execution, -O3 -fomit-frame-pointer
FAIL: gcc.target/aarch64/advsimd-intrinsics/vqsub.c execution, -O3 -g
FAIL: gcc.target/aarch64/advsimd-intrinsics/vqsub.c execution, -Os
FAIL: gcc.target/aarch64/advsimd-intrinsics/vqsub.c execution, -Og -g
FAIL: gcc.target/aarch64/advsimd-intrinsics/vqsub.c execution, -O2 -flto -fno-use-linker-plugin -flto-partition=none
FAIL: gcc.target/aarch64/advsimd-intrinsics/vqsub.c execution, -O2 -flto -fuse-linker-plugin -fno-fat-lto-objects
FAIL: gcc.target/aarch64/advsimd-intrinsics/vshl.c execution, -O0
FAIL: gcc.target/aarch64/advsimd-intrinsics/vshl.c execution, -O1
FAIL: gcc.target/aarch64/advsimd-intrinsics/vshl.c execution, -O2
FAIL: gcc.target/aarch64/advsimd-intrinsics/vshl.c execution, -O3 -fomit-frame-pointer
FAIL: gcc.target/aarch64/advsimd-intrinsics/vshl.c execution, -O3 -g
FAIL: gcc.target/aarch64/advsimd-intrinsics/vshl.c execution, -Os
FAIL: gcc.target/aarch64/advsimd-intrinsics/vshl.c execution, -Og -g
FAIL: gcc.target/aarch64/advsimd-intrinsics/vshl.c execution, -O2 -flto -fno-use-linker-plugin -flto-partition=none
FAIL: gcc.target/aarch64/advsimd-intrinsics/vshl.c execution, -O2 -flto -fuse-linker-plugin -fno-fat-lto-objects
FAIL: gcc.target/aarch64/advsimd-intrinsics/vsub.c execution, -O0
FAIL: gcc.target/aarch64/advsimd-intrinsics/vsub.c execution, -O1
FAIL: gcc.target/aarch64/advsimd-intrinsics/vsub.c execution, -O2
FAIL: gcc.target/aarch64/advsimd-intrinsics/vsub.c execution, -O3 -fomit-frame-pointer
FAIL: gcc.target/aarch64/advsimd-intrinsics/vsub.c execution, -O3 -g
FAIL: gcc.target/aarch64/advsimd-intrinsics/vsub.c execution, -Os
FAIL: gcc.target/aarch64/advsimd-intrinsics/vsub.c execution, -Og -g
FAIL: gcc.target/aarch64/advsimd-intrinsics/vsub.c execution, -O2 -flto -fno-use-linker-plugin -flto-partition=none
FAIL: gcc.target/aarch64/advsimd-intrinsics/vsub.c execution, -O2 -flto -fuse-linker-plugin -fno-fat-lto-objects
FAIL: gcc.target/aarch64/advsimd-intrinsics/vuzp.c execution, -O0
FAIL: gcc.target/aarch64/advsimd-intrinsics/vuzp.c execution, -O1
FAIL: gcc.target/aarch64/advsimd-intrinsics/vuzp.c execution, -O2
FAIL: gcc.target/aarch64/advsimd-intrinsics/vuzp.c execution, -O3 -fomit-frame-pointer
FAIL: gcc.target/aarch64/advsimd-intrinsics/vuzp.c execution, -O3 -g
FAIL: gcc.target/aarch64/advsimd-intrinsics/vuzp.c execution, -Os
FAIL: gcc.target/aarch64/advsimd-intrinsics/vuzp.c execution, -Og -g
FAIL: gcc.target/aarch64/advsimd-intrinsics/vuzp.c execution, -O2 -flto -fno-use-linker-plugin -flto-partition=none
FAIL: gcc.target/aarch64/advsimd-intrinsics/vuzp.c execution, -O2 -flto -fuse-linker-plugin -fno-fat-lto-objects
FAIL: gcc.target/aarch64/advsimd-intrinsics/vzip.c execution, -O0
FAIL: gcc.target/aarch64/advsimd-intrinsics/vzip.c execution, -O1
FAIL: gcc.target/aarch64/advsimd-intrinsics/vzip.c execution, -O2
FAIL: gcc.target/aarch64/advsimd-intrinsics/vzip.c execution, -O3 -fomit-frame-pointer
FAIL: gcc.target/aarch64/advsimd-intrinsics/vzip.c execution, -O3 -g
FAIL: gcc.target/aarch64/advsimd-intrinsics/vzip.c execution, -Os
FAIL: gcc.target/aarch64/advsimd-intrinsics/vzip.c execution, -Og -g
FAIL: gcc.target/aarch64/advsimd-intrinsics/vzip.c execution, -O2 -flto -fno-use-linker-plugin -flto-partition=none
FAIL: gcc.target/aarch64/advsimd-intrinsics/vzip.c execution, -O2 -flto -fuse-linker-plugin -fno-fat-lto-objects
FAIL: gcc.target/arm/fixed-point-exec.c (internal compiler error)
FAIL: gcc.target/arm/fixed-point-exec.c (test for excess errors)
UNRESOLVED: gcc.target/arm/fixed-point-exec.c compilation failed to produce executable
FAIL: gcc.target/arm/neon-vfma-1.c scan-assembler vfma\\\\.f32[\\t]+[dDqQ]
FAIL: gcc.target/arm/neon-vfms-1.c scan-assembler vfms\\\\.f32[\\t]+[dDqQ]
FAIL: gcc.target/arm/neon-vlshr-imm-1.c scan-assembler vshr.u32.*#3
FAIL: gcc.target/arm/neon-vorn-vbic.c scan-assembler vorn\\\\t
FAIL: gcc.target/arm/neon-vorn-vbic.c scan-assembler vbic\\\\t
FAIL: gcc.target/arm/neon-vshl-imm-1.c scan-assembler vshl.i32.*#3
FAIL: gcc.target/arm/neon-vshr-imm-1.c scan-assembler vshr.s32.*#3
FAIL: gcc.target/arm/pr42172-1.c scan-assembler-times ldr 1
FAIL: gcc.target/arm/pr42575.c scan-assembler-not mov
FAIL: gcc.target/arm/pr45701-1.c scan-assembler push\\t{r3
FAIL: gcc.target/arm/pr45701-2.c scan-assembler push\\t{r3
FAIL: gcc.target/arm/pr63210.c object-size text <= 28
FAIL: gcc.target/arm/scd42-1.c scan-assembler movs[ \\t].*17
FAIL: gcc.target/arm/split-live-ranges-for-shrink-wrap.c object-size text <= 20
FAIL: gcc.target/arm/thumb-bitfld1.c (test for excess errors)
FAIL: gcc.target/arm/thumb-ltu.c (test for excess errors)
FAIL: gcc.target/arm/thumb-ltu.c scan-assembler-not uxtb
FAIL: gcc.target/arm/neon/vect-vcvt.c scan-tree-dump-times vect "vectorized 2 loops" 1
FAIL: gcc.target/arm/neon/vect-vcvtq.c scan-tree-dump-times vect "vectorized 2 loops" 1
FAIL: gcc.target/arm/simd/vextQf32_1.c execution test
FAIL: gcc.target/arm/simd/vextQp16_1.c execution test
FAIL: gcc.target/arm/simd/vextQp64_1.c execution test
FAIL: gcc.target/arm/simd/vextQp8_1.c execution test
FAIL: gcc.target/arm/simd/vextQs16_1.c execution test
FAIL: gcc.target/arm/simd/vextQs32_1.c execution test
FAIL: gcc.target/arm/simd/vextQs64_1.c execution test
FAIL: gcc.target/arm/simd/vextQs8_1.c execution test
FAIL: gcc.target/arm/simd/vextQu16_1.c execution test
FAIL: gcc.target/arm/simd/vextQu32_1.c execution test
FAIL: gcc.target/arm/simd/vextQu64_1.c execution test
FAIL: gcc.target/arm/simd/vextQu8_1.c execution test
FAIL: gcc.target/arm/simd/vextf32_1.c execution test
FAIL: gcc.target/arm/simd/vextp16_1.c execution test
FAIL: gcc.target/arm/simd/vextp64_1.c execution test
FAIL: gcc.target/arm/simd/vextp8_1.c execution test
FAIL: gcc.target/arm/simd/vexts16_1.c execution test
FAIL: gcc.target/arm/simd/vexts32_1.c execution test
FAIL: gcc.target/arm/simd/vexts64_1.c execution test
FAIL: gcc.target/arm/simd/vexts8_1.c execution test
FAIL: gcc.target/arm/simd/vextu16_1.c execution test
FAIL: gcc.target/arm/simd/vextu32_1.c execution test
FAIL: gcc.target/arm/simd/vextu64_1.c execution test
FAIL: gcc.target/arm/simd/vextu8_1.c execution test
FAIL: gcc.target/arm/simd/vrev16p8_1.c execution test
FAIL: gcc.target/arm/simd/vrev16qp8_1.c execution test
FAIL: gcc.target/arm/simd/vrev16qs8_1.c execution test
FAIL: gcc.target/arm/simd/vrev16qu8_1.c execution test
FAIL: gcc.target/arm/simd/vrev16s8_1.c execution test
FAIL: gcc.target/arm/simd/vrev16u8_1.c execution test
FAIL: gcc.target/arm/simd/vrev32p16_1.c execution test
FAIL: gcc.target/arm/simd/vrev32p8_1.c execution test
FAIL: gcc.target/arm/simd/vrev32qp16_1.c execution test
FAIL: gcc.target/arm/simd/vrev32qp8_1.c execution test
FAIL: gcc.target/arm/simd/vrev32qs16_1.c execution test
FAIL: gcc.target/arm/simd/vrev32qs8_1.c execution test
FAIL: gcc.target/arm/simd/vrev32qu16_1.c execution test
FAIL: gcc.target/arm/simd/vrev32qu8_1.c execution test
FAIL: gcc.target/arm/simd/vrev32s16_1.c execution test
FAIL: gcc.target/arm/simd/vrev32s8_1.c execution test
FAIL: gcc.target/arm/simd/vrev32u16_1.c execution test
FAIL: gcc.target/arm/simd/vrev32u8_1.c execution test
FAIL: gcc.target/arm/simd/vrev64f32_1.c execution test
FAIL: gcc.target/arm/simd/vrev64p16_1.c execution test
FAIL: gcc.target/arm/simd/vrev64p8_1.c execution test
FAIL: gcc.target/arm/simd/vrev64qf32_1.c execution test
FAIL: gcc.target/arm/simd/vrev64qp16_1.c execution test
FAIL: gcc.target/arm/simd/vrev64qp8_1.c execution test
FAIL: gcc.target/arm/simd/vrev64qs16_1.c execution test
FAIL: gcc.target/arm/simd/vrev64qs32_1.c execution test
FAIL: gcc.target/arm/simd/vrev64qs8_1.c execution test
FAIL: gcc.target/arm/simd/vrev64qu16_1.c execution test
FAIL: gcc.target/arm/simd/vrev64qu32_1.c execution test
FAIL: gcc.target/arm/simd/vrev64qu8_1.c execution test
FAIL: gcc.target/arm/simd/vrev64s16_1.c execution test
FAIL: gcc.target/arm/simd/vrev64s32_1.c execution test
FAIL: gcc.target/arm/simd/vrev64s8_1.c execution test
FAIL: gcc.target/arm/simd/vrev64u16_1.c execution test
FAIL: gcc.target/arm/simd/vrev64u32_1.c execution test
FAIL: gcc.target/arm/simd/vrev64u8_1.c execution test
FAIL: gcc.target/arm/simd/vtrnf32_1.c execution test
FAIL: gcc.target/arm/simd/vtrnp16_1.c execution test
FAIL: gcc.target/arm/simd/vtrnp8_1.c execution test
FAIL: gcc.target/arm/simd/vtrnqf32_1.c execution test
FAIL: gcc.target/arm/simd/vtrnqp16_1.c execution test
FAIL: gcc.target/arm/simd/vtrnqp8_1.c execution test
FAIL: gcc.target/arm/simd/vtrnqs16_1.c execution test
FAIL: gcc.target/arm/simd/vtrnqs32_1.c execution test
FAIL: gcc.target/arm/simd/vtrnqs8_1.c execution test
FAIL: gcc.target/arm/simd/vtrnqu16_1.c execution test
FAIL: gcc.target/arm/simd/vtrnqu32_1.c execution test
FAIL: gcc.target/arm/simd/vtrnqu8_1.c execution test
FAIL: gcc.target/arm/simd/vtrns16_1.c execution test
FAIL: gcc.target/arm/simd/vtrns32_1.c execution test
FAIL: gcc.target/arm/simd/vtrns8_1.c execution test
FAIL: gcc.target/arm/simd/vtrnu16_1.c execution test
FAIL: gcc.target/arm/simd/vtrnu32_1.c execution test
FAIL: gcc.target/arm/simd/vtrnu8_1.c execution test
FAIL: gcc.target/arm/simd/vuzpf32_1.c execution test
FAIL: gcc.target/arm/simd/vuzpp16_1.c execution test
FAIL: gcc.target/arm/simd/vuzpp8_1.c execution test
FAIL: gcc.target/arm/simd/vuzpqf32_1.c execution test
FAIL: gcc.target/arm/simd/vuzpqp16_1.c execution test
FAIL: gcc.target/arm/simd/vuzpqp8_1.c execution test
FAIL: gcc.target/arm/simd/vuzpqs16_1.c execution test
FAIL: gcc.target/arm/simd/vuzpqs32_1.c execution test
FAIL: gcc.target/arm/simd/vuzpqs8_1.c execution test
FAIL: gcc.target/arm/simd/vuzpqu16_1.c execution test
FAIL: gcc.target/arm/simd/vuzpqu32_1.c execution test
FAIL: gcc.target/arm/simd/vuzpqu8_1.c execution test
FAIL: gcc.target/arm/simd/vuzps16_1.c execution test
FAIL: gcc.target/arm/simd/vuzps32_1.c execution test
FAIL: gcc.target/arm/simd/vuzps8_1.c execution test
FAIL: gcc.target/arm/simd/vuzpu16_1.c execution test
FAIL: gcc.target/arm/simd/vuzpu32_1.c execution test
FAIL: gcc.target/arm/simd/vuzpu8_1.c execution test
FAIL: gcc.target/arm/simd/vzipf32_1.c execution test
FAIL: gcc.target/arm/simd/vzipp16_1.c execution test
FAIL: gcc.target/arm/simd/vzipp8_1.c execution test
FAIL: gcc.target/arm/simd/vzipqf32_1.c execution test
FAIL: gcc.target/arm/simd/vzipqp16_1.c execution test
FAIL: gcc.target/arm/simd/vzipqp8_1.c execution test
FAIL: gcc.target/arm/simd/vzipqs16_1.c execution test
FAIL: gcc.target/arm/simd/vzipqs32_1.c execution test
FAIL: gcc.target/arm/simd/vzipqs8_1.c execution test
FAIL: gcc.target/arm/simd/vzipqu16_1.c execution test
FAIL: gcc.target/arm/simd/vzipqu32_1.c execution test
FAIL: gcc.target/arm/simd/vzipqu8_1.c execution test
FAIL: gcc.target/arm/simd/vzips16_1.c execution test
FAIL: gcc.target/arm/simd/vzips32_1.c execution test
FAIL: gcc.target/arm/simd/vzips8_1.c execution test
FAIL: gcc.target/arm/simd/vzipu16_1.c execution test
FAIL: gcc.target/arm/simd/vzipu32_1.c execution test
FAIL: gcc.target/arm/simd/vzipu8_1.c execution test
=== gcc Summary ===
# of expected passes 92093
# of unexpected failures 681
# of unexpected successes 23
# of expected failures 328
# of unresolved testcases 33
# of unsupported tests 2125
/scratch/gcc/nightly-2014-12-12-mainline/arm-none-eabi/obj/test-mainline-0-arm-none-eabi/host-i686-pc-linux-gnu/fsf-mainline/bin/arm-none-eabi-gcc version 5.0.0 20141212 (experimental) (GCC)
=== Summary adjusted for local xfails ===
# of unexpected failures 681
# of expected passes 92093
# of unexpected successes 23
# of expected failures 328
# of unresolved testcases 33
# of unsupported tests 2125
Host is i686-pc-linux-gnu
=== libstdc++ tests ===
Running target arm-sim-fsf
FAIL: 27_io/basic_filebuf/underflow/wchar_t/11603.cc execution test
FAIL: 28_regex/traits/char/isctype.cc execution test
FAIL: 28_regex/traits/wchar_t/isctype.cc execution test
FAIL: 29_atomics/atomic_flag/clear/1.cc (test for excess errors)
UNRESOLVED: 29_atomics/atomic_flag/clear/1.cc compilation failed to produce executable
FAIL: 29_atomics/atomic_flag/test_and_set/explicit.cc (test for excess errors)
UNRESOLVED: 29_atomics/atomic_flag/test_and_set/explicit.cc compilation failed to produce executable
FAIL: 29_atomics/atomic_flag/test_and_set/implicit.cc (test for excess errors)
UNRESOLVED: 29_atomics/atomic_flag/test_and_set/implicit.cc compilation failed to produce executable
XPASS: ext/stdio_filebuf/char/10063-2.cc execution test
XPASS: ext/stdio_filebuf/char/10063-3.cc execution test
=== libstdc++ Summary ===
# of expected passes 8495
# of unexpected failures 6
# of unexpected successes 2
# of expected failures 75
# of unresolved testcases 3
# of unsupported tests 699
=== Summary adjusted for local xfails ===
# of unexpected failures 6
# of expected passes 8495
# of unexpected successes 2
# of expected failures 75
# of unresolved testcases 3
# of unsupported tests 699
Host is i686-pc-linux-gnu
=== g++ tests ===
Running target arm-sim-fsf/-mthumb
FAIL: g++.dg/ipa/devirt-28a.C -std=gnu++98 (test for excess errors)
FAIL: g++.dg/ipa/devirt-28a.C -std=gnu++11 (test for excess errors)
FAIL: g++.dg/ipa/devirt-28a.C -std=gnu++14 (test for excess errors)
FAIL: g++.dg/ipa/pr64059.C -std=gnu++98 (internal compiler error)
FAIL: g++.dg/ipa/pr64059.C -std=gnu++98 (test for excess errors)
FAIL: g++.dg/ipa/pr64059.C -std=gnu++11 (internal compiler error)
FAIL: g++.dg/ipa/pr64059.C -std=gnu++11 (test for excess errors)
FAIL: g++.dg/ipa/pr64059.C -std=gnu++14 (internal compiler error)
FAIL: g++.dg/ipa/pr64059.C -std=gnu++14 (test for excess errors)
FAIL: g++.dg/lto/20081119 cp_lto_20081119_0.o assemble, -O0 -flto -flto-partition=none -fuse-linker-plugin (internal compiler error)
FAIL: g++.dg/lto/20081119 cp_lto_20081119_1.o assemble, -O0 -flto -flto-partition=none -fuse-linker-plugin (internal compiler error)
UNRESOLVED: g++.dg/lto/20081119 cp_lto_20081119_0.o-cp_lto_20081119_1.o link -O0 -flto -flto-partition=none -fuse-linker-plugin
UNRESOLVED: g++.dg/lto/20081119 cp_lto_20081119_0.o-cp_lto_20081119_1.o execute -O0 -flto -flto-partition=none -fuse-linker-plugin
FAIL: g++.dg/lto/20081119 cp_lto_20081119_0.o assemble, -O0 -flto -flto-partition=1to1 -fno-use-linker-plugin (internal compiler error)
FAIL: g++.dg/lto/20081119 cp_lto_20081119_1.o assemble, -O0 -flto -flto-partition=1to1 -fno-use-linker-plugin (internal compiler error)
UNRESOLVED: g++.dg/lto/20081119 cp_lto_20081119_0.o-cp_lto_20081119_1.o link -O0 -flto -flto-partition=1to1 -fno-use-linker-plugin
UNRESOLVED: g++.dg/lto/20081119 cp_lto_20081119_0.o-cp_lto_20081119_1.o execute -O0 -flto -flto-partition=1to1 -fno-use-linker-plugin
FAIL: g++.dg/lto/20081119 cp_lto_20081119_0.o assemble, -O0 -flto -fuse-linker-plugin -fno-fat-lto-objects (internal compiler error)
FAIL: g++.dg/lto/20081119 cp_lto_20081119_1.o assemble, -O0 -flto -fuse-linker-plugin -fno-fat-lto-objects (internal compiler error)
UNRESOLVED: g++.dg/lto/20081119 cp_lto_20081119_0.o-cp_lto_20081119_1.o link -O0 -flto -fuse-linker-plugin -fno-fat-lto-objects
UNRESOLVED: g++.dg/lto/20081119 cp_lto_20081119_0.o-cp_lto_20081119_1.o execute -O0 -flto -fuse-linker-plugin -fno-fat-lto-objects
FAIL: g++.dg/lto/20081211-1 cp_lto_20081211-1_0.o assemble, -O0 -flto -flto-partition=none -fuse-linker-plugin (internal compiler error)
UNRESOLVED: g++.dg/lto/20081211-1 cp_lto_20081211-1_0.o-cp_lto_20081211-1_1.o link -O0 -flto -flto-partition=none -fuse-linker-plugin
UNRESOLVED: g++.dg/lto/20081211-1 cp_lto_20081211-1_0.o-cp_lto_20081211-1_1.o execute -O0 -flto -flto-partition=none -fuse-linker-plugin
FAIL: g++.dg/lto/20081211-1 cp_lto_20081211-1_0.o assemble, -O0 -flto -flto-partition=1to1 -fno-use-linker-plugin (internal compiler error)
UNRESOLVED: g++.dg/lto/20081211-1 cp_lto_20081211-1_0.o-cp_lto_20081211-1_1.o link -O0 -flto -flto-partition=1to1 -fno-use-linker-plugin
UNRESOLVED: g++.dg/lto/20081211-1 cp_lto_20081211-1_0.o-cp_lto_20081211-1_1.o execute -O0 -flto -flto-partition=1to1 -fno-use-linker-plugin
FAIL: g++.dg/lto/20081211-1 cp_lto_20081211-1_0.o assemble, -O0 -flto -fuse-linker-plugin -fno-fat-lto-objects (internal compiler error)
UNRESOLVED: g++.dg/lto/20081211-1 cp_lto_20081211-1_0.o-cp_lto_20081211-1_1.o link -O0 -flto -fuse-linker-plugin -fno-fat-lto-objects
UNRESOLVED: g++.dg/lto/20081211-1 cp_lto_20081211-1_0.o-cp_lto_20081211-1_1.o execute -O0 -flto -fuse-linker-plugin -fno-fat-lto-objects
FAIL: g++.dg/lto/pr45621 cp_lto_pr45621_1.o assemble, -O0 -flto -flto-partition=none -fuse-linker-plugin (internal compiler error)
FAIL: g++.dg/lto/pr45621 cp_lto_pr45621_1.o assemble, -O0 -flto -flto-partition=1to1 -fno-use-linker-plugin (internal compiler error)
FAIL: g++.dg/lto/pr45621 cp_lto_pr45621_1.o assemble, -O0 -flto -fuse-linker-plugin -fno-fat-lto-objects (internal compiler error)
FAIL: g++.dg/lto/pr52605 cp_lto_pr52605_0.o assemble, -flto -g (internal compiler error)
UNRESOLVED: g++.dg/lto/pr52605 cp_lto_pr52605_0.o-cp_lto_pr52605_0.o link -flto -g
UNRESOLVED: g++.dg/lto/pr52605 cp_lto_pr52605_0.o-cp_lto_pr52605_0.o execute -flto -g
FAIL: g++.dg/lto/v1-plugin-api-not-supported cp_lto_v1-plugin-api-not-supported_0.o assemble, -O0 -flto -flto-partition=none -fuse-linker-plugin (internal compiler error)
UNRESOLVED: g++.dg/lto/v1-plugin-api-not-supported cp_lto_v1-plugin-api-not-supported_0.o-cp_lto_v1-plugin-api-not-supported_0.o link -O0 -flto -flto-partition=none -fuse-linker-plugin
UNRESOLVED: g++.dg/lto/v1-plugin-api-not-supported cp_lto_v1-plugin-api-not-supported_0.o-cp_lto_v1-plugin-api-not-supported_0.o execute -O0 -flto -flto-partition=none -fuse-linker-plugin
FAIL: g++.dg/lto/v1-plugin-api-not-supported cp_lto_v1-plugin-api-not-supported_0.o assemble, -O0 -flto -flto-partition=1to1 -fno-use-linker-plugin (internal compiler error)
UNRESOLVED: g++.dg/lto/v1-plugin-api-not-supported cp_lto_v1-plugin-api-not-supported_0.o-cp_lto_v1-plugin-api-not-supported_0.o link -O0 -flto -flto-partition=1to1 -fno-use-linker-plugin
UNRESOLVED: g++.dg/lto/v1-plugin-api-not-supported cp_lto_v1-plugin-api-not-supported_0.o-cp_lto_v1-plugin-api-not-supported_0.o execute -O0 -flto -flto-partition=1to1 -fno-use-linker-plugin
FAIL: g++.dg/lto/v1-plugin-api-not-supported cp_lto_v1-plugin-api-not-supported_0.o assemble, -O0 -flto -fuse-linker-plugin -fno-fat-lto-objects (internal compiler error)
UNRESOLVED: g++.dg/lto/v1-plugin-api-not-supported cp_lto_v1-plugin-api-not-supported_0.o-cp_lto_v1-plugin-api-not-supported_0.o link -O0 -flto -fuse-linker-plugin -fno-fat-lto-objects
UNRESOLVED: g++.dg/lto/v1-plugin-api-not-supported cp_lto_v1-plugin-api-not-supported_0.o-cp_lto_v1-plugin-api-not-supported_0.o execute -O0 -flto -fuse-linker-plugin -fno-fat-lto-objects
FAIL: g++.dg/torture/20141013.C -O0 (test for excess errors)
FAIL: g++.dg/torture/20141013.C -O1 (test for excess errors)
FAIL: g++.dg/torture/20141013.C -O2 (test for excess errors)
FAIL: g++.dg/torture/20141013.C -O3 -fomit-frame-pointer (test for excess errors)
FAIL: g++.dg/torture/20141013.C -O3 -fomit-frame-pointer -funroll-loops (test for excess errors)
FAIL: g++.dg/torture/20141013.C -O3 -fomit-frame-pointer -funroll-all-loops -finline-functions (test for excess errors)
FAIL: g++.dg/torture/20141013.C -O3 -g (test for excess errors)
FAIL: g++.dg/torture/20141013.C -Os (test for excess errors)
FAIL: g++.dg/torture/20141013.C -O2 -flto -fno-use-linker-plugin -flto-partition=none (test for excess errors)
FAIL: g++.dg/torture/20141013.C -O2 -flto -fuse-linker-plugin -fno-fat-lto-objects (test for excess errors)
FAIL: g++.dg/torture/pr60474.C -O1 (internal compiler error)
FAIL: g++.dg/torture/pr60474.C -O1 (test for excess errors)
FAIL: g++.dg/torture/pr60474.C -O2 (internal compiler error)
FAIL: g++.dg/torture/pr60474.C -O2 (test for excess errors)
FAIL: g++.dg/torture/pr60474.C -O3 -fomit-frame-pointer (internal compiler error)
FAIL: g++.dg/torture/pr60474.C -O3 -fomit-frame-pointer (test for excess errors)
FAIL: g++.dg/torture/pr60474.C -O3 -fomit-frame-pointer -funroll-loops (internal compiler error)
FAIL: g++.dg/torture/pr60474.C -O3 -fomit-frame-pointer -funroll-loops (test for excess errors)
FAIL: g++.dg/torture/pr60474.C -O3 -fomit-frame-pointer -funroll-all-loops -finline-functions (internal compiler error)
FAIL: g++.dg/torture/pr60474.C -O3 -fomit-frame-pointer -funroll-all-loops -finline-functions (test for excess errors)
FAIL: g++.dg/torture/pr60474.C -O3 -g (internal compiler error)
FAIL: g++.dg/torture/pr60474.C -O3 -g (test for excess errors)
FAIL: g++.dg/torture/pr60474.C -Os (internal compiler error)
FAIL: g++.dg/torture/pr60474.C -Os (test for excess errors)
FAIL: g++.dg/torture/pr60474.C -O2 -flto -fno-use-linker-plugin -flto-partition=none (internal compiler error)
FAIL: g++.dg/torture/pr60474.C -O2 -flto -fno-use-linker-plugin -flto-partition=none (test for excess errors)
=== g++ Summary ===
# of expected passes 75081
# of unexpected failures 51
# of expected failures 235
# of unresolved testcases 20
# of unsupported tests 3650
/scratch/gcc/nightly-2014-12-12-mainline/arm-none-eabi/obj/test-mainline-0-arm-none-eabi/host-i686-pc-linux-gnu/fsf-mainline/bin/arm-none-eabi-g++ version 5.0.0 20141212 (experimental) (GCC)
=== Summary adjusted for local xfails ===
# of unexpected failures 51
# of expected passes 75081
# of expected failures 235
# of unresolved testcases 20
# of unsupported tests 3650
Host is i686-pc-linux-gnu
=== gcc tests ===
Running target arm-sim-fsf/-mthumb
XPASS: gcc.dg/sibcall-3.c execution test
XPASS: gcc.dg/sibcall-4.c execution test
FAIL: gcc.dg/undefined-loop-2.c (test for warnings, line 18)
FAIL: gcc.dg/fixed-point/allop.c (internal compiler error)
FAIL: gcc.dg/fixed-point/allop.c (test for excess errors)
FAIL: gcc.dg/fixed-point/binary.c (internal compiler error)
FAIL: gcc.dg/fixed-point/binary.c (test for excess errors)
UNRESOLVED: gcc.dg/fixed-point/binary.c compilation failed to produce executable
FAIL: gcc.dg/fixed-point/call-by-value.c (internal compiler error)
FAIL: gcc.dg/fixed-point/call-by-value.c (test for excess errors)
UNRESOLVED: gcc.dg/fixed-point/call-by-value.c compilation failed to produce executable
FAIL: gcc.dg/fixed-point/loop-index.c (internal compiler error)
FAIL: gcc.dg/fixed-point/loop-index.c (test for excess errors)
UNRESOLVED: gcc.dg/fixed-point/loop-index.c compilation failed to produce executable
FAIL: gcc.dg/fixed-point/noassoc.c (internal compiler error)
FAIL: gcc.dg/fixed-point/noassoc.c (test for excess errors)
UNRESOLVED: gcc.dg/fixed-point/noassoc.c compilation failed to produce executable
FAIL: gcc.dg/fixed-point/unary.c (internal compiler error)
FAIL: gcc.dg/fixed-point/unary.c (test for excess errors)
UNRESOLVED: gcc.dg/fixed-point/unary.c compilation failed to produce executable
FAIL: gcc.dg/torture/builtin-explog-1.c -O1 (test for excess errors)
FAIL: gcc.dg/torture/builtin-explog-1.c -O2 (test for excess errors)
FAIL: gcc.dg/torture/builtin-explog-1.c -O3 -fomit-frame-pointer (test for excess errors)
FAIL: gcc.dg/torture/builtin-explog-1.c -O3 -g (test for excess errors)
FAIL: gcc.dg/torture/builtin-explog-1.c -Os (test for excess errors)
FAIL: gcc.dg/torture/builtin-explog-1.c -O2 -flto -fno-use-linker-plugin -flto-partition=none (test for excess errors)
FAIL: gcc.dg/tree-ssa/sra-12.c scan-tree-dump-times release_ssa "l;" 0
FAIL: gcc.dg/tree-ssa/ssa-dom-cse-2.c scan-tree-dump optimized "return 28;"
FAIL: gcc.target/arm/fixed-point-exec.c (internal compiler error)
FAIL: gcc.target/arm/fixed-point-exec.c (test for excess errors)
UNRESOLVED: gcc.target/arm/fixed-point-exec.c compilation failed to produce executable
FAIL: gcc.target/arm/pr42172-1.c scan-assembler-times ldr 1
FAIL: gcc.target/arm/pr45701-1.c scan-assembler push\\t{r3
FAIL: gcc.target/arm/pr45701-2.c scan-assembler push\\t{r3
FAIL: gcc.target/arm/pr63210.c object-size text <= 28
FAIL: gcc.target/arm/split-live-ranges-for-shrink-wrap.c object-size text <= 20
FAIL: gcc.target/arm/thumb-bitfld1.c (test for excess errors)
FAIL: gcc.target/arm/thumb-ltu.c (test for excess errors)
FAIL: gcc.target/arm/thumb-ltu.c scan-assembler-not uxtb
FAIL: gcc.target/arm/thumb1-far-jump-2.c (test for excess errors)
=== gcc Summary ===
# of expected passes 83616
# of unexpected failures 32
# of unexpected successes 2
# of expected failures 97
# of unresolved testcases 6
# of unsupported tests 4302
/scratch/gcc/nightly-2014-12-12-mainline/arm-none-eabi/obj/test-mainline-0-arm-none-eabi/host-i686-pc-linux-gnu/fsf-mainline/bin/arm-none-eabi-gcc version 5.0.0 20141212 (experimental) (GCC)
=== Summary adjusted for local xfails ===
# of unexpected failures 32
# of expected passes 83616
# of unexpected successes 2
# of expected failures 97
# of unresolved testcases 6
# of unsupported tests 4302
Host is i686-pc-linux-gnu
=== libstdc++ tests ===
Running target arm-sim-fsf/-mthumb
FAIL: 27_io/basic_filebuf/underflow/wchar_t/11603.cc execution test
FAIL: 28_regex/traits/char/isctype.cc execution test
FAIL: 28_regex/traits/wchar_t/isctype.cc execution test
FAIL: 29_atomics/atomic_flag/clear/1.cc (test for excess errors)
UNRESOLVED: 29_atomics/atomic_flag/clear/1.cc compilation failed to produce executable
FAIL: 29_atomics/atomic_flag/test_and_set/explicit.cc (test for excess errors)
UNRESOLVED: 29_atomics/atomic_flag/test_and_set/explicit.cc compilation failed to produce executable
FAIL: 29_atomics/atomic_flag/test_and_set/implicit.cc (test for excess errors)
UNRESOLVED: 29_atomics/atomic_flag/test_and_set/implicit.cc compilation failed to produce executable
XPASS: ext/stdio_filebuf/char/10063-2.cc execution test
XPASS: ext/stdio_filebuf/char/10063-3.cc execution test
=== libstdc++ Summary ===
# of expected passes 8495
# of unexpected failures 6
# of unexpected successes 2
# of expected failures 75
# of unresolved testcases 3
# of unsupported tests 699
=== Summary adjusted for local xfails ===
# of unexpected failures 6
# of expected passes 8495
# of unexpected successes 2
# of expected failures 75
# of unresolved testcases 3
# of unsupported tests 699
Compiler version: 5.0.0 20141212 (experimental) (GCC)
Platform: arm-none-eabi
configure flags: --build=i686-pc-linux-gnu --host=i686-pc-linux-gnu --target=arm-none-eabi --enable-threads --disable-libmudflap --disable-libssp --disable-libstdcxx-pch --with-gnu-as --with-gnu-ld --enable-languages=c,c++ --disable-shared --enable-lto --with-newlib --disable-nls --prefix=/scratch/gcc/nightly-2014-12-12-mainline/arm-none-eabi/install --with-headers=yes --with-sysroot=/scratch/gcc/nightly-2014-12-12-mainline/arm-none-eabi/install/arm-none-eabi --with-gmp=/scratch/gcc/nightly-2014-12-12-mainline/arm-none-eabi/obj/pkg-mainline-0-arm-none-eabi/fsf-mainline-0-arm-none-eabi.extras/host-libs-i686-pc-linux-gnu/usr --with-mpfr=/scratch/gcc/nightly-2014-12-12-mainline/arm-none-eabi/obj/pkg-mainline-0-arm-none-eabi/fsf-mainline-0-arm-none-eabi.extras/host-libs-i686-pc-linux-gnu/usr --with-mpc=/scratch/gcc/nightly-2014-12-12-mainline/arm-none-eabi/obj/pkg-mainline-0-arm-none-eabi/fsf-mainline-0-arm-none-eabi.extras/host-libs-i686-pc-linux-gnu/usr --with-host-libstdcxx='-
static-libgcc -Wl,-Bstatic,-lstdc++,-Bdynamic -lm' --with-isl=/scratch/gcc/nightly-2014-12-12-mainline/arm-none-eabi/obj/pkg-mainline-0-arm-none-eabi/fsf-mainline-0-arm-none-eabi.extras/host-libs-i686-pc-linux-gnu/usr --with-cloog=/scratch/gcc/nightly-2014-12-12-mainline/arm-none-eabi/obj/pkg-mainline-0-arm-none-eabi/fsf-mainline-0-arm-none-eabi.extras/host-libs-i686-pc-linux-gnu/usr --disable-libgomp --disable-libitm --disable-libatomic --disable-libssp --enable-poison-system-directories --with-build-time-tools=/scratch/gcc/nightly-2014-12-12-mainline/arm-none-eabi/install/arm-none-eabi/bin --with-build-time-tools=/scratch/gcc/nightly-2014-12-12-mainline/arm-none-eabi/install/arm-none-eabi/bin SED=sed