This is the mail archive of the
gcc-testresults@gcc.gnu.org
mailing list for the GCC project.
Results for 5.0.0 20141118 (experimental) [trunk revision 217719] (Debian 20141118-1) testsuite on mipsel-unknown-linux-gnu
- From: Matthias Klose <doko at debian dot org>
- To: gcc-testresults at gcc dot gnu dot org
- Cc: debian-gcc at lists dot debian dot org
- Date: Tue, 09 Dec 2014 17:54:32 +0000
- Subject: Results for 5.0.0 20141118 (experimental) [trunk revision 217719] (Debian 20141118-1) testsuite on mipsel-unknown-linux-gnu
- Authentication-results: sourceware.org; auth=none
- Reply-to: Matthias Klose <doko at debian dot org>
LAST_UPDATED: Tue Nov 18 16:08:01 UTC 2014 (revision 217719)
Target: mipsel-linux-gnu
gcc version 5.0.0 20141118 (experimental) [trunk revision 217719] (Debian 20141118-1)
Native configuration is mipsel-unknown-linux-gnu
=== g++ tests ===
Running target unix
FAIL: g++.dg/guality/pr55665.C -O2 line 23 p == 40
FAIL: g++.dg/guality/pr55665.C -O3 -fomit-frame-pointer line 23 p == 40
FAIL: g++.dg/guality/pr55665.C -O3 -g line 23 p == 40
XPASS: g++.dg/tls/thread_local-order2.C -std=c++11 execution test
XPASS: g++.dg/tls/thread_local-order2.C -std=c++14 execution test
FAIL: c-c++-common/torture/builtin-arith-overflow-14.c -O0 execution test
FAIL: c-c++-common/torture/builtin-arith-overflow-14.c -O2 execution test
FAIL: c-c++-common/torture/builtin-arith-overflow-14.c -O2 -flto -fno-use-linker-plugin -flto-partition=none execution test
FAIL: c-c++-common/torture/builtin-arith-overflow-14.c -O2 -flto -fuse-linker-plugin -fno-fat-lto-objects execution test
FAIL: c-c++-common/torture/builtin-arith-overflow-18.c -O0 execution test
FAIL: c-c++-common/torture/builtin-arith-overflow-18.c -O2 execution test
FAIL: c-c++-common/torture/builtin-arith-overflow-18.c -O2 -flto -fno-use-linker-plugin -flto-partition=none execution test
FAIL: c-c++-common/torture/builtin-arith-overflow-18.c -O2 -flto -fuse-linker-plugin -fno-fat-lto-objects execution test
FAIL: c-c++-common/torture/builtin-arith-overflow-3.c -O0 execution test
FAIL: c-c++-common/torture/builtin-arith-overflow-3.c -O2 execution test
FAIL: c-c++-common/torture/builtin-arith-overflow-3.c -O2 -flto -fno-use-linker-plugin -flto-partition=none execution test
FAIL: c-c++-common/torture/builtin-arith-overflow-3.c -O2 -flto -fuse-linker-plugin -fno-fat-lto-objects execution test
=== g++ Summary for unix ===
# of expected passes 79672
# of unexpected failures 15
# of unexpected successes 2
# of expected failures 244
# of unsupported tests 3468
Running target unix/-mabi=64
XPASS: g++.dg/tls/thread_local-order2.C -std=c++11 execution test
XPASS: g++.dg/tls/thread_local-order2.C -std=c++14 execution test
FAIL: c-c++-common/torture/builtin-arith-overflow-12.c -O0 execution test
FAIL: c-c++-common/torture/builtin-arith-overflow-12.c -O2 execution test
FAIL: c-c++-common/torture/builtin-arith-overflow-12.c -O2 -flto -fno-use-linker-plugin -flto-partition=none execution test
FAIL: c-c++-common/torture/builtin-arith-overflow-12.c -O2 -flto -fuse-linker-plugin -fno-fat-lto-objects execution test
FAIL: c-c++-common/torture/builtin-arith-overflow-17.c -O0 execution test
FAIL: c-c++-common/torture/builtin-arith-overflow-17.c -O2 execution test
FAIL: c-c++-common/torture/builtin-arith-overflow-17.c -O2 -flto -fno-use-linker-plugin -flto-partition=none execution test
FAIL: c-c++-common/torture/builtin-arith-overflow-17.c -O2 -flto -fuse-linker-plugin -fno-fat-lto-objects execution test
FAIL: c-c++-common/torture/builtin-arith-overflow-18.c -O0 execution test
FAIL: c-c++-common/torture/builtin-arith-overflow-18.c -O2 execution test
FAIL: c-c++-common/torture/builtin-arith-overflow-18.c -O2 -flto -fno-use-linker-plugin -flto-partition=none execution test
FAIL: c-c++-common/torture/builtin-arith-overflow-18.c -O2 -flto -fuse-linker-plugin -fno-fat-lto-objects execution test
FAIL: c-c++-common/torture/builtin-arith-overflow-6.c -O0 execution test
FAIL: c-c++-common/torture/builtin-arith-overflow-6.c -O2 execution test
FAIL: c-c++-common/torture/builtin-arith-overflow-6.c -O2 -flto -fno-use-linker-plugin -flto-partition=none execution test
FAIL: c-c++-common/torture/builtin-arith-overflow-6.c -O2 -flto -fuse-linker-plugin -fno-fat-lto-objects execution test
=== g++ Summary for unix/-mabi=64 ===
# of expected passes 81468
# of unexpected failures 16
# of unexpected successes 2
# of expected failures 244
# of unsupported tests 3460
Running target unix/-mabi=n32
XPASS: g++.dg/tls/thread_local-order2.C -std=c++11 execution test
XPASS: g++.dg/tls/thread_local-order2.C -std=c++14 execution test
FAIL: c-c++-common/torture/builtin-arith-overflow-12.c -O0 execution test
FAIL: c-c++-common/torture/builtin-arith-overflow-12.c -O2 execution test
FAIL: c-c++-common/torture/builtin-arith-overflow-12.c -O2 -flto -fno-use-linker-plugin -flto-partition=none execution test
FAIL: c-c++-common/torture/builtin-arith-overflow-12.c -O2 -flto -fuse-linker-plugin -fno-fat-lto-objects execution test
FAIL: c-c++-common/torture/builtin-arith-overflow-13.c -O0 execution test
FAIL: c-c++-common/torture/builtin-arith-overflow-13.c -O2 execution test
FAIL: c-c++-common/torture/builtin-arith-overflow-13.c -O2 -flto -fno-use-linker-plugin -flto-partition=none execution test
FAIL: c-c++-common/torture/builtin-arith-overflow-13.c -O2 -flto -fuse-linker-plugin -fno-fat-lto-objects execution test
FAIL: c-c++-common/torture/builtin-arith-overflow-17.c -O0 execution test
FAIL: c-c++-common/torture/builtin-arith-overflow-17.c -O2 execution test
FAIL: c-c++-common/torture/builtin-arith-overflow-17.c -O2 -flto -fno-use-linker-plugin -flto-partition=none execution test
FAIL: c-c++-common/torture/builtin-arith-overflow-17.c -O2 -flto -fuse-linker-plugin -fno-fat-lto-objects execution test
FAIL: c-c++-common/torture/builtin-arith-overflow-18.c -O0 execution test
FAIL: c-c++-common/torture/builtin-arith-overflow-18.c -O2 execution test
FAIL: c-c++-common/torture/builtin-arith-overflow-18.c -O2 -flto -fno-use-linker-plugin -flto-partition=none execution test
FAIL: c-c++-common/torture/builtin-arith-overflow-18.c -O2 -flto -fuse-linker-plugin -fno-fat-lto-objects execution test
FAIL: c-c++-common/torture/builtin-arith-overflow-6.c -O0 execution test
FAIL: c-c++-common/torture/builtin-arith-overflow-6.c -O2 execution test
FAIL: c-c++-common/torture/builtin-arith-overflow-6.c -O2 -flto -fno-use-linker-plugin -flto-partition=none execution test
FAIL: c-c++-common/torture/builtin-arith-overflow-6.c -O2 -flto -fuse-linker-plugin -fno-fat-lto-objects execution test
=== g++ Summary for unix/-mabi=n32 ===
# of expected passes 81674
# of unexpected failures 20
# of unexpected successes 2
# of expected failures 244
# of unsupported tests 3440
=== g++ Summary ===
# of expected passes 242814
# of unexpected failures 51
# of unexpected successes 6
# of expected failures 732
# of unsupported tests 10368
/build/gcc-snapshot-eRGLFa/gcc-snapshot-20141118/build/gcc/testsuite/g++/../../xg++ version 5.0.0 20141118 (experimental) [trunk revision 217719] (Debian 20141118-1)
=== gfortran tests ===
Running target unix
FAIL: gfortran.dg/bind_c_array_params_2.f90 -O scan-assembler-times [ \\t][\$,_0-9]*myBindC 1
FAIL: gfortran.dg/graphite/pr42393.f90 -O (test for excess errors)
WARNING: program timed out.
=== gfortran Summary for unix ===
# of expected passes 45561
# of unexpected failures 2
# of expected failures 56
# of unsupported tests 413
Running target unix/-mabi=64
FAIL: gfortran.dg/bind_c_array_params_2.f90 -O scan-assembler-times [ \\t][\$,_0-9]*myBindC 1
FAIL: gfortran.dg/coarray_lib_this_image_1.f90 -O scan-tree-dump-times original "myucobound =[^\\n\\r]* parm...dim\\\\[1\\\\].lbound \\\\+ [^\\n\\r]*_gfortran_caf_num_images \\\\(0, -1\\\\).? \\\\+ -?[0-9]+\\\\);" 1
FAIL: gfortran.dg/coarray_lib_this_image_2.f90 -O scan-tree-dump-times original "myucobound =[^\\n\\r]* parm...dim\\\\[1\\\\].lbound \\\\+ [^\\n\\r]*_gfortran_caf_num_images \\\\(0, -1\\\\).? \\\\+ -?[0-9]+\\\\);" 1
FAIL: gfortran.dg/graphite/pr42393.f90 -O (test for excess errors)
WARNING: program timed out.
=== gfortran Summary for unix/-mabi=64 ===
# of expected passes 46238
# of unexpected failures 4
# of expected failures 56
# of unsupported tests 92
Running target unix/-mabi=n32
FAIL: gfortran.dg/bind_c_array_params_2.f90 -O scan-assembler-times [ \\t][\$,_0-9]*myBindC 1
FAIL: gfortran.dg/graphite/pr42393.f90 -O (test for excess errors)
WARNING: program timed out.
=== gfortran Summary for unix/-mabi=n32 ===
# of expected passes 46249
# of unexpected failures 2
# of expected failures 56
# of unsupported tests 83
=== gfortran Summary ===
# of expected passes 138048
# of unexpected failures 8
# of expected failures 168
# of unsupported tests 588
/build/gcc-snapshot-eRGLFa/gcc-snapshot-20141118/build/gcc/testsuite/gfortran/../../gfortran version 5.0.0 20141118 (experimental) [trunk revision 217719] (Debian 20141118-1)
=== go tests ===
Running target unix
FAIL: ./index0-out.go compilation, -O0 -g -fno-var-tracking-assignments
FAIL: go.test/test/cmplxdivide.go
FAIL: go.test/test/fixedbugs/issue5856.go execution, -O2 -g
WARNING: program timed out.
WARNING: program timed out.
=== go Summary for unix ===
# of expected passes 7360
# of unexpected failures 3
# of expected failures 1
# of untested testcases 10
# of unsupported tests 3
Running target unix/-mabi=64
FAIL: go.test/test/cmplxdivide.go
FAIL: go.test/test/fixedbugs/issue4348.go -O (test for excess errors)
FAIL: go.test/test/fixedbugs/issue5856.go execution, -O2 -g
FAIL: go.test/test/nilptr.go execution, -O2 -g
WARNING: program timed out.
=== go Summary for unix/-mabi=64 ===
# of expected passes 7240
# of unexpected failures 4
# of expected failures 1
# of untested testcases 9
# of unsupported tests 3
Running target unix/-mabi=n32
FAIL: go.test/test/cmplxdivide.go
FAIL: go.test/test/fixedbugs/issue4562.go execution, -O2 -g
FAIL: go.test/test/nilptr.go execution, -O2 -g
WARNING: program timed out.
=== go Summary for unix/-mabi=n32 ===
# of expected passes 7361
# of unexpected failures 3
# of expected failures 1
# of untested testcases 9
# of unsupported tests 3
=== go Summary ===
# of expected passes 21961
# of unexpected failures 10
# of expected failures 3
# of untested testcases 28
# of unsupported tests 9
/build/gcc-snapshot-eRGLFa/gcc-snapshot-20141118/build/gcc/testsuite/go/../../gccgo version 5.0.0 20141118 (experimental) [trunk revision 217719] (Debian 20141118-1)
=== obj-c++ tests ===
Running target unix
=== obj-c++ Summary for unix ===
# of expected passes 1447
# of expected failures 2
# of unsupported tests 86
Running target unix/-mabi=64
=== obj-c++ Summary for unix/-mabi=64 ===
# of expected passes 1439
# of expected failures 10
# of unsupported tests 86
Running target unix/-mabi=n32
=== obj-c++ Summary for unix/-mabi=n32 ===
# of expected passes 1447
# of expected failures 2
# of unsupported tests 86
=== obj-c++ Summary ===
# of expected passes 4333
# of expected failures 14
# of unsupported tests 258
/build/gcc-snapshot-eRGLFa/gcc-snapshot-20141118/build/gcc/testsuite/obj-c++/../../xg++ version 5.0.0 20141118 (experimental) [trunk revision 217719] (Debian 20141118-1)
=== objc tests ===
Running target unix
=== objc Summary for unix ===
# of expected passes 3010
# of unsupported tests 74
Running target unix/-mabi=64
=== objc Summary for unix/-mabi=64 ===
# of expected passes 3010
# of unsupported tests 74
Running target unix/-mabi=n32
=== objc Summary for unix/-mabi=n32 ===
# of expected passes 3010
# of unsupported tests 74
=== objc Summary ===
# of expected passes 9030
# of unsupported tests 222
/build/gcc-snapshot-eRGLFa/gcc-snapshot-20141118/build/gcc/xgcc version 5.0.0 20141118 (experimental) [trunk revision 217719] (Debian 20141118-1)
=== boehm-gc tests ===
Running target unix
=== boehm-gc Summary for unix ===
# of expected passes 12
# of unsupported tests 1
Running target unix/-mabi=64
FAIL: boehm-gc.c/gctest.c -O2 (test for excess errors)
UNRESOLVED: boehm-gc.c/gctest.c -O2 compilation failed to produce executable
FAIL: boehm-gc.c/leak_test.c -O2 (test for excess errors)
UNRESOLVED: boehm-gc.c/leak_test.c -O2 compilation failed to produce executable
FAIL: boehm-gc.c/middle.c -O2 (test for excess errors)
UNRESOLVED: boehm-gc.c/middle.c -O2 compilation failed to produce executable
FAIL: boehm-gc.c/thread_leak_test.c -O2 (test for excess errors)
UNRESOLVED: boehm-gc.c/thread_leak_test.c -O2 compilation failed to produce executable
FAIL: staticrootslib.lo -O2 (test for excess errors)
FAIL: boehm-gc.lib/staticrootstest.c -O2 (test for excess errors)
UNRESOLVED: boehm-gc.lib/staticrootstest.c -O2 compilation failed to produce executable
=== boehm-gc Summary for unix/-mabi=64 ===
# of expected passes 1
# of unexpected failures 6
# of unresolved testcases 5
# of unsupported tests 1
Running target unix/-mabi=n32
FAIL: boehm-gc.c/gctest.c -O2 (test for excess errors)
UNRESOLVED: boehm-gc.c/gctest.c -O2 compilation failed to produce executable
FAIL: boehm-gc.c/leak_test.c -O2 (test for excess errors)
UNRESOLVED: boehm-gc.c/leak_test.c -O2 compilation failed to produce executable
FAIL: boehm-gc.c/middle.c -O2 (test for excess errors)
UNRESOLVED: boehm-gc.c/middle.c -O2 compilation failed to produce executable
FAIL: boehm-gc.c/thread_leak_test.c -O2 (test for excess errors)
UNRESOLVED: boehm-gc.c/thread_leak_test.c -O2 compilation failed to produce executable
FAIL: staticrootslib.lo -O2 (test for excess errors)
FAIL: boehm-gc.lib/staticrootstest.c -O2 (test for excess errors)
UNRESOLVED: boehm-gc.lib/staticrootstest.c -O2 compilation failed to produce executable
=== boehm-gc Summary for unix/-mabi=n32 ===
# of expected passes 1
# of unexpected failures 6
# of unresolved testcases 5
# of unsupported tests 1
=== boehm-gc Summary ===
# of expected passes 14
# of unexpected failures 12
# of unresolved testcases 10
# of unsupported tests 3
=== libatomic tests ===
Running target unix
=== libatomic Summary for unix ===
# of expected passes 44
# of unsupported tests 5
Running target unix/-mabi=64
=== libatomic Summary for unix/-mabi=64 ===
# of expected passes 54
Running target unix/-mabi=n32
=== libatomic Summary for unix/-mabi=n32 ===
# of expected passes 54
=== libatomic Summary ===
# of expected passes 152
# of unsupported tests 5
=== libffi tests ===
Running target unix
=== libffi Summary for unix ===
# of expected passes 1819
# of unsupported tests 55
Running target unix/-mabi=64
FAIL: libffi.call/cls_double_va.c -O0 -W -Wall output pattern test, is 0.0
FAIL: libffi.call/cls_longdouble_va.c -O0 -W -Wall output pattern test, is 0.0
FAIL: libffi.call/float_va.c -O0 -W -Wall output pattern test, is 0: 2.0 : total: 2.0
FAIL: libffi.call/cls_double_va.c -O2 output pattern test, is 0.0
FAIL: libffi.call/cls_longdouble_va.c -O2 output pattern test, is 0.0
FAIL: libffi.call/float_va.c -O2 output pattern test, is 0: 2.0 : total: 2.0
FAIL: libffi.call/cls_double_va.c -O3 output pattern test, is 0.0
FAIL: libffi.call/cls_longdouble_va.c -O3 output pattern test, is 0.0
FAIL: libffi.call/float_va.c -O3 output pattern test, is 0: 2.0 : total: 2.0
FAIL: libffi.call/cls_double_va.c -Os output pattern test, is 0.0
FAIL: libffi.call/cls_longdouble_va.c -Os output pattern test, is 0.0
FAIL: libffi.call/float_va.c -Os output pattern test, is 0: 2.0 : total: 2.0
FAIL: libffi.call/cls_double_va.c -O2 -fomit-frame-pointer output pattern test, is 0.0
FAIL: libffi.call/cls_longdouble_va.c -O2 -fomit-frame-pointer output pattern test, is 0.0
FAIL: libffi.call/float_va.c -O2 -fomit-frame-pointer output pattern test, is 0: 2.0 : total: 2.0
=== libffi Summary for unix/-mabi=64 ===
# of expected passes 1804
# of unexpected failures 15
# of unsupported tests 55
Running target unix/-mabi=n32
FAIL: libffi.call/cls_double_va.c -O0 -W -Wall output pattern test, is 0.0
FAIL: libffi.call/cls_longdouble_va.c -O0 -W -Wall output pattern test, is 0.0
FAIL: libffi.call/float_va.c -O0 -W -Wall output pattern test, is 0: 2.0 : total: 2.0
FAIL: libffi.call/cls_double_va.c -O2 output pattern test, is 0.0
FAIL: libffi.call/cls_longdouble_va.c -O2 output pattern test, is 0.0
FAIL: libffi.call/float_va.c -O2 output pattern test, is 0: 2.0 : total: 2.0
FAIL: libffi.call/cls_double_va.c -O3 output pattern test, is 0.0
FAIL: libffi.call/cls_longdouble_va.c -O3 output pattern test, is 0.0
FAIL: libffi.call/float_va.c -O3 output pattern test, is 0: 2.0 : total: 2.0
FAIL: libffi.call/cls_double_va.c -Os output pattern test, is 0.0
FAIL: libffi.call/cls_longdouble_va.c -Os output pattern test, is 0.0
FAIL: libffi.call/float_va.c -Os output pattern test, is 0: 2.0 : total: 2.0
FAIL: libffi.call/cls_double_va.c -O2 -fomit-frame-pointer output pattern test, is 0.0
FAIL: libffi.call/cls_longdouble_va.c -O2 -fomit-frame-pointer output pattern test, is 0.0
FAIL: libffi.call/float_va.c -O2 -fomit-frame-pointer output pattern test, is 0: 2.0 : total: 2.0
=== libffi Summary for unix/-mabi=n32 ===
# of expected passes 1804
# of unexpected failures 15
# of unsupported tests 55
=== libffi Summary ===
# of expected passes 5427
# of unexpected failures 30
# of unsupported tests 165
=== libgo tests ===
Running target unix
FAIL: runtime
FAIL: sync/atomic
FAIL: testing/quick
=== libgo Summary for unix ===
# of expected passes 120
# of unexpected failures 3
Running target unix/-mabi=n32
FAIL: runtime
FAIL: crypto/rand
FAIL: crypto/rsa
FAIL: crypto/tls
FAIL: crypto/x509
FAIL: math/big
=== libgo Summary for unix/-mabi=n32 ===
# of expected passes 117
# of unexpected failures 6
Running target unix/-mabi=64
FAIL: regexp
=== libgo Summary for unix/-mabi=64 ===
# of expected passes 122
# of unexpected failures 1
=== libgo Summary ===
# of expected passes 359
# of unexpected failures 10
/build/gcc-snapshot-eRGLFa/gcc-snapshot-20141118/build/./gcc/gccgo version 5.0.0 20141118 (experimental) [trunk revision 217719] (Debian 20141118-1)
=== libgomp tests ===
Running target unix
FAIL: libgomp.c/examples-4/e.50.1.c (test for excess errors)
FAIL: libgomp.c/examples-4/e.50.2.c (test for excess errors)
FAIL: libgomp.c/examples-4/e.50.3.c (test for excess errors)
FAIL: libgomp.c/examples-4/e.50.4.c (test for excess errors)
FAIL: libgomp.c/examples-4/e.51.1.c (test for excess errors)
FAIL: libgomp.c/examples-4/e.51.2.c (test for excess errors)
FAIL: libgomp.c/examples-4/e.51.3.c (test for excess errors)
FAIL: libgomp.c/examples-4/e.51.4.c (test for excess errors)
FAIL: libgomp.c/examples-4/e.52.1.c (test for excess errors)
FAIL: libgomp.c/examples-4/e.52.2.c (test for excess errors)
FAIL: libgomp.c/examples-4/e.53.1.c (test for excess errors)
FAIL: libgomp.c/examples-4/e.53.3.c (test for excess errors)
FAIL: libgomp.c/examples-4/e.53.4.c (test for excess errors)
FAIL: libgomp.c/examples-4/e.53.5.c (test for excess errors)
FAIL: libgomp.c/examples-4/e.54.2.c (test for excess errors)
FAIL: libgomp.c/examples-4/e.54.3.c (test for excess errors)
FAIL: libgomp.c/examples-4/e.54.4.c (test for excess errors)
FAIL: libgomp.c/examples-4/e.54.5.c (test for excess errors)
FAIL: libgomp.c/examples-4/e.54.6.c (test for excess errors)
FAIL: libgomp.c/examples-4/e.55.1.c (test for excess errors)
FAIL: libgomp.c/examples-4/e.56.3.c (test for excess errors)
FAIL: libgomp.c/examples-4/e.56.4.c (test for excess errors)
FAIL: libgomp.c/for-3.c (test for excess errors)
FAIL: libgomp.c/target-1.c (test for excess errors)
FAIL: libgomp.c/target-2.c (test for excess errors)
FAIL: libgomp.c/target-3.c (test for excess errors)
FAIL: libgomp.c/target-4.c (test for excess errors)
FAIL: libgomp.c/target-5.c (test for excess errors)
FAIL: libgomp.c/target-6.c (test for excess errors)
FAIL: libgomp.c/target-7.c (test for excess errors)
FAIL: libgomp.c/target-8.c (test for excess errors)
FAIL: libgomp.c/thread-limit-2.c (test for excess errors)
FAIL: libgomp.c/thread-limit-3.c (test for excess errors)
FAIL: libgomp.c++/examples-4/e.51.5.C (test for excess errors)
FAIL: libgomp.c++/for-11.C (test for excess errors)
FAIL: libgomp.c++/pr63248.C (test for excess errors)
FAIL: libgomp.c++/target-1.C (test for excess errors)
FAIL: libgomp.c++/target-2.C (test for excess errors)
FAIL: libgomp.c++/target-3.C (test for excess errors)
FAIL: libgomp.fortran/examples-4/e.50.1.f90 -O0 (test for excess errors)
FAIL: libgomp.fortran/examples-4/e.50.1.f90 -O1 (test for excess errors)
FAIL: libgomp.fortran/examples-4/e.50.1.f90 -O2 (test for excess errors)
FAIL: libgomp.fortran/examples-4/e.50.1.f90 -O3 -fomit-frame-pointer (test for excess errors)
FAIL: libgomp.fortran/examples-4/e.50.1.f90 -O3 -fomit-frame-pointer -funroll-loops (test for excess errors)
FAIL: libgomp.fortran/examples-4/e.50.1.f90 -O3 -fomit-frame-pointer -funroll-all-loops -finline-functions (test for excess errors)
FAIL: libgomp.fortran/examples-4/e.50.1.f90 -O3 -g (test for excess errors)
FAIL: libgomp.fortran/examples-4/e.50.1.f90 -Os (test for excess errors)
FAIL: libgomp.fortran/examples-4/e.50.2.f90 -O0 (test for excess errors)
FAIL: libgomp.fortran/examples-4/e.50.2.f90 -O1 (test for excess errors)
FAIL: libgomp.fortran/examples-4/e.50.2.f90 -O2 (test for excess errors)
FAIL: libgomp.fortran/examples-4/e.50.2.f90 -O3 -fomit-frame-pointer (test for excess errors)
FAIL: libgomp.fortran/examples-4/e.50.2.f90 -O3 -fomit-frame-pointer -funroll-loops (test for excess errors)
FAIL: libgomp.fortran/examples-4/e.50.2.f90 -O3 -fomit-frame-pointer -funroll-all-loops -finline-functions (test for excess errors)
FAIL: libgomp.fortran/examples-4/e.50.2.f90 -O3 -g (test for excess errors)
FAIL: libgomp.fortran/examples-4/e.50.2.f90 -Os (test for excess errors)
FAIL: libgomp.fortran/examples-4/e.50.3.f90 -O0 (test for excess errors)
FAIL: libgomp.fortran/examples-4/e.50.3.f90 -O1 (test for excess errors)
FAIL: libgomp.fortran/examples-4/e.50.3.f90 -O2 (test for excess errors)
FAIL: libgomp.fortran/examples-4/e.50.3.f90 -O3 -fomit-frame-pointer (test for excess errors)
FAIL: libgomp.fortran/examples-4/e.50.3.f90 -O3 -fomit-frame-pointer -funroll-loops (test for excess errors)
FAIL: libgomp.fortran/examples-4/e.50.3.f90 -O3 -fomit-frame-pointer -funroll-all-loops -finline-functions (test for excess errors)
FAIL: libgomp.fortran/examples-4/e.50.3.f90 -O3 -g (test for excess errors)
FAIL: libgomp.fortran/examples-4/e.50.3.f90 -Os (test for excess errors)
FAIL: libgomp.fortran/examples-4/e.50.4.f90 -O0 (test for excess errors)
FAIL: libgomp.fortran/examples-4/e.50.4.f90 -O1 (test for excess errors)
FAIL: libgomp.fortran/examples-4/e.50.4.f90 -O2 (test for excess errors)
FAIL: libgomp.fortran/examples-4/e.50.4.f90 -O3 -fomit-frame-pointer (test for excess errors)
FAIL: libgomp.fortran/examples-4/e.50.4.f90 -O3 -fomit-frame-pointer -funroll-loops (test for excess errors)
FAIL: libgomp.fortran/examples-4/e.50.4.f90 -O3 -fomit-frame-pointer -funroll-all-loops -finline-functions (test for excess errors)
FAIL: libgomp.fortran/examples-4/e.50.4.f90 -O3 -g (test for excess errors)
FAIL: libgomp.fortran/examples-4/e.50.4.f90 -Os (test for excess errors)
FAIL: libgomp.fortran/examples-4/e.51.1.f90 -O0 (test for excess errors)
FAIL: libgomp.fortran/examples-4/e.51.1.f90 -O1 (test for excess errors)
FAIL: libgomp.fortran/examples-4/e.51.1.f90 -O2 (test for excess errors)
FAIL: libgomp.fortran/examples-4/e.51.1.f90 -O3 -fomit-frame-pointer (test for excess errors)
FAIL: libgomp.fortran/examples-4/e.51.1.f90 -O3 -fomit-frame-pointer -funroll-loops (test for excess errors)
FAIL: libgomp.fortran/examples-4/e.51.1.f90 -O3 -fomit-frame-pointer -funroll-all-loops -finline-functions (test for excess errors)
FAIL: libgomp.fortran/examples-4/e.51.1.f90 -O3 -g (test for excess errors)
FAIL: libgomp.fortran/examples-4/e.51.1.f90 -Os (test for excess errors)
FAIL: libgomp.fortran/examples-4/e.51.2.f90 -O0 (test for excess errors)
FAIL: libgomp.fortran/examples-4/e.51.2.f90 -O1 (test for excess errors)
FAIL: libgomp.fortran/examples-4/e.51.2.f90 -O2 (test for excess errors)
FAIL: libgomp.fortran/examples-4/e.51.2.f90 -O3 -fomit-frame-pointer (test for excess errors)
FAIL: libgomp.fortran/examples-4/e.51.2.f90 -O3 -fomit-frame-pointer -funroll-loops (test for excess errors)
FAIL: libgomp.fortran/examples-4/e.51.2.f90 -O3 -fomit-frame-pointer -funroll-all-loops -finline-functions (test for excess errors)
FAIL: libgomp.fortran/examples-4/e.51.2.f90 -O3 -g (test for excess errors)
FAIL: libgomp.fortran/examples-4/e.51.2.f90 -Os (test for excess errors)
FAIL: libgomp.fortran/examples-4/e.51.3.f90 -O0 (test for excess errors)
FAIL: libgomp.fortran/examples-4/e.51.3.f90 -O1 (test for excess errors)
FAIL: libgomp.fortran/examples-4/e.51.3.f90 -O2 (test for excess errors)
FAIL: libgomp.fortran/examples-4/e.51.3.f90 -O3 -fomit-frame-pointer (test for excess errors)
FAIL: libgomp.fortran/examples-4/e.51.3.f90 -O3 -fomit-frame-pointer -funroll-loops (test for excess errors)
FAIL: libgomp.fortran/examples-4/e.51.3.f90 -O3 -fomit-frame-pointer -funroll-all-loops -finline-functions (test for excess errors)
FAIL: libgomp.fortran/examples-4/e.51.3.f90 -O3 -g (test for excess errors)
FAIL: libgomp.fortran/examples-4/e.51.3.f90 -Os (test for excess errors)
FAIL: libgomp.fortran/examples-4/e.51.4.f90 -O0 (test for excess errors)
FAIL: libgomp.fortran/examples-4/e.51.4.f90 -O1 (test for excess errors)
FAIL: libgomp.fortran/examples-4/e.51.4.f90 -O2 (test for excess errors)
FAIL: libgomp.fortran/examples-4/e.51.4.f90 -O3 -fomit-frame-pointer (test for excess errors)
FAIL: libgomp.fortran/examples-4/e.51.4.f90 -O3 -fomit-frame-pointer -funroll-loops (test for excess errors)
FAIL: libgomp.fortran/examples-4/e.51.4.f90 -O3 -fomit-frame-pointer -funroll-all-loops -finline-functions (test for excess errors)
FAIL: libgomp.fortran/examples-4/e.51.4.f90 -O3 -g (test for excess errors)
FAIL: libgomp.fortran/examples-4/e.51.4.f90 -Os (test for excess errors)
FAIL: libgomp.fortran/examples-4/e.51.5.f90 -O0 (test for excess errors)
FAIL: libgomp.fortran/examples-4/e.51.5.f90 -O1 (test for excess errors)
FAIL: libgomp.fortran/examples-4/e.51.5.f90 -O2 (test for excess errors)
FAIL: libgomp.fortran/examples-4/e.51.5.f90 -O3 -fomit-frame-pointer (test for excess errors)
FAIL: libgomp.fortran/examples-4/e.51.5.f90 -O3 -fomit-frame-pointer -funroll-loops (test for excess errors)
FAIL: libgomp.fortran/examples-4/e.51.5.f90 -O3 -fomit-frame-pointer -funroll-all-loops -finline-functions (test for excess errors)
FAIL: libgomp.fortran/examples-4/e.51.5.f90 -O3 -g (test for excess errors)
FAIL: libgomp.fortran/examples-4/e.51.5.f90 -Os (test for excess errors)
FAIL: libgomp.fortran/examples-4/e.52.1.f90 -O0 (test for excess errors)
FAIL: libgomp.fortran/examples-4/e.52.1.f90 -O1 (test for excess errors)
FAIL: libgomp.fortran/examples-4/e.52.1.f90 -O2 (test for excess errors)
FAIL: libgomp.fortran/examples-4/e.52.1.f90 -O3 -fomit-frame-pointer (test for excess errors)
FAIL: libgomp.fortran/examples-4/e.52.1.f90 -O3 -fomit-frame-pointer -funroll-loops (test for excess errors)
FAIL: libgomp.fortran/examples-4/e.52.1.f90 -O3 -fomit-frame-pointer -funroll-all-loops -finline-functions (test for excess errors)
FAIL: libgomp.fortran/examples-4/e.52.1.f90 -O3 -g (test for excess errors)
FAIL: libgomp.fortran/examples-4/e.52.1.f90 -Os (test for excess errors)
FAIL: libgomp.fortran/examples-4/e.52.2.f90 -O0 (test for excess errors)
FAIL: libgomp.fortran/examples-4/e.52.2.f90 -O1 (test for excess errors)
FAIL: libgomp.fortran/examples-4/e.52.2.f90 -O2 (test for excess errors)
FAIL: libgomp.fortran/examples-4/e.52.2.f90 -O3 -fomit-frame-pointer (test for excess errors)
FAIL: libgomp.fortran/examples-4/e.52.2.f90 -O3 -fomit-frame-pointer -funroll-loops (test for excess errors)
FAIL: libgomp.fortran/examples-4/e.52.2.f90 -O3 -fomit-frame-pointer -funroll-all-loops -finline-functions (test for excess errors)
FAIL: libgomp.fortran/examples-4/e.52.2.f90 -O3 -g (test for excess errors)
FAIL: libgomp.fortran/examples-4/e.52.2.f90 -Os (test for excess errors)
FAIL: libgomp.fortran/examples-4/e.53.1.f90 -O0 (test for excess errors)
FAIL: libgomp.fortran/examples-4/e.53.1.f90 -O1 (test for excess errors)
FAIL: libgomp.fortran/examples-4/e.53.1.f90 -O2 (test for excess errors)
FAIL: libgomp.fortran/examples-4/e.53.1.f90 -O3 -fomit-frame-pointer (test for excess errors)
FAIL: libgomp.fortran/examples-4/e.53.1.f90 -O3 -fomit-frame-pointer -funroll-loops (test for excess errors)
FAIL: libgomp.fortran/examples-4/e.53.1.f90 -O3 -fomit-frame-pointer -funroll-all-loops -finline-functions (test for excess errors)
FAIL: libgomp.fortran/examples-4/e.53.1.f90 -O3 -g (test for excess errors)
FAIL: libgomp.fortran/examples-4/e.53.1.f90 -Os (test for excess errors)
FAIL: libgomp.fortran/examples-4/e.53.2.f90 -O0 (test for excess errors)
FAIL: libgomp.fortran/examples-4/e.53.2.f90 -O1 (test for excess errors)
FAIL: libgomp.fortran/examples-4/e.53.2.f90 -O2 (test for excess errors)
FAIL: libgomp.fortran/examples-4/e.53.2.f90 -O3 -fomit-frame-pointer (test for excess errors)
FAIL: libgomp.fortran/examples-4/e.53.2.f90 -O3 -fomit-frame-pointer -funroll-loops (test for excess errors)
FAIL: libgomp.fortran/examples-4/e.53.2.f90 -O3 -fomit-frame-pointer -funroll-all-loops -finline-functions (test for excess errors)
FAIL: libgomp.fortran/examples-4/e.53.2.f90 -O3 -g (test for excess errors)
FAIL: libgomp.fortran/examples-4/e.53.2.f90 -Os (test for excess errors)
FAIL: libgomp.fortran/examples-4/e.53.3.f90 -O0 (test for excess errors)
FAIL: libgomp.fortran/examples-4/e.53.3.f90 -O1 (test for excess errors)
FAIL: libgomp.fortran/examples-4/e.53.3.f90 -O2 (test for excess errors)
FAIL: libgomp.fortran/examples-4/e.53.3.f90 -O3 -fomit-frame-pointer (test for excess errors)
FAIL: libgomp.fortran/examples-4/e.53.3.f90 -O3 -fomit-frame-pointer -funroll-loops (test for excess errors)
FAIL: libgomp.fortran/examples-4/e.53.3.f90 -O3 -fomit-frame-pointer -funroll-all-loops -finline-functions (test for excess errors)
FAIL: libgomp.fortran/examples-4/e.53.3.f90 -O3 -g (test for excess errors)
FAIL: libgomp.fortran/examples-4/e.53.3.f90 -Os (test for excess errors)
FAIL: libgomp.fortran/examples-4/e.53.4.f90 -O0 (test for excess errors)
FAIL: libgomp.fortran/examples-4/e.53.4.f90 -O1 (test for excess errors)
FAIL: libgomp.fortran/examples-4/e.53.4.f90 -O2 (test for excess errors)
FAIL: libgomp.fortran/examples-4/e.53.4.f90 -O3 -fomit-frame-pointer (test for excess errors)
FAIL: libgomp.fortran/examples-4/e.53.4.f90 -O3 -fomit-frame-pointer -funroll-loops (test for excess errors)
FAIL: libgomp.fortran/examples-4/e.53.4.f90 -O3 -fomit-frame-pointer -funroll-all-loops -finline-functions (test for excess errors)
FAIL: libgomp.fortran/examples-4/e.53.4.f90 -O3 -g (test for excess errors)
FAIL: libgomp.fortran/examples-4/e.53.4.f90 -Os (test for excess errors)
FAIL: libgomp.fortran/examples-4/e.53.5.f90 -O0 (test for excess errors)
FAIL: libgomp.fortran/examples-4/e.53.5.f90 -O1 (test for excess errors)
FAIL: libgomp.fortran/examples-4/e.53.5.f90 -O2 (test for excess errors)
FAIL: libgomp.fortran/examples-4/e.53.5.f90 -O3 -fomit-frame-pointer (test for excess errors)
FAIL: libgomp.fortran/examples-4/e.53.5.f90 -O3 -fomit-frame-pointer -funroll-loops (test for excess errors)
FAIL: libgomp.fortran/examples-4/e.53.5.f90 -O3 -fomit-frame-pointer -funroll-all-loops -finline-functions (test for excess errors)
FAIL: libgomp.fortran/examples-4/e.53.5.f90 -O3 -g (test for excess errors)
FAIL: libgomp.fortran/examples-4/e.53.5.f90 -Os (test for excess errors)
FAIL: libgomp.fortran/examples-4/e.54.2.f90 -O0 (test for excess errors)
FAIL: libgomp.fortran/examples-4/e.54.2.f90 -O1 (test for excess errors)
FAIL: libgomp.fortran/examples-4/e.54.2.f90 -O2 (test for excess errors)
FAIL: libgomp.fortran/examples-4/e.54.2.f90 -O3 -fomit-frame-pointer (test for excess errors)
FAIL: libgomp.fortran/examples-4/e.54.2.f90 -O3 -fomit-frame-pointer -funroll-loops (test for excess errors)
FAIL: libgomp.fortran/examples-4/e.54.2.f90 -O3 -fomit-frame-pointer -funroll-all-loops -finline-functions (test for excess errors)
FAIL: libgomp.fortran/examples-4/e.54.2.f90 -O3 -g (test for excess errors)
FAIL: libgomp.fortran/examples-4/e.54.2.f90 -Os (test for excess errors)
FAIL: libgomp.fortran/examples-4/e.54.3.f90 -O0 (test for excess errors)
FAIL: libgomp.fortran/examples-4/e.54.3.f90 -O1 (test for excess errors)
FAIL: libgomp.fortran/examples-4/e.54.3.f90 -O2 (test for excess errors)
FAIL: libgomp.fortran/examples-4/e.54.3.f90 -O3 -fomit-frame-pointer (test for excess errors)
FAIL: libgomp.fortran/examples-4/e.54.3.f90 -O3 -fomit-frame-pointer -funroll-loops (test for excess errors)
FAIL: libgomp.fortran/examples-4/e.54.3.f90 -O3 -fomit-frame-pointer -funroll-all-loops -finline-functions (test for excess errors)
FAIL: libgomp.fortran/examples-4/e.54.3.f90 -O3 -g (test for excess errors)
FAIL: libgomp.fortran/examples-4/e.54.3.f90 -Os (test for excess errors)
FAIL: libgomp.fortran/examples-4/e.54.4.f90 -O0 (test for excess errors)
FAIL: libgomp.fortran/examples-4/e.54.4.f90 -O1 (test for excess errors)
FAIL: libgomp.fortran/examples-4/e.54.4.f90 -O2 (test for excess errors)
FAIL: libgomp.fortran/examples-4/e.54.4.f90 -O3 -fomit-frame-pointer (test for excess errors)
FAIL: libgomp.fortran/examples-4/e.54.4.f90 -O3 -fomit-frame-pointer -funroll-loops (test for excess errors)
FAIL: libgomp.fortran/examples-4/e.54.4.f90 -O3 -fomit-frame-pointer -funroll-all-loops -finline-functions (test for excess errors)
FAIL: libgomp.fortran/examples-4/e.54.4.f90 -O3 -g (test for excess errors)
FAIL: libgomp.fortran/examples-4/e.54.4.f90 -Os (test for excess errors)
FAIL: libgomp.fortran/examples-4/e.54.5.f90 -O0 (test for excess errors)
FAIL: libgomp.fortran/examples-4/e.54.5.f90 -O1 (test for excess errors)
FAIL: libgomp.fortran/examples-4/e.54.5.f90 -O2 (test for excess errors)
FAIL: libgomp.fortran/examples-4/e.54.5.f90 -O3 -fomit-frame-pointer (test for excess errors)
FAIL: libgomp.fortran/examples-4/e.54.5.f90 -O3 -fomit-frame-pointer -funroll-loops (test for excess errors)
FAIL: libgomp.fortran/examples-4/e.54.5.f90 -O3 -fomit-frame-pointer -funroll-all-loops -finline-functions (test for excess errors)
FAIL: libgomp.fortran/examples-4/e.54.5.f90 -O3 -g (test for excess errors)
FAIL: libgomp.fortran/examples-4/e.54.5.f90 -Os (test for excess errors)
FAIL: libgomp.fortran/examples-4/e.54.6.f90 -O0 (test for excess errors)
FAIL: libgomp.fortran/examples-4/e.54.6.f90 -O1 (test for excess errors)
FAIL: libgomp.fortran/examples-4/e.54.6.f90 -O2 (test for excess errors)
FAIL: libgomp.fortran/examples-4/e.54.6.f90 -O3 -fomit-frame-pointer (test for excess errors)
FAIL: libgomp.fortran/examples-4/e.54.6.f90 -O3 -fomit-frame-pointer -funroll-loops (test for excess errors)
FAIL: libgomp.fortran/examples-4/e.54.6.f90 -O3 -fomit-frame-pointer -funroll-all-loops -finline-functions (test for excess errors)
FAIL: libgomp.fortran/examples-4/e.54.6.f90 -O3 -g (test for excess errors)
FAIL: libgomp.fortran/examples-4/e.54.6.f90 -Os (test for excess errors)
FAIL: libgomp.fortran/examples-4/e.55.1.f90 -O0 (test for excess errors)
FAIL: libgomp.fortran/examples-4/e.55.1.f90 -O1 (test for excess errors)
FAIL: libgomp.fortran/examples-4/e.55.1.f90 -O2 (test for excess errors)
FAIL: libgomp.fortran/examples-4/e.55.1.f90 -O3 -fomit-frame-pointer (test for excess errors)
FAIL: libgomp.fortran/examples-4/e.55.1.f90 -O3 -fomit-frame-pointer -funroll-loops (test for excess errors)
FAIL: libgomp.fortran/examples-4/e.55.1.f90 -O3 -fomit-frame-pointer -funroll-all-loops -finline-functions (test for excess errors)
FAIL: libgomp.fortran/examples-4/e.55.1.f90 -O3 -g (test for excess errors)
FAIL: libgomp.fortran/examples-4/e.55.1.f90 -Os (test for excess errors)
FAIL: libgomp.fortran/examples-4/e.56.3.f90 -O0 (test for excess errors)
FAIL: libgomp.fortran/examples-4/e.56.3.f90 -O1 (test for excess errors)
FAIL: libgomp.fortran/examples-4/e.56.3.f90 -O2 (test for excess errors)
FAIL: libgomp.fortran/examples-4/e.56.3.f90 -O3 -fomit-frame-pointer (test for excess errors)
FAIL: libgomp.fortran/examples-4/e.56.3.f90 -O3 -fomit-frame-pointer -funroll-loops (test for excess errors)
FAIL: libgomp.fortran/examples-4/e.56.3.f90 -O3 -fomit-frame-pointer -funroll-all-loops -finline-functions (test for excess errors)
FAIL: libgomp.fortran/examples-4/e.56.3.f90 -O3 -g (test for excess errors)
FAIL: libgomp.fortran/examples-4/e.56.3.f90 -Os (test for excess errors)
FAIL: libgomp.fortran/examples-4/e.56.4.f90 -O0 (test for excess errors)
FAIL: libgomp.fortran/examples-4/e.56.4.f90 -O1 (test for excess errors)
FAIL: libgomp.fortran/examples-4/e.56.4.f90 -O2 (test for excess errors)
FAIL: libgomp.fortran/examples-4/e.56.4.f90 -O3 -fomit-frame-pointer (test for excess errors)
FAIL: libgomp.fortran/examples-4/e.56.4.f90 -O3 -fomit-frame-pointer -funroll-loops (test for excess errors)
FAIL: libgomp.fortran/examples-4/e.56.4.f90 -O3 -fomit-frame-pointer -funroll-all-loops -finline-functions (test for excess errors)
FAIL: libgomp.fortran/examples-4/e.56.4.f90 -O3 -g (test for excess errors)
FAIL: libgomp.fortran/examples-4/e.56.4.f90 -Os (test for excess errors)
FAIL: libgomp.fortran/nestedfn5.f90 -O0 (test for excess errors)
FAIL: libgomp.fortran/nestedfn5.f90 -O1 (test for excess errors)
FAIL: libgomp.fortran/nestedfn5.f90 -O2 (test for excess errors)
FAIL: libgomp.fortran/nestedfn5.f90 -O3 -fomit-frame-pointer (test for excess errors)
FAIL: libgomp.fortran/nestedfn5.f90 -O3 -fomit-frame-pointer -funroll-loops (test for excess errors)
FAIL: libgomp.fortran/nestedfn5.f90 -O3 -fomit-frame-pointer -funroll-all-loops -finline-functions (test for excess errors)
FAIL: libgomp.fortran/nestedfn5.f90 -O3 -g (test for excess errors)
FAIL: libgomp.fortran/nestedfn5.f90 -Os (test for excess errors)
FAIL: libgomp.fortran/target1.f90 -O0 (test for excess errors)
FAIL: libgomp.fortran/target1.f90 -O1 (test for excess errors)
FAIL: libgomp.fortran/target1.f90 -O2 (test for excess errors)
FAIL: libgomp.fortran/target1.f90 -O3 -fomit-frame-pointer (test for excess errors)
FAIL: libgomp.fortran/target1.f90 -O3 -fomit-frame-pointer -funroll-loops (test for excess errors)
FAIL: libgomp.fortran/target1.f90 -O3 -fomit-frame-pointer -funroll-all-loops -finline-functions (test for excess errors)
FAIL: libgomp.fortran/target1.f90 -O3 -g (test for excess errors)
FAIL: libgomp.fortran/target1.f90 -Os (test for excess errors)
FAIL: libgomp.fortran/target2.f90 -O0 (test for excess errors)
FAIL: libgomp.fortran/target2.f90 -O1 (test for excess errors)
FAIL: libgomp.fortran/target2.f90 -O2 (test for excess errors)
FAIL: libgomp.fortran/target2.f90 -O3 -fomit-frame-pointer (test for excess errors)
FAIL: libgomp.fortran/target2.f90 -O3 -fomit-frame-pointer -funroll-loops (test for excess errors)
FAIL: libgomp.fortran/target2.f90 -O3 -fomit-frame-pointer -funroll-all-loops -finline-functions (test for excess errors)
FAIL: libgomp.fortran/target2.f90 -O3 -g (test for excess errors)
FAIL: libgomp.fortran/target2.f90 -Os (test for excess errors)
FAIL: libgomp.fortran/target3.f90 -O0 (test for excess errors)
FAIL: libgomp.fortran/target3.f90 -O1 (test for excess errors)
FAIL: libgomp.fortran/target3.f90 -O2 (test for excess errors)
FAIL: libgomp.fortran/target3.f90 -O3 -fomit-frame-pointer (test for excess errors)
FAIL: libgomp.fortran/target3.f90 -O3 -fomit-frame-pointer -funroll-loops (test for excess errors)
FAIL: libgomp.fortran/target3.f90 -O3 -fomit-frame-pointer -funroll-all-loops -finline-functions (test for excess errors)
FAIL: libgomp.fortran/target3.f90 -O3 -g (test for excess errors)
FAIL: libgomp.fortran/target3.f90 -Os (test for excess errors)
FAIL: libgomp.fortran/target4.f90 -O0 (test for excess errors)
FAIL: libgomp.fortran/target4.f90 -O1 (test for excess errors)
FAIL: libgomp.fortran/target4.f90 -O2 (test for excess errors)
FAIL: libgomp.fortran/target4.f90 -O3 -fomit-frame-pointer (test for excess errors)
FAIL: libgomp.fortran/target4.f90 -O3 -fomit-frame-pointer -funroll-loops (test for excess errors)
FAIL: libgomp.fortran/target4.f90 -O3 -fomit-frame-pointer -funroll-all-loops -finline-functions (test for excess errors)
FAIL: libgomp.fortran/target4.f90 -O3 -g (test for excess errors)
FAIL: libgomp.fortran/target4.f90 -Os (test for excess errors)
FAIL: libgomp.fortran/target6.f90 -O0 (test for excess errors)
FAIL: libgomp.fortran/target6.f90 -O1 (test for excess errors)
FAIL: libgomp.fortran/target6.f90 -O2 (test for excess errors)
FAIL: libgomp.fortran/target6.f90 -O3 -fomit-frame-pointer (test for excess errors)
FAIL: libgomp.fortran/target6.f90 -O3 -fomit-frame-pointer -funroll-loops (test for excess errors)
FAIL: libgomp.fortran/target6.f90 -O3 -fomit-frame-pointer -funroll-all-loops -finline-functions (test for excess errors)
FAIL: libgomp.fortran/target6.f90 -O3 -g (test for excess errors)
FAIL: libgomp.fortran/target6.f90 -Os (test for excess errors)
FAIL: libgomp.fortran/target7.f90 -O0 (test for excess errors)
FAIL: libgomp.fortran/target7.f90 -O1 (test for excess errors)
FAIL: libgomp.fortran/target7.f90 -O2 (test for excess errors)
FAIL: libgomp.fortran/target7.f90 -O3 -fomit-frame-pointer (test for excess errors)
FAIL: libgomp.fortran/target7.f90 -O3 -fomit-frame-pointer -funroll-loops (test for excess errors)
FAIL: libgomp.fortran/target7.f90 -O3 -fomit-frame-pointer -funroll-all-loops -finline-functions (test for excess errors)
FAIL: libgomp.fortran/target7.f90 -O3 -g (test for excess errors)
FAIL: libgomp.fortran/target7.f90 -Os (test for excess errors)
FAIL: libgomp.fortran/target8.f90 -O0 (test for excess errors)
FAIL: libgomp.fortran/target8.f90 -O1 (test for excess errors)
FAIL: libgomp.fortran/target8.f90 -O2 (test for excess errors)
FAIL: libgomp.fortran/target8.f90 -O3 -fomit-frame-pointer (test for excess errors)
FAIL: libgomp.fortran/target8.f90 -O3 -fomit-frame-pointer -funroll-loops (test for excess errors)
FAIL: libgomp.fortran/target8.f90 -O3 -fomit-frame-pointer -funroll-all-loops -finline-functions (test for excess errors)
FAIL: libgomp.fortran/target8.f90 -O3 -g (test for excess errors)
FAIL: libgomp.fortran/target8.f90 -Os (test for excess errors)
WARNING: program timed out.
FAIL: libgomp.graphite/force-parallel-6.c execution test
=== libgomp Summary for unix ===
# of expected passes 3381
# of unexpected failures 296
# of unsupported tests 100
Running target unix/-mabi=64
FAIL: libgomp.c/examples-4/e.50.1.c (test for excess errors)
FAIL: libgomp.c/examples-4/e.50.2.c (test for excess errors)
FAIL: libgomp.c/examples-4/e.50.3.c (test for excess errors)
FAIL: libgomp.c/examples-4/e.50.4.c (test for excess errors)
FAIL: libgomp.c/examples-4/e.51.1.c (test for excess errors)
FAIL: libgomp.c/examples-4/e.51.2.c (test for excess errors)
FAIL: libgomp.c/examples-4/e.51.3.c (test for excess errors)
FAIL: libgomp.c/examples-4/e.51.4.c (test for excess errors)
FAIL: libgomp.c/examples-4/e.52.1.c (test for excess errors)
FAIL: libgomp.c/examples-4/e.52.2.c (test for excess errors)
FAIL: libgomp.c/examples-4/e.53.1.c (test for excess errors)
FAIL: libgomp.c/examples-4/e.53.3.c (test for excess errors)
FAIL: libgomp.c/examples-4/e.53.4.c (test for excess errors)
FAIL: libgomp.c/examples-4/e.53.5.c (test for excess errors)
FAIL: libgomp.c/examples-4/e.54.2.c (test for excess errors)
FAIL: libgomp.c/examples-4/e.54.3.c (test for excess errors)
FAIL: libgomp.c/examples-4/e.54.4.c (test for excess errors)
FAIL: libgomp.c/examples-4/e.54.5.c (test for excess errors)
FAIL: libgomp.c/examples-4/e.54.6.c (test for excess errors)
FAIL: libgomp.c/examples-4/e.55.1.c (test for excess errors)
FAIL: libgomp.c/examples-4/e.56.3.c (test for excess errors)
FAIL: libgomp.c/examples-4/e.56.4.c (test for excess errors)
FAIL: libgomp.c/for-3.c (test for excess errors)
FAIL: libgomp.c/target-1.c (test for excess errors)
FAIL: libgomp.c/target-2.c (test for excess errors)
FAIL: libgomp.c/target-3.c (test for excess errors)
FAIL: libgomp.c/target-4.c (test for excess errors)
FAIL: libgomp.c/target-5.c (test for excess errors)
FAIL: libgomp.c/target-6.c (test for excess errors)
FAIL: libgomp.c/target-7.c (test for excess errors)
FAIL: libgomp.c/target-8.c (test for excess errors)
FAIL: libgomp.c/thread-limit-2.c (test for excess errors)
FAIL: libgomp.c/thread-limit-3.c (test for excess errors)
FAIL: libgomp.c++/examples-4/e.51.5.C (test for excess errors)
FAIL: libgomp.c++/for-11.C (test for excess errors)
FAIL: libgomp.c++/pr63248.C (test for excess errors)
FAIL: libgomp.c++/target-1.C (test for excess errors)
FAIL: libgomp.c++/target-2.C (test for excess errors)
FAIL: libgomp.c++/target-3.C (test for excess errors)
FAIL: libgomp.fortran/examples-4/e.50.1.f90 -O0 (test for excess errors)
FAIL: libgomp.fortran/examples-4/e.50.1.f90 -O1 (test for excess errors)
FAIL: libgomp.fortran/examples-4/e.50.1.f90 -O2 (test for excess errors)
FAIL: libgomp.fortran/examples-4/e.50.1.f90 -O3 -fomit-frame-pointer (test for excess errors)
FAIL: libgomp.fortran/examples-4/e.50.1.f90 -O3 -fomit-frame-pointer -funroll-loops (test for excess errors)
FAIL: libgomp.fortran/examples-4/e.50.1.f90 -O3 -fomit-frame-pointer -funroll-all-loops -finline-functions (test for excess errors)
FAIL: libgomp.fortran/examples-4/e.50.1.f90 -O3 -g (test for excess errors)
FAIL: libgomp.fortran/examples-4/e.50.1.f90 -Os (test for excess errors)
FAIL: libgomp.fortran/examples-4/e.50.2.f90 -O0 (test for excess errors)
FAIL: libgomp.fortran/examples-4/e.50.2.f90 -O1 (test for excess errors)
FAIL: libgomp.fortran/examples-4/e.50.2.f90 -O2 (test for excess errors)
FAIL: libgomp.fortran/examples-4/e.50.2.f90 -O3 -fomit-frame-pointer (test for excess errors)
FAIL: libgomp.fortran/examples-4/e.50.2.f90 -O3 -fomit-frame-pointer -funroll-loops (test for excess errors)
FAIL: libgomp.fortran/examples-4/e.50.2.f90 -O3 -fomit-frame-pointer -funroll-all-loops -finline-functions (test for excess errors)
FAIL: libgomp.fortran/examples-4/e.50.2.f90 -O3 -g (test for excess errors)
FAIL: libgomp.fortran/examples-4/e.50.2.f90 -Os (test for excess errors)
FAIL: libgomp.fortran/examples-4/e.50.3.f90 -O0 (test for excess errors)
FAIL: libgomp.fortran/examples-4/e.50.3.f90 -O1 (test for excess errors)
FAIL: libgomp.fortran/examples-4/e.50.3.f90 -O2 (test for excess errors)
FAIL: libgomp.fortran/examples-4/e.50.3.f90 -O3 -fomit-frame-pointer (test for excess errors)
FAIL: libgomp.fortran/examples-4/e.50.3.f90 -O3 -fomit-frame-pointer -funroll-loops (test for excess errors)
FAIL: libgomp.fortran/examples-4/e.50.3.f90 -O3 -fomit-frame-pointer -funroll-all-loops -finline-functions (test for excess errors)
FAIL: libgomp.fortran/examples-4/e.50.3.f90 -O3 -g (test for excess errors)
FAIL: libgomp.fortran/examples-4/e.50.3.f90 -Os (test for excess errors)
FAIL: libgomp.fortran/examples-4/e.50.4.f90 -O0 (test for excess errors)
FAIL: libgomp.fortran/examples-4/e.50.4.f90 -O1 (test for excess errors)
FAIL: libgomp.fortran/examples-4/e.50.4.f90 -O2 (test for excess errors)
FAIL: libgomp.fortran/examples-4/e.50.4.f90 -O3 -fomit-frame-pointer (test for excess errors)
FAIL: libgomp.fortran/examples-4/e.50.4.f90 -O3 -fomit-frame-pointer -funroll-loops (test for excess errors)
FAIL: libgomp.fortran/examples-4/e.50.4.f90 -O3 -fomit-frame-pointer -funroll-all-loops -finline-functions (test for excess errors)
FAIL: libgomp.fortran/examples-4/e.50.4.f90 -O3 -g (test for excess errors)
FAIL: libgomp.fortran/examples-4/e.50.4.f90 -Os (test for excess errors)
FAIL: libgomp.fortran/examples-4/e.51.1.f90 -O0 (test for excess errors)
FAIL: libgomp.fortran/examples-4/e.51.1.f90 -O1 (test for excess errors)
FAIL: libgomp.fortran/examples-4/e.51.1.f90 -O2 (test for excess errors)
FAIL: libgomp.fortran/examples-4/e.51.1.f90 -O3 -fomit-frame-pointer (test for excess errors)
FAIL: libgomp.fortran/examples-4/e.51.1.f90 -O3 -fomit-frame-pointer -funroll-loops (test for excess errors)
FAIL: libgomp.fortran/examples-4/e.51.1.f90 -O3 -fomit-frame-pointer -funroll-all-loops -finline-functions (test for excess errors)
FAIL: libgomp.fortran/examples-4/e.51.1.f90 -O3 -g (test for excess errors)
FAIL: libgomp.fortran/examples-4/e.51.1.f90 -Os (test for excess errors)
FAIL: libgomp.fortran/examples-4/e.51.2.f90 -O0 (test for excess errors)
FAIL: libgomp.fortran/examples-4/e.51.2.f90 -O1 (test for excess errors)
FAIL: libgomp.fortran/examples-4/e.51.2.f90 -O2 (test for excess errors)
FAIL: libgomp.fortran/examples-4/e.51.2.f90 -O3 -fomit-frame-pointer (test for excess errors)
FAIL: libgomp.fortran/examples-4/e.51.2.f90 -O3 -fomit-frame-pointer -funroll-loops (test for excess errors)
FAIL: libgomp.fortran/examples-4/e.51.2.f90 -O3 -fomit-frame-pointer -funroll-all-loops -finline-functions (test for excess errors)
FAIL: libgomp.fortran/examples-4/e.51.2.f90 -O3 -g (test for excess errors)
FAIL: libgomp.fortran/examples-4/e.51.2.f90 -Os (test for excess errors)
FAIL: libgomp.fortran/examples-4/e.51.3.f90 -O0 (test for excess errors)
FAIL: libgomp.fortran/examples-4/e.51.3.f90 -O1 (test for excess errors)
FAIL: libgomp.fortran/examples-4/e.51.3.f90 -O2 (test for excess errors)
FAIL: libgomp.fortran/examples-4/e.51.3.f90 -O3 -fomit-frame-pointer (test for excess errors)
FAIL: libgomp.fortran/examples-4/e.51.3.f90 -O3 -fomit-frame-pointer -funroll-loops (test for excess errors)
FAIL: libgomp.fortran/examples-4/e.51.3.f90 -O3 -fomit-frame-pointer -funroll-all-loops -finline-functions (test for excess errors)
FAIL: libgomp.fortran/examples-4/e.51.3.f90 -O3 -g (test for excess errors)
FAIL: libgomp.fortran/examples-4/e.51.3.f90 -Os (test for excess errors)
FAIL: libgomp.fortran/examples-4/e.51.4.f90 -O0 (test for excess errors)
FAIL: libgomp.fortran/examples-4/e.51.4.f90 -O1 (test for excess errors)
FAIL: libgomp.fortran/examples-4/e.51.4.f90 -O2 (test for excess errors)
FAIL: libgomp.fortran/examples-4/e.51.4.f90 -O3 -fomit-frame-pointer (test for excess errors)
FAIL: libgomp.fortran/examples-4/e.51.4.f90 -O3 -fomit-frame-pointer -funroll-loops (test for excess errors)
FAIL: libgomp.fortran/examples-4/e.51.4.f90 -O3 -fomit-frame-pointer -funroll-all-loops -finline-functions (test for excess errors)
FAIL: libgomp.fortran/examples-4/e.51.4.f90 -O3 -g (test for excess errors)
FAIL: libgomp.fortran/examples-4/e.51.4.f90 -Os (test for excess errors)
FAIL: libgomp.fortran/examples-4/e.51.5.f90 -O0 (test for excess errors)
FAIL: libgomp.fortran/examples-4/e.51.5.f90 -O1 (test for excess errors)
FAIL: libgomp.fortran/examples-4/e.51.5.f90 -O2 (test for excess errors)
FAIL: libgomp.fortran/examples-4/e.51.5.f90 -O3 -fomit-frame-pointer (test for excess errors)
FAIL: libgomp.fortran/examples-4/e.51.5.f90 -O3 -fomit-frame-pointer -funroll-loops (test for excess errors)
FAIL: libgomp.fortran/examples-4/e.51.5.f90 -O3 -fomit-frame-pointer -funroll-all-loops -finline-functions (test for excess errors)
FAIL: libgomp.fortran/examples-4/e.51.5.f90 -O3 -g (test for excess errors)
FAIL: libgomp.fortran/examples-4/e.51.5.f90 -Os (test for excess errors)
FAIL: libgomp.fortran/examples-4/e.52.1.f90 -O0 (test for excess errors)
FAIL: libgomp.fortran/examples-4/e.52.1.f90 -O1 (test for excess errors)
FAIL: libgomp.fortran/examples-4/e.52.1.f90 -O2 (test for excess errors)
FAIL: libgomp.fortran/examples-4/e.52.1.f90 -O3 -fomit-frame-pointer (test for excess errors)
FAIL: libgomp.fortran/examples-4/e.52.1.f90 -O3 -fomit-frame-pointer -funroll-loops (test for excess errors)
FAIL: libgomp.fortran/examples-4/e.52.1.f90 -O3 -fomit-frame-pointer -funroll-all-loops -finline-functions (test for excess errors)
FAIL: libgomp.fortran/examples-4/e.52.1.f90 -O3 -g (test for excess errors)
FAIL: libgomp.fortran/examples-4/e.52.1.f90 -Os (test for excess errors)
FAIL: libgomp.fortran/examples-4/e.52.2.f90 -O0 (test for excess errors)
FAIL: libgomp.fortran/examples-4/e.52.2.f90 -O1 (test for excess errors)
FAIL: libgomp.fortran/examples-4/e.52.2.f90 -O2 (test for excess errors)
FAIL: libgomp.fortran/examples-4/e.52.2.f90 -O3 -fomit-frame-pointer (test for excess errors)
FAIL: libgomp.fortran/examples-4/e.52.2.f90 -O3 -fomit-frame-pointer -funroll-loops (test for excess errors)
FAIL: libgomp.fortran/examples-4/e.52.2.f90 -O3 -fomit-frame-pointer -funroll-all-loops -finline-functions (test for excess errors)
FAIL: libgomp.fortran/examples-4/e.52.2.f90 -O3 -g (test for excess errors)
FAIL: libgomp.fortran/examples-4/e.52.2.f90 -Os (test for excess errors)
FAIL: libgomp.fortran/examples-4/e.53.1.f90 -O0 (test for excess errors)
FAIL: libgomp.fortran/examples-4/e.53.1.f90 -O1 (test for excess errors)
FAIL: libgomp.fortran/examples-4/e.53.1.f90 -O2 (test for excess errors)
FAIL: libgomp.fortran/examples-4/e.53.1.f90 -O3 -fomit-frame-pointer (test for excess errors)
FAIL: libgomp.fortran/examples-4/e.53.1.f90 -O3 -fomit-frame-pointer -funroll-loops (test for excess errors)
FAIL: libgomp.fortran/examples-4/e.53.1.f90 -O3 -fomit-frame-pointer -funroll-all-loops -finline-functions (test for excess errors)
FAIL: libgomp.fortran/examples-4/e.53.1.f90 -O3 -g (test for excess errors)
FAIL: libgomp.fortran/examples-4/e.53.1.f90 -Os (test for excess errors)
FAIL: libgomp.fortran/examples-4/e.53.2.f90 -O0 (test for excess errors)
FAIL: libgomp.fortran/examples-4/e.53.2.f90 -O1 (test for excess errors)
FAIL: libgomp.fortran/examples-4/e.53.2.f90 -O2 (test for excess errors)
FAIL: libgomp.fortran/examples-4/e.53.2.f90 -O3 -fomit-frame-pointer (test for excess errors)
FAIL: libgomp.fortran/examples-4/e.53.2.f90 -O3 -fomit-frame-pointer -funroll-loops (test for excess errors)
FAIL: libgomp.fortran/examples-4/e.53.2.f90 -O3 -fomit-frame-pointer -funroll-all-loops -finline-functions (test for excess errors)
FAIL: libgomp.fortran/examples-4/e.53.2.f90 -O3 -g (test for excess errors)
FAIL: libgomp.fortran/examples-4/e.53.2.f90 -Os (test for excess errors)
FAIL: libgomp.fortran/examples-4/e.53.3.f90 -O0 (test for excess errors)
FAIL: libgomp.fortran/examples-4/e.53.3.f90 -O1 (test for excess errors)
FAIL: libgomp.fortran/examples-4/e.53.3.f90 -O2 (test for excess errors)
FAIL: libgomp.fortran/examples-4/e.53.3.f90 -O3 -fomit-frame-pointer (test for excess errors)
FAIL: libgomp.fortran/examples-4/e.53.3.f90 -O3 -fomit-frame-pointer -funroll-loops (test for excess errors)
FAIL: libgomp.fortran/examples-4/e.53.3.f90 -O3 -fomit-frame-pointer -funroll-all-loops -finline-functions (test for excess errors)
FAIL: libgomp.fortran/examples-4/e.53.3.f90 -O3 -g (test for excess errors)
FAIL: libgomp.fortran/examples-4/e.53.3.f90 -Os (test for excess errors)
FAIL: libgomp.fortran/examples-4/e.53.4.f90 -O0 (test for excess errors)
FAIL: libgomp.fortran/examples-4/e.53.4.f90 -O1 (test for excess errors)
FAIL: libgomp.fortran/examples-4/e.53.4.f90 -O2 (test for excess errors)
FAIL: libgomp.fortran/examples-4/e.53.4.f90 -O3 -fomit-frame-pointer (test for excess errors)
FAIL: libgomp.fortran/examples-4/e.53.4.f90 -O3 -fomit-frame-pointer -funroll-loops (test for excess errors)
FAIL: libgomp.fortran/examples-4/e.53.4.f90 -O3 -fomit-frame-pointer -funroll-all-loops -finline-functions (test for excess errors)
FAIL: libgomp.fortran/examples-4/e.53.4.f90 -O3 -g (test for excess errors)
FAIL: libgomp.fortran/examples-4/e.53.4.f90 -Os (test for excess errors)
FAIL: libgomp.fortran/examples-4/e.53.5.f90 -O0 (test for excess errors)
FAIL: libgomp.fortran/examples-4/e.53.5.f90 -O1 (test for excess errors)
FAIL: libgomp.fortran/examples-4/e.53.5.f90 -O2 (test for excess errors)
FAIL: libgomp.fortran/examples-4/e.53.5.f90 -O3 -fomit-frame-pointer (test for excess errors)
FAIL: libgomp.fortran/examples-4/e.53.5.f90 -O3 -fomit-frame-pointer -funroll-loops (test for excess errors)
FAIL: libgomp.fortran/examples-4/e.53.5.f90 -O3 -fomit-frame-pointer -funroll-all-loops -finline-functions (test for excess errors)
FAIL: libgomp.fortran/examples-4/e.53.5.f90 -O3 -g (test for excess errors)
FAIL: libgomp.fortran/examples-4/e.53.5.f90 -Os (test for excess errors)
FAIL: libgomp.fortran/examples-4/e.54.2.f90 -O0 (test for excess errors)
FAIL: libgomp.fortran/examples-4/e.54.2.f90 -O1 (test for excess errors)
FAIL: libgomp.fortran/examples-4/e.54.2.f90 -O2 (test for excess errors)
FAIL: libgomp.fortran/examples-4/e.54.2.f90 -O3 -fomit-frame-pointer (test for excess errors)
FAIL: libgomp.fortran/examples-4/e.54.2.f90 -O3 -fomit-frame-pointer -funroll-loops (test for excess errors)
FAIL: libgomp.fortran/examples-4/e.54.2.f90 -O3 -fomit-frame-pointer -funroll-all-loops -finline-functions (test for excess errors)
FAIL: libgomp.fortran/examples-4/e.54.2.f90 -O3 -g (test for excess errors)
FAIL: libgomp.fortran/examples-4/e.54.2.f90 -Os (test for excess errors)
FAIL: libgomp.fortran/examples-4/e.54.3.f90 -O0 (test for excess errors)
FAIL: libgomp.fortran/examples-4/e.54.3.f90 -O1 (test for excess errors)
FAIL: libgomp.fortran/examples-4/e.54.3.f90 -O2 (test for excess errors)
FAIL: libgomp.fortran/examples-4/e.54.3.f90 -O3 -fomit-frame-pointer (test for excess errors)
FAIL: libgomp.fortran/examples-4/e.54.3.f90 -O3 -fomit-frame-pointer -funroll-loops (test for excess errors)
FAIL: libgomp.fortran/examples-4/e.54.3.f90 -O3 -fomit-frame-pointer -funroll-all-loops -finline-functions (test for excess errors)
FAIL: libgomp.fortran/examples-4/e.54.3.f90 -O3 -g (test for excess errors)
FAIL: libgomp.fortran/examples-4/e.54.3.f90 -Os (test for excess errors)
FAIL: libgomp.fortran/examples-4/e.54.4.f90 -O0 (test for excess errors)
FAIL: libgomp.fortran/examples-4/e.54.4.f90 -O1 (test for excess errors)
FAIL: libgomp.fortran/examples-4/e.54.4.f90 -O2 (test for excess errors)
FAIL: libgomp.fortran/examples-4/e.54.4.f90 -O3 -fomit-frame-pointer (test for excess errors)
FAIL: libgomp.fortran/examples-4/e.54.4.f90 -O3 -fomit-frame-pointer -funroll-loops (test for excess errors)
FAIL: libgomp.fortran/examples-4/e.54.4.f90 -O3 -fomit-frame-pointer -funroll-all-loops -finline-functions (test for excess errors)
FAIL: libgomp.fortran/examples-4/e.54.4.f90 -O3 -g (test for excess errors)
FAIL: libgomp.fortran/examples-4/e.54.4.f90 -Os (test for excess errors)
FAIL: libgomp.fortran/examples-4/e.54.5.f90 -O0 (test for excess errors)
FAIL: libgomp.fortran/examples-4/e.54.5.f90 -O1 (test for excess errors)
FAIL: libgomp.fortran/examples-4/e.54.5.f90 -O2 (test for excess errors)
FAIL: libgomp.fortran/examples-4/e.54.5.f90 -O3 -fomit-frame-pointer (test for excess errors)
FAIL: libgomp.fortran/examples-4/e.54.5.f90 -O3 -fomit-frame-pointer -funroll-loops (test for excess errors)
FAIL: libgomp.fortran/examples-4/e.54.5.f90 -O3 -fomit-frame-pointer -funroll-all-loops -finline-functions (test for excess errors)
FAIL: libgomp.fortran/examples-4/e.54.5.f90 -O3 -g (test for excess errors)
FAIL: libgomp.fortran/examples-4/e.54.5.f90 -Os (test for excess errors)
FAIL: libgomp.fortran/examples-4/e.54.6.f90 -O0 (test for excess errors)
FAIL: libgomp.fortran/examples-4/e.54.6.f90 -O1 (test for excess errors)
FAIL: libgomp.fortran/examples-4/e.54.6.f90 -O2 (test for excess errors)
FAIL: libgomp.fortran/examples-4/e.54.6.f90 -O3 -fomit-frame-pointer (test for excess errors)
FAIL: libgomp.fortran/examples-4/e.54.6.f90 -O3 -fomit-frame-pointer -funroll-loops (test for excess errors)
FAIL: libgomp.fortran/examples-4/e.54.6.f90 -O3 -fomit-frame-pointer -funroll-all-loops -finline-functions (test for excess errors)
FAIL: libgomp.fortran/examples-4/e.54.6.f90 -O3 -g (test for excess errors)
FAIL: libgomp.fortran/examples-4/e.54.6.f90 -Os (test for excess errors)
FAIL: libgomp.fortran/examples-4/e.55.1.f90 -O0 (test for excess errors)
FAIL: libgomp.fortran/examples-4/e.55.1.f90 -O1 (test for excess errors)
FAIL: libgomp.fortran/examples-4/e.55.1.f90 -O2 (test for excess errors)
FAIL: libgomp.fortran/examples-4/e.55.1.f90 -O3 -fomit-frame-pointer (test for excess errors)
FAIL: libgomp.fortran/examples-4/e.55.1.f90 -O3 -fomit-frame-pointer -funroll-loops (test for excess errors)
FAIL: libgomp.fortran/examples-4/e.55.1.f90 -O3 -fomit-frame-pointer -funroll-all-loops -finline-functions (test for excess errors)
FAIL: libgomp.fortran/examples-4/e.55.1.f90 -O3 -g (test for excess errors)
FAIL: libgomp.fortran/examples-4/e.55.1.f90 -Os (test for excess errors)
FAIL: libgomp.fortran/examples-4/e.56.3.f90 -O0 (test for excess errors)
FAIL: libgomp.fortran/examples-4/e.56.3.f90 -O1 (test for excess errors)
FAIL: libgomp.fortran/examples-4/e.56.3.f90 -O2 (test for excess errors)
FAIL: libgomp.fortran/examples-4/e.56.3.f90 -O3 -fomit-frame-pointer (test for excess errors)
FAIL: libgomp.fortran/examples-4/e.56.3.f90 -O3 -fomit-frame-pointer -funroll-loops (test for excess errors)
FAIL: libgomp.fortran/examples-4/e.56.3.f90 -O3 -fomit-frame-pointer -funroll-all-loops -finline-functions (test for excess errors)
FAIL: libgomp.fortran/examples-4/e.56.3.f90 -O3 -g (test for excess errors)
FAIL: libgomp.fortran/examples-4/e.56.3.f90 -Os (test for excess errors)
FAIL: libgomp.fortran/examples-4/e.56.4.f90 -O0 (test for excess errors)
FAIL: libgomp.fortran/examples-4/e.56.4.f90 -O1 (test for excess errors)
FAIL: libgomp.fortran/examples-4/e.56.4.f90 -O2 (test for excess errors)
FAIL: libgomp.fortran/examples-4/e.56.4.f90 -O3 -fomit-frame-pointer (test for excess errors)
FAIL: libgomp.fortran/examples-4/e.56.4.f90 -O3 -fomit-frame-pointer -funroll-loops (test for excess errors)
FAIL: libgomp.fortran/examples-4/e.56.4.f90 -O3 -fomit-frame-pointer -funroll-all-loops -finline-functions (test for excess errors)
FAIL: libgomp.fortran/examples-4/e.56.4.f90 -O3 -g (test for excess errors)
FAIL: libgomp.fortran/examples-4/e.56.4.f90 -Os (test for excess errors)
FAIL: libgomp.fortran/nestedfn5.f90 -O0 (test for excess errors)
FAIL: libgomp.fortran/nestedfn5.f90 -O1 (test for excess errors)
FAIL: libgomp.fortran/nestedfn5.f90 -O2 (test for excess errors)
FAIL: libgomp.fortran/nestedfn5.f90 -O3 -fomit-frame-pointer (test for excess errors)
FAIL: libgomp.fortran/nestedfn5.f90 -O3 -fomit-frame-pointer -funroll-loops (test for excess errors)
FAIL: libgomp.fortran/nestedfn5.f90 -O3 -fomit-frame-pointer -funroll-all-loops -finline-functions (test for excess errors)
FAIL: libgomp.fortran/nestedfn5.f90 -O3 -g (test for excess errors)
FAIL: libgomp.fortran/nestedfn5.f90 -Os (test for excess errors)
FAIL: libgomp.fortran/target1.f90 -O0 (test for excess errors)
FAIL: libgomp.fortran/target1.f90 -O1 (test for excess errors)
FAIL: libgomp.fortran/target1.f90 -O2 (test for excess errors)
FAIL: libgomp.fortran/target1.f90 -O3 -fomit-frame-pointer (test for excess errors)
FAIL: libgomp.fortran/target1.f90 -O3 -fomit-frame-pointer -funroll-loops (test for excess errors)
FAIL: libgomp.fortran/target1.f90 -O3 -fomit-frame-pointer -funroll-all-loops -finline-functions (test for excess errors)
FAIL: libgomp.fortran/target1.f90 -O3 -g (test for excess errors)
FAIL: libgomp.fortran/target1.f90 -Os (test for excess errors)
FAIL: libgomp.fortran/target2.f90 -O0 (test for excess errors)
FAIL: libgomp.fortran/target2.f90 -O1 (test for excess errors)
FAIL: libgomp.fortran/target2.f90 -O2 (test for excess errors)
FAIL: libgomp.fortran/target2.f90 -O3 -fomit-frame-pointer (test for excess errors)
FAIL: libgomp.fortran/target2.f90 -O3 -fomit-frame-pointer -funroll-loops (test for excess errors)
FAIL: libgomp.fortran/target2.f90 -O3 -fomit-frame-pointer -funroll-all-loops -finline-functions (test for excess errors)
FAIL: libgomp.fortran/target2.f90 -O3 -g (test for excess errors)
FAIL: libgomp.fortran/target2.f90 -Os (test for excess errors)
FAIL: libgomp.fortran/target3.f90 -O0 (test for excess errors)
FAIL: libgomp.fortran/target3.f90 -O1 (test for excess errors)
FAIL: libgomp.fortran/target3.f90 -O2 (test for excess errors)
FAIL: libgomp.fortran/target3.f90 -O3 -fomit-frame-pointer (test for excess errors)
FAIL: libgomp.fortran/target3.f90 -O3 -fomit-frame-pointer -funroll-loops (test for excess errors)
FAIL: libgomp.fortran/target3.f90 -O3 -fomit-frame-pointer -funroll-all-loops -finline-functions (test for excess errors)
FAIL: libgomp.fortran/target3.f90 -O3 -g (test for excess errors)
FAIL: libgomp.fortran/target3.f90 -Os (test for excess errors)
FAIL: libgomp.fortran/target4.f90 -O0 (test for excess errors)
FAIL: libgomp.fortran/target4.f90 -O1 (test for excess errors)
FAIL: libgomp.fortran/target4.f90 -O2 (test for excess errors)
FAIL: libgomp.fortran/target4.f90 -O3 -fomit-frame-pointer (test for excess errors)
FAIL: libgomp.fortran/target4.f90 -O3 -fomit-frame-pointer -funroll-loops (test for excess errors)
FAIL: libgomp.fortran/target4.f90 -O3 -fomit-frame-pointer -funroll-all-loops -finline-functions (test for excess errors)
FAIL: libgomp.fortran/target4.f90 -O3 -g (test for excess errors)
FAIL: libgomp.fortran/target4.f90 -Os (test for excess errors)
FAIL: libgomp.fortran/target6.f90 -O0 (test for excess errors)
FAIL: libgomp.fortran/target6.f90 -O1 (test for excess errors)
FAIL: libgomp.fortran/target6.f90 -O2 (test for excess errors)
FAIL: libgomp.fortran/target6.f90 -O3 -fomit-frame-pointer (test for excess errors)
FAIL: libgomp.fortran/target6.f90 -O3 -fomit-frame-pointer -funroll-loops (test for excess errors)
FAIL: libgomp.fortran/target6.f90 -O3 -fomit-frame-pointer -funroll-all-loops -finline-functions (test for excess errors)
FAIL: libgomp.fortran/target6.f90 -O3 -g (test for excess errors)
FAIL: libgomp.fortran/target6.f90 -Os (test for excess errors)
FAIL: libgomp.fortran/target7.f90 -O0 (test for excess errors)
FAIL: libgomp.fortran/target7.f90 -O1 (test for excess errors)
FAIL: libgomp.fortran/target7.f90 -O2 (test for excess errors)
FAIL: libgomp.fortran/target7.f90 -O3 -fomit-frame-pointer (test for excess errors)
FAIL: libgomp.fortran/target7.f90 -O3 -fomit-frame-pointer -funroll-loops (test for excess errors)
FAIL: libgomp.fortran/target7.f90 -O3 -fomit-frame-pointer -funroll-all-loops -finline-functions (test for excess errors)
FAIL: libgomp.fortran/target7.f90 -O3 -g (test for excess errors)
FAIL: libgomp.fortran/target7.f90 -Os (test for excess errors)
FAIL: libgomp.fortran/target8.f90 -O0 (test for excess errors)
FAIL: libgomp.fortran/target8.f90 -O1 (test for excess errors)
FAIL: libgomp.fortran/target8.f90 -O2 (test for excess errors)
FAIL: libgomp.fortran/target8.f90 -O3 -fomit-frame-pointer (test for excess errors)
FAIL: libgomp.fortran/target8.f90 -O3 -fomit-frame-pointer -funroll-loops (test for excess errors)
FAIL: libgomp.fortran/target8.f90 -O3 -fomit-frame-pointer -funroll-all-loops -finline-functions (test for excess errors)
FAIL: libgomp.fortran/target8.f90 -O3 -g (test for excess errors)
FAIL: libgomp.fortran/target8.f90 -Os (test for excess errors)
WARNING: program timed out.
FAIL: libgomp.graphite/force-parallel-6.c execution test
=== libgomp Summary for unix/-mabi=64 ===
# of expected passes 3381
# of unexpected failures 296
# of unsupported tests 100
Running target unix/-mabi=n32
FAIL: libgomp.c/examples-4/e.50.1.c (test for excess errors)
FAIL: libgomp.c/examples-4/e.50.2.c (test for excess errors)
FAIL: libgomp.c/examples-4/e.50.3.c (test for excess errors)
FAIL: libgomp.c/examples-4/e.50.4.c (test for excess errors)
FAIL: libgomp.c/examples-4/e.51.1.c (test for excess errors)
FAIL: libgomp.c/examples-4/e.51.2.c (test for excess errors)
FAIL: libgomp.c/examples-4/e.51.3.c (test for excess errors)
FAIL: libgomp.c/examples-4/e.51.4.c (test for excess errors)
FAIL: libgomp.c/examples-4/e.52.1.c (test for excess errors)
FAIL: libgomp.c/examples-4/e.52.2.c (test for excess errors)
FAIL: libgomp.c/examples-4/e.53.1.c (test for excess errors)
FAIL: libgomp.c/examples-4/e.53.3.c (test for excess errors)
FAIL: libgomp.c/examples-4/e.53.4.c (test for excess errors)
FAIL: libgomp.c/examples-4/e.53.5.c (test for excess errors)
FAIL: libgomp.c/examples-4/e.54.2.c (test for excess errors)
FAIL: libgomp.c/examples-4/e.54.3.c (test for excess errors)
FAIL: libgomp.c/examples-4/e.54.4.c (test for excess errors)
FAIL: libgomp.c/examples-4/e.54.5.c (test for excess errors)
FAIL: libgomp.c/examples-4/e.54.6.c (test for excess errors)
FAIL: libgomp.c/examples-4/e.55.1.c (test for excess errors)
FAIL: libgomp.c/examples-4/e.56.3.c (test for excess errors)
FAIL: libgomp.c/examples-4/e.56.4.c (test for excess errors)
FAIL: libgomp.c/for-3.c (test for excess errors)
FAIL: libgomp.c/target-1.c (test for excess errors)
FAIL: libgomp.c/target-2.c (test for excess errors)
FAIL: libgomp.c/target-3.c (test for excess errors)
FAIL: libgomp.c/target-4.c (test for excess errors)
FAIL: libgomp.c/target-5.c (test for excess errors)
FAIL: libgomp.c/target-6.c (test for excess errors)
FAIL: libgomp.c/target-7.c (test for excess errors)
FAIL: libgomp.c/target-8.c (test for excess errors)
FAIL: libgomp.c/thread-limit-2.c (test for excess errors)
FAIL: libgomp.c/thread-limit-3.c (test for excess errors)
FAIL: libgomp.c++/examples-4/e.51.5.C (test for excess errors)
FAIL: libgomp.c++/for-11.C (test for excess errors)
FAIL: libgomp.c++/pr63248.C (test for excess errors)
FAIL: libgomp.c++/target-1.C (test for excess errors)
FAIL: libgomp.c++/target-2.C (test for excess errors)
FAIL: libgomp.c++/target-3.C (test for excess errors)
FAIL: libgomp.fortran/examples-4/e.50.1.f90 -O0 (test for excess errors)
FAIL: libgomp.fortran/examples-4/e.50.1.f90 -O1 (test for excess errors)
FAIL: libgomp.fortran/examples-4/e.50.1.f90 -O2 (test for excess errors)
FAIL: libgomp.fortran/examples-4/e.50.1.f90 -O3 -fomit-frame-pointer (test for excess errors)
FAIL: libgomp.fortran/examples-4/e.50.1.f90 -O3 -fomit-frame-pointer -funroll-loops (test for excess errors)
FAIL: libgomp.fortran/examples-4/e.50.1.f90 -O3 -fomit-frame-pointer -funroll-all-loops -finline-functions (test for excess errors)
FAIL: libgomp.fortran/examples-4/e.50.1.f90 -O3 -g (test for excess errors)
FAIL: libgomp.fortran/examples-4/e.50.1.f90 -Os (test for excess errors)
FAIL: libgomp.fortran/examples-4/e.50.2.f90 -O0 (test for excess errors)
FAIL: libgomp.fortran/examples-4/e.50.2.f90 -O1 (test for excess errors)
FAIL: libgomp.fortran/examples-4/e.50.2.f90 -O2 (test for excess errors)
FAIL: libgomp.fortran/examples-4/e.50.2.f90 -O3 -fomit-frame-pointer (test for excess errors)
FAIL: libgomp.fortran/examples-4/e.50.2.f90 -O3 -fomit-frame-pointer -funroll-loops (test for excess errors)
FAIL: libgomp.fortran/examples-4/e.50.2.f90 -O3 -fomit-frame-pointer -funroll-all-loops -finline-functions (test for excess errors)
FAIL: libgomp.fortran/examples-4/e.50.2.f90 -O3 -g (test for excess errors)
FAIL: libgomp.fortran/examples-4/e.50.2.f90 -Os (test for excess errors)
FAIL: libgomp.fortran/examples-4/e.50.3.f90 -O0 (test for excess errors)
FAIL: libgomp.fortran/examples-4/e.50.3.f90 -O1 (test for excess errors)
FAIL: libgomp.fortran/examples-4/e.50.3.f90 -O2 (test for excess errors)
FAIL: libgomp.fortran/examples-4/e.50.3.f90 -O3 -fomit-frame-pointer (test for excess errors)
FAIL: libgomp.fortran/examples-4/e.50.3.f90 -O3 -fomit-frame-pointer -funroll-loops (test for excess errors)
FAIL: libgomp.fortran/examples-4/e.50.3.f90 -O3 -fomit-frame-pointer -funroll-all-loops -finline-functions (test for excess errors)
FAIL: libgomp.fortran/examples-4/e.50.3.f90 -O3 -g (test for excess errors)
FAIL: libgomp.fortran/examples-4/e.50.3.f90 -Os (test for excess errors)
FAIL: libgomp.fortran/examples-4/e.50.4.f90 -O0 (test for excess errors)
FAIL: libgomp.fortran/examples-4/e.50.4.f90 -O1 (test for excess errors)
FAIL: libgomp.fortran/examples-4/e.50.4.f90 -O2 (test for excess errors)
FAIL: libgomp.fortran/examples-4/e.50.4.f90 -O3 -fomit-frame-pointer (test for excess errors)
FAIL: libgomp.fortran/examples-4/e.50.4.f90 -O3 -fomit-frame-pointer -funroll-loops (test for excess errors)
FAIL: libgomp.fortran/examples-4/e.50.4.f90 -O3 -fomit-frame-pointer -funroll-all-loops -finline-functions (test for excess errors)
FAIL: libgomp.fortran/examples-4/e.50.4.f90 -O3 -g (test for excess errors)
FAIL: libgomp.fortran/examples-4/e.50.4.f90 -Os (test for excess errors)
FAIL: libgomp.fortran/examples-4/e.51.1.f90 -O0 (test for excess errors)
FAIL: libgomp.fortran/examples-4/e.51.1.f90 -O1 (test for excess errors)
FAIL: libgomp.fortran/examples-4/e.51.1.f90 -O2 (test for excess errors)
FAIL: libgomp.fortran/examples-4/e.51.1.f90 -O3 -fomit-frame-pointer (test for excess errors)
FAIL: libgomp.fortran/examples-4/e.51.1.f90 -O3 -fomit-frame-pointer -funroll-loops (test for excess errors)
FAIL: libgomp.fortran/examples-4/e.51.1.f90 -O3 -fomit-frame-pointer -funroll-all-loops -finline-functions (test for excess errors)
FAIL: libgomp.fortran/examples-4/e.51.1.f90 -O3 -g (test for excess errors)
FAIL: libgomp.fortran/examples-4/e.51.1.f90 -Os (test for excess errors)
FAIL: libgomp.fortran/examples-4/e.51.2.f90 -O0 (test for excess errors)
FAIL: libgomp.fortran/examples-4/e.51.2.f90 -O1 (test for excess errors)
FAIL: libgomp.fortran/examples-4/e.51.2.f90 -O2 (test for excess errors)
FAIL: libgomp.fortran/examples-4/e.51.2.f90 -O3 -fomit-frame-pointer (test for excess errors)
FAIL: libgomp.fortran/examples-4/e.51.2.f90 -O3 -fomit-frame-pointer -funroll-loops (test for excess errors)
FAIL: libgomp.fortran/examples-4/e.51.2.f90 -O3 -fomit-frame-pointer -funroll-all-loops -finline-functions (test for excess errors)
FAIL: libgomp.fortran/examples-4/e.51.2.f90 -O3 -g (test for excess errors)
FAIL: libgomp.fortran/examples-4/e.51.2.f90 -Os (test for excess errors)
FAIL: libgomp.fortran/examples-4/e.51.3.f90 -O0 (test for excess errors)
FAIL: libgomp.fortran/examples-4/e.51.3.f90 -O1 (test for excess errors)
FAIL: libgomp.fortran/examples-4/e.51.3.f90 -O2 (test for excess errors)
FAIL: libgomp.fortran/examples-4/e.51.3.f90 -O3 -fomit-frame-pointer (test for excess errors)
FAIL: libgomp.fortran/examples-4/e.51.3.f90 -O3 -fomit-frame-pointer -funroll-loops (test for excess errors)
FAIL: libgomp.fortran/examples-4/e.51.3.f90 -O3 -fomit-frame-pointer -funroll-all-loops -finline-functions (test for excess errors)
FAIL: libgomp.fortran/examples-4/e.51.3.f90 -O3 -g (test for excess errors)
FAIL: libgomp.fortran/examples-4/e.51.3.f90 -Os (test for excess errors)
FAIL: libgomp.fortran/examples-4/e.51.4.f90 -O0 (test for excess errors)
FAIL: libgomp.fortran/examples-4/e.51.4.f90 -O1 (test for excess errors)
FAIL: libgomp.fortran/examples-4/e.51.4.f90 -O2 (test for excess errors)
FAIL: libgomp.fortran/examples-4/e.51.4.f90 -O3 -fomit-frame-pointer (test for excess errors)
FAIL: libgomp.fortran/examples-4/e.51.4.f90 -O3 -fomit-frame-pointer -funroll-loops (test for excess errors)
FAIL: libgomp.fortran/examples-4/e.51.4.f90 -O3 -fomit-frame-pointer -funroll-all-loops -finline-functions (test for excess errors)
FAIL: libgomp.fortran/examples-4/e.51.4.f90 -O3 -g (test for excess errors)
FAIL: libgomp.fortran/examples-4/e.51.4.f90 -Os (test for excess errors)
FAIL: libgomp.fortran/examples-4/e.51.5.f90 -O0 (test for excess errors)
FAIL: libgomp.fortran/examples-4/e.51.5.f90 -O1 (test for excess errors)
FAIL: libgomp.fortran/examples-4/e.51.5.f90 -O2 (test for excess errors)
FAIL: libgomp.fortran/examples-4/e.51.5.f90 -O3 -fomit-frame-pointer (test for excess errors)
FAIL: libgomp.fortran/examples-4/e.51.5.f90 -O3 -fomit-frame-pointer -funroll-loops (test for excess errors)
FAIL: libgomp.fortran/examples-4/e.51.5.f90 -O3 -fomit-frame-pointer -funroll-all-loops -finline-functions (test for excess errors)
FAIL: libgomp.fortran/examples-4/e.51.5.f90 -O3 -g (test for excess errors)
FAIL: libgomp.fortran/examples-4/e.51.5.f90 -Os (test for excess errors)
FAIL: libgomp.fortran/examples-4/e.52.1.f90 -O0 (test for excess errors)
FAIL: libgomp.fortran/examples-4/e.52.1.f90 -O1 (test for excess errors)
FAIL: libgomp.fortran/examples-4/e.52.1.f90 -O2 (test for excess errors)
FAIL: libgomp.fortran/examples-4/e.52.1.f90 -O3 -fomit-frame-pointer (test for excess errors)
FAIL: libgomp.fortran/examples-4/e.52.1.f90 -O3 -fomit-frame-pointer -funroll-loops (test for excess errors)
FAIL: libgomp.fortran/examples-4/e.52.1.f90 -O3 -fomit-frame-pointer -funroll-all-loops -finline-functions (test for excess errors)
FAIL: libgomp.fortran/examples-4/e.52.1.f90 -O3 -g (test for excess errors)
FAIL: libgomp.fortran/examples-4/e.52.1.f90 -Os (test for excess errors)
FAIL: libgomp.fortran/examples-4/e.52.2.f90 -O0 (test for excess errors)
FAIL: libgomp.fortran/examples-4/e.52.2.f90 -O1 (test for excess errors)
FAIL: libgomp.fortran/examples-4/e.52.2.f90 -O2 (test for excess errors)
FAIL: libgomp.fortran/examples-4/e.52.2.f90 -O3 -fomit-frame-pointer (test for excess errors)
FAIL: libgomp.fortran/examples-4/e.52.2.f90 -O3 -fomit-frame-pointer -funroll-loops (test for excess errors)
FAIL: libgomp.fortran/examples-4/e.52.2.f90 -O3 -fomit-frame-pointer -funroll-all-loops -finline-functions (test for excess errors)
FAIL: libgomp.fortran/examples-4/e.52.2.f90 -O3 -g (test for excess errors)
FAIL: libgomp.fortran/examples-4/e.52.2.f90 -Os (test for excess errors)
FAIL: libgomp.fortran/examples-4/e.53.1.f90 -O0 (test for excess errors)
FAIL: libgomp.fortran/examples-4/e.53.1.f90 -O1 (test for excess errors)
FAIL: libgomp.fortran/examples-4/e.53.1.f90 -O2 (test for excess errors)
FAIL: libgomp.fortran/examples-4/e.53.1.f90 -O3 -fomit-frame-pointer (test for excess errors)
FAIL: libgomp.fortran/examples-4/e.53.1.f90 -O3 -fomit-frame-pointer -funroll-loops (test for excess errors)
FAIL: libgomp.fortran/examples-4/e.53.1.f90 -O3 -fomit-frame-pointer -funroll-all-loops -finline-functions (test for excess errors)
FAIL: libgomp.fortran/examples-4/e.53.1.f90 -O3 -g (test for excess errors)
FAIL: libgomp.fortran/examples-4/e.53.1.f90 -Os (test for excess errors)
FAIL: libgomp.fortran/examples-4/e.53.2.f90 -O0 (test for excess errors)
FAIL: libgomp.fortran/examples-4/e.53.2.f90 -O1 (test for excess errors)
FAIL: libgomp.fortran/examples-4/e.53.2.f90 -O2 (test for excess errors)
FAIL: libgomp.fortran/examples-4/e.53.2.f90 -O3 -fomit-frame-pointer (test for excess errors)
FAIL: libgomp.fortran/examples-4/e.53.2.f90 -O3 -fomit-frame-pointer -funroll-loops (test for excess errors)
FAIL: libgomp.fortran/examples-4/e.53.2.f90 -O3 -fomit-frame-pointer -funroll-all-loops -finline-functions (test for excess errors)
FAIL: libgomp.fortran/examples-4/e.53.2.f90 -O3 -g (test for excess errors)
FAIL: libgomp.fortran/examples-4/e.53.2.f90 -Os (test for excess errors)
FAIL: libgomp.fortran/examples-4/e.53.3.f90 -O0 (test for excess errors)
FAIL: libgomp.fortran/examples-4/e.53.3.f90 -O1 (test for excess errors)
FAIL: libgomp.fortran/examples-4/e.53.3.f90 -O2 (test for excess errors)
FAIL: libgomp.fortran/examples-4/e.53.3.f90 -O3 -fomit-frame-pointer (test for excess errors)
FAIL: libgomp.fortran/examples-4/e.53.3.f90 -O3 -fomit-frame-pointer -funroll-loops (test for excess errors)
FAIL: libgomp.fortran/examples-4/e.53.3.f90 -O3 -fomit-frame-pointer -funroll-all-loops -finline-functions (test for excess errors)
FAIL: libgomp.fortran/examples-4/e.53.3.f90 -O3 -g (test for excess errors)
FAIL: libgomp.fortran/examples-4/e.53.3.f90 -Os (test for excess errors)
FAIL: libgomp.fortran/examples-4/e.53.4.f90 -O0 (test for excess errors)
FAIL: libgomp.fortran/examples-4/e.53.4.f90 -O1 (test for excess errors)
FAIL: libgomp.fortran/examples-4/e.53.4.f90 -O2 (test for excess errors)
FAIL: libgomp.fortran/examples-4/e.53.4.f90 -O3 -fomit-frame-pointer (test for excess errors)
FAIL: libgomp.fortran/examples-4/e.53.4.f90 -O3 -fomit-frame-pointer -funroll-loops (test for excess errors)
FAIL: libgomp.fortran/examples-4/e.53.4.f90 -O3 -fomit-frame-pointer -funroll-all-loops -finline-functions (test for excess errors)
FAIL: libgomp.fortran/examples-4/e.53.4.f90 -O3 -g (test for excess errors)
FAIL: libgomp.fortran/examples-4/e.53.4.f90 -Os (test for excess errors)
FAIL: libgomp.fortran/examples-4/e.53.5.f90 -O0 (test for excess errors)
FAIL: libgomp.fortran/examples-4/e.53.5.f90 -O1 (test for excess errors)
FAIL: libgomp.fortran/examples-4/e.53.5.f90 -O2 (test for excess errors)
FAIL: libgomp.fortran/examples-4/e.53.5.f90 -O3 -fomit-frame-pointer (test for excess errors)
FAIL: libgomp.fortran/examples-4/e.53.5.f90 -O3 -fomit-frame-pointer -funroll-loops (test for excess errors)
FAIL: libgomp.fortran/examples-4/e.53.5.f90 -O3 -fomit-frame-pointer -funroll-all-loops -finline-functions (test for excess errors)
FAIL: libgomp.fortran/examples-4/e.53.5.f90 -O3 -g (test for excess errors)
FAIL: libgomp.fortran/examples-4/e.53.5.f90 -Os (test for excess errors)
FAIL: libgomp.fortran/examples-4/e.54.2.f90 -O0 (test for excess errors)
FAIL: libgomp.fortran/examples-4/e.54.2.f90 -O1 (test for excess errors)
FAIL: libgomp.fortran/examples-4/e.54.2.f90 -O2 (test for excess errors)
FAIL: libgomp.fortran/examples-4/e.54.2.f90 -O3 -fomit-frame-pointer (test for excess errors)
FAIL: libgomp.fortran/examples-4/e.54.2.f90 -O3 -fomit-frame-pointer -funroll-loops (test for excess errors)
FAIL: libgomp.fortran/examples-4/e.54.2.f90 -O3 -fomit-frame-pointer -funroll-all-loops -finline-functions (test for excess errors)
FAIL: libgomp.fortran/examples-4/e.54.2.f90 -O3 -g (test for excess errors)
FAIL: libgomp.fortran/examples-4/e.54.2.f90 -Os (test for excess errors)
FAIL: libgomp.fortran/examples-4/e.54.3.f90 -O0 (test for excess errors)
FAIL: libgomp.fortran/examples-4/e.54.3.f90 -O1 (test for excess errors)
FAIL: libgomp.fortran/examples-4/e.54.3.f90 -O2 (test for excess errors)
FAIL: libgomp.fortran/examples-4/e.54.3.f90 -O3 -fomit-frame-pointer (test for excess errors)
FAIL: libgomp.fortran/examples-4/e.54.3.f90 -O3 -fomit-frame-pointer -funroll-loops (test for excess errors)
FAIL: libgomp.fortran/examples-4/e.54.3.f90 -O3 -fomit-frame-pointer -funroll-all-loops -finline-functions (test for excess errors)
FAIL: libgomp.fortran/examples-4/e.54.3.f90 -O3 -g (test for excess errors)
FAIL: libgomp.fortran/examples-4/e.54.3.f90 -Os (test for excess errors)
FAIL: libgomp.fortran/examples-4/e.54.4.f90 -O0 (test for excess errors)
FAIL: libgomp.fortran/examples-4/e.54.4.f90 -O1 (test for excess errors)
FAIL: libgomp.fortran/examples-4/e.54.4.f90 -O2 (test for excess errors)
FAIL: libgomp.fortran/examples-4/e.54.4.f90 -O3 -fomit-frame-pointer (test for excess errors)
FAIL: libgomp.fortran/examples-4/e.54.4.f90 -O3 -fomit-frame-pointer -funroll-loops (test for excess errors)
FAIL: libgomp.fortran/examples-4/e.54.4.f90 -O3 -fomit-frame-pointer -funroll-all-loops -finline-functions (test for excess errors)
FAIL: libgomp.fortran/examples-4/e.54.4.f90 -O3 -g (test for excess errors)
FAIL: libgomp.fortran/examples-4/e.54.4.f90 -Os (test for excess errors)
FAIL: libgomp.fortran/examples-4/e.54.5.f90 -O0 (test for excess errors)
FAIL: libgomp.fortran/examples-4/e.54.5.f90 -O1 (test for excess errors)
FAIL: libgomp.fortran/examples-4/e.54.5.f90 -O2 (test for excess errors)
FAIL: libgomp.fortran/examples-4/e.54.5.f90 -O3 -fomit-frame-pointer (test for excess errors)
FAIL: libgomp.fortran/examples-4/e.54.5.f90 -O3 -fomit-frame-pointer -funroll-loops (test for excess errors)
FAIL: libgomp.fortran/examples-4/e.54.5.f90 -O3 -fomit-frame-pointer -funroll-all-loops -finline-functions (test for excess errors)
FAIL: libgomp.fortran/examples-4/e.54.5.f90 -O3 -g (test for excess errors)
FAIL: libgomp.fortran/examples-4/e.54.5.f90 -Os (test for excess errors)
FAIL: libgomp.fortran/examples-4/e.54.6.f90 -O0 (test for excess errors)
FAIL: libgomp.fortran/examples-4/e.54.6.f90 -O1 (test for excess errors)
FAIL: libgomp.fortran/examples-4/e.54.6.f90 -O2 (test for excess errors)
FAIL: libgomp.fortran/examples-4/e.54.6.f90 -O3 -fomit-frame-pointer (test for excess errors)
FAIL: libgomp.fortran/examples-4/e.54.6.f90 -O3 -fomit-frame-pointer -funroll-loops (test for excess errors)
FAIL: libgomp.fortran/examples-4/e.54.6.f90 -O3 -fomit-frame-pointer -funroll-all-loops -finline-functions (test for excess errors)
FAIL: libgomp.fortran/examples-4/e.54.6.f90 -O3 -g (test for excess errors)
FAIL: libgomp.fortran/examples-4/e.54.6.f90 -Os (test for excess errors)
FAIL: libgomp.fortran/examples-4/e.55.1.f90 -O0 (test for excess errors)
FAIL: libgomp.fortran/examples-4/e.55.1.f90 -O1 (test for excess errors)
FAIL: libgomp.fortran/examples-4/e.55.1.f90 -O2 (test for excess errors)
FAIL: libgomp.fortran/examples-4/e.55.1.f90 -O3 -fomit-frame-pointer (test for excess errors)
FAIL: libgomp.fortran/examples-4/e.55.1.f90 -O3 -fomit-frame-pointer -funroll-loops (test for excess errors)
FAIL: libgomp.fortran/examples-4/e.55.1.f90 -O3 -fomit-frame-pointer -funroll-all-loops -finline-functions (test for excess errors)
FAIL: libgomp.fortran/examples-4/e.55.1.f90 -O3 -g (test for excess errors)
FAIL: libgomp.fortran/examples-4/e.55.1.f90 -Os (test for excess errors)
FAIL: libgomp.fortran/examples-4/e.56.3.f90 -O0 (test for excess errors)
FAIL: libgomp.fortran/examples-4/e.56.3.f90 -O1 (test for excess errors)
FAIL: libgomp.fortran/examples-4/e.56.3.f90 -O2 (test for excess errors)
FAIL: libgomp.fortran/examples-4/e.56.3.f90 -O3 -fomit-frame-pointer (test for excess errors)
FAIL: libgomp.fortran/examples-4/e.56.3.f90 -O3 -fomit-frame-pointer -funroll-loops (test for excess errors)
FAIL: libgomp.fortran/examples-4/e.56.3.f90 -O3 -fomit-frame-pointer -funroll-all-loops -finline-functions (test for excess errors)
FAIL: libgomp.fortran/examples-4/e.56.3.f90 -O3 -g (test for excess errors)
FAIL: libgomp.fortran/examples-4/e.56.3.f90 -Os (test for excess errors)
FAIL: libgomp.fortran/examples-4/e.56.4.f90 -O0 (test for excess errors)
FAIL: libgomp.fortran/examples-4/e.56.4.f90 -O1 (test for excess errors)
FAIL: libgomp.fortran/examples-4/e.56.4.f90 -O2 (test for excess errors)
FAIL: libgomp.fortran/examples-4/e.56.4.f90 -O3 -fomit-frame-pointer (test for excess errors)
FAIL: libgomp.fortran/examples-4/e.56.4.f90 -O3 -fomit-frame-pointer -funroll-loops (test for excess errors)
FAIL: libgomp.fortran/examples-4/e.56.4.f90 -O3 -fomit-frame-pointer -funroll-all-loops -finline-functions (test for excess errors)
FAIL: libgomp.fortran/examples-4/e.56.4.f90 -O3 -g (test for excess errors)
FAIL: libgomp.fortran/examples-4/e.56.4.f90 -Os (test for excess errors)
FAIL: libgomp.fortran/nestedfn5.f90 -O0 (test for excess errors)
FAIL: libgomp.fortran/nestedfn5.f90 -O1 (test for excess errors)
FAIL: libgomp.fortran/nestedfn5.f90 -O2 (test for excess errors)
FAIL: libgomp.fortran/nestedfn5.f90 -O3 -fomit-frame-pointer (test for excess errors)
FAIL: libgomp.fortran/nestedfn5.f90 -O3 -fomit-frame-pointer -funroll-loops (test for excess errors)
FAIL: libgomp.fortran/nestedfn5.f90 -O3 -fomit-frame-pointer -funroll-all-loops -finline-functions (test for excess errors)
FAIL: libgomp.fortran/nestedfn5.f90 -O3 -g (test for excess errors)
FAIL: libgomp.fortran/nestedfn5.f90 -Os (test for excess errors)
FAIL: libgomp.fortran/target1.f90 -O0 (test for excess errors)
FAIL: libgomp.fortran/target1.f90 -O1 (test for excess errors)
FAIL: libgomp.fortran/target1.f90 -O2 (test for excess errors)
FAIL: libgomp.fortran/target1.f90 -O3 -fomit-frame-pointer (test for excess errors)
FAIL: libgomp.fortran/target1.f90 -O3 -fomit-frame-pointer -funroll-loops (test for excess errors)
FAIL: libgomp.fortran/target1.f90 -O3 -fomit-frame-pointer -funroll-all-loops -finline-functions (test for excess errors)
FAIL: libgomp.fortran/target1.f90 -O3 -g (test for excess errors)
FAIL: libgomp.fortran/target1.f90 -Os (test for excess errors)
FAIL: libgomp.fortran/target2.f90 -O0 (test for excess errors)
FAIL: libgomp.fortran/target2.f90 -O1 (test for excess errors)
FAIL: libgomp.fortran/target2.f90 -O2 (test for excess errors)
FAIL: libgomp.fortran/target2.f90 -O3 -fomit-frame-pointer (test for excess errors)
FAIL: libgomp.fortran/target2.f90 -O3 -fomit-frame-pointer -funroll-loops (test for excess errors)
FAIL: libgomp.fortran/target2.f90 -O3 -fomit-frame-pointer -funroll-all-loops -finline-functions (test for excess errors)
FAIL: libgomp.fortran/target2.f90 -O3 -g (test for excess errors)
FAIL: libgomp.fortran/target2.f90 -Os (test for excess errors)
FAIL: libgomp.fortran/target3.f90 -O0 (test for excess errors)
FAIL: libgomp.fortran/target3.f90 -O1 (test for excess errors)
FAIL: libgomp.fortran/target3.f90 -O2 (test for excess errors)
FAIL: libgomp.fortran/target3.f90 -O3 -fomit-frame-pointer (test for excess errors)
FAIL: libgomp.fortran/target3.f90 -O3 -fomit-frame-pointer -funroll-loops (test for excess errors)
FAIL: libgomp.fortran/target3.f90 -O3 -fomit-frame-pointer -funroll-all-loops -finline-functions (test for excess errors)
FAIL: libgomp.fortran/target3.f90 -O3 -g (test for excess errors)
FAIL: libgomp.fortran/target3.f90 -Os (test for excess errors)
FAIL: libgomp.fortran/target4.f90 -O0 (test for excess errors)
FAIL: libgomp.fortran/target4.f90 -O1 (test for excess errors)
FAIL: libgomp.fortran/target4.f90 -O2 (test for excess errors)
FAIL: libgomp.fortran/target4.f90 -O3 -fomit-frame-pointer (test for excess errors)
FAIL: libgomp.fortran/target4.f90 -O3 -fomit-frame-pointer -funroll-loops (test for excess errors)
FAIL: libgomp.fortran/target4.f90 -O3 -fomit-frame-pointer -funroll-all-loops -finline-functions (test for excess errors)
FAIL: libgomp.fortran/target4.f90 -O3 -g (test for excess errors)
FAIL: libgomp.fortran/target4.f90 -Os (test for excess errors)
FAIL: libgomp.fortran/target6.f90 -O0 (test for excess errors)
FAIL: libgomp.fortran/target6.f90 -O1 (test for excess errors)
FAIL: libgomp.fortran/target6.f90 -O2 (test for excess errors)
FAIL: libgomp.fortran/target6.f90 -O3 -fomit-frame-pointer (test for excess errors)
FAIL: libgomp.fortran/target6.f90 -O3 -fomit-frame-pointer -funroll-loops (test for excess errors)
FAIL: libgomp.fortran/target6.f90 -O3 -fomit-frame-pointer -funroll-all-loops -finline-functions (test for excess errors)
FAIL: libgomp.fortran/target6.f90 -O3 -g (test for excess errors)
FAIL: libgomp.fortran/target6.f90 -Os (test for excess errors)
FAIL: libgomp.fortran/target7.f90 -O0 (test for excess errors)
FAIL: libgomp.fortran/target7.f90 -O1 (test for excess errors)
FAIL: libgomp.fortran/target7.f90 -O2 (test for excess errors)
FAIL: libgomp.fortran/target7.f90 -O3 -fomit-frame-pointer (test for excess errors)
FAIL: libgomp.fortran/target7.f90 -O3 -fomit-frame-pointer -funroll-loops (test for excess errors)
FAIL: libgomp.fortran/target7.f90 -O3 -fomit-frame-pointer -funroll-all-loops -finline-functions (test for excess errors)
FAIL: libgomp.fortran/target7.f90 -O3 -g (test for excess errors)
FAIL: libgomp.fortran/target7.f90 -Os (test for excess errors)
FAIL: libgomp.fortran/target8.f90 -O0 (test for excess errors)
FAIL: libgomp.fortran/target8.f90 -O1 (test for excess errors)
FAIL: libgomp.fortran/target8.f90 -O2 (test for excess errors)
FAIL: libgomp.fortran/target8.f90 -O3 -fomit-frame-pointer (test for excess errors)
FAIL: libgomp.fortran/target8.f90 -O3 -fomit-frame-pointer -funroll-loops (test for excess errors)
FAIL: libgomp.fortran/target8.f90 -O3 -fomit-frame-pointer -funroll-all-loops -finline-functions (test for excess errors)
FAIL: libgomp.fortran/target8.f90 -O3 -g (test for excess errors)
FAIL: libgomp.fortran/target8.f90 -Os (test for excess errors)
=== libgomp Summary for unix/-mabi=n32 ===
# of expected passes 3382
# of unexpected failures 295
# of unsupported tests 100
=== libgomp Summary ===
# of expected passes 10144
# of unexpected failures 887
# of unsupported tests 300
=== libjava tests ===
Running target unix
=== libjava Summary ===
# of expected passes 2582
# of expected failures 4
=== libstdc++ tests ===
Running target unix
FAIL: libstdc++-abi/abi_check
FAIL: 18_support/numeric_limits/requirements/constexpr_functions.cc (test for excess errors)
FAIL: 22_locale/numpunct/members/char/3.cc execution test
FAIL: 22_locale/time_get/get_date/wchar_t/4.cc execution test
FAIL: 28_regex/algorithms/regex_match/awk/cstring_01.cc (test for excess errors)
UNRESOLVED: 28_regex/algorithms/regex_match/awk/cstring_01.cc compilation failed to produce executable
FAIL: 28_regex/algorithms/regex_match/basic/empty_range.cc (test for excess errors)
UNRESOLVED: 28_regex/algorithms/regex_match/basic/empty_range.cc compilation failed to produce executable
FAIL: 28_regex/algorithms/regex_match/basic/string_01.cc (test for excess errors)
UNRESOLVED: 28_regex/algorithms/regex_match/basic/string_01.cc compilation failed to produce executable
FAIL: 28_regex/algorithms/regex_match/basic/string_range_00_03.cc (test for excess errors)
UNRESOLVED: 28_regex/algorithms/regex_match/basic/string_range_00_03.cc compilation failed to produce executable
FAIL: 28_regex/algorithms/regex_match/basic/string_range_01_03.cc (test for excess errors)
UNRESOLVED: 28_regex/algorithms/regex_match/basic/string_range_01_03.cc compilation failed to produce executable
FAIL: 28_regex/algorithms/regex_match/basic/string_range_02_03.cc (test for excess errors)
UNRESOLVED: 28_regex/algorithms/regex_match/basic/string_range_02_03.cc compilation failed to produce executable
FAIL: 28_regex/algorithms/regex_match/cstring_bracket_01.cc (test for excess errors)
UNRESOLVED: 28_regex/algorithms/regex_match/cstring_bracket_01.cc compilation failed to produce executable
FAIL: 28_regex/algorithms/regex_match/ecma/char/53622.cc (test for excess errors)
UNRESOLVED: 28_regex/algorithms/regex_match/ecma/char/53622.cc compilation failed to produce executable
FAIL: 28_regex/algorithms/regex_match/ecma/char/57173.cc (test for excess errors)
UNRESOLVED: 28_regex/algorithms/regex_match/ecma/char/57173.cc compilation failed to produce executable
FAIL: 28_regex/algorithms/regex_match/ecma/char/58576.cc (test for excess errors)
UNRESOLVED: 28_regex/algorithms/regex_match/ecma/char/58576.cc compilation failed to produce executable
FAIL: 28_regex/algorithms/regex_match/ecma/char/61601.cc (test for excess errors)
UNRESOLVED: 28_regex/algorithms/regex_match/ecma/char/61601.cc compilation failed to produce executable
FAIL: 28_regex/algorithms/regex_match/ecma/char/anymatcher.cc (test for excess errors)
UNRESOLVED: 28_regex/algorithms/regex_match/ecma/char/anymatcher.cc compilation failed to produce executable
FAIL: 28_regex/algorithms/regex_match/ecma/char/backref.cc (test for excess errors)
UNRESOLVED: 28_regex/algorithms/regex_match/ecma/char/backref.cc compilation failed to produce executable
FAIL: 28_regex/algorithms/regex_match/ecma/char/empty_range.cc (test for excess errors)
UNRESOLVED: 28_regex/algorithms/regex_match/ecma/char/empty_range.cc compilation failed to produce executable
FAIL: 28_regex/algorithms/regex_match/ecma/char/emptygroup.cc (test for excess errors)
UNRESOLVED: 28_regex/algorithms/regex_match/ecma/char/emptygroup.cc compilation failed to produce executable
FAIL: 28_regex/algorithms/regex_match/ecma/char/hex.cc (test for excess errors)
UNRESOLVED: 28_regex/algorithms/regex_match/ecma/char/hex.cc compilation failed to produce executable
FAIL: 28_regex/algorithms/regex_match/ecma/char/quoted_char.cc (test for excess errors)
UNRESOLVED: 28_regex/algorithms/regex_match/ecma/char/quoted_char.cc compilation failed to produce executable
FAIL: 28_regex/algorithms/regex_match/ecma/char/ungreedy.cc (test for excess errors)
UNRESOLVED: 28_regex/algorithms/regex_match/ecma/char/ungreedy.cc compilation failed to produce executable
FAIL: 28_regex/algorithms/regex_match/ecma/wchar_t/63199.cc (test for excess errors)
UNRESOLVED: 28_regex/algorithms/regex_match/ecma/wchar_t/63199.cc compilation failed to produce executable
FAIL: 28_regex/algorithms/regex_match/ecma/wchar_t/anymatcher.cc (test for excess errors)
UNRESOLVED: 28_regex/algorithms/regex_match/ecma/wchar_t/anymatcher.cc compilation failed to produce executable
FAIL: 28_regex/algorithms/regex_match/ecma/wchar_t/cjk_match.cc (test for excess errors)
UNRESOLVED: 28_regex/algorithms/regex_match/ecma/wchar_t/cjk_match.cc compilation failed to produce executable
FAIL: 28_regex/algorithms/regex_match/ecma/wchar_t/hex.cc (test for excess errors)
UNRESOLVED: 28_regex/algorithms/regex_match/ecma/wchar_t/hex.cc compilation failed to produce executable
FAIL: 28_regex/algorithms/regex_match/extended/cstring_plus.cc (test for excess errors)
UNRESOLVED: 28_regex/algorithms/regex_match/extended/cstring_plus.cc compilation failed to produce executable
FAIL: 28_regex/algorithms/regex_match/extended/cstring_questionmark.cc (test for excess errors)
UNRESOLVED: 28_regex/algorithms/regex_match/extended/cstring_questionmark.cc compilation failed to produce executable
FAIL: 28_regex/algorithms/regex_match/extended/cstring_range.cc (test for excess errors)
UNRESOLVED: 28_regex/algorithms/regex_match/extended/cstring_range.cc compilation failed to produce executable
FAIL: 28_regex/algorithms/regex_match/extended/string_any.cc (test for excess errors)
UNRESOLVED: 28_regex/algorithms/regex_match/extended/string_any.cc compilation failed to produce executable
FAIL: 28_regex/algorithms/regex_match/extended/string_range_00_03.cc (test for excess errors)
UNRESOLVED: 28_regex/algorithms/regex_match/extended/string_range_00_03.cc compilation failed to produce executable
FAIL: 28_regex/algorithms/regex_match/extended/string_range_01_03.cc (test for excess errors)
UNRESOLVED: 28_regex/algorithms/regex_match/extended/string_range_01_03.cc compilation failed to produce executable
FAIL: 28_regex/algorithms/regex_match/extended/string_range_02_03.cc (test for excess errors)
UNRESOLVED: 28_regex/algorithms/regex_match/extended/string_range_02_03.cc compilation failed to produce executable
FAIL: 28_regex/algorithms/regex_replace/char/51711.cc (test for excess errors)
FAIL: 28_regex/algorithms/regex_replace/char/basic_replace.cc (test for excess errors)
UNRESOLVED: 28_regex/algorithms/regex_replace/char/basic_replace.cc compilation failed to produce executable
FAIL: 28_regex/algorithms/regex_replace/char/dr2213.cc (test for excess errors)
UNRESOLVED: 28_regex/algorithms/regex_replace/char/dr2213.cc compilation failed to produce executable
FAIL: 28_regex/algorithms/regex_replace/wchar_t/51711.cc (test for excess errors)
FAIL: 28_regex/algorithms/regex_search/61424.cc (test for excess errors)
UNRESOLVED: 28_regex/algorithms/regex_search/61424.cc compilation failed to produce executable
FAIL: 28_regex/algorithms/regex_search/61720.cc (test for excess errors)
UNRESOLVED: 28_regex/algorithms/regex_search/61720.cc compilation failed to produce executable
FAIL: 28_regex/algorithms/regex_search/basic/string_01.cc (test for excess errors)
UNRESOLVED: 28_regex/algorithms/regex_search/basic/string_01.cc compilation failed to produce executable
FAIL: 28_regex/algorithms/regex_search/ecma/assertion.cc (test for excess errors)
UNRESOLVED: 28_regex/algorithms/regex_search/ecma/assertion.cc compilation failed to produce executable
FAIL: 28_regex/algorithms/regex_search/ecma/flags.cc (test for excess errors)
UNRESOLVED: 28_regex/algorithms/regex_search/ecma/flags.cc compilation failed to produce executable
FAIL: 28_regex/algorithms/regex_search/ecma/greedy.cc (test for excess errors)
UNRESOLVED: 28_regex/algorithms/regex_search/ecma/greedy.cc compilation failed to produce executable
FAIL: 28_regex/algorithms/regex_search/ecma/string_01.cc (test for excess errors)
UNRESOLVED: 28_regex/algorithms/regex_search/ecma/string_01.cc compilation failed to produce executable
FAIL: 28_regex/basic_regex/assign/char/cstring.cc (test for excess errors)
FAIL: 28_regex/basic_regex/assign/char/cstring_op.cc (test for excess errors)
FAIL: 28_regex/basic_regex/assign/char/moveable.cc (test for excess errors)
UNRESOLVED: 28_regex/basic_regex/assign/char/moveable.cc compilation failed to produce executable
FAIL: 28_regex/basic_regex/assign/char/pstring.cc (test for excess errors)
FAIL: 28_regex/basic_regex/assign/char/range.cc (test for excess errors)
FAIL: 28_regex/basic_regex/assign/char/string.cc (test for excess errors)
FAIL: 28_regex/basic_regex/assign/char/string_op.cc (test for excess errors)
FAIL: 28_regex/basic_regex/assign/wchar_t/cstring.cc (test for excess errors)
FAIL: 28_regex/basic_regex/assign/wchar_t/cstring_op.cc (test for excess errors)
FAIL: 28_regex/basic_regex/assign/wchar_t/pstring.cc (test for excess errors)
FAIL: 28_regex/basic_regex/assign/wchar_t/range.cc (test for excess errors)
FAIL: 28_regex/basic_regex/assign/wchar_t/string.cc (test for excess errors)
FAIL: 28_regex/basic_regex/assign/wchar_t/string_op.cc (test for excess errors)
FAIL: 28_regex/basic_regex/ctors/47724.cc (test for excess errors)
UNRESOLVED: 28_regex/basic_regex/ctors/47724.cc compilation failed to produce executable
FAIL: 28_regex/basic_regex/ctors/basic/cstring.cc (test for excess errors)
FAIL: 28_regex/basic_regex/ctors/basic/pstring_char.cc (test for excess errors)
UNRESOLVED: 28_regex/basic_regex/ctors/basic/pstring_char.cc compilation failed to produce executable
FAIL: 28_regex/basic_regex/ctors/basic/pstring_wchar_t.cc (test for excess errors)
UNRESOLVED: 28_regex/basic_regex/ctors/basic/pstring_wchar_t.cc compilation failed to produce executable
FAIL: 28_regex/basic_regex/ctors/basic/raw_string.cc (test for excess errors)
UNRESOLVED: 28_regex/basic_regex/ctors/basic/raw_string.cc compilation failed to produce executable
FAIL: 28_regex/basic_regex/ctors/basic/string_range_01_02_03.cc (test for excess errors)
UNRESOLVED: 28_regex/basic_regex/ctors/basic/string_range_01_02_03.cc compilation failed to produce executable
FAIL: 28_regex/basic_regex/ctors/char/cstring.cc (test for excess errors)
FAIL: 28_regex/basic_regex/ctors/char/cstring_awk.cc (test for excess errors)
FAIL: 28_regex/basic_regex/ctors/char/cstring_ecma.cc (test for excess errors)
FAIL: 28_regex/basic_regex/ctors/char/cstring_egrep.cc (test for excess errors)
FAIL: 28_regex/basic_regex/ctors/char/cstring_grep.cc (test for excess errors)
FAIL: 28_regex/basic_regex/ctors/char/range.cc (test for excess errors)
FAIL: 28_regex/basic_regex/ctors/copy_char.cc (test for excess errors)
UNRESOLVED: 28_regex/basic_regex/ctors/copy_char.cc compilation failed to produce executable
FAIL: 28_regex/basic_regex/ctors/extended/cstring.cc (test for excess errors)
UNRESOLVED: 28_regex/basic_regex/ctors/extended/cstring.cc compilation failed to produce executable
FAIL: 28_regex/basic_regex/ctors/extended/string_range_01_02_03.cc (test for excess errors)
UNRESOLVED: 28_regex/basic_regex/ctors/extended/string_range_01_02_03.cc compilation failed to produce executable
FAIL: 28_regex/basic_regex/ctors/move_char.cc (test for excess errors)
UNRESOLVED: 28_regex/basic_regex/ctors/move_char.cc compilation failed to produce executable
FAIL: 28_regex/basic_regex/ctors/string_char.cc (test for excess errors)
FAIL: 28_regex/basic_regex/ctors/string_wchar_t.cc (test for excess errors)
FAIL: 28_regex/basic_regex/ctors/wchar_t/cstring.cc (test for excess errors)
FAIL: 28_regex/basic_regex/ctors/wchar_t/range.cc (test for excess errors)
FAIL: 28_regex/basic_regex/multiple_quantifiers.cc (test for excess errors)
UNRESOLVED: 28_regex/basic_regex/multiple_quantifiers.cc compilation failed to produce executable
FAIL: 28_regex/constants/syntax_option_type.cc (test for excess errors)
UNRESOLVED: 28_regex/constants/syntax_option_type.cc compilation failed to produce executable
FAIL: 28_regex/init-list.cc (test for excess errors)
UNRESOLVED: 28_regex/init-list.cc compilation failed to produce executable
FAIL: 28_regex/iterators/regex_iterator/char/string_01.cc (test for excess errors)
UNRESOLVED: 28_regex/iterators/regex_iterator/char/string_01.cc compilation failed to produce executable
FAIL: 28_regex/iterators/regex_iterator/char/string_position_01.cc (test for excess errors)
UNRESOLVED: 28_regex/iterators/regex_iterator/char/string_position_01.cc compilation failed to produce executable
FAIL: 28_regex/iterators/regex_iterator/wchar_t/string_01.cc (test for excess errors)
UNRESOLVED: 28_regex/iterators/regex_iterator/wchar_t/string_01.cc compilation failed to produce executable
FAIL: 28_regex/iterators/regex_iterator/wchar_t/string_02.cc (test for excess errors)
UNRESOLVED: 28_regex/iterators/regex_iterator/wchar_t/string_02.cc compilation failed to produce executable
FAIL: 28_regex/iterators/regex_token_iterator/char/string_01.cc (test for excess errors)
UNRESOLVED: 28_regex/iterators/regex_token_iterator/char/string_01.cc compilation failed to produce executable
FAIL: 28_regex/iterators/regex_token_iterator/wchar_t/string_01.cc (test for excess errors)
UNRESOLVED: 28_regex/iterators/regex_token_iterator/wchar_t/string_01.cc compilation failed to produce executable
FAIL: 28_regex/iterators/regex_token_iterator/wchar_t/wstring_02.cc (test for excess errors)
UNRESOLVED: 28_regex/iterators/regex_token_iterator/wchar_t/wstring_02.cc compilation failed to produce executable
FAIL: 28_regex/match_results/format.cc (test for excess errors)
UNRESOLVED: 28_regex/match_results/format.cc compilation failed to produce executable
FAIL: 28_regex/traits/char/user_defined.cc (test for excess errors)
UNRESOLVED: 28_regex/traits/char/user_defined.cc compilation failed to produce executable
FAIL: 28_regex/traits/wchar_t/user_defined.cc (test for excess errors)
UNRESOLVED: 28_regex/traits/wchar_t/user_defined.cc compilation failed to produce executable
=== libstdc++ Summary for unix ===
# of expected passes 9949
# of unexpected failures 90
# of expected failures 68
# of unresolved testcases 61
# of unsupported tests 259
Running target unix/-mabi=64
FAIL: libstdc++-abi/abi_check
FAIL: 22_locale/numpunct/members/char/3.cc execution test
FAIL: 22_locale/time_get/get_date/wchar_t/4.cc execution test
XPASS: 26_numerics/headers/cmath/c_math.cc execution test
=== libstdc++ Summary for unix/-mabi=64 ===
# of expected passes 4149
# of unexpected failures 3
# of unexpected successes 1
# of expected failures 61
# of unsupported tests 268
Running target unix/-mabi=n32
FAIL: libstdc++-abi/abi_check
FAIL: 22_locale/numpunct/members/char/3.cc execution test
FAIL: 22_locale/time_get/get_date/wchar_t/4.cc execution test
XPASS: 26_numerics/headers/cmath/c_math.cc execution test
UNRESOLVED: 28_regex/algorithms/regex_match/awk/cstring_01.cc compilation failed to produce executable
UNRESOLVED: 28_regex/algorithms/regex_match/basic/empty_range.cc compilation failed to produce executable
UNRESOLVED: 28_regex/algorithms/regex_match/basic/string_01.cc compilation failed to produce executable
UNRESOLVED: 28_regex/algorithms/regex_match/basic/string_range_00_03.cc compilation failed to produce executable
UNRESOLVED: 28_regex/algorithms/regex_match/basic/string_range_01_03.cc compilation failed to produce executable
UNRESOLVED: 28_regex/algorithms/regex_match/basic/string_range_02_03.cc compilation failed to produce executable
UNRESOLVED: 28_regex/algorithms/regex_match/cstring_bracket_01.cc compilation failed to produce executable
UNRESOLVED: 28_regex/algorithms/regex_match/ecma/char/53622.cc compilation failed to produce executable
UNRESOLVED: 28_regex/algorithms/regex_match/ecma/char/57173.cc compilation failed to produce executable
UNRESOLVED: 28_regex/algorithms/regex_match/ecma/char/58576.cc compilation failed to produce executable
UNRESOLVED: 28_regex/algorithms/regex_match/ecma/char/61601.cc compilation failed to produce executable
UNRESOLVED: 28_regex/algorithms/regex_match/ecma/char/anymatcher.cc compilation failed to produce executable
UNRESOLVED: 28_regex/algorithms/regex_match/ecma/char/backref.cc compilation failed to produce executable
UNRESOLVED: 28_regex/algorithms/regex_match/ecma/char/empty_range.cc compilation failed to produce executable
UNRESOLVED: 28_regex/algorithms/regex_match/ecma/char/emptygroup.cc compilation failed to produce executable
UNRESOLVED: 28_regex/algorithms/regex_match/ecma/char/hex.cc compilation failed to produce executable
UNRESOLVED: 28_regex/algorithms/regex_match/ecma/char/quoted_char.cc compilation failed to produce executable
UNRESOLVED: 28_regex/algorithms/regex_match/ecma/char/ungreedy.cc compilation failed to produce executable
UNRESOLVED: 28_regex/algorithms/regex_match/ecma/wchar_t/63199.cc compilation failed to produce executable
UNRESOLVED: 28_regex/algorithms/regex_match/ecma/wchar_t/anymatcher.cc compilation failed to produce executable
UNRESOLVED: 28_regex/algorithms/regex_match/ecma/wchar_t/cjk_match.cc compilation failed to produce executable
UNRESOLVED: 28_regex/algorithms/regex_match/ecma/wchar_t/hex.cc compilation failed to produce executable
UNRESOLVED: 28_regex/algorithms/regex_match/extended/cstring_plus.cc compilation failed to produce executable
UNRESOLVED: 28_regex/algorithms/regex_match/extended/cstring_questionmark.cc compilation failed to produce executable
UNRESOLVED: 28_regex/algorithms/regex_match/extended/cstring_range.cc compilation failed to produce executable
UNRESOLVED: 28_regex/algorithms/regex_match/extended/string_any.cc compilation failed to produce executable
UNRESOLVED: 28_regex/algorithms/regex_match/extended/string_range_00_03.cc compilation failed to produce executable
UNRESOLVED: 28_regex/algorithms/regex_match/extended/string_range_01_03.cc compilation failed to produce executable
UNRESOLVED: 28_regex/algorithms/regex_match/extended/string_range_02_03.cc compilation failed to produce executable
UNRESOLVED: 28_regex/algorithms/regex_replace/char/basic_replace.cc compilation failed to produce executable
UNRESOLVED: 28_regex/algorithms/regex_replace/char/dr2213.cc compilation failed to produce executable
UNRESOLVED: 28_regex/algorithms/regex_search/61424.cc compilation failed to produce executable
UNRESOLVED: 28_regex/algorithms/regex_search/61720.cc compilation failed to produce executable
UNRESOLVED: 28_regex/algorithms/regex_search/basic/string_01.cc compilation failed to produce executable
UNRESOLVED: 28_regex/algorithms/regex_search/ecma/assertion.cc compilation failed to produce executable
UNRESOLVED: 28_regex/algorithms/regex_search/ecma/flags.cc compilation failed to produce executable
UNRESOLVED: 28_regex/algorithms/regex_search/ecma/greedy.cc compilation failed to produce executable
UNRESOLVED: 28_regex/algorithms/regex_search/ecma/string_01.cc compilation failed to produce executable
UNRESOLVED: 28_regex/basic_regex/assign/char/moveable.cc compilation failed to produce executable
UNRESOLVED: 28_regex/basic_regex/ctors/47724.cc compilation failed to produce executable
UNRESOLVED: 28_regex/basic_regex/ctors/basic/pstring_char.cc compilation failed to produce executable
UNRESOLVED: 28_regex/basic_regex/ctors/basic/pstring_wchar_t.cc compilation failed to produce executable
UNRESOLVED: 28_regex/basic_regex/ctors/basic/raw_string.cc compilation failed to produce executable
UNRESOLVED: 28_regex/basic_regex/ctors/basic/string_range_01_02_03.cc compilation failed to produce executable
UNRESOLVED: 28_regex/basic_regex/ctors/copy_char.cc compilation failed to produce executable
UNRESOLVED: 28_regex/basic_regex/ctors/extended/cstring.cc compilation failed to produce executable
UNRESOLVED: 28_regex/basic_regex/ctors/extended/string_range_01_02_03.cc compilation failed to produce executable
UNRESOLVED: 28_regex/basic_regex/ctors/move_char.cc compilation failed to produce executable
UNRESOLVED: 28_regex/basic_regex/multiple_quantifiers.cc compilation failed to produce executable
UNRESOLVED: 28_regex/constants/syntax_option_type.cc compilation failed to produce executable
UNRESOLVED: 28_regex/init-list.cc compilation failed to produce executable
UNRESOLVED: 28_regex/iterators/regex_iterator/char/string_01.cc compilation failed to produce executable
UNRESOLVED: 28_regex/iterators/regex_iterator/char/string_position_01.cc compilation failed to produce executable
UNRESOLVED: 28_regex/iterators/regex_iterator/wchar_t/string_01.cc compilation failed to produce executable
UNRESOLVED: 28_regex/iterators/regex_iterator/wchar_t/string_02.cc compilation failed to produce executable
UNRESOLVED: 28_regex/iterators/regex_token_iterator/char/string_01.cc compilation failed to produce executable
UNRESOLVED: 28_regex/iterators/regex_token_iterator/wchar_t/string_01.cc compilation failed to produce executable
UNRESOLVED: 28_regex/iterators/regex_token_iterator/wchar_t/wstring_02.cc compilation failed to produce executable
UNRESOLVED: 28_regex/match_results/format.cc compilation failed to produce executable
UNRESOLVED: 28_regex/traits/char/user_defined.cc compilation failed to produce executable
UNRESOLVED: 28_regex/traits/wchar_t/user_defined.cc compilation failed to produce executable
=== libstdc++ Summary for unix/-mabi=n32 ===
# of expected passes 4224
# of unexpected failures 3
# of unexpected successes 1
# of expected failures 61
# of unresolved testcases 61
# of unsupported tests 259
=== libstdc++ Summary ===
# of expected passes 18322
# of unexpected failures 96
# of unexpected successes 2
# of expected failures 190
# of unresolved testcases 122
# of unsupported tests 786
Compiler version: 5.0.0 20141118 (experimental) [trunk revision 217719] (Debian 20141118-1)
Platform: mipsel-unknown-linux-gnu
configure flags: -v --with-pkgversion='Debian 20141118-1' --with-bugurl=file:///usr/share/doc/gcc-snapshot/README.Bugs --enable-languages=c,c++,java,go,fortran,objc,obj-c++ --prefix=/usr/lib/gcc-snapshot --enable-shared --enable-linker-build-id --disable-nls --with-sysroot=/ --enable-clocale=gnu --enable-libstdcxx-debug --enable-libstdcxx-time=yes --enable-gnu-unique-object --disable-libitm --disable-libsanitizer --disable-libquadmath --enable-plugin --with-system-zlib --disable-browser-plugin --enable-java-awt=gtk --enable-gtk-cairo --with-java-home=/usr/lib/jvm/java-1.5.0-gcj-5.0-snap-mipsel/jre --enable-java-home --with-jvm-root-dir=/usr/lib/jvm/java-1.5.0-gcj-5.0-snap-mipsel --with-jvm-jar-dir=/usr/lib/jvm-exports/java-1.5.0-gcj-5.0-snap-mipsel --with-arch-directory=mips --with-ecj-jar=/usr/share/java/eclipse-ecj.jar --enable-multiarch --enable-multilib --with-arch-32=mips2 --with-tune-32=mips32 --enable-targets=all --with-arch-64=mips3 --with-tune-64=mips64 --disable-werror --enable-checking=yes --build=mipsel-linux-gnu --host=mipsel-linux-gnu --target=mipsel-linux-gnu
BOOT_CFLAGS=
Build Dependencies:
Desired=Unknown/Install/Remove/Purge/Hold
| Status=Not/Inst/Conf-files/Unpacked/halF-conf/Half-inst/trig-aWait/Trig-pend
|/ Err?=(none)/Reinst-required (Status,Err: uppercase=bad)
||/ Name Version Architecture Description
+++-=========================-==================-============-===============================================================================
ii binutils 2.24.90.20141128-1 mipsel GNU assembler, linker and binary utilities
ii g++-4.9 4.9.2-5 mipsel GNU C++ compiler
ii g++-4.9-multilib 4.9.2-5 mipsel GNU C++ compiler (multilib files)
ii g++-multilib 4:4.9.2-1 mipsel GNU C++ compiler (multilib files)
ii libc6:mipsel 2.19-13 mipsel GNU C Library: Shared libraries
ii libcloog-isl-dev:mipsel 0.18.2-1 mipsel Chunky Loop Generator (development files)
ii libgmp-dev:mipsel 2:6.0.0+dfsg-6 mipsel Multiprecision arithmetic library developers tools
ii libisl-dev:mipsel 0.12.2-2 mipsel manipulating sets and relations of integer points bounded by linear constraints
ii libmpc-dev:mipsel 1.0.2-1 mipsel multiple precision complex floating-point library development package
ii libmpfr-dev:mipsel 3.1.2-1+b1 mipsel multiple precision floating-point computation developers tools
gcc-sysroot:
Allow building --with-sysroot=/
sys-auxv-header:
Check for the sys/auxv.h header file.
go-use-gold:
Pass -fuse-ld=gold to gccgo on targets supporting -fsplit-stack
libssp-gets:
Declare prototype for gets in C11 mode
arm-multilib-soft:
ARM hard/soft float multilib support
arm-multilib-defaults:
Set MULTILIB_DEFAULTS for ARM multilib builds
gcc-ice-apport-trunk:
Report an ICE to apport (if apport is available
and the environment variable GCC_NOAPPORT is not set)
libjava-fixed-symlinks:
Remove unneed '..' elements from symlinks in JAVA_HOME
libffi-ro-eh_frame_sect:
PR libffi/47248, force a read only eh frame section.
gcc-multiarch-trunk:
- Remaining multiarch patches, not yet submitted upstream.
- Add MULTIARCH_DIRNAME definitions for multilib configurations,
which are used for the non-multilib builds.
libjava-nobiarch-check:
For biarch builds, disable the testsuite for the non-default architecture
for runtime libraries, which are not built by default (libjava).
config-ml-trunk:
- Disable some biarch libraries for biarch builds.
- Fix multilib builds on kernels which don't support all multilibs.
gcc-multilib-multiarch:
Don't auto-detect multilib osdirnames.
mips-fix-loongson2f-nop-trunk:
On mips, pass -mfix-loongson2f-nop to as, if -mno-fix-loongson2f-nop
is not passed.
libgomp-kfreebsd-testsuite:
Disable lock-2.c test on kfreebsd-*
go-testsuite:
Skip Go testcase on AArch64 which hangs on the buildds.
fix-ffi_call_VFP-with-no-VFP-argument:
armhf: Fix ffi_call_VFP with no VFP arguments.
ada-749574:
ada-mips:
Improve support for mips.
ada-ppc64:
Counting all warnings,
there are 0 warnings in stage3 of this bootstrap.
Number of warnings per file:
Number of warning types: