This is the mail archive of the
gcc-testresults@gcc.gnu.org
mailing list for the GCC project.
Results for 4.9.3 20141204 (prerelease) [gcc-4_9-branch revision 218376] (GCC) testsuite on hppa2.0w-hp-hpux11.11
- From: John David Anglin <dave at hiauly3 dot hia dot nrc dot ca>
- To: dave at hiauly3 dot hia dot nrc dot ca, gcc-testresults at gcc dot gnu dot org
- Date: Fri, 5 Dec 2014 10:54:47 -0500 (EST)
- Subject: Results for 4.9.3 20141204 (prerelease) [gcc-4_9-branch revision 218376] (GCC) testsuite on hppa2.0w-hp-hpux11.11
- Authentication-results: sourceware.org; auth=none
Native configuration is hppa2.0w-hp-hpux11.11
=== g++ tests ===
Running target unix
WARNING: program timed out.
=== g++ Summary ===
# of expected passes 73694
# of expected failures 446
# of unsupported tests 3527
/mnt/gnu/gcc/objdir-test/gcc/testsuite/g++/../../xg++ version 4.9.3 20141204 (prerelease) [gcc-4_9-branch revision 218376] (GCC)
=== gcc tests ===
Running target unix
FAIL: gcc.dg/atomic/c11-atomic-exec-5.c -O0 execution test
FAIL: gcc.dg/atomic/c11-atomic-exec-5.c -O1 execution test
FAIL: gcc.dg/atomic/c11-atomic-exec-5.c -O2 execution test
FAIL: gcc.dg/atomic/c11-atomic-exec-5.c -O3 -fomit-frame-pointer execution test
FAIL: gcc.dg/atomic/c11-atomic-exec-5.c -O3 -fomit-frame-pointer -funroll-loops execution test
FAIL: gcc.dg/atomic/c11-atomic-exec-5.c -O3 -fomit-frame-pointer -funroll-all-loops -finline-functions execution test
FAIL: gcc.dg/atomic/c11-atomic-exec-5.c -O3 -g execution test
FAIL: gcc.dg/atomic/c11-atomic-exec-5.c -Os execution test
FAIL: gcc.dg/large-size-array-6.c (internal compiler error)
FAIL: gcc.dg/large-size-array-6.c (test for errors, line 6)
FAIL: gcc.dg/large-size-array-6.c (test for excess errors)
FAIL: gcc.dg/pr61158.c scan-tree-dump original "return 0;"
WARNING: program timed out.
FAIL: gcc.dg/ipa/pr63551.c (test for excess errors)
FAIL: gcc.dg/tree-prof/crossmodule-indircall-1a.c compilation, -fprofile-generate -D_PROFILE_GENERATE
UNRESOLVED: gcc.dg/tree-prof/crossmodule-indircall-1a.c execution, -fprofile-generate -D_PROFILE_GENERATE
UNRESOLVED: gcc.dg/tree-prof/crossmodule-indircall-1a.c compilation, -fprofile-use -D_PROFILE_USE
UNRESOLVED: gcc.dg/tree-prof/crossmodule-indircall-1a.c execution, -fprofile-use -D_PROFILE_USE
FAIL: gcc.dg/tree-ssa/pr61144.c (test for excess errors)
UNRESOLVED: gcc.dg/tree-ssa/pr61144.c scan-tree-dump-not optimized "return 0"
=== gcc Summary ===
# of expected passes 69522
# of unexpected failures 15
# of expected failures 121
# of unresolved testcases 4
# of unsupported tests 1657
/mnt/gnu/gcc/objdir-test/gcc/xgcc version 4.9.3 20141204 (prerelease) [gcc-4_9-branch revision 218376] (GCC)
=== libatomic tests ===
Running target unix
=== libatomic Summary ===
# of expected passes 44
# of unsupported tests 5
=== libgomp tests ===
Running target unix
=== libgomp Summary ===
# of expected passes 673
# of unsupported tests 10
=== libstdc++ tests ===
Running target unix
=== libstdc++ Summary ===
# of expected passes 8275
# of expected failures 41
# of unsupported tests 943
Compiler version: 4.9.3 20141204 (prerelease) [gcc-4_9-branch revision 218376] (GCC)
Platform: hppa2.0w-hp-hpux11.11
configure flags:Test Run By dave on Thu Dec 4 19:34:14 2014