This is the mail archive of the
gcc-testresults@gcc.gnu.org
mailing list for the GCC project.
Results for 5.0.0 20141022 (experimental) [trunk revision 216539] (GCC) testsuite on arm-unknown-freebsd11.0
- From: "Andreas Tobler" <andreast at fgznet dot ch>
- To: gcc-testresults at gcc dot gnu dot org
- Date: Tue, 04 Nov 2014 22:52:38 +0000
- Subject: Results for 5.0.0 20141022 (experimental) [trunk revision 216539] (GCC) testsuite on arm-unknown-freebsd11.0
- Authentication-results: sourceware.org; auth=none
LAST_UPDATED: Wed Oct 22 04:01:15 UTC 2014 (revision 216539)
Native configuration is arm-unknown-freebsd11.0
=== libatomic tests ===
Running target unix
=== libatomic Summary ===
# of expected passes 44
# of unsupported tests 5
=== libgomp tests ===
Running target unix
WARNING: program timed out.
FAIL: libgomp.c/affinity-1.c execution test
WARNING: program timed out.
FAIL: libgomp.c/appendix-a/a.18.1.c execution test
WARNING: program timed out.
FAIL: libgomp.c/appendix-a/a.19.1.c execution test
WARNING: program timed out.
FAIL: libgomp.c/appendix-a/a.2.1.c execution test
WARNING: program timed out.
FAIL: libgomp.c/appendix-a/a.36.1.c execution test
FAIL: libgomp.c/atomic-10.c execution test
FAIL: libgomp.c/atomic-11.c execution test
FAIL: libgomp.c/atomic-13.c execution test
FAIL: libgomp.c/atomic-14.c execution test
FAIL: libgomp.c/atomic-15.c execution test
FAIL: libgomp.c/atomic-16.c execution test
FAIL: libgomp.c/atomic-17.c execution test
WARNING: program timed out.
FAIL: libgomp.c/atomic-3.c execution test
WARNING: program timed out.
FAIL: libgomp.c/autopar-1.c execution test
WARNING: program timed out.
FAIL: libgomp.c/barrier-1.c execution test
WARNING: program timed out.
FAIL: libgomp.c/cancel-for-1.c execution test
WARNING: program timed out.
FAIL: libgomp.c/cancel-for-2.c execution test
WARNING: program timed out.
FAIL: libgomp.c/cancel-parallel-1.c execution test
WARNING: program timed out.
FAIL: libgomp.c/cancel-parallel-2.c execution test
WARNING: program timed out.
FAIL: libgomp.c/cancel-parallel-3.c execution test
WARNING: program timed out.
FAIL: libgomp.c/cancel-sections-1.c execution test
WARNING: program timed out.
FAIL: libgomp.c/collapse-2.c execution test
WARNING: program timed out.
FAIL: libgomp.c/copyin-1.c execution test
WARNING: program timed out.
FAIL: libgomp.c/copyin-2.c execution test
WARNING: program timed out.
FAIL: libgomp.c/copyin-3.c execution test
WARNING: program timed out.
FAIL: libgomp.c/icv-2.c execution test
WARNING: program timed out.
FAIL: libgomp.c/lib-1.c execution test
WARNING: program timed out.
FAIL: libgomp.c/loop-4.c execution test
WARNING: program timed out.
FAIL: libgomp.c/loop-8.c execution test
WARNING: program timed out.
FAIL: libgomp.c/nested-1.c execution test
WARNING: program timed out.
FAIL: libgomp.c/nested-2.c execution test
WARNING: program timed out.
FAIL: libgomp.c/nested-3.c execution test
WARNING: program timed out.
FAIL: libgomp.c/nestedfn-1.c execution test
WARNING: program timed out.
FAIL: libgomp.c/nestedfn-3.c execution test
WARNING: program timed out.
FAIL: libgomp.c/nestedfn-4.c execution test
WARNING: program timed out.
FAIL: libgomp.c/nestedfn-5.c execution test
WARNING: program timed out.
FAIL: libgomp.c/omp-loop03.c execution test
WARNING: program timed out.
FAIL: libgomp.c/omp-nested-1.c execution test
WARNING: program timed out.
FAIL: libgomp.c/omp-parallel-for.c execution test
WARNING: program timed out.
FAIL: libgomp.c/omp-parallel-if.c execution test
WARNING: program timed out.
FAIL: libgomp.c/ordered-3.c execution test
WARNING: program timed out.
FAIL: libgomp.c/parallel-1.c execution test
WARNING: program timed out.
FAIL: libgomp.c/pr24455.c execution test
WARNING: program timed out.
FAIL: libgomp.c/pr26943-1.c execution test
WARNING: program timed out.
FAIL: libgomp.c/pr26943-2.c execution test
WARNING: program timed out.
FAIL: libgomp.c/pr26943-3.c execution test
WARNING: program timed out.
FAIL: libgomp.c/pr26943-4.c execution test
WARNING: program timed out.
FAIL: libgomp.c/pr30494.c execution test
WARNING: program timed out.
FAIL: libgomp.c/pr32362-1.c execution test
WARNING: program timed out.
FAIL: libgomp.c/pr32362-2.c execution test
WARNING: program timed out.
FAIL: libgomp.c/pr32362-3.c execution test
WARNING: program timed out.
FAIL: libgomp.c/pr32468.c execution test
WARNING: program timed out.
FAIL: libgomp.c/pr33880.c execution test
WARNING: program timed out.
FAIL: libgomp.c/pr34513.c execution test
WARNING: program timed out.
FAIL: libgomp.c/pr35196.c execution test
WARNING: program timed out.
FAIL: libgomp.c/pr35549.c execution test
WARNING: program timed out.
FAIL: libgomp.c/pr36802-2.c execution test
WARNING: program timed out.
FAIL: libgomp.c/pr36802-3.c execution test
WARNING: program timed out.
FAIL: libgomp.c/pr42942.c execution test
WARNING: program timed out.
FAIL: libgomp.c/pr46886.c execution test
WARNING: program timed out.
FAIL: libgomp.c/pr61200.c execution test
WARNING: program timed out.
FAIL: libgomp.c/reduction-1.c execution test
WARNING: program timed out.
FAIL: libgomp.c/reduction-2.c execution test
WARNING: program timed out.
FAIL: libgomp.c/reduction-3.c execution test
WARNING: program timed out.
FAIL: libgomp.c/reduction-4.c execution test
WARNING: program timed out.
FAIL: libgomp.c/shared-1.c execution test
WARNING: program timed out.
FAIL: libgomp.c/shared-2.c execution test
WARNING: program timed out.
FAIL: libgomp.c/target-4.c execution test
WARNING: program timed out.
FAIL: libgomp.c/target-6.c execution test
WARNING: program timed out.
FAIL: libgomp.c/task-1.c execution test
WARNING: program timed out.
FAIL: libgomp.c/task-2.c execution test
WARNING: program timed out.
FAIL: libgomp.c/task-3.c execution test
WARNING: program timed out.
FAIL: libgomp.c/task-4.c execution test
WARNING: program timed out.
FAIL: libgomp.c/taskgroup-1.c execution test
WARNING: program timed out.
FAIL: libgomp.c/thread-limit-1.c execution test
WARNING: program timed out.
FAIL: libgomp.c/thread-limit-2.c execution test
WARNING: program timed out.
FAIL: libgomp.c/udr-1.c execution test
WARNING: program timed out.
FAIL: libgomp.c/vla-1.c execution test
WARNING: program timed out.
FAIL: libgomp.c++/affinity-1.C execution test
FAIL: libgomp.c++/atomic-10.C execution test
FAIL: libgomp.c++/atomic-11.C execution test
FAIL: libgomp.c++/atomic-12.C execution test
FAIL: libgomp.c++/atomic-13.C execution test
FAIL: libgomp.c++/atomic-14.C execution test
FAIL: libgomp.c++/atomic-15.C execution test
FAIL: libgomp.c++/atomic-2.C execution test
FAIL: libgomp.c++/atomic-4.C execution test
FAIL: libgomp.c++/atomic-6.C execution test
FAIL: libgomp.c++/atomic-7.C execution test
FAIL: libgomp.c++/atomic-8.C execution test
FAIL: libgomp.c++/atomic-9.C execution test
WARNING: program timed out.
FAIL: libgomp.c++/cancel-for-1.C execution test
WARNING: program timed out.
FAIL: libgomp.c++/cancel-for-2.C execution test
WARNING: program timed out.
FAIL: libgomp.c++/cancel-parallel-1.C execution test
WARNING: program timed out.
FAIL: libgomp.c++/cancel-parallel-2.C execution test
WARNING: program timed out.
FAIL: libgomp.c++/cancel-parallel-3.C execution test
WARNING: program timed out.
FAIL: libgomp.c++/cancel-sections-1.C execution test
WARNING: program timed out.
FAIL: libgomp.c++/collapse-2.C execution test
WARNING: program timed out.
FAIL: libgomp.c++/copyin-1.C execution test
WARNING: program timed out.
FAIL: libgomp.c++/copyin-2.C execution test
WARNING: program timed out.
FAIL: libgomp.c++/ctor-1.C execution test
WARNING: program timed out.
FAIL: libgomp.c++/ctor-10.C execution test
WARNING: program timed out.
FAIL: libgomp.c++/ctor-11.C execution test
WARNING: program timed out.
FAIL: libgomp.c++/ctor-2.C execution test
WARNING: program timed out.
FAIL: libgomp.c++/ctor-3.C execution test
WARNING: program timed out.
FAIL: libgomp.c++/ctor-4.C execution test
WARNING: program timed out.
FAIL: libgomp.c++/ctor-5.C execution test
WARNING: program timed out.
FAIL: libgomp.c++/ctor-6.C execution test
WARNING: program timed out.
FAIL: libgomp.c++/ctor-7.C execution test
WARNING: program timed out.
FAIL: libgomp.c++/ctor-8.C execution test
WARNING: program timed out.
FAIL: libgomp.c++/ctor-9.C execution test
WARNING: program timed out.
FAIL: libgomp.c++/loop-3.C execution test
WARNING: program timed out.
FAIL: libgomp.c++/loop-4.C execution test
WARNING: program timed out.
FAIL: libgomp.c++/nested-1.C execution test
WARNING: program timed out.
FAIL: libgomp.c++/parallel-1.C execution test
WARNING: program timed out.
FAIL: libgomp.c++/pr24455.C execution test
WARNING: program timed out.
FAIL: libgomp.c++/pr26943.C execution test
WARNING: program timed out.
FAIL: libgomp.c++/pr27337.C execution test
WARNING: program timed out.
FAIL: libgomp.c++/pr30703.C execution test
WARNING: program timed out.
FAIL: libgomp.c++/pr34513.C execution test
WARNING: program timed out.
FAIL: libgomp.c++/reduction-1.C execution test
WARNING: program timed out.
FAIL: libgomp.c++/reduction-2.C execution test
WARNING: program timed out.
FAIL: libgomp.c++/reduction-3.C execution test
WARNING: program timed out.
FAIL: libgomp.c++/shared-1.C execution test
WARNING: program timed out.
FAIL: libgomp.c++/shared-2.C execution test
WARNING: program timed out.
FAIL: libgomp.c++/task-1.C execution test
WARNING: program timed out.
FAIL: libgomp.c++/task-2.C execution test
WARNING: program timed out.
FAIL: libgomp.c++/task-3.C execution test
WARNING: program timed out.
FAIL: libgomp.c++/task-4.C execution test
WARNING: program timed out.
FAIL: libgomp.c++/task-5.C execution test
WARNING: program timed out.
FAIL: libgomp.c++/task-6.C execution test
WARNING: program timed out.
FAIL: libgomp.c++/taskgroup-1.C execution test
WARNING: program timed out.
FAIL: libgomp.c++/udr-1.C execution test
WARNING: program timed out.
FAIL: libgomp.c++/udr-11.C execution test
WARNING: program timed out.
FAIL: libgomp.c++/udr-12.C execution test
WARNING: program timed out.
FAIL: libgomp.c++/udr-13.C execution test
WARNING: program timed out.
FAIL: libgomp.c++/udr-19.C execution test
WARNING: program timed out.
FAIL: libgomp.c++/udr-2.C execution test
WARNING: program timed out.
FAIL: libgomp.c++/udr-3.C execution test
WARNING: program timed out.
FAIL: libgomp.c++/udr-9.C execution test
=== libgomp Summary ===
# of expected passes 539
# of unexpected failures 140
# of unsupported tests 8
=== libitm tests ===
Running target unix
FAIL: libitm.c/cancel.c execution test
FAIL: libitm.c/memcpy-1.c execution test
FAIL: libitm.c/memset-1.c execution test
FAIL: libitm.c/notx.c execution test
FAIL: libitm.c/reentrant.c execution test
FAIL: libitm.c/simple-1.c execution test
FAIL: libitm.c/simple-2.c execution test
FAIL: libitm.c/stackundo.c execution test
FAIL: libitm.c/txrelease.c execution test
FAIL: libitm.c++/eh-1.C execution test
=== libitm Summary ===
# of expected passes 16
# of unexpected failures 10
# of expected failures 3
# of unsupported tests 1
=== libstdc++ tests ===
Running target unix
FAIL: 17_intro/headers/c++1998/stdc++.cc (test for excess errors)
FAIL: 17_intro/headers/c++1998/stdc++_multiple_inclusion.cc (test for excess errors)
FAIL: 18_support/pthread_guard.cc execution test
FAIL: 20_util/shared_ptr/thread/default_weaktoshared.cc execution test
FAIL: 20_util/shared_ptr/thread/mutex_weaktoshared.cc execution test
FAIL: 21_strings/basic_string/pthread18185.cc execution test
FAIL: 21_strings/basic_string/pthread4.cc execution test
FAIL: 22_locale/locale/cons/12438.cc execution test
FAIL: 23_containers/list/pthread1.cc execution test
FAIL: 23_containers/list/pthread5.cc execution test
FAIL: 23_containers/map/pthread6.cc execution test
FAIL: 23_containers/vector/requirements/exception/basic.cc (test for excess errors)
UNRESOLVED: 23_containers/vector/requirements/exception/basic.cc compilation failed to produce executable
FAIL: 25_algorithms/nth_element/requirements/explicit_instantiation/2.cc (test for excess errors)
FAIL: 25_algorithms/partial_sort/requirements/explicit_instantiation/2.cc (test for excess errors)
FAIL: 25_algorithms/sort/requirements/explicit_instantiation/2.cc (test for excess errors)
FAIL: 26_numerics/headers/cmath/c99_classification_macros_c.cc (test for excess errors)
FAIL: 27_io/basic_ofstream/pthread2.cc execution test
FAIL: 27_io/basic_ostringstream/pthread3.cc execution test
FAIL: 30_threads/call_once/39909.cc execution test
FAIL: 30_threads/call_once/49668.cc execution test
FAIL: 30_threads/call_once/call_once1.cc execution test
FAIL: 30_threads/condition_variable/54185.cc execution test
FAIL: 30_threads/condition_variable_any/50862.cc execution test
FAIL: 30_threads/condition_variable_any/53830.cc execution test
FAIL: 30_threads/lock/2.cc execution test
FAIL: 30_threads/mutex/try_lock/2.cc execution test
FAIL: 30_threads/shared_timed_mutex/try_lock/2.cc execution test
FAIL: 30_threads/this_thread/3.cc execution test
FAIL: 30_threads/this_thread/4.cc execution test
FAIL: 30_threads/thread/cons/2.cc execution test
FAIL: 30_threads/thread/cons/3.cc execution test
FAIL: 30_threads/thread/cons/4.cc execution test
FAIL: 30_threads/thread/cons/49668.cc execution test
FAIL: 30_threads/thread/cons/5.cc execution test
FAIL: 30_threads/thread/cons/6.cc execution test
FAIL: 30_threads/thread/cons/7.cc execution test
FAIL: 30_threads/thread/cons/8.cc execution test
FAIL: 30_threads/thread/cons/9.cc execution test
FAIL: 30_threads/thread/cons/moveable.cc execution test
FAIL: 30_threads/thread/members/1.cc execution test
FAIL: 30_threads/thread/members/3.cc execution test
FAIL: 30_threads/thread/native_handle/cancel.cc execution test
FAIL: 30_threads/thread/swap/1.cc execution test
FAIL: 30_threads/timed_mutex/try_lock_until/57641.cc execution test
FAIL: ext/rope/pthread7-rope.cc execution test
FAIL: tr1/2_general_utilities/shared_ptr/thread/default_weaktoshared.cc execution test
FAIL: tr1/2_general_utilities/shared_ptr/thread/mutex_weaktoshared.cc execution test
=== libstdc++ Summary ===
# of expected passes 8884
# of unexpected failures 47
# of expected failures 68
# of unresolved testcases 1
# of unsupported tests 754
=== g++ tests ===
Running target unix
FAIL: g++.dg/init/enum1.C -std=gnu++98 (test for errors, line 12)
FAIL: g++.dg/init/enum1.C -std=gnu++11 (test for errors, line 12)
FAIL: g++.dg/init/enum1.C -std=gnu++1y (test for errors, line 12)
FAIL: g++.dg/ipa/devirt-25.C -std=gnu++98 scan-ipa-dump cp "Type inconsistent devirtualization"
FAIL: g++.dg/ipa/devirt-25.C -std=gnu++11 scan-ipa-dump cp "Type inconsistent devirtualization"
FAIL: g++.dg/ipa/devirt-25.C -std=gnu++1y scan-ipa-dump cp "Type inconsistent devirtualization"
FAIL: g++.dg/ipa/devirt-42.C -std=gnu++98 scan-tree-dump-times optimized "return 2" 2
FAIL: g++.dg/ipa/devirt-42.C -std=gnu++11 scan-tree-dump-times optimized "return 2" 2
FAIL: g++.dg/ipa/devirt-42.C -std=gnu++1y scan-tree-dump-times optimized "return 2" 2
FAIL: g++.dg/ipa/devirt-44.C -std=gnu++98 scan-ipa-dump-times inline "Discovered a virtual call to a known target[^\\\\n]*A::foo" 1
FAIL: g++.dg/ipa/devirt-44.C -std=gnu++11 scan-ipa-dump-times inline "Discovered a virtual call to a known target[^\\\\n]*A::foo" 1
FAIL: g++.dg/ipa/devirt-44.C -std=gnu++1y scan-ipa-dump-times inline "Discovered a virtual call to a known target[^\\\\n]*A::foo" 1
FAIL: g++.dg/ipa/devirt-45.C -std=gnu++98 scan-ipa-dump-times inline "Discovered a virtual call to a known target[^\\\\n]*A::foo" 1
FAIL: g++.dg/ipa/devirt-45.C -std=gnu++11 scan-ipa-dump-times inline "Discovered a virtual call to a known target[^\\\\n]*A::foo" 1
FAIL: g++.dg/ipa/devirt-45.C -std=gnu++1y scan-ipa-dump-times inline "Discovered a virtual call to a known target[^\\\\n]*A::foo" 1
FAIL: g++.dg/ipa/iinline-1.C -std=gnu++98 scan-ipa-dump inline "String::funcOne[^\\\\n]*inline copy in int main"
FAIL: g++.dg/ipa/iinline-1.C -std=gnu++11 scan-ipa-dump inline "String::funcOne[^\\\\n]*inline copy in int main"
FAIL: g++.dg/ipa/iinline-1.C -std=gnu++1y scan-ipa-dump inline "String::funcOne[^\\\\n]*inline copy in int main"
FAIL: g++.dg/ipa/iinline-2.C -std=gnu++98 scan-ipa-dump inline "String::funcOne[^\\\\n]*inline copy in int main"
FAIL: g++.dg/ipa/iinline-2.C -std=gnu++11 scan-ipa-dump inline "String::funcOne[^\\\\n]*inline copy in int main"
FAIL: g++.dg/ipa/iinline-2.C -std=gnu++1y scan-ipa-dump inline "String::funcOne[^\\\\n]*inline copy in int main"
FAIL: g++.dg/tls/static-1.C -std=gnu++98 execution test
FAIL: g++.dg/tls/static-1.C -std=gnu++11 execution test
FAIL: g++.dg/tls/static-1.C -std=gnu++1y execution test
FAIL: g++.dg/tls/thread_local3.C -std=gnu++11 execution test
FAIL: g++.dg/tls/thread_local3.C -std=gnu++1y execution test
FAIL: g++.dg/tls/thread_local3g.C -std=gnu++11 execution test
FAIL: g++.dg/tls/thread_local3g.C -std=gnu++1y execution test
FAIL: g++.dg/tls/thread_local4.C -std=gnu++11 execution test
FAIL: g++.dg/tls/thread_local4.C -std=gnu++1y execution test
FAIL: g++.dg/tls/thread_local4g.C -std=gnu++11 execution test
FAIL: g++.dg/tls/thread_local4g.C -std=gnu++1y execution test
FAIL: g++.dg/tls/thread_local5.C -std=gnu++11 execution test
FAIL: g++.dg/tls/thread_local5.C -std=gnu++1y execution test
FAIL: g++.dg/tls/thread_local5g.C -std=gnu++11 execution test
FAIL: g++.dg/tls/thread_local5g.C -std=gnu++1y execution test
FAIL: g++.old-deja/g++.jason/enum6.C -std=gnu++98 (test for excess errors)
FAIL: g++.old-deja/g++.jason/enum6.C -std=gnu++11 (test for excess errors)
FAIL: g++.old-deja/g++.jason/enum6.C -std=gnu++1y (test for excess errors)
FAIL: g++.old-deja/g++.law/enum9.C -std=gnu++98 (test for excess errors)
FAIL: g++.old-deja/g++.law/enum9.C -std=gnu++11 (test for excess errors)
FAIL: g++.old-deja/g++.law/enum9.C -std=gnu++1y (test for excess errors)
FAIL: g++.old-deja/g++.other/enum4.C -std=gnu++98 (test for excess errors)
FAIL: g++.old-deja/g++.other/enum4.C -std=gnu++11 (test for excess errors)
FAIL: g++.old-deja/g++.other/enum4.C -std=gnu++1y (test for excess errors)
FAIL: g++.old-deja/g++.other/init18.C -std=c++98 execution test
FAIL: g++.old-deja/g++.other/init18.C -std=c++11 execution test
FAIL: g++.old-deja/g++.other/init18.C -std=c++1y execution test
FAIL: g++.old-deja/g++.other/init19.C -std=c++98 execution test
FAIL: g++.old-deja/g++.other/init19.C -std=c++11 execution test
FAIL: g++.old-deja/g++.other/init19.C -std=c++1y execution test
=== g++ Summary ===
# of expected passes 79010
# of unexpected failures 51
# of expected failures 259
# of unsupported tests 3406
/build/gcc/obj_arm/gcc/testsuite/g++/../../xg++ version 5.0.0 20141022 (experimental) [trunk revision 216539] (GCC)
=== gcc tests ===
Running target unix
FAIL: gcc.c-torture/compile/limits-exprparen.c -O0 (internal compiler error)
FAIL: gcc.c-torture/compile/limits-exprparen.c -O0 (test for excess errors)
FAIL: gcc.c-torture/compile/limits-exprparen.c -O1 (internal compiler error)
FAIL: gcc.c-torture/compile/limits-exprparen.c -O1 (test for excess errors)
FAIL: gcc.c-torture/compile/limits-exprparen.c -O2 (internal compiler error)
FAIL: gcc.c-torture/compile/limits-exprparen.c -O2 (test for excess errors)
FAIL: gcc.c-torture/compile/limits-exprparen.c -O3 -fomit-frame-pointer (internal compiler error)
FAIL: gcc.c-torture/compile/limits-exprparen.c -O3 -fomit-frame-pointer (test for excess errors)
FAIL: gcc.c-torture/compile/limits-exprparen.c -O3 -g (internal compiler error)
FAIL: gcc.c-torture/compile/limits-exprparen.c -O3 -g (test for excess errors)
FAIL: gcc.c-torture/compile/limits-exprparen.c -Os (internal compiler error)
FAIL: gcc.c-torture/compile/limits-exprparen.c -Os (test for excess errors)
FAIL: gcc.c-torture/compile/limits-exprparen.c -O2 -flto -fno-use-linker-plugin -flto-partition=none (internal compiler error)
FAIL: gcc.c-torture/compile/limits-exprparen.c -O2 -flto -fno-use-linker-plugin -flto-partition=none (test for excess errors)
FAIL: gcc.c-torture/compile/limits-exprparen.c -O2 -flto -fuse-linker-plugin -fno-fat-lto-objects (internal compiler error)
FAIL: gcc.c-torture/compile/limits-exprparen.c -O2 -flto -fuse-linker-plugin -fno-fat-lto-objects (test for excess errors)
FAIL: gcc.c-torture/compile/limits-fndefn.c -O2 -flto -fno-use-linker-plugin -flto-partition=none (internal compiler error)
FAIL: gcc.c-torture/compile/limits-fndefn.c -O2 -flto -fno-use-linker-plugin -flto-partition=none (test for excess errors)
FAIL: gcc.c-torture/compile/limits-fndefn.c -O2 -flto -fuse-linker-plugin -fno-fat-lto-objects (internal compiler error)
FAIL: gcc.c-torture/compile/limits-fndefn.c -O2 -flto -fuse-linker-plugin -fno-fat-lto-objects (test for excess errors)
FAIL: gcc.c-torture/execute/20030125-1.c -O1 execution test
FAIL: gcc.c-torture/execute/20030125-1.c -O2 execution test
FAIL: gcc.c-torture/execute/20030125-1.c -O3 -fomit-frame-pointer execution test
FAIL: gcc.c-torture/execute/20030125-1.c -O3 -g execution test
FAIL: gcc.c-torture/execute/20030125-1.c -Os execution test
FAIL: gcc.c-torture/execute/20030125-1.c -O2 -flto -fno-use-linker-plugin -flto-partition=none execution test
FAIL: gcc.c-torture/execute/20030125-1.c -O2 -flto -fuse-linker-plugin -fno-fat-lto-objects execution test
FAIL: gcc.dg/atomic/c11-atomic-exec-2.c -O0 execution test
FAIL: gcc.dg/atomic/c11-atomic-exec-2.c -O1 execution test
FAIL: gcc.dg/atomic/c11-atomic-exec-2.c -O2 execution test
FAIL: gcc.dg/atomic/c11-atomic-exec-2.c -O3 -fomit-frame-pointer execution test
FAIL: gcc.dg/atomic/c11-atomic-exec-2.c -O3 -fomit-frame-pointer -funroll-loops execution test
WARNING: program timed out.
FAIL: gcc.dg/atomic/c11-atomic-exec-2.c -O3 -fomit-frame-pointer -funroll-all-loops -finline-functions (test for excess errors)
UNRESOLVED: gcc.dg/atomic/c11-atomic-exec-2.c -O3 -fomit-frame-pointer -funroll-all-loops -finline-functions compilation failed to produce executable
FAIL: gcc.dg/atomic/c11-atomic-exec-2.c -O3 -g execution test
FAIL: gcc.dg/atomic/c11-atomic-exec-2.c -Os execution test
WARNING: program timed out.
FAIL: gcc.dg/atomic/c11-atomic-exec-2.c -O2 -flto -fno-use-linker-plugin -flto-partition=none (test for excess errors)
FAIL: gcc.dg/atomic/c11-atomic-exec-2.c -O2 -flto -fno-use-linker-plugin -flto-partition=none execution test
FAIL: gcc.dg/atomic/c11-atomic-exec-2.c -O2 -flto -fuse-linker-plugin -fno-fat-lto-objects execution test
FAIL: gcc.dg/atomic/c11-atomic-exec-3.c -O0 execution test
WARNING: program timed out.
FAIL: gcc.dg/atomic/c11-atomic-exec-3.c -O1 (test for excess errors)
UNRESOLVED: gcc.dg/atomic/c11-atomic-exec-3.c -O1 compilation failed to produce executable
WARNING: program timed out.
FAIL: gcc.dg/atomic/c11-atomic-exec-3.c -O2 (test for excess errors)
UNRESOLVED: gcc.dg/atomic/c11-atomic-exec-3.c -O2 compilation failed to produce executable
WARNING: program timed out.
FAIL: gcc.dg/atomic/c11-atomic-exec-3.c -O3 -fomit-frame-pointer (test for excess errors)
UNRESOLVED: gcc.dg/atomic/c11-atomic-exec-3.c -O3 -fomit-frame-pointer compilation failed to produce executable
WARNING: program timed out.
FAIL: gcc.dg/atomic/c11-atomic-exec-3.c -O3 -fomit-frame-pointer -funroll-loops (test for excess errors)
UNRESOLVED: gcc.dg/atomic/c11-atomic-exec-3.c -O3 -fomit-frame-pointer -funroll-loops compilation failed to produce executable
WARNING: program timed out.
FAIL: gcc.dg/atomic/c11-atomic-exec-3.c -O3 -fomit-frame-pointer -funroll-all-loops -finline-functions (test for excess errors)
UNRESOLVED: gcc.dg/atomic/c11-atomic-exec-3.c -O3 -fomit-frame-pointer -funroll-all-loops -finline-functions compilation failed to produce executable
WARNING: program timed out.
FAIL: gcc.dg/atomic/c11-atomic-exec-3.c -O3 -g (test for excess errors)
UNRESOLVED: gcc.dg/atomic/c11-atomic-exec-3.c -O3 -g compilation failed to produce executable
WARNING: program timed out.
FAIL: gcc.dg/atomic/c11-atomic-exec-3.c -Os (test for excess errors)
UNRESOLVED: gcc.dg/atomic/c11-atomic-exec-3.c -Os compilation failed to produce executable
WARNING: program timed out.
FAIL: gcc.dg/atomic/c11-atomic-exec-3.c -O2 -flto -fno-use-linker-plugin -flto-partition=none (test for excess errors)
UNRESOLVED: gcc.dg/atomic/c11-atomic-exec-3.c -O2 -flto -fno-use-linker-plugin -flto-partition=none compilation failed to produce executable
WARNING: program timed out.
FAIL: gcc.dg/atomic/c11-atomic-exec-3.c -O2 -flto -fuse-linker-plugin -fno-fat-lto-objects (test for excess errors)
FAIL: gcc.dg/atomic/c11-atomic-exec-3.c -O2 -flto -fuse-linker-plugin -fno-fat-lto-objects execution test
FAIL: gcc.dg/atomic/c11-atomic-exec-4.c -O0 execution test
FAIL: gcc.dg/atomic/c11-atomic-exec-4.c -O1 execution test
FAIL: gcc.dg/atomic/c11-atomic-exec-4.c -O2 execution test
FAIL: gcc.dg/atomic/c11-atomic-exec-4.c -O3 -fomit-frame-pointer execution test
FAIL: gcc.dg/atomic/c11-atomic-exec-4.c -O3 -fomit-frame-pointer -funroll-loops execution test
FAIL: gcc.dg/atomic/c11-atomic-exec-4.c -O3 -fomit-frame-pointer -funroll-all-loops -finline-functions execution test
FAIL: gcc.dg/atomic/c11-atomic-exec-4.c -O3 -g execution test
FAIL: gcc.dg/atomic/c11-atomic-exec-4.c -Os execution test
FAIL: gcc.dg/atomic/c11-atomic-exec-4.c -O2 -flto -fno-use-linker-plugin -flto-partition=none execution test
FAIL: gcc.dg/atomic/c11-atomic-exec-4.c -O2 -flto -fuse-linker-plugin -fno-fat-lto-objects execution test
FAIL: gcc.dg/atomic/stdatomic-compare-exchange-1.c -O0 execution test
FAIL: gcc.dg/atomic/stdatomic-compare-exchange-1.c -O1 execution test
FAIL: gcc.dg/atomic/stdatomic-compare-exchange-1.c -O2 execution test
FAIL: gcc.dg/atomic/stdatomic-compare-exchange-1.c -O3 -fomit-frame-pointer execution test
FAIL: gcc.dg/atomic/stdatomic-compare-exchange-1.c -O3 -g execution test
FAIL: gcc.dg/atomic/stdatomic-compare-exchange-1.c -Os execution test
FAIL: gcc.dg/atomic/stdatomic-compare-exchange-1.c -O2 -flto -fno-use-linker-plugin -flto-partition=none execution test
FAIL: gcc.dg/atomic/stdatomic-compare-exchange-1.c -O2 -flto -fuse-linker-plugin -fno-fat-lto-objects execution test
FAIL: gcc.dg/atomic/stdatomic-compare-exchange-2.c -O0 execution test
FAIL: gcc.dg/atomic/stdatomic-compare-exchange-2.c -O1 execution test
FAIL: gcc.dg/atomic/stdatomic-compare-exchange-2.c -O2 execution test
FAIL: gcc.dg/atomic/stdatomic-compare-exchange-2.c -O3 -fomit-frame-pointer execution test
FAIL: gcc.dg/atomic/stdatomic-compare-exchange-2.c -O3 -g execution test
FAIL: gcc.dg/atomic/stdatomic-compare-exchange-2.c -Os execution test
FAIL: gcc.dg/atomic/stdatomic-compare-exchange-2.c -O2 -flto -fno-use-linker-plugin -flto-partition=none execution test
FAIL: gcc.dg/atomic/stdatomic-compare-exchange-2.c -O2 -flto -fuse-linker-plugin -fno-fat-lto-objects execution test
FAIL: gcc.dg/cpp/trad/include.c (test for excess errors)
FAIL: gcc.dg/builtins-20.c (test for excess errors)
FAIL: gcc.dg/builtins-57.c (test for excess errors)
FAIL: gcc.dg/builtins-58.c scan-assembler-not pow
FAIL: gcc.dg/builtins-59.c scan-tree-dump gimple "__builtin_cexpi"
FAIL: gcc.dg/builtins-59.c scan-tree-dump-not gimple "sincos"
FAIL: gcc.dg/builtins-61.c scan-tree-dump optimized "cexpi"
FAIL: gcc.dg/builtins-61.c scan-tree-dump optimized "sin"
FAIL: gcc.dg/builtins-61.c scan-tree-dump optimized "cos"
FAIL: gcc.dg/builtins-61.c scan-tree-dump optimized "return 0.0"
FAIL: gcc.dg/builtins-62.c scan-tree-dump-times optimized "cexpi" 3
FAIL: gcc.dg/builtins-65.c (test for excess errors)
FAIL: gcc.dg/c99-stdint-5.c (test for excess errors)
FAIL: gcc.dg/c99-stdint-6.c (test for excess errors)
FAIL: gcc.dg/c99-stdint-7.c (test for excess errors)
FAIL: gcc.dg/c99-tgmath-4.c (test for excess errors)
UNRESOLVED: gcc.dg/c99-tgmath-4.c scan-assembler cpowf
FAIL: gcc.dg/optimize-bswaphi-1.c scan-tree-dump-times bswap "16 bit bswap implementation found at" 1
FAIL: gcc.dg/utf-array-short-wchar.c (test for errors, line 41)
FAIL: gcc.dg/utf-array-short-wchar.c (test for excess errors)
FAIL: gcc.dg/ipa/iinline-4.c scan-ipa-dump inline "hooray1[^\\\\n]*inline copy in test1"
FAIL: gcc.dg/ipa/iinline-4.c scan-ipa-dump inline "hooray2[^\\\\n]*inline copy in test2"
FAIL: gcc.dg/ipa/iinline-4.c scan-ipa-dump inline "hooray3[^\\\\n]*inline copy in test3"
FAIL: gcc.dg/ipa/iinline-4.c scan-ipa-dump inline "hooray4[^\\\\n]*inline copy in test4"
FAIL: gcc.dg/ipa/iinline-4.c scan-ipa-dump inline "hooray5[^\\\\n]*inline copy in test5"
FAIL: gcc.dg/ipa/iinline-4.c scan-ipa-dump inline "hooray6[^\\\\n]*inline copy in test6"
FAIL: gcc.dg/ipa/iinline-4.c scan-ipa-dump inline "hooray7[^\\\\n]*inline copy in test7"
FAIL: gcc.dg/ipa/ipa-icf-21.c (test for excess errors)
UNRESOLVED: gcc.dg/ipa/ipa-icf-21.c scan-ipa-dump icf "Semantic equality hit:bar->foo"
UNRESOLVED: gcc.dg/ipa/ipa-icf-21.c scan-ipa-dump icf "Equal symbols: 1"
FAIL: gcc.dg/ipa/ipcp-agg-1.c scan-ipa-dump cp "Creating a specialized node of foo.*for all known contexts"
FAIL: gcc.dg/ipa/ipcp-agg-1.c scan-ipa-dump-times cp "Aggregate replacements:" 2
FAIL: gcc.dg/ipa/ipcp-agg-1.c scan-tree-dump-not optimized "->c;"
FAIL: gcc.dg/ipa/ipcp-agg-2.c scan-ipa-dump-times cp "Creating a specialized node of foo/[0-9]*\\\\." 2
FAIL: gcc.dg/ipa/ipcp-agg-2.c scan-ipa-dump-times cp "Aggregate replacements:" 4
FAIL: gcc.dg/ipa/ipcp-agg-2.c scan-tree-dump-not optimized "->c;"
FAIL: gcc.dg/ipa/ipcp-agg-3.c scan-ipa-dump-times cp "Creating a specialized node of foo/[0-9]*\\\\." 2
FAIL: gcc.dg/ipa/ipcp-agg-3.c scan-ipa-dump-times cp "Aggregate replacements: 1" 2
FAIL: gcc.dg/ipa/ipcp-agg-3.c scan-ipa-dump-times cp "Aggregate replacements: 0" 2
FAIL: gcc.dg/ipa/ipcp-agg-3.c scan-tree-dump-not optimized "->c;"
FAIL: gcc.dg/ipa/ipcp-agg-4.c scan-ipa-dump-times cp "Creating a specialized node of foo/[0-9]*\\\\." 2
FAIL: gcc.dg/ipa/ipcp-agg-4.c scan-ipa-dump-times cp "Aggregate replacements:" 4
FAIL: gcc.dg/ipa/ipcp-agg-4.c scan-tree-dump-not optimized "->c;"
FAIL: gcc.dg/ipa/ipcp-agg-5.c scan-ipa-dump-times cp "Creating a specialized node of foo/[0-9]*\\\\." 2
FAIL: gcc.dg/ipa/ipcp-agg-5.c scan-ipa-dump-times cp "Creating a specialized node of bar/[0-9]*\\\\." 2
FAIL: gcc.dg/ipa/ipcp-agg-5.c scan-ipa-dump-times cp "Aggregate replacements:" 8
FAIL: gcc.dg/ipa/ipcp-agg-5.c scan-tree-dump-not optimized "->c;"
FAIL: gcc.dg/ipa/ipcp-agg-6.c scan-ipa-dump-times cp "Creating a specialized node of foo/[0-9]*\\\\." 2
FAIL: gcc.dg/ipa/ipcp-agg-6.c scan-ipa-dump-times cp "Creating a specialized node of bar/[0-9]*\\\\." 2
FAIL: gcc.dg/ipa/ipcp-agg-6.c scan-ipa-dump cp "Creating a specialized node of bar_2.*for all known contexts"
FAIL: gcc.dg/ipa/ipcp-agg-6.c scan-ipa-dump-times cp "Aggregate replacements:" 10
FAIL: gcc.dg/ipa/ipcp-agg-6.c scan-tree-dump-not optimized "->c;"
FAIL: gcc.dg/ipa/ipcp-agg-7.c scan-tree-dump-not optimized "->c;"
FAIL: gcc.dg/ipa/ipcp-agg-9.c scan-ipa-dump cp "ipa-prop: Discovered an indirect call to a known target"
FAIL: gcc.dg/ipa/ipcp-agg-9.c scan-ipa-dump inline "hooray1[^\\\\n]*inline copy in hiphip1"
FAIL: largefile.c -O0 -g -I. -Dwith_PCH (internal compiler error)
FAIL: largefile.c -O0 -g -I. -Dwith_PCH (test for excess errors)
FAIL: gcc.dg/pch/largefile.c -O0 -g assembly comparison
FAIL: largefile.c -O0 -I. -Dwith_PCH (internal compiler error)
FAIL: largefile.c -O0 -I. -Dwith_PCH (test for excess errors)
FAIL: gcc.dg/pch/largefile.c -O0 assembly comparison
FAIL: largefile.c -O1 -I. -Dwith_PCH (internal compiler error)
FAIL: largefile.c -O1 -I. -Dwith_PCH (test for excess errors)
FAIL: gcc.dg/pch/largefile.c -O1 assembly comparison
FAIL: largefile.c -O2 -I. -Dwith_PCH (internal compiler error)
FAIL: largefile.c -O2 -I. -Dwith_PCH (test for excess errors)
FAIL: gcc.dg/pch/largefile.c -O2 assembly comparison
FAIL: largefile.c -O3 -fomit-frame-pointer -I. -Dwith_PCH (internal compiler error)
FAIL: largefile.c -O3 -fomit-frame-pointer -I. -Dwith_PCH (test for excess errors)
FAIL: gcc.dg/pch/largefile.c -O3 -fomit-frame-pointer assembly comparison
FAIL: largefile.c -O3 -g -I. -Dwith_PCH (internal compiler error)
FAIL: largefile.c -O3 -g -I. -Dwith_PCH (test for excess errors)
FAIL: gcc.dg/pch/largefile.c -O3 -g assembly comparison
FAIL: largefile.c -Os -I. -Dwith_PCH (internal compiler error)
FAIL: largefile.c -Os -I. -Dwith_PCH (test for excess errors)
FAIL: gcc.dg/pch/largefile.c -Os assembly comparison
FAIL: gcc.dg/torture/builtin-convert-1.c -O1 (test for excess errors)
FAIL: gcc.dg/torture/builtin-convert-1.c -O2 (test for excess errors)
FAIL: gcc.dg/torture/builtin-convert-1.c -O3 -fomit-frame-pointer (test for excess errors)
FAIL: gcc.dg/torture/builtin-convert-1.c -O3 -g (test for excess errors)
FAIL: gcc.dg/torture/builtin-convert-1.c -Os (test for excess errors)
FAIL: gcc.dg/torture/builtin-convert-1.c -O2 -flto -fno-use-linker-plugin -flto-partition=none (test for excess errors)
FAIL: gcc.dg/torture/builtin-convert-2.c -O1 (test for excess errors)
FAIL: gcc.dg/torture/builtin-convert-2.c -O2 (test for excess errors)
FAIL: gcc.dg/torture/builtin-convert-2.c -O3 -fomit-frame-pointer (test for excess errors)
FAIL: gcc.dg/torture/builtin-convert-2.c -O3 -g (test for excess errors)
FAIL: gcc.dg/torture/builtin-convert-2.c -Os (test for excess errors)
FAIL: gcc.dg/torture/builtin-convert-2.c -O2 -flto -fno-use-linker-plugin -flto-partition=none (test for excess errors)
FAIL: gcc.dg/torture/builtin-convert-3.c -O1 (test for excess errors)
FAIL: gcc.dg/torture/builtin-convert-3.c -O2 (test for excess errors)
FAIL: gcc.dg/torture/builtin-convert-3.c -O3 -fomit-frame-pointer (test for excess errors)
FAIL: gcc.dg/torture/builtin-convert-3.c -O3 -g (test for excess errors)
FAIL: gcc.dg/torture/builtin-convert-3.c -Os (test for excess errors)
FAIL: gcc.dg/torture/builtin-convert-3.c -O2 -flto -fno-use-linker-plugin -flto-partition=none (test for excess errors)
FAIL: gcc.dg/torture/builtin-power-1.c -O1 (test for excess errors)
FAIL: gcc.dg/torture/builtin-power-1.c -O2 (test for excess errors)
FAIL: gcc.dg/torture/builtin-power-1.c -O3 -fomit-frame-pointer (test for excess errors)
FAIL: gcc.dg/torture/builtin-power-1.c -O3 -g (test for excess errors)
FAIL: gcc.dg/torture/builtin-power-1.c -Os (test for excess errors)
FAIL: gcc.dg/torture/builtin-power-1.c -O2 -flto -fno-use-linker-plugin -flto-partition=none (test for excess errors)
FAIL: gcc.dg/torture/tls/run-ie.c -O0 execution test
FAIL: gcc.dg/torture/tls/run-ie.c -O0 -fpic execution test
FAIL: gcc.dg/torture/tls/run-ie.c -O1 -fpic execution test
FAIL: gcc.dg/torture/tls/run-ie.c -O2 -fpic execution test
FAIL: gcc.dg/torture/tls/run-ie.c -O3 -fomit-frame-pointer -fpic execution test
FAIL: gcc.dg/torture/tls/run-ie.c -O3 -g -fpic execution test
FAIL: gcc.dg/torture/tls/run-ie.c -Os -fpic execution test
FAIL: gcc.dg/torture/tls/run-ie.c -O0 -fPIC execution test
FAIL: gcc.dg/torture/tls/run-ie.c -O1 -fPIC execution test
FAIL: gcc.dg/torture/tls/run-ie.c -O2 -fPIC execution test
FAIL: gcc.dg/torture/tls/run-ie.c -O3 -fomit-frame-pointer -fPIC execution test
FAIL: gcc.dg/torture/tls/run-ie.c -O3 -g -fPIC execution test
FAIL: gcc.dg/torture/tls/run-ie.c -Os -fPIC execution test
FAIL: gcc.dg/torture/tls/tls-test.c -O2 -flto -fuse-linker-plugin -fno-fat-lto-objects execution test
FAIL: gcc.dg/tree-ssa/ldist-19.c scan-tree-dump-times ldist "generated memset" 5
FAIL: gcc.dg/tree-ssa/sra-12.c scan-tree-dump-times release_ssa "l;" 0
FAIL: gcc.target/arm/ftest-armv6-arm.c (test for excess errors)
FAIL: gcc.target/arm/ftest-armv6-thumb.c (test for excess errors)
FAIL: gcc.target/arm/ftest-armv6k-arm.c (test for excess errors)
FAIL: gcc.target/arm/ftest-armv6k-thumb.c (test for excess errors)
FAIL: gcc.target/arm/ftest-armv6t2-arm.c (test for excess errors)
FAIL: gcc.target/arm/ftest-armv6t2-thumb.c (test for excess errors)
FAIL: gcc.target/arm/ftest-armv6z-arm.c (test for excess errors)
FAIL: gcc.target/arm/ftest-armv6z-thumb.c (test for excess errors)
FAIL: gcc.target/arm/ftest-armv7a-arm.c (test for excess errors)
FAIL: gcc.target/arm/ftest-armv7a-thumb.c (test for excess errors)
FAIL: gcc.target/arm/ftest-armv7em-thumb.c (test for excess errors)
FAIL: gcc.target/arm/ftest-armv7m-thumb.c (test for excess errors)
FAIL: gcc.target/arm/ftest-armv7r-arm.c (test for excess errors)
FAIL: gcc.target/arm/ftest-armv7r-thumb.c (test for excess errors)
FAIL: gcc.target/arm/ftest-armv7ve-arm.c (test for excess errors)
FAIL: gcc.target/arm/ftest-armv7ve-thumb.c (test for excess errors)
FAIL: gcc.target/arm/ftest-armv8a-arm.c (test for excess errors)
FAIL: gcc.target/arm/ftest-armv8a-thumb.c (test for excess errors)
FAIL: gcc.target/arm/pr42172-1.c scan-assembler-times ldr 1
FAIL: gcc.target/arm/pr42575.c scan-assembler-not mov
FAIL: gcc.target/arm/pr45701-1.c scan-assembler push\\t{r3
FAIL: gcc.target/arm/pr63210.c object-size text <= 28
FAIL: gcc.target/arm/split-live-ranges-for-shrink-wrap.c object-size text <= 20
FAIL: gcc.target/arm/thumb-bitfld1.c (test for excess errors)
FAIL: gcc.target/arm/thumb-ltu.c (test for excess errors)
FAIL: gcc.target/arm/thumb-ltu.c scan-assembler-not uxtb
=== gcc Summary ===
# of expected passes 85410
# of unexpected failures 214
# of expected failures 102
# of unresolved testcases 12
# of unsupported tests 3833
/build/gcc/obj_arm/gcc/xgcc version 5.0.0 20141022 (experimental) [trunk revision 216539] (GCC)
Compiler version: 5.0.0 20141022 (experimental) [trunk revision 216539] (GCC)
Platform: arm-unknown-freebsd11.0
configure flags: --with-gmp=/usr/local --disable-nls --with-ld=/usr/local/bin/ld --with-as=/usr/local/bin/as --enable-languages=c,c++ --prefix=/build/gcc/testbin --program-suffix=5 --disable-bootstrap