This is the mail archive of the
gcc-testresults@gcc.gnu.org
mailing list for the GCC project.
Results for 5.0.0 20140926 (experimental) [trunk revision 215640] (GCC) testsuite on x86_64-pc-solaris2.10
- From: Rainer Orth <ro at CeBiTec dot Uni-Bielefeld dot DE>
- To: gcc-testresults at gcc dot gnu dot org
- Date: Sat, 27 Sep 2014 17:38:39 +0200 (CEST)
- Subject: Results for 5.0.0 20140926 (experimental) [trunk revision 215640] (GCC) testsuite on x86_64-pc-solaris2.10
- Authentication-results: sourceware.org; auth=none
LAST_UPDATED: Fri Sep 26 12:05:09 UTC 2014 (revision 215640)
Native configuration is x86_64-pc-solaris2.10
=== boehm-gc tests ===
Running target unix/-m32
=== boehm-gc Summary for unix/-m32 ===
# of expected passes 12
# of unsupported tests 1
Running target unix
=== boehm-gc Summary for unix ===
# of expected passes 12
# of unsupported tests 1
=== boehm-gc Summary ===
# of expected passes 24
# of unsupported tests 2
=== libatomic tests ===
Running target unix/-m32
=== libatomic Summary for unix/-m32 ===
# of expected passes 44
# of unsupported tests 5
Running target unix
=== libatomic Summary for unix ===
# of expected passes 54
=== libatomic Summary ===
# of expected passes 98
# of unsupported tests 5
=== libffi tests ===
Running target unix/-m32
=== libffi Summary for unix/-m32 ===
# of expected passes 1819
# of unsupported tests 55
Running target unix
=== libffi Summary for unix ===
# of expected passes 1819
# of unsupported tests 55
=== libffi Summary ===
# of expected passes 3638
# of unsupported tests 110
=== libgo tests ===
Running target unix
=== libgo Summary for unix ===
# of expected passes 123
Running target unix/-m32
FAIL: runtime
FAIL: log/syslog
FAIL: sync/atomic
=== libgo Summary for unix/-m32 ===
# of expected passes 120
# of unexpected failures 3
=== libgo Summary ===
# of expected passes 243
# of unexpected failures 3
/var/gcc/regression/trunk/10-gcc-gas-64/build/./gcc/gccgo version 5.0.0 20140926 (experimental) [trunk revision 215640] (GCC)
=== libgomp tests ===
Running target unix/-m32
=== libgomp Summary for unix/-m32 ===
# of expected passes 3273
# of unsupported tests 22
Running target unix
=== libgomp Summary for unix ===
# of expected passes 3273
# of unsupported tests 22
=== libgomp Summary ===
# of expected passes 6546
# of unsupported tests 44
=== libitm tests ===
Running target unix/-m32
=== libitm Summary for unix/-m32 ===
# of expected passes 26
# of expected failures 3
# of unsupported tests 1
Running target unix
=== libitm Summary for unix ===
# of expected passes 26
# of expected failures 3
# of unsupported tests 1
=== libitm Summary ===
# of expected passes 52
# of expected failures 6
# of unsupported tests 2
=== libjava tests ===
Running target unix/-m32
=== libjava Summary for unix/-m32 ===
# of expected passes 2582
# of expected failures 4
Running target unix
=== libjava Summary for unix ===
# of expected passes 2582
# of expected failures 4
=== libjava Summary ===
# of expected passes 5164
# of expected failures 8
=== libstdc++ tests ===
Running target unix
=== libstdc++ Summary for unix ===
# of expected passes 9147
# of expected failures 70
# of unsupported tests 627
Running target unix/-m32
=== libstdc++ Summary for unix/-m32 ===
# of expected passes 9147
# of expected failures 70
# of unsupported tests 627
=== libstdc++ Summary ===
# of expected passes 18294
# of expected failures 140
# of unsupported tests 1254
=== acats tests ===
=== acats Summary ===
# of expected passes 2320
# of unexpected failures 0
=== g++ tests ===
Running target unix
UNRESOLVED: g++.dg/lto/pr63270 cp_lto_pr63270_0.o-cp_lto_pr63270_1.o execute -flto -O2 -Wno-odr
FAIL: g++.dg/lto/pr63270 cp_lto_pr63270_0.o-cp_lto_pr63270_1.o link, -flto -O2 -Wno-odr
=== g++ Summary for unix ===
# of expected passes 83263
# of unexpected failures 1
# of expected failures 269
# of unresolved testcases 1
# of unsupported tests 3220
Running target unix/-m32
FAIL: g++.dg/cilk-plus/CK/catch_exc.cc -O1 -fcilkplus execution test
FAIL: g++.dg/cilk-plus/CK/catch_exc.cc -O3 -fcilkplus execution test
FAIL: g++.dg/cilk-plus/CK/catch_exc.cc -g -O2 -fcilkplus execution test
FAIL: g++.dg/cilk-plus/CK/catch_exc.cc -g -fcilkplus execution test
UNRESOLVED: g++.dg/lto/pr63270 cp_lto_pr63270_0.o-cp_lto_pr63270_1.o execute -flto -O2 -Wno-odr
FAIL: g++.dg/lto/pr63270 cp_lto_pr63270_0.o-cp_lto_pr63270_1.o link, -flto -O2 -Wno-odr
=== g++ Summary for unix/-m32 ===
# of expected passes 81927
# of unexpected failures 5
# of expected failures 269
# of unresolved testcases 1
# of unsupported tests 2960
=== g++ Summary ===
# of expected passes 165190
# of unexpected failures 6
# of expected failures 538
# of unresolved testcases 2
# of unsupported tests 6180
/var/gcc/regression/trunk/10-gcc-gas-64/build/gcc/testsuite/g++/../../xg++ version 5.0.0 20140926 (experimental) [trunk revision 215640] (GCC)
=== gcc tests ===
Running target unix
FAIL: gcc.dg/graphite/vect-pr43423.c scan-tree-dump-times vect "vectorized 2 loops" 1
FAIL: gcc.target/i386/nop-mcount.c (test for excess errors)
UNRESOLVED: gcc.target/i386/nop-mcount.c scan-assembler-not __fentry__
=== gcc Summary for unix ===
# of expected passes 101664
# of unexpected failures 2
# of expected failures 251
# of unresolved testcases 1
# of unsupported tests 1490
Running target unix/-m32
FAIL: gcc.dg/combine_ashiftrt_1.c scan-rtl-dump combine "\\\\(neg:DI \\\\(ge:DI"
FAIL: gcc.dg/graphite/vect-pr43423.c scan-tree-dump-times vect "vectorized 2 loops" 1
FAIL: gcc.target/i386/nop-mcount.c (test for excess errors)
UNRESOLVED: gcc.target/i386/nop-mcount.c scan-assembler-not __fentry__
FAIL: gcc.target/i386/pr49095.c scan-assembler-not test[lq]
FAIL: gcc.target/i386/shrink_wrap_1.c scan-rtl-dump pro_and_epilogue "Performing shrink-wrapping"
=== gcc Summary for unix/-m32 ===
# of expected passes 100966
# of unexpected failures 5
# of expected failures 249
# of unresolved testcases 1
# of unsupported tests 1279
=== gcc Summary ===
# of expected passes 202630
# of unexpected failures 7
# of expected failures 500
# of unresolved testcases 2
# of unsupported tests 2769
/var/gcc/regression/trunk/10-gcc-gas-64/build/gcc/xgcc version 5.0.0 20140926 (experimental) [trunk revision 215640] (GCC)
=== gfortran tests ===
Running target unix
FAIL: gfortran.dg/coarray_collectives_9.f90 -O (test for errors, line 32)
FAIL: gfortran.dg/coarray_collectives_9.f90 -O (test for errors, line 57)
FAIL: gfortran.dg/coarray_collectives_9.f90 -O (test for errors, line 58)
FAIL: gfortran.dg/coarray_collectives_9.f90 -O (test for errors, line 60)
FAIL: gfortran.dg/coarray_collectives_9.f90 -O (test for errors, line 61)
FAIL: gfortran.dg/coarray_collectives_9.f90 -O (test for excess errors)
FAIL: gfortran.dg/typebound_operator_3.f03 -O1 execution test
FAIL: gfortran.dg/graphite/pr42393.f90 -O (test for excess errors)
WARNING: program timed out.
=== gfortran Summary for unix ===
# of expected passes 46743
# of unexpected failures 8
# of expected failures 52
# of unsupported tests 75
Running target unix/-m32
FAIL: gfortran.dg/coarray_collectives_9.f90 -O (test for errors, line 32)
FAIL: gfortran.dg/coarray_collectives_9.f90 -O (test for errors, line 57)
FAIL: gfortran.dg/coarray_collectives_9.f90 -O (test for errors, line 58)
FAIL: gfortran.dg/coarray_collectives_9.f90 -O (test for errors, line 60)
FAIL: gfortran.dg/coarray_collectives_9.f90 -O (test for errors, line 61)
FAIL: gfortran.dg/coarray_collectives_9.f90 -O (test for excess errors)
FAIL: gfortran.dg/graphite/pr42393.f90 -O (test for excess errors)
WARNING: program timed out.
=== gfortran Summary for unix/-m32 ===
# of expected passes 46457
# of unexpected failures 7
# of expected failures 52
# of unsupported tests 213
=== gfortran Summary ===
# of expected passes 93200
# of unexpected failures 15
# of expected failures 104
# of unsupported tests 288
/var/gcc/regression/trunk/10-gcc-gas-64/build/gcc/testsuite/gfortran/../../gfortran version 5.0.0 20140926 (experimental) [trunk revision 215640] (GCC)
=== gnat tests ===
Running target unix/-m32
FAIL: gnat.dg/weak2.adb (test for excess errors)
=== gnat Summary for unix/-m32 ===
# of expected passes 1247
# of unexpected failures 1
# of expected failures 18
# of unsupported tests 7
Running target unix
FAIL: gnat.dg/weak2.adb (test for excess errors)
=== gnat Summary for unix ===
# of expected passes 1247
# of unexpected failures 1
# of expected failures 18
# of unsupported tests 7
=== gnat Summary ===
# of expected passes 2494
# of unexpected failures 2
# of expected failures 36
# of unsupported tests 14
/var/gcc/regression/trunk/10-gcc-gas-64/build/gcc/gnatmake version 5.0.0 20140926 (experimental) [trunk revision 215640]
=== go tests ===
Running target unix
FAIL: go.test/test/cmplxdivide.go
WARNING: program timed out.
=== go Summary for unix ===
# of expected passes 7248
# of unexpected failures 1
# of expected failures 1
# of untested testcases 9
# of unsupported tests 1
Running target unix/-m32
FAIL: ./index0-out.go compilation, -O0 -g -fno-var-tracking-assignments
WARNING: program timed out.
=== go Summary for unix/-m32 ===
# of expected passes 7366
# of unexpected failures 1
# of expected failures 1
# of untested testcases 10
# of unsupported tests 2
=== go Summary ===
# of expected passes 14614
# of unexpected failures 2
# of expected failures 2
# of untested testcases 19
# of unsupported tests 3
=== obj-c++ tests ===
Running target unix/-m32
=== obj-c++ Summary for unix/-m32 ===
# of expected passes 1447
# of expected failures 2
# of unsupported tests 86
Running target unix
=== obj-c++ Summary for unix ===
# of expected passes 1439
# of expected failures 10
# of unsupported tests 86
=== obj-c++ Summary ===
# of expected passes 2886
# of expected failures 12
# of unsupported tests 172
/var/gcc/regression/trunk/10-gcc-gas-64/build/gcc/testsuite/obj-c++/../../xg++ version 5.0.0 20140926 (experimental) [trunk revision 215640] (GCC)
=== objc tests ===
Running target unix
=== objc Summary for unix ===
# of expected passes 3004
# of expected failures 6
# of unsupported tests 74
Running target unix/-m32
=== objc Summary for unix/-m32 ===
# of expected passes 3004
# of expected failures 6
# of unsupported tests 74
=== objc Summary ===
# of expected passes 6008
# of expected failures 12
# of unsupported tests 148
/var/gcc/regression/trunk/10-gcc-gas-64/build/gcc/xgcc version 5.0.0 20140926 (experimental) [trunk revision 215640] (GCC)
Compiler version: 5.0.0 20140926 (experimental) [trunk revision 215640] (GCC)
Platform: x86_64-pc-solaris2.10
configure flags: --prefix=/vol/gcc --target=amd64-pc-solaris2.10 --enable-objc-gc --with-as=/vol/gcc/bin/amd64/gas-2.24 --with-gnu-as --with-gmp-include=/vol/gcc/include --with-gmp-lib=/vol/gcc/lib/amd64 --with-mpfr-include=/vol/gcc/include --with-mpfr-lib=/vol/gcc/lib/amd64 --with-mpc-include=/vol/gcc/include --with-mpc-lib=/vol/gcc/lib/amd64 --enable-languages=all,ada,obj-c++,go --with-isl-include=/vol/gcc/include --with-isl-lib=/vol/gcc/lib/amd64 --with-cloog-include=/vol/gcc/include --with-cloog-lib=/vol/gcc/lib/amd64 --enable-cloog-backend=isl --build=amd64-pc-solaris2.10 --host=amd64-pc-solaris2.10
BOOT_CFLAGS=-g -O2