This is the mail archive of the
gcc-testresults@gcc.gnu.org
mailing list for the GCC project.
FW: Results for 5.0.0 20140921 (experimental) (GCC) testsuite on x86_64-unknown-linux-gnu
- From: "Pinski, Andrew" <Andrew dot Pinski at caviumnetworks dot com>
- To: "gcc-testresults at gcc dot gnu dot org" <gcc-testresults at gcc dot gnu dot org>
- Date: Mon, 22 Sep 2014 04:13:04 +0000
- Subject: FW: Results for 5.0.0 20140921 (experimental) (GCC) testsuite on x86_64-unknown-linux-gnu
- Authentication-results: sourceware.org; auth=none
- Auto-submitted: auto-generated
- References: <201409220412 dot s8M4Cvdj031677 at blackduck dot caveonetworks dot com>
________________________________________
From: jenkins@blackduck.caveonetworks.com
Sent: Sunday, September 21, 2014 9:12:57 PM (UTC-08:00) Pacific Time (US & Canada)
To: apinski@cavium.com
Subject: Results for 5.0.0 20140921 (experimental) (GCC) testsuite on x86_64-unknown-linux-gnu
Native configuration is x86_64-unknown-linux-gnu
=== gcc tests ===
Running target unix//-m32
FAIL: gcc.dg/torture/tls/run-ld.c -O1 -pie -fpie execution test
FAIL: gcc.dg/torture/tls/run-ld.c -O2 -pie -fpie execution test
FAIL: gcc.dg/torture/tls/run-ld.c -O3 -fomit-frame-pointer -pie -fpie execution test
FAIL: gcc.dg/torture/tls/run-ld.c -O3 -g -pie -fpie execution test
FAIL: gcc.dg/torture/tls/run-ld.c -Os -pie -fpie execution test
FAIL: gcc.dg/torture/tls/run-ld.c -O1 -pie -fPIE execution test
FAIL: gcc.dg/torture/tls/run-ld.c -O2 -pie -fPIE execution test
FAIL: gcc.dg/torture/tls/run-ld.c -O3 -fomit-frame-pointer -pie -fPIE execution test
FAIL: gcc.dg/torture/tls/run-ld.c -O3 -g -pie -fPIE execution test
FAIL: gcc.dg/torture/tls/run-ld.c -Os -pie -fPIE execution test
FAIL: gcc.target/i386/pr49095.c scan-assembler-not test[lq]
=== gcc Summary for unix//-m32 ===
# of expected passes 103563
# of unexpected failures 11
# of expected failures 245
# of unsupported tests 1899
Running target unix//-m64
FAIL: gcc.target/i386/pr56114.c (test for excess errors)
FAIL: gcc.target/i386/pr57003.c execution test
=== gcc Summary for unix//-m64 ===
# of expected passes 104323
# of unexpected failures 2
# of expected failures 247
# of unsupported tests 2119
=== gcc Summary ===
# of expected passes 207886
# of unexpected failures 13
# of expected failures 492
# of unsupported tests 4018
/var/lib/jenkins/workspace/GCCupstream/objdir/gcc/xgcc version 5.0.0 20140921 (experimental) (GCC)
=== gfortran tests ===
Running target unix//-m32
=== gfortran Summary for unix//-m32 ===
# of expected passes 46310
# of expected failures 38
# of unsupported tests 221
Running target unix//-m64
=== gfortran Summary for unix//-m64 ===
# of expected passes 46599
# of expected failures 38
# of unsupported tests 81
=== gfortran Summary ===
# of expected passes 92909
# of expected failures 76
# of unsupported tests 302
/var/lib/jenkins/workspace/GCCupstream/objdir/gcc/testsuite/gfortran/../../gfortran version 5.0.0 20140921 (experimental) (GCC)
=== g++ tests ===
Running target unix//-m32
FAIL: g++.dg/other/anon5.C -std=gnu++98 (test for excess errors)
FAIL: g++.dg/other/anon5.C -std=gnu++11 (test for excess errors)
FAIL: g++.dg/other/anon5.C -std=gnu++1y (test for excess errors)
FAIL: g++.dg/other/pr59492.C -std=gnu++98 (test for excess errors)
FAIL: g++.dg/other/pr59492.C -std=gnu++11 (test for excess errors)
FAIL: g++.dg/other/pr59492.C -std=gnu++1y (test for excess errors)
=== g++ Summary for unix//-m32 ===
# of expected passes 87308
# of unexpected failures 6
# of expected failures 266
# of unsupported tests 2918
Running target unix//-m64
FAIL: g++.dg/other/anon5.C -std=gnu++98 (test for excess errors)
FAIL: g++.dg/other/anon5.C -std=gnu++11 (test for excess errors)
FAIL: g++.dg/other/anon5.C -std=gnu++1y (test for excess errors)
=== g++ Summary for unix//-m64 ===
# of expected passes 88854
# of unexpected failures 3
# of expected failures 266
# of unsupported tests 3165
=== g++ Summary ===
# of expected passes 176162
# of unexpected failures 9
# of expected failures 532
# of unsupported tests 6083
/var/lib/jenkins/workspace/GCCupstream/objdir/gcc/testsuite/g++/../../xg++ version 5.0.0 20140921 (experimental) (GCC)
=== objc tests ===
Running target unix//-m32
=== objc Summary for unix//-m32 ===
# of expected passes 3004
# of expected failures 6
# of unsupported tests 74
Running target unix//-m64
=== objc Summary for unix//-m64 ===
# of expected passes 3004
# of expected failures 6
# of unsupported tests 74
=== objc Summary ===
# of expected passes 6008
# of expected failures 12
# of unsupported tests 148
/var/lib/jenkins/workspace/GCCupstream/objdir/gcc/xgcc version 5.0.0 20140921 (experimental) (GCC)
=== boehm-gc tests ===
Running target unix//-m32
=== boehm-gc Summary for unix//-m32 ===
# of expected passes 12
# of unsupported tests 1
Running target unix//-m64
=== boehm-gc Summary for unix//-m64 ===
# of expected passes 12
# of unsupported tests 1
=== boehm-gc Summary ===
# of expected passes 24
# of unsupported tests 2
=== libatomic tests ===
Running target unix//-m32
=== libatomic Summary for unix//-m32 ===
# of expected passes 44
# of unsupported tests 5
Running target unix//-m64
=== libatomic Summary for unix//-m64 ===
# of expected passes 54
=== libatomic Summary ===
# of expected passes 98
# of unsupported tests 5
=== libffi tests ===
Running target unix//-m32
=== libffi Summary for unix//-m32 ===
# of expected passes 1819
# of unsupported tests 55
Running target unix//-m64
=== libffi Summary for unix//-m64 ===
# of expected passes 1819
# of unsupported tests 55
=== libffi Summary ===
# of expected passes 3638
# of unsupported tests 110
=== libgomp tests ===
Running target unix//-m32
=== libgomp Summary for unix//-m32 ===
# of expected passes 3198
# of unsupported tests 35
Running target unix//-m64
=== libgomp Summary for unix//-m64 ===
# of expected passes 3198
# of unsupported tests 35
=== libgomp Summary ===
# of expected passes 6396
# of unsupported tests 70
=== libitm tests ===
Running target unix//-m32
=== libitm Summary for unix//-m32 ===
# of expected passes 26
# of expected failures 3
# of unsupported tests 1
Running target unix//-m64
=== libitm Summary for unix//-m64 ===
# of expected passes 26
# of expected failures 3
# of unsupported tests 1
=== libitm Summary ===
# of expected passes 52
# of expected failures 6
# of unsupported tests 2
=== libjava tests ===
Running target unix//-m32
=== libjava Summary for unix//-m32 ===
# of expected passes 2582
# of expected failures 4
Running target unix//-m64
=== libjava Summary for unix//-m64 ===
# of expected passes 2582
# of expected failures 4
=== libjava Summary ===
# of expected passes 5164
# of expected failures 8
=== libstdc++ tests ===
Running target unix//-m32
=== libstdc++ Summary for unix//-m32 ===
# of expected passes 9429
# of expected failures 69
# of unsupported tests 537
Running target unix//-m64
=== libstdc++ Summary for unix//-m64 ===
# of expected passes 9421
# of expected failures 69
# of unsupported tests 541
=== libstdc++ Summary ===
# of expected passes 18850
# of expected failures 138
# of unsupported tests 1078
Compiler version: 5.0.0 20140921 (experimental) (GCC)
Platform: x86_64-unknown-linux-gnu
configure flags: --prefix=/var/lib/jenkins/workspace/GCCupstream/objdir/install