This is the mail archive of the
gcc-testresults@gcc.gnu.org
mailing list for the GCC project.
Results for 5.0.0 20140918 (experimental) [trunk revision 215345] (GCC) testsuite on powerpc64-unknown-linux-gnu
- From: Pat Haugen <pthaugen at us dot ibm dot com>
- To: gcc-testresults at gcc dot gnu dot org
- Date: Thu, 18 Sep 2014 10:45:33 -0500
- Subject: Results for 5.0.0 20140918 (experimental) [trunk revision 215345] (GCC) testsuite on powerpc64-unknown-linux-gnu
- Authentication-results: sourceware.org; auth=none
Linux 2.6.16.60-0.83.2-ppc64 ppc64
GNU C Library stable release version 2.4 (20110922)
GNU ld (GNU Binutils) 2.21.1
GNU assembler (GNU Binutils) 2.21.1
GNU Make 3.80
DejaGnu:
Expect version is 5.43.0
Tcl version is 8.4
Framework version is 1.4.4
32-bit biarch default32
LAST_UPDATED: Thu Sep 18 09:47:24 UTC 2014 (revision 215345)
Native configuration is powerpc64-unknown-linux-gnu
=== gcc tests ===
Running target unix/-m32
FAIL: gcc.c-torture/compile/pr60655-2.c -O3 -g (test for excess errors)
FAIL: gcc.dg/atomic/c11-atomic-exec-5.c -O0 execution test
FAIL: gcc.dg/atomic/c11-atomic-exec-5.c -O1 execution test
FAIL: gcc.dg/atomic/c11-atomic-exec-5.c -O2 execution test
FAIL: gcc.dg/atomic/c11-atomic-exec-5.c -O3 -fomit-frame-pointer execution test
FAIL: gcc.dg/atomic/c11-atomic-exec-5.c -O3 -fomit-frame-pointer -funroll-loops execution test
FAIL: gcc.dg/atomic/c11-atomic-exec-5.c -O3 -fomit-frame-pointer -funroll-all-loops -finline-functions execution test
FAIL: gcc.dg/atomic/c11-atomic-exec-5.c -O3 -g execution test
FAIL: gcc.dg/atomic/c11-atomic-exec-5.c -Os execution test
FAIL: gcc.dg/atomic/c11-atomic-exec-5.c -O2 -flto -fno-use-linker-plugin -flto-partition=none execution test
FAIL: gcc.dg/atomic/c11-atomic-exec-5.c -O2 -flto -fuse-linker-plugin -fno-fat-lto-objects execution test
FAIL: gcc.dg/and-1.c scan-assembler-not nand
FAIL: gcc.dg/sms-8.c scan-rtl-dump-times sms "SMS succeeded" 0
FAIL: gcc.dg/lto/ipareference2 c_lto_ipareference2_0.o-c_lto_ipareference2_1.o execute -O1 -flto -flto-partition=1to1 -fwhole-program
FAIL: gcc.dg/tree-ssa/sra-12.c scan-tree-dump-times release_ssa "l;" 0
FAIL: gcc.dg/vect/costmodel/ppc/costmodel-bb-slp-9a.c scan-tree-dump-times slp2 "basic block vectorized using SLP" 1
FAIL: gcc.dg/vect/costmodel/ppc/costmodel-vect-31a.c scan-tree-dump-times vect "vectorization not profitable" 1
FAIL: gcc.dg/vect/costmodel/ppc/costmodel-vect-33.c scan-tree-dump-times vect "vectorization not profitable" 1
FAIL: gcc.dg/vect/no-vfa-vect-depend-2.c scan-tree-dump-times vect "vectorized 1 loops" 1
FAIL: gcc.dg/vect/no-vfa-vect-depend-3.c scan-tree-dump-times vect "vectorized 1 loops" 4
FAIL: gcc.dg/vect/vect-31.c scan-tree-dump-times vect "vectorized 4 loops" 1
FAIL: gcc.dg/vect/vect-31.c -flto -ffat-lto-objects scan-tree-dump-times vect "vectorized 4 loops" 1
FAIL: gcc.target/powerpc/405-dlmzb-strlen-1.c scan-assembler dlmzb\\\\.
FAIL: gcc.target/powerpc/440-dlmzb-strlen-1.c scan-assembler dlmzb\\\\.
FAIL: gcc.target/powerpc/pr53199.c scan-assembler-times lwbrx 6
FAIL: gcc.target/powerpc/pr53199.c scan-assembler-times stwbrx 6
=== gcc Summary for unix/-m32 ===
# of expected passes 90195
# of unexpected failures 26
# of expected failures 214
# of unsupported tests 1618
Running target unix/-m64
FAIL: gcc.dg/atomic/c11-atomic-exec-5.c -O0 execution test
FAIL: gcc.dg/atomic/c11-atomic-exec-5.c -O1 execution test
FAIL: gcc.dg/atomic/c11-atomic-exec-5.c -O2 execution test
FAIL: gcc.dg/atomic/c11-atomic-exec-5.c -O3 -fomit-frame-pointer execution test
FAIL: gcc.dg/atomic/c11-atomic-exec-5.c -O3 -fomit-frame-pointer -funroll-loops execution test
FAIL: gcc.dg/atomic/c11-atomic-exec-5.c -O3 -fomit-frame-pointer -funroll-all-loops -finline-functions execution test
FAIL: gcc.dg/atomic/c11-atomic-exec-5.c -O3 -g execution test
FAIL: gcc.dg/atomic/c11-atomic-exec-5.c -Os execution test
FAIL: gcc.dg/atomic/c11-atomic-exec-5.c -O2 -flto -fno-use-linker-plugin -flto-partition=none execution test
FAIL: gcc.dg/atomic/c11-atomic-exec-5.c -O2 -flto -fuse-linker-plugin -fno-fat-lto-objects execution test
FAIL: gcc.dg/and-1.c scan-assembler-not nand
FAIL: gcc.dg/ftrapv-1.c execution test
FAIL: gcc.dg/ftrapv-2.c execution test
FAIL: gcc.dg/sms-4.c scan-rtl-dump-times sms "SMS succeeded" 1
FAIL: gcc.dg/lto/ipareference2 c_lto_ipareference2_0.o-c_lto_ipareference2_1.o execute -O1 -flto -flto-partition=1to1 -fwhole-program
FAIL: gcc.dg/vect/costmodel/ppc/costmodel-bb-slp-9a.c scan-tree-dump-times slp2 "basic block vectorized using SLP" 1
FAIL: gcc.dg/vect/costmodel/ppc/costmodel-vect-31a.c scan-tree-dump-times vect "vectorization not profitable" 1
FAIL: gcc.dg/vect/costmodel/ppc/costmodel-vect-33.c scan-tree-dump-times vect "vectorization not profitable" 1
FAIL: gcc.dg/vect/no-vfa-vect-depend-2.c scan-tree-dump-times vect "vectorized 1 loops" 1
FAIL: gcc.dg/vect/no-vfa-vect-depend-3.c scan-tree-dump-times vect "vectorized 1 loops" 4
FAIL: gcc.dg/vect/vect-31.c scan-tree-dump-times vect "vectorized 4 loops" 1
FAIL: gcc.dg/vect/vect-31.c -flto -ffat-lto-objects scan-tree-dump-times vect "vectorized 4 loops" 1
=== gcc Summary for unix/-m64 ===
# of expected passes 90991
# of unexpected failures 22
# of expected failures 227
# of unsupported tests 1627
=== gcc Summary ===
# of expected passes 181186
# of unexpected failures 48
# of expected failures 441
# of unsupported tests 3245
/home/gccbuild/build/nightly/build-gcc-trunk/gcc/xgcc version 5.0.0 20140918 (experimental) [trunk revision 215345] (GCC)
=== gfortran tests ===
Running target unix/-m32
FAIL: gfortran.dg/vect/pr48329.f90 -O scan-tree-dump-times vect "vectorized 1 loops" 1
=== gfortran Summary for unix/-m32 ===
# of expected passes 45690
# of unexpected failures 1
# of expected failures 55
# of unsupported tests 257
Running target unix/-m64
FAIL: gfortran.dg/vect/pr48329.f90 -O scan-tree-dump-times vect "vectorized 1 loops" 1
=== gfortran Summary for unix/-m64 ===
# of expected passes 46017
# of unexpected failures 1
# of expected failures 55
# of unsupported tests 96
=== gfortran Summary ===
# of expected passes 91707
# of unexpected failures 2
# of expected failures 110
# of unsupported tests 353
/home/gccbuild/build/nightly/build-gcc-trunk/gcc/testsuite/gfortran/../../gfortran version 5.0.0 20140918 (experimental) [trunk revision 215345] (GCC)
=== g++ tests ===
Running target unix/-m32
FAIL: g++.dg/abi/scoped1.C -std=gnu++11 execution test
FAIL: g++.dg/abi/scoped1.C -std=gnu++1y execution test
FAIL: g++.dg/cpp0x/static_assert9.C -std=c++11 (test for excess errors)
FAIL: g++.dg/cpp0x/static_assert9.C -std=c++1y (test for excess errors)
FAIL: g++.dg/ipa/devirt-28a.C -std=gnu++98 (test for excess errors)
FAIL: g++.dg/ipa/devirt-28a.C -std=gnu++11 (test for excess errors)
FAIL: g++.dg/ipa/devirt-28a.C -std=gnu++1y (test for excess errors)
FAIL: g++.dg/lto/20101014-2 cp_lto_20101014-2_0.o assemble, -O0 -flto -flto-partition=none -fuse-linker-plugin
FAIL: g++.dg/lto/20101014-2 cp_lto_20101014-2_0.o assemble, -O2 -flto -flto-partition=none -fuse-linker-plugin -fno-fat-lto-objects
FAIL: g++.dg/lto/20101014-2 cp_lto_20101014-2_0.o assemble, -O0 -flto -flto-partition=1to1 -fno-use-linker-plugin
FAIL: g++.dg/lto/20101014-2 cp_lto_20101014-2_0.o assemble, -O2 -flto -flto-partition=1to1 -fno-use-linker-plugin
FAIL: g++.dg/lto/20101014-2 cp_lto_20101014-2_0.o assemble, -O0 -flto -fuse-linker-plugin -fno-fat-lto-objects
FAIL: g++.dg/lto/20101014-2 cp_lto_20101014-2_0.o assemble, -O2 -flto -fuse-linker-plugin
=== g++ Summary for unix/-m32 ===
# of expected passes 79900
# of unexpected failures 13
# of expected failures 266
# of unsupported tests 3153
Running target unix/-m64
FAIL: g++.dg/cpp0x/static_assert9.C -std=c++11 (test for excess errors)
FAIL: g++.dg/cpp0x/static_assert9.C -std=c++1y (test for excess errors)
FAIL: g++.dg/ipa/devirt-28a.C -std=gnu++98 (test for excess errors)
FAIL: g++.dg/ipa/devirt-28a.C -std=gnu++11 (test for excess errors)
FAIL: g++.dg/ipa/devirt-28a.C -std=gnu++1y (test for excess errors)
FAIL: g++.dg/lto/20101014-2 cp_lto_20101014-2_0.o assemble, -O0 -flto -flto-partition=none -fuse-linker-plugin
FAIL: g++.dg/lto/20101014-2 cp_lto_20101014-2_0.o assemble, -O2 -flto -flto-partition=none -fuse-linker-plugin -fno-fat-lto-objects
FAIL: g++.dg/lto/20101014-2 cp_lto_20101014-2_0.o assemble, -O0 -flto -flto-partition=1to1 -fno-use-linker-plugin
FAIL: g++.dg/lto/20101014-2 cp_lto_20101014-2_0.o assemble, -O2 -flto -flto-partition=1to1 -fno-use-linker-plugin
FAIL: g++.dg/lto/20101014-2 cp_lto_20101014-2_0.o assemble, -O0 -flto -fuse-linker-plugin -fno-fat-lto-objects
FAIL: g++.dg/lto/20101014-2 cp_lto_20101014-2_0.o assemble, -O2 -flto -fuse-linker-plugin
=== g++ Summary for unix/-m64 ===
# of expected passes 81729
# of unexpected failures 11
# of expected failures 266
# of unsupported tests 3170
=== g++ Summary ===
# of expected passes 161629
# of unexpected failures 24
# of expected failures 532
# of unsupported tests 6323
/home/gccbuild/build/nightly/build-gcc-trunk/gcc/testsuite/g++/../../xg++ version 5.0.0 20140918 (experimental) [trunk revision 215345] (GCC)
=== go tests ===
Running target unix/-m32
FAIL: go.test/test/ken/cplx2.go execution, -O2 -g
FAIL: go.test/test/recover.go execution, -O2 -g
=== go Summary for unix/-m32 ===
# of expected passes 7363
# of unexpected failures 2
# of expected failures 1
# of untested testcases 10
# of unsupported tests 3
Running target unix/-m64
FAIL: go.test/test/fixedbugs/issue4348.go -O (test for excess errors)
FAIL: go.test/test/ken/cplx2.go execution, -O2 -g
FAIL: go.test/test/recover.go execution, -O2 -g
=== go Summary for unix/-m64 ===
# of expected passes 7242
# of unexpected failures 3
# of expected failures 1
# of untested testcases 10
# of unsupported tests 3
=== go Summary ===
# of expected passes 14605
# of unexpected failures 5
# of expected failures 2
# of untested testcases 20
# of unsupported tests 6
/home/gccbuild/build/nightly/build-gcc-trunk/gcc/testsuite/go/../../gccgo version 5.0.0 20140918 (experimental) [trunk revision 215345] (GCC)
=== obj-c++ tests ===
Running target unix/-m32
=== obj-c++ Summary for unix/-m32 ===
# of expected passes 1447
# of expected failures 2
# of unsupported tests 86
Running target unix/-m64
=== obj-c++ Summary for unix/-m64 ===
# of expected passes 1439
# of expected failures 10
# of unsupported tests 86
=== obj-c++ Summary ===
# of expected passes 2886
# of expected failures 12
# of unsupported tests 172
/home/gccbuild/build/nightly/build-gcc-trunk/gcc/testsuite/obj-c++/../../xg++ version 5.0.0 20140918 (experimental) [trunk revision 215345] (GCC)
=== objc tests ===
Running target unix/-m32
=== objc Summary for unix/-m32 ===
# of expected passes 3010
# of unsupported tests 74
Running target unix/-m64
=== objc Summary for unix/-m64 ===
# of expected passes 3010
# of unsupported tests 74
=== objc Summary ===
# of expected passes 6020
# of unsupported tests 148
/home/gccbuild/build/nightly/build-gcc-trunk/gcc/xgcc version 5.0.0 20140918 (experimental) [trunk revision 215345] (GCC)
=== libatomic tests ===
Running target unix/-m32
=== libatomic Summary for unix/-m32 ===
# of expected passes 44
# of unsupported tests 5
Running target unix/-m64
=== libatomic Summary for unix/-m64 ===
# of expected passes 54
=== libatomic Summary ===
# of expected passes 98
# of unsupported tests 5
=== libffi tests ===
Running target unix/-m32
=== libffi Summary for unix/-m32 ===
# of expected passes 1819
# of unsupported tests 55
Running target unix/-m64
=== libffi Summary for unix/-m64 ===
# of expected passes 1819
# of unsupported tests 55
=== libffi Summary ===
# of expected passes 3638
# of unsupported tests 110
=== libgo tests ===
Running target unix
FAIL: math
FAIL: os
FAIL: runtime
FAIL: os/exec
FAIL: sync/atomic
=== libgo Summary for unix ===
# of expected passes 118
# of unexpected failures 5
Running target unix/-m64
FAIL: math
FAIL: net
FAIL: os
FAIL: runtime
FAIL: syscall
FAIL: crypto/rand
FAIL: go/token
FAIL: net/http
FAIL: net/http/cgi
FAIL: os/exec
FAIL: os/signal
FAIL: sync/atomic
=== libgo Summary for unix/-m64 ===
# of expected passes 111
# of unexpected failures 12
=== libgo Summary ===
# of expected passes 229
# of unexpected failures 17
/home/gccbuild/build/nightly/build-gcc-trunk/./gcc/gccgo version 5.0.0 20140918 (experimental) [trunk revision 215345] (GCC)
=== libgomp tests ===
Running target unix/-m32
FAIL: libgomp.fortran/target7.f90 -O0 execution test
FAIL: libgomp.fortran/target7.f90 -O1 execution test
FAIL: libgomp.fortran/target7.f90 -O2 execution test
FAIL: libgomp.fortran/target7.f90 -O3 -fomit-frame-pointer execution test
FAIL: libgomp.fortran/target7.f90 -O3 -fomit-frame-pointer -funroll-loops execution test
FAIL: libgomp.fortran/target7.f90 -O3 -fomit-frame-pointer -funroll-all-loops -finline-functions execution test
FAIL: libgomp.fortran/target7.f90 -O3 -g execution test
FAIL: libgomp.fortran/target7.f90 -Os execution test
FAIL: libgomp.fortran/target8.f90 -O0 execution test
FAIL: libgomp.fortran/target8.f90 -O1 execution test
FAIL: libgomp.fortran/target8.f90 -O2 execution test
FAIL: libgomp.fortran/target8.f90 -O3 -fomit-frame-pointer execution test
FAIL: libgomp.fortran/target8.f90 -O3 -fomit-frame-pointer -funroll-loops execution test
FAIL: libgomp.fortran/target8.f90 -O3 -fomit-frame-pointer -funroll-all-loops -finline-functions execution test
FAIL: libgomp.fortran/target8.f90 -O3 -g execution test
FAIL: libgomp.fortran/target8.f90 -Os execution test
=== libgomp Summary for unix/-m32 ===
# of expected passes 3178
# of unexpected failures 16
# of unsupported tests 36
Running target unix/-m64
=== libgomp Summary for unix/-m64 ===
# of expected passes 3194
# of unsupported tests 36
=== libgomp Summary ===
# of expected passes 6372
# of unexpected failures 16
# of unsupported tests 72
=== libitm tests ===
Running target unix/-m32
=== libitm Summary for unix/-m32 ===
# of expected passes 26
# of expected failures 3
# of unsupported tests 1
Running target unix/-m64
=== libitm Summary for unix/-m64 ===
# of expected passes 26
# of expected failures 3
# of unsupported tests 1
=== libitm Summary ===
# of expected passes 52
# of expected failures 6
# of unsupported tests 2
=== libstdc++ tests ===
Running target unix/-m32
FAIL: libstdc++-abi/abi_check
=== libstdc++ Summary for unix/-m32 ===
# of expected passes 10016
# of unexpected failures 1
# of expected failures 69
# of unsupported tests 249
Running target unix/-m64
XPASS: 26_numerics/headers/cmath/c_math.cc execution test
=== libstdc++ Summary for unix/-m64 ===
# of expected passes 4301
# of unexpected successes 1
# of expected failures 61
# of unsupported tests 249
=== libstdc++ Summary ===
# of expected passes 14317
# of unexpected failures 1
# of unexpected successes 1
# of expected failures 130
# of unsupported tests 498
Compiler version: 5.0.0 20140918 (experimental) [trunk revision 215345] (GCC)
Platform: powerpc64-unknown-linux-gnu
configure flags: --prefix=/opt/gcc-nightly/trunk --build=powerpc64-linux --host=powerpc64-linux --target=powerpc64-linux --with-cpu=default32 --with-as=/opt/gcc-nightly/binutils-2.21.1/bin/as --with-ld=/opt/gcc-nightly/binutils-2.21.1/bin/ld --enable-threads=posix --enable-shared --enable-__cxa_atexit --enable-languages=c,c++,fortran,objc,obj-c++,go --with-long-double-128 --enable-secureplt --enable-checking --disable-alsa --enable-decimal-float --with-gmp=/opt/gcc-nightly/gcc-host-libs --with-mpfr=/opt/gcc-nightly/gcc-host-libs --with-mpc=/opt/gcc-nightly/gcc-host-libs --with-libelf=/opt/gcc-nightly/gcc-host-libs --without-ppl --without-cloog --disable-libsanitizer
=== Test Framework Summary ===
# of expected passes 2531