This is the mail archive of the
gcc-testresults@gcc.gnu.org
mailing list for the GCC project.
Results for 4.9.1 (GCC) testsuite on hppa-unknown-linux-gnu
- From: Aaro Koskinen <aaro dot koskinen at iki dot fi>
- To: gcc-testresults at gcc dot gnu dot org
- Date: Fri, 29 Aug 2014 21:43:11 +0300
- Subject: Results for 4.9.1 (GCC) testsuite on hppa-unknown-linux-gnu
- Authentication-results: sourceware.org; auth=none
-- Build environment ----------------------------------------------------------
Distro: los.git rootfs=a04b5 native=a04b5
Kernel: Linux acidhouse 3.17.0-rc2-los_3ec1 #1 Wed Aug 27 22:37:56 EEST 2014 parisc GNU/Linux
CPU: processor : 0
cpu family : PA-RISC 2.0
cpu : PA8700 (PCX-W2)
cpu MHz : 750.000000
capabilities : os32 os64 iopdir_fdc nva_supported (0x07)
model : 9000/785/C3700
model name : Allegro W2
hversion : 0x00005dc0
sversion : 0x00000481
I-cache : 768 KB
D-cache : 1536 KB (WB, direct mapped)
ITLB entries : 240
DTLB entries : 240 - shared with ITLB
bogomips : 1495.85
software id : 2004755634
-- Time consumed --------------------------------------------------------------
Build: real 508m0.270s
user 452m15.060s
sys 48m42.560s
Test: real 947m45.709s
user 590m42.030s
sys 331m9.480s
-------------------------------------------------------------------------------
LAST_UPDATED: Obtained from SVN: tags/gcc_4_9_1_release revision 212636
Native configuration is hppa-unknown-linux-gnu
=== g++ tests ===
Running target unix
FAIL: g++.dg/init/const9.C -std=c++98 scan-assembler-not rodata
FAIL: g++.dg/init/const9.C -std=c++11 scan-assembler-not rodata
FAIL: g++.dg/init/const9.C -std=c++1y scan-assembler-not rodata
=== g++ Summary ===
# of expected passes 79243
# of unexpected failures 3
# of expected failures 445
# of unsupported tests 3146
/home/aaro/gcctest/build/gcc/testsuite/g++/../../xg++ version 4.9.1 (GCC)
=== gcc tests ===
Running target unix
FAIL: gcc.dg/atomic/c11-atomic-exec-5.c -O0 execution test
FAIL: gcc.dg/atomic/c11-atomic-exec-5.c -O1 execution test
FAIL: gcc.dg/atomic/c11-atomic-exec-5.c -O2 execution test
FAIL: gcc.dg/atomic/c11-atomic-exec-5.c -O3 -fomit-frame-pointer execution test
FAIL: gcc.dg/atomic/c11-atomic-exec-5.c -O3 -fomit-frame-pointer -funroll-loops execution test
FAIL: gcc.dg/atomic/c11-atomic-exec-5.c -O3 -fomit-frame-pointer -funroll-all-loops -finline-functions execution test
FAIL: gcc.dg/atomic/c11-atomic-exec-5.c -O3 -g execution test
FAIL: gcc.dg/atomic/c11-atomic-exec-5.c -O2 -flto -fno-use-linker-plugin -flto-partition=none execution test
FAIL: gcc.dg/atomic/c11-atomic-exec-5.c -O2 -flto -fuse-linker-plugin -fno-fat-lto-objects execution test
FAIL: gcc.dg/large-size-array-6.c (internal compiler error)
FAIL: gcc.dg/large-size-array-6.c (test for errors, line 6)
FAIL: gcc.dg/large-size-array-6.c (test for excess errors)
FAIL: gcc.dg/pr61158.c scan-tree-dump original "return 0;"
XPASS: gcc.dg/tree-ssa/loop-1.c scan-assembler-times foo 5
=== gcc Summary ===
# of expected passes 85024
# of unexpected failures 13
# of unexpected successes 1
# of expected failures 107
# of unsupported tests 1389
/home/aaro/gcctest/build/gcc/xgcc version 4.9.1 (GCC)
=== libatomic tests ===
Running target unix
=== libatomic Summary ===
# of expected passes 44
# of unsupported tests 5
=== libgomp tests ===
Running target unix
WARNING: program timed out.
FAIL: libgomp.c/depend-3.c execution test
FAIL: libgomp.c/omp-loop03.c execution test
FAIL: libgomp.c++/loop-3.C execution test
=== libgomp Summary ===
# of expected passes 672
# of unexpected failures 3
# of unsupported tests 1
=== libstdc++ tests ===
Running target unix
FAIL: 30_threads/thread/native_handle/cancel.cc execution test
FAIL: ext/random/hypergeometric_distribution/operators/serialize.cc execution test
=== libstdc++ Summary ===
# of expected passes 8809
# of unexpected failures 2
# of expected failures 41
# of unsupported tests 692
Compiler version: 4.9.1 (GCC)
Platform: hppa-unknown-linux-gnu
configure flags: --disable-nls --enable-languages=c,c++ --host=hppa-unknown-linux-gnu --build=hppa-unknown-linux-gnu --target=hppa-unknown-linux-gnu --with-system-zlib --with-sysroot=/ --disable-static --enable-shared