This is the mail archive of the gcc-testresults@gcc.gnu.org mailing list for the GCC project.


Index Nav: [Date Index] [Subject Index] [Author Index] [Thread Index]
Message Nav: [Date Prev] [Date Next] [Thread Prev] [Thread Next]
Other format: [Raw text]

Results for 5.0.0 20140821 (experimental) [trunk revision 214253] (GCC) testsuite on hppa64-hp-hpux11.11


Native configuration is hppa64-hp-hpux11.11

		=== g++ tests ===


Running target unix
FAIL: g++.dg/cpp0x/static_assert9.C  -std=c++11 (test for excess errors)
FAIL: g++.dg/cpp0x/static_assert9.C  -std=c++1y (test for excess errors)
WARNING: program timed out.

		=== g++ Summary ===

# of expected passes		76384
# of unexpected failures	2
# of expected failures		437
# of unsupported tests		3488
/test/gnu/gcc/objdir/gcc/testsuite/g++/../../xg++  version 5.0.0 20140821 (experimental) [trunk revision 214253] (GCC) 

		=== gcc tests ===


Running target unix
FAIL: gcc.c-torture/compile/limits-fndefn.c   -O2 -flto -flto-partition=none  (internal compiler error)
FAIL: gcc.c-torture/compile/limits-fndefn.c   -O2 -flto -flto-partition=none  (test for excess errors)
FAIL: gcc.c-torture/compile/limits-fndefn.c   -O2 -flto  (internal compiler error)
FAIL: gcc.c-torture/compile/limits-fndefn.c   -O2 -flto  (test for excess errors)
FAIL: gcc.dg/atomic/c11-atomic-exec-5.c   -O0  execution test
FAIL: gcc.dg/atomic/c11-atomic-exec-5.c   -O1  execution test
FAIL: gcc.dg/atomic/c11-atomic-exec-5.c   -O2  execution test
FAIL: gcc.dg/atomic/c11-atomic-exec-5.c   -O3 -fomit-frame-pointer  execution test
FAIL: gcc.dg/atomic/c11-atomic-exec-5.c   -O3 -fomit-frame-pointer -funroll-loops  execution test
FAIL: gcc.dg/atomic/c11-atomic-exec-5.c   -O3 -fomit-frame-pointer -funroll-all-loops -finline-functions  execution test
FAIL: gcc.dg/atomic/c11-atomic-exec-5.c   -O3 -g  execution test
FAIL: gcc.dg/atomic/c11-atomic-exec-5.c   -Os  execution test
FAIL: gcc.dg/atomic/c11-atomic-exec-5.c   -O2 -flto -flto-partition=none  execution test
FAIL: gcc.dg/atomic/c11-atomic-exec-5.c   -O2 -flto  execution test
WARNING: program timed out.
FAIL: gcc.dg/ipa/ctor-empty-1.c scan-ipa-dump cgraph "Reclaiming functions: empty_constructor"
FAIL: gcc.dg/lto/20081120-1 c_lto_20081120-1_0.o-c_lto_20081120-1_1.o link, -flto -r -nostdlib (internal compiler error)
UNRESOLVED: gcc.dg/lto/20081120-1 c_lto_20081120-1_0.o-c_lto_20081120-1_1.o execute -flto -r -nostdlib
FAIL: gcc.dg/tls/alias-1.c (internal compiler error)
FAIL: gcc.dg/tls/alias-1.c (test for excess errors)
FAIL: gcc.misc-tests/gcov-14.c line 15: is #####:should be -
FAIL: gcc.misc-tests/gcov-14.c gcov: 1 failures in line counts, 0 in branch percentages, 0 in return percentages, 0 in intermediate format

		=== gcc Summary ===

# of expected passes		84022
# of unexpected failures	20
# of expected failures		122
# of unresolved testcases	1
# of unsupported tests		1683
/test/gnu/gcc/objdir/gcc/xgcc  version 5.0.0 20140821 (experimental) [trunk revision 214253] (GCC) 

		=== gfortran tests ===


Running target unix
FAIL: gfortran.dg/coarray/alloc_comp_1.f90 -fcoarray=lib  -O2  -lcaf_single (test for excess errors)
FAIL: gfortran.dg/coarray/alloc_comp_1.f90 -fcoarray=lib  -O2  -lcaf_single execution test
FAIL: gfortran.dg/coarray/allocate_errgmsg.f90 -fcoarray=lib  -O2  -lcaf_single (test for excess errors)
FAIL: gfortran.dg/coarray/allocate_errgmsg.f90 -fcoarray=lib  -O2  -lcaf_single execution test
FAIL: gfortran.dg/coarray/atomic_1.f90 -fcoarray=lib  -O2  -lcaf_single (test for excess errors)
FAIL: gfortran.dg/coarray/atomic_1.f90 -fcoarray=lib  -O2  -lcaf_single execution test
FAIL: gfortran.dg/coarray/atomic_2.f90 -fcoarray=single  -O2  (test for excess errors)
FAIL: gfortran.dg/coarray/atomic_2.f90 -fcoarray=single  -O2  execution test
FAIL: gfortran.dg/coarray/atomic_2.f90 -fcoarray=lib  -O2  -lcaf_single (test for excess errors)
FAIL: gfortran.dg/coarray/atomic_2.f90 -fcoarray=lib  -O2  -lcaf_single execution test
FAIL: gfortran.dg/coarray/codimension.f90 -fcoarray=lib  -O2  -lcaf_single (test for excess errors)
FAIL: gfortran.dg/coarray/codimension.f90 -fcoarray=lib  -O2  -lcaf_single execution test
FAIL: gfortran.dg/coarray/coindexed_1.f90 -fcoarray=lib  -O2  -lcaf_single (test for excess errors)
FAIL: gfortran.dg/coarray/coindexed_1.f90 -fcoarray=lib  -O2  -lcaf_single execution test
FAIL: gfortran.dg/coarray/coindexed_3.f90 -fcoarray=lib  -O2  -lcaf_single (test for excess errors)
FAIL: gfortran.dg/coarray/coindexed_3.f90 -fcoarray=lib  -O2  -lcaf_single execution test
FAIL: gfortran.dg/coarray/collectives_1.f90 -fcoarray=lib  -O2  -lcaf_single (test for excess errors)
FAIL: gfortran.dg/coarray/collectives_1.f90 -fcoarray=lib  -O2  -lcaf_single execution test
FAIL: gfortran.dg/coarray/collectives_2.f90 -fcoarray=lib  -O2  -lcaf_single (test for excess errors)
FAIL: gfortran.dg/coarray/collectives_2.f90 -fcoarray=lib  -O2  -lcaf_single execution test
FAIL: gfortran.dg/coarray/dummy_1.f90 -fcoarray=lib  -O2  -lcaf_single (test for excess errors)
FAIL: gfortran.dg/coarray/dummy_1.f90 -fcoarray=lib  -O2  -lcaf_single execution test
FAIL: gfortran.dg/coarray/get_array.f90 -fcoarray=lib  -O2  -lcaf_single (test for excess errors)
FAIL: gfortran.dg/coarray/get_array.f90 -fcoarray=lib  -O2  -lcaf_single execution test
FAIL: gfortran.dg/coarray/image_index_1.f90 -fcoarray=lib  -O2  -lcaf_single (test for excess errors)
FAIL: gfortran.dg/coarray/image_index_1.f90 -fcoarray=lib  -O2  -lcaf_single execution test
FAIL: gfortran.dg/coarray/image_index_2.f90 -fcoarray=lib  -O2  -lcaf_single (test for excess errors)
FAIL: gfortran.dg/coarray/image_index_2.f90 -fcoarray=lib  -O2  -lcaf_single execution test
FAIL: gfortran.dg/coarray/image_index_3.f90 -fcoarray=lib  -O2  -lcaf_single (test for excess errors)
FAIL: gfortran.dg/coarray/image_index_3.f90 -fcoarray=lib  -O2  -lcaf_single execution test
FAIL: gfortran.dg/coarray/lib_realloc_1.f90 -fcoarray=lib  -O2  -lcaf_single (test for excess errors)
FAIL: gfortran.dg/coarray/lib_realloc_1.f90 -fcoarray=lib  -O2  -lcaf_single execution test
FAIL: gfortran.dg/coarray/lock_1.f90 -fcoarray=lib  -O2  -lcaf_single (test for excess errors)
FAIL: gfortran.dg/coarray/lock_1.f90 -fcoarray=lib  -O2  -lcaf_single execution test
FAIL: gfortran.dg/coarray/move_alloc_1.f90 -fcoarray=lib  -O2  -lcaf_single (test for excess errors)
FAIL: gfortran.dg/coarray/move_alloc_1.f90 -fcoarray=lib  -O2  -lcaf_single execution test
FAIL: gfortran.dg/coarray/poly_run_1.f90 -fcoarray=lib  -O2  -lcaf_single (test for excess errors)
FAIL: gfortran.dg/coarray/poly_run_1.f90 -fcoarray=lib  -O2  -lcaf_single execution test
FAIL: gfortran.dg/coarray/poly_run_2.f90 -fcoarray=lib  -O2  -lcaf_single (test for excess errors)
FAIL: gfortran.dg/coarray/poly_run_2.f90 -fcoarray=lib  -O2  -lcaf_single execution test
FAIL: gfortran.dg/coarray/poly_run_3.f90 -fcoarray=lib  -O2  -lcaf_single (test for excess errors)
FAIL: gfortran.dg/coarray/poly_run_3.f90 -fcoarray=lib  -O2  -lcaf_single execution test
FAIL: gfortran.dg/coarray/registering_1.f90 -fcoarray=lib  -O2  -lcaf_single (test for excess errors)
FAIL: gfortran.dg/coarray/registering_1.f90 -fcoarray=lib  -O2  -lcaf_single execution test
FAIL: gfortran.dg/coarray/scalar_alloc_1.f90 -fcoarray=lib  -O2  -lcaf_single (test for excess errors)
FAIL: gfortran.dg/coarray/scalar_alloc_1.f90 -fcoarray=lib  -O2  -lcaf_single execution test
FAIL: gfortran.dg/coarray/scalar_alloc_2.f90 -fcoarray=lib  -O2  -lcaf_single (test for excess errors)
FAIL: gfortran.dg/coarray/scalar_alloc_2.f90 -fcoarray=lib  -O2  -lcaf_single execution test
FAIL: gfortran.dg/coarray/send_array.f90 -fcoarray=lib  -O2  -lcaf_single (test for excess errors)
FAIL: gfortran.dg/coarray/send_array.f90 -fcoarray=lib  -O2  -lcaf_single execution test
FAIL: gfortran.dg/coarray/sendget_array.f90 -fcoarray=lib  -O2  -lcaf_single (test for excess errors)
FAIL: gfortran.dg/coarray/sendget_array.f90 -fcoarray=lib  -O2  -lcaf_single execution test
FAIL: gfortran.dg/coarray/subobject_1.f90 -fcoarray=lib  -O2  -lcaf_single (test for excess errors)
FAIL: gfortran.dg/coarray/subobject_1.f90 -fcoarray=lib  -O2  -lcaf_single execution test
FAIL: gfortran.dg/coarray/sync_1.f90 -fcoarray=lib  -O2  -lcaf_single (test for excess errors)
FAIL: gfortran.dg/coarray/sync_1.f90 -fcoarray=lib  -O2  -lcaf_single execution test
FAIL: gfortran.dg/coarray/sync_3.f90 -fcoarray=lib  -O2  -lcaf_single (test for excess errors)
FAIL: gfortran.dg/coarray/sync_3.f90 -fcoarray=lib  -O2  -lcaf_single output pattern test, is remote_spawn failed, should match Fortran runtime error: Invalid image number -1 in SYNC IMAGES
FAIL: gfortran.dg/coarray/this_image_1.f90 -fcoarray=lib  -O2  -lcaf_single (test for excess errors)
FAIL: gfortran.dg/coarray/this_image_1.f90 -fcoarray=lib  -O2  -lcaf_single execution test
FAIL: gfortran.dg/coarray/this_image_2.f90 -fcoarray=lib  -O2  -lcaf_single (test for excess errors)
FAIL: gfortran.dg/coarray/this_image_2.f90 -fcoarray=lib  -O2  -lcaf_single execution test
FAIL: gfortran.dg/quad_2.f90   -O0  execution test
FAIL: gfortran.dg/quad_2.f90   -O1  execution test
FAIL: gfortran.dg/quad_2.f90   -O2  execution test
FAIL: gfortran.dg/quad_2.f90   -O3 -fomit-frame-pointer  execution test
FAIL: gfortran.dg/quad_2.f90   -O3 -fomit-frame-pointer -funroll-loops  execution test
FAIL: gfortran.dg/quad_2.f90   -O3 -fomit-frame-pointer -funroll-all-loops -finline-functions  execution test
FAIL: gfortran.dg/quad_2.f90   -O3 -g  execution test
FAIL: gfortran.dg/quad_2.f90   -Os  execution test

		=== gfortran Summary ===

# of expected passes		44820
# of unexpected failures	70
# of expected failures		46
# of unsupported tests		409
/test/gnu/gcc/objdir/gcc/testsuite/gfortran/../../gfortran  version 5.0.0 20140821 (experimental) [trunk revision 214253] (GCC) 

		=== obj-c++ tests ===


Running target unix

		=== obj-c++ Summary ===

# of expected passes		1439
# of expected failures		10
# of unsupported tests		86
/test/gnu/gcc/objdir/gcc/testsuite/obj-c++/../../xg++  version 5.0.0 20140821 (experimental) [trunk revision 214253] (GCC) 

		=== objc tests ===


Running target unix

		=== objc Summary ===

# of expected passes		3008
# of unsupported tests		75
/test/gnu/gcc/objdir/gcc/xgcc  version 5.0.0 20140821 (experimental) [trunk revision 214253] (GCC) 

		=== libatomic tests ===


Running target unix

		=== libatomic Summary ===

# of expected passes		44
# of unsupported tests		5
		=== libgomp tests ===


Running target unix

		=== libgomp Summary ===

# of expected passes		3176
# of unsupported tests		45
		=== libstdc++ tests ===


Running target unix
FAIL: 18_support/nested_exception/62154.cc (test for excess errors)
UNRESOLVED: 18_support/nested_exception/62154.cc compilation failed to produce executable

		=== libstdc++ Summary ===

# of expected passes		8345
# of unexpected failures	1
# of expected failures		69
# of unresolved testcases	1
# of unsupported tests		941

Compiler version: 5.0.0 20140821 (experimental) [trunk revision 214253] (GCC) 
Platform: hppa64-hp-hpux11.11
configure flags:Test Run By dave on Fri Aug 22 02:43:17 2014


Index Nav: [Date Index] [Subject Index] [Author Index] [Thread Index]
Message Nav: [Date Prev] [Date Next] [Thread Prev] [Thread Next]