This is the mail archive of the
gcc-testresults@gcc.gnu.org
mailing list for the GCC project.
Results for 4.9.1 (tgcware64 4.9.1-1) testsuite on sparc64-sun-solaris2.9
- From: "Tom G. Christensen" <tgc at jupiterrise dot com>
- To: gcc-testresults at gcc dot gnu dot org
- Date: Sun, 17 Aug 2014 11:11:00 +0200
- Subject: Results for 4.9.1 (tgcware64 4.9.1-1) testsuite on sparc64-sun-solaris2.9
- Authentication-results: sourceware.org; auth=none
Built with:
GNU as 2.23.1
Sun ld 5.9-1.401 (112963-36)
gmp 5.1.2
mpfr 3.1.1p2
mpc 1.0.1
isl 0.11.2
cloog 0.18.0
CONFIG_SHELL=/bin/ksh
Bootstrap compiler:
Using built-in specs.
COLLECT_GCC=gcc
COLLECT_LTO_WRAPPER=/usr/tgcware/libexec/gcc/sparc-sun-solaris2.9/4.8.3/lto-wrapper
Target: sparc-sun-solaris2.9
Configured with: ../gcc-4.8.3/configure --prefix=/usr/tgcware --with-local-prefix=/usr/tgcware/gcc48 --bindir=/usr/tgcware/gcc48/bin --mandir=/usr/tgcware/gcc48/man --infodir=/usr/tgcware/gcc48/info --disable-nls --enable-shared --enable-threads=posix --with-gmp=/usr/tgcware --with-mpfr=/usr/tgcware --with-mpc=/usr/tgcware --with-cloog=/usr/tgcware --with-isl=/usr/tgcware --with-cloog-backend=isl --without-gnu-ld --with-ld=/usr/ccs/bin/ld --with-gnu-as --with-as=/usr/tgcware/bin/gas --enable-languages=all,ada,obj-c++,go --with-x --enable-java-awt=xlib --with-cpu=v9 --with-pkgversion='tgcware 4.8.3-1' --with-bugurl=http://jupiterrise.com/tgcware
Thread model: posix
gcc version 4.8.3 (tgcware 4.8.3-1)
LAST_UPDATED: Obtained from SVN: tags/gcc_4_9_1_release revision 212636
=== acats tests ===
=== acats Summary ===
# of expected passes 2320
# of unexpected failures 0
Native configuration is sparc64-sun-solaris2.9
=== g++ tests ===
Running target unix
=== g++ Summary for unix ===
# of expected passes 80960
# of expected failures 448
# of unsupported tests 3206
Running target unix/-m32
=== g++ Summary for unix/-m32 ===
# of expected passes 79104
# of expected failures 448
# of unsupported tests 3221
=== g++ Summary ===
# of expected passes 160064
# of expected failures 896
# of unsupported tests 6427
/export/home/tgc/buildpkg/gcc49/src/all_native/gcc/testsuite/g++/../../xg++ version 4.9.1 (tgcware64 4.9.1-1)
=== gcc tests ===
Running target unix
FAIL: gcc.dg/vect/vect-singleton_1.c (internal compiler error)
FAIL: gcc.dg/vect/vect-singleton_1.c (test for excess errors)
FAIL: gcc.dg/vect/vect-singleton_1.c -flto -ffat-lto-objects (internal compiler error)
FAIL: gcc.dg/vect/vect-singleton_1.c -flto -ffat-lto-objects (test for excess errors)
=== gcc Summary for unix ===
# of expected passes 88520
# of unexpected failures 4
# of expected failures 311
# of unsupported tests 1795
Running target unix/-m32
=== gcc Summary for unix/-m32 ===
# of expected passes 87772
# of expected failures 322
# of unsupported tests 1843
=== gcc Summary ===
# of expected passes 176292
# of unexpected failures 4
# of expected failures 633
# of unsupported tests 3638
/export/home/tgc/buildpkg/gcc49/src/all_native/gcc/xgcc version 4.9.1 (tgcware64 4.9.1-1)
=== gfortran tests ===
Running target unix
=== gfortran Summary for unix ===
# of expected passes 45467
# of expected failures 54
# of unsupported tests 330
Running target unix/-m32
=== gfortran Summary for unix/-m32 ===
# of expected passes 45188
# of expected failures 54
# of unsupported tests 467
=== gfortran Summary ===
# of expected passes 90655
# of expected failures 108
# of unsupported tests 797
/export/home/tgc/buildpkg/gcc49/src/all_native/gcc/testsuite/gfortran/../../gfortran version 4.9.1 (tgcware64 4.9.1-1)
=== gnat tests ===
Running target unix
=== gnat Summary for unix ===
# of expected passes 1213
# of expected failures 18
# of unsupported tests 13
Running target unix/-m32
=== gnat Summary for unix/-m32 ===
# of expected passes 1213
# of expected failures 18
# of unsupported tests 13
=== gnat Summary ===
# of expected passes 2426
# of expected failures 36
# of unsupported tests 26
/export/home/tgc/buildpkg/gcc49/src/all_native/gcc/gnatmake version 4.9.1
=== go tests ===
Running target unix
FAIL: go.test/test/recover.go execution, -O2 -g
=== go Summary for unix ===
# of expected passes 7247
# of unexpected failures 1
# of expected failures 1
# of untested testcases 10
# of unsupported tests 3
Running target unix/-m32
FAIL: go.test/test/recover.go execution, -O2 -g
=== go Summary for unix/-m32 ===
# of expected passes 7367
# of unexpected failures 1
# of expected failures 1
# of untested testcases 10
# of unsupported tests 3
=== go Summary ===
# of expected passes 14614
# of unexpected failures 2
# of expected failures 2
# of untested testcases 20
# of unsupported tests 6
/export/home/tgc/buildpkg/gcc49/src/all_native/gcc/testsuite/go/../../gccgo version 4.9.1 (tgcware64 4.9.1-1)
=== obj-c++ tests ===
Running target unix
=== obj-c++ Summary for unix ===
# of expected passes 1441
# of expected failures 10
# of unsupported tests 86
Running target unix/-m32
=== obj-c++ Summary for unix/-m32 ===
# of expected passes 1449
# of expected failures 2
# of unsupported tests 86
=== obj-c++ Summary ===
# of expected passes 2890
# of expected failures 12
# of unsupported tests 172
/export/home/tgc/buildpkg/gcc49/src/all_native/gcc/testsuite/obj-c++/../../xg++ version 4.9.1 (tgcware64 4.9.1-1)
=== objc tests ===
Running target unix
=== objc Summary for unix ===
# of expected passes 2994
# of unsupported tests 74
Running target unix/-m32
=== objc Summary for unix/-m32 ===
# of expected passes 2994
# of unsupported tests 74
=== objc Summary ===
# of expected passes 5988
# of unsupported tests 148
/export/home/tgc/buildpkg/gcc49/src/all_native/gcc/xgcc version 4.9.1 (tgcware64 4.9.1-1)
=== boehm-gc tests ===
Running target unix
=== boehm-gc Summary for unix ===
# of expected passes 12
# of unsupported tests 1
Running target unix/-m32
=== boehm-gc Summary for unix/-m32 ===
# of expected passes 12
# of unsupported tests 1
=== boehm-gc Summary ===
# of expected passes 24
# of unsupported tests 2
=== libatomic tests ===
Running target unix
=== libatomic Summary for unix ===
# of expected passes 54
Running target unix/-m32
=== libatomic Summary for unix/-m32 ===
# of expected passes 44
# of unsupported tests 5
=== libatomic Summary ===
# of expected passes 98
# of unsupported tests 5
=== libffi tests ===
Running target unix
=== libffi Summary for unix ===
# of expected passes 1819
# of unsupported tests 55
Running target unix/-m32
=== libffi Summary for unix/-m32 ===
# of expected passes 1819
# of unsupported tests 55
=== libffi Summary ===
# of expected passes 3638
# of unsupported tests 110
=== libgo tests ===
Running target unix
FAIL: net
FAIL: log/syslog
FAIL: runtime/pprof
=== libgo Summary for unix ===
# of expected passes 119
# of unexpected failures 3
Running target unix/-m32
FAIL: net
FAIL: runtime
FAIL: log/syslog
FAIL: os/exec
FAIL: text/template
FAIL: testing/quick
=== libgo Summary for unix/-m32 ===
# of expected passes 116
# of unexpected failures 6
=== libgo Summary ===
# of expected passes 235
# of unexpected failures 9
/export/home/tgc/buildpkg/gcc49/src/all_native/./gcc/gccgo version 4.9.1 (tgcware64 4.9.1-1)
=== libgomp tests ===
Running target unix
=== libgomp Summary for unix ===
# of expected passes 3225
# of unsupported tests 38
Running target unix/-m32
=== libgomp Summary for unix/-m32 ===
# of expected passes 3225
# of unsupported tests 38
=== libgomp Summary ===
# of expected passes 6450
# of unsupported tests 76
=== libitm tests ===
Running target unix
=== libitm Summary for unix ===
# of expected passes 26
# of expected failures 3
# of unsupported tests 1
Running target unix/-m32
=== libitm Summary for unix/-m32 ===
# of expected passes 26
# of expected failures 3
# of unsupported tests 1
=== libitm Summary ===
# of expected passes 52
# of expected failures 6
# of unsupported tests 2
=== libjava tests ===
Running target unix
=== libjava Summary for unix ===
# of expected passes 2582
# of expected failures 4
Running target unix/-m32
=== libjava Summary for unix/-m32 ===
# of expected passes 2582
# of expected failures 4
=== libjava Summary ===
# of expected passes 5164
# of expected failures 8
=== libstdc++ tests ===
Running target unix
=== libstdc++ Summary for unix ===
# of expected passes 8280
# of expected failures 43
# of unsupported tests 941
Running target unix/-m32
=== libstdc++ Summary for unix/-m32 ===
# of expected passes 8280
# of expected failures 43
# of unsupported tests 941
=== libstdc++ Summary ===
# of expected passes 16560
# of expected failures 86
# of unsupported tests 1882
Compiler version: 4.9.1 (tgcware64 4.9.1-1)
Platform: sparc64-sun-solaris2.9
configure flags: --enable-obsolete --build=sparc64-sun-solaris2.9 CC='gcc -m64' CXX='g++ -m64' --prefix=/usr/tgcware64 --with-local-prefix=/usr/tgcware64/gcc49 --bindir=/usr/tgcware64/gcc49/bin --mandir=/usr/tgcware64/gcc49/man --infodir=/usr/tgcware64/gcc49/info --disable-nls --enable-shared --enable-threads=posix --with-gmp=/usr/tgcware64 --with-mpfr=/usr/tgcware64 --with-mpc=/usr/tgcware64 --with-cloog=/usr/tgcware64 --with-isl=/usr/tgcware64 --with-cloog-backend=isl --without-gnu-ld --with-ld=/usr/ccs/bin/ld --with-gnu-as --with-as=/usr/tgcware/bin/gas --enable-languages=all,ada,obj-c++,go --with-x --enable-java-awt=xlib --with-cpu=v9 --with-pkgversion='tgcware64 4.9.1-1' --with-bugurl=http://jupiterrise.com/tgcware