This is the mail archive of the
gcc-testresults@gcc.gnu.org
mailing list for the GCC project.
Results for 4.10.0 20140804 (experimental) [trunk revision 213529] (GCC) testsuite on sh4-unknown-linux-gnu
- From: Kaz Kojima <kkojima at rr dot iij4u dot or dot jp>
- To: gcc-testresults at gcc dot gnu dot org
- Date: Mon, 4 Aug 2014 23:00:19 +0900
- Subject: Results for 4.10.0 20140804 (experimental) [trunk revision 213529] (GCC) testsuite on sh4-unknown-linux-gnu
- Authentication-results: sourceware.org; auth=none
Remote host: linux 2.6.30 sh4
GNU C Library version 2.7.90
LAST_UPDATED: Mon Aug 4 01:47:19 UTC 2014 (revision 213529)
Target is sh4-unknown-linux-gnu
Host is i686-pc-linux-gnu
=== g++ tests ===
Running target unix
WARNING: Assuming target board is the local machine (which is probably wrong).
FAIL: g++.dg/cpp0x/static_assert9.C -std=c++11 (test for excess errors)
FAIL: g++.dg/cpp0x/static_assert9.C -std=c++1y (test for excess errors)
FAIL: g++.dg/torture/pr56817.C -O3 -g (test for excess errors)
=== g++ Summary ===
# of expected passes 77539
# of unexpected failures 3
# of expected failures 434
# of unsupported tests 3303
/home/ldroot/dodes/xsh-gcc-orig/gcc/testsuite/g++/../../xg++ version 4.10.0 20140804 (experimental) [trunk revision 213529] (GCC)
Host is i686-pc-linux-gnu
=== gcc tests ===
Running target unix
WARNING: Assuming target board is the local machine (which is probably wrong).
FAIL: gcc.c-torture/compile/pr28865.c -O0 (test for excess errors)
FAIL: gcc.c-torture/compile/pr52437.c -O2 -flto -fno-use-linker-plugin -flto-partition=none (test for excess errors)
FAIL: gcc.c-torture/execute/20030914-1.c compilation, -O3 -fomit-frame-pointer -funroll-all-loops -finline-functions
UNRESOLVED: gcc.c-torture/execute/20030914-1.c execution, -O3 -fomit-frame-pointer -funroll-all-loops -finline-functions
FAIL: gcc.c-torture/execute/20050604-1.c compilation, -O3 -g
UNRESOLVED: gcc.c-torture/execute/20050604-1.c execution, -O3 -g
FAIL: gcc.c-torture/execute/961213-1.c compilation, -O3 -g
UNRESOLVED: gcc.c-torture/execute/961213-1.c execution, -O3 -g
FAIL: gcc.c-torture/execute/builtin-prefetch-6.c execution, -O3 -fomit-frame-pointer -funroll-loops
FAIL: gcc.c-torture/execute/builtin-prefetch-6.c execution, -O3 -fomit-frame-pointer -funroll-all-loops -finline-functions
FAIL: gcc.dg/atomic/c11-atomic-exec-4.c -Os (internal compiler error)
FAIL: gcc.dg/atomic/c11-atomic-exec-4.c -Os (test for excess errors)
UNRESOLVED: gcc.dg/atomic/c11-atomic-exec-4.c -Os compilation failed to produce executable
FAIL: gcc.dg/delay-slot-2.c scan-assembler printf
XPASS: gcc.dg/strlenopt-8.c scan-tree-dump-times strlen "strlen \\\\(" 0
XPASS: gcc.dg/strlenopt-8.c scan-tree-dump-times strlen "memcpy \\\\(" 4
FAIL: gcc.dg/torture/20131122-0.c -O3 -fomit-frame-pointer -funroll-all-loops -finline-functions (test for excess errors)
UNRESOLVED: gcc.dg/torture/20131122-0.c -O3 -fomit-frame-pointer -funroll-all-loops -finline-functions compilation failed to produce executable
FAIL: gcc.dg/torture/pr26587.c -O3 -fomit-frame-pointer -funroll-all-loops -finline-functions (test for excess errors)
UNRESOLVED: gcc.dg/torture/pr26587.c -O3 -fomit-frame-pointer -funroll-all-loops -finline-functions compilation failed to produce executable
FAIL: gcc.dg/torture/pr57343.c -O3 -fomit-frame-pointer -funroll-all-loops -finline-functions (test for excess errors)
UNRESOLVED: gcc.dg/torture/pr57343.c -O3 -fomit-frame-pointer -funroll-all-loops -finline-functions compilation failed to produce executable
FAIL: gcc.dg/torture/pr59038.c -O3 -fomit-frame-pointer -funroll-loops (test for excess errors)
UNRESOLVED: gcc.dg/torture/pr59038.c -O3 -fomit-frame-pointer -funroll-loops compilation failed to produce executable
FAIL: gcc.dg/torture/pr59038.c -O3 -fomit-frame-pointer -funroll-all-loops -finline-functions (test for excess errors)
UNRESOLVED: gcc.dg/torture/pr59038.c -O3 -fomit-frame-pointer -funroll-all-loops -finline-functions compilation failed to produce executable
FAIL: gcc.dg/torture/pr61681.c -O3 -g (test for excess errors)
UNRESOLVED: gcc.dg/torture/pr61681.c -O3 -g compilation failed to produce executable
FAIL: gcc.dg/tree-prof/cold_partition_label.c compilation, -fprofile-use -D_PROFILE_USE (internal compiler error)
UNRESOLVED: gcc.dg/tree-prof/cold_partition_label.c execution, -fprofile-use -D_PROFILE_USE
FAIL: gcc.dg/tree-prof/pr52027.c compilation, -fprofile-use -D_PROFILE_USE (internal compiler error)
UNRESOLVED: gcc.dg/tree-prof/pr52027.c execution, -fprofile-use -D_PROFILE_USE
FAIL: gcc.dg/tree-prof/va-arg-pack-1.c compilation, -fprofile-use -D_PROFILE_USE (internal compiler error)
UNRESOLVED: gcc.dg/tree-prof/va-arg-pack-1.c execution, -fprofile-use -D_PROFILE_USE
XPASS: gcc.dg/tree-ssa/20040204-1.c scan-tree-dump-times optimized "link_error" 0
FAIL: gcc.dg/tree-ssa/sra-12.c scan-tree-dump-times release_ssa "l;" 0
FAIL: gcc.target/sh/pr51244-19.c scan-assembler-not movt
FAIL: gcc.target/sh/pr51244-8.c scan-assembler-not shad|neg
FAIL: gcc.target/sh/pr52933-2.c scan-assembler-not tst
FAIL: gcc.target/sh/pr53568-1.c scan-assembler-times swap.b 16
FAIL: gcc.target/sh/pr53568-1.c scan-assembler-times mov 1
FAIL: gcc.target/sh/pr53568-1.c scan-assembler-not {shll8|shlr8|shld|shad}
FAIL: gcc.target/sh/sp-switch.c scan-assembler .long\\t_alt_stack
=== gcc Summary ===
# of expected passes 86130
# of unexpected failures 27
# of unexpected successes 3
# of expected failures 121
# of unresolved testcases 13
# of unsupported tests 1506
/home/ldroot/dodes/xsh-gcc-orig/gcc/xgcc version 4.10.0 20140804 (experimental) [trunk revision 213529] (GCC)
Host is i686-pc-linux-gnu
=== gfortran tests ===
Running target unix
WARNING: Assuming target board is the local machine (which is probably wrong).
FAIL: gfortran.dg/coarray/move_alloc_1.f90 -fcoarray=lib -O2 -lcaf_single (test for excess errors)
UNRESOLVED: gfortran.dg/coarray/move_alloc_1.f90 -fcoarray=lib -O2 -lcaf_single compilation failed to produce executable
FAIL: gfortran.dg/allocate_alloc_opt_6.f90 -O3 -fomit-frame-pointer -funroll-loops (test for excess errors)
UNRESOLVED: gfortran.dg/allocate_alloc_opt_6.f90 -O3 -fomit-frame-pointer -funroll-loops compilation failed to produce executable
FAIL: gfortran.dg/argument_checking_8.f90 -O3 -fomit-frame-pointer -funroll-all-loops -finline-functions (test for excess errors)
UNRESOLVED: gfortran.dg/argument_checking_8.f90 -O3 -fomit-frame-pointer -funroll-all-loops -finline-functions compilation failed to produce executable
FAIL: gfortran.dg/array_alloc_3.f90 -O3 -g (test for excess errors)
UNRESOLVED: gfortran.dg/array_alloc_3.f90 -O3 -g compilation failed to produce executable
FAIL: gfortran.dg/array_constructor_47.f90 -O3 -fomit-frame-pointer -funroll-all-loops -finline-functions (test for excess errors)
UNRESOLVED: gfortran.dg/array_constructor_47.f90 -O3 -fomit-frame-pointer -funroll-all-loops -finline-functions compilation failed to produce executable
FAIL: gfortran.dg/array_function_6.f90 -O3 -fomit-frame-pointer -funroll-all-loops -finline-functions (test for excess errors)
UNRESOLVED: gfortran.dg/array_function_6.f90 -O3 -fomit-frame-pointer -funroll-all-loops -finline-functions compilation failed to produce executable
FAIL: gfortran.dg/assumed_rank_1.f90 -O2 execution test
FAIL: gfortran.dg/assumed_rank_2.f90 -O2 execution test
FAIL: gfortran.dg/assumed_rank_bounds_1.f90 -O2 execution test
FAIL: gfortran.dg/bound_4.f90 -O2 (test for excess errors)
UNRESOLVED: gfortran.dg/bound_4.f90 -O2 compilation failed to produce executable
FAIL: gfortran.dg/class_array_2.f03 -O3 -fomit-frame-pointer -funroll-all-loops -finline-functions (test for excess errors)
UNRESOLVED: gfortran.dg/class_array_2.f03 -O3 -fomit-frame-pointer -funroll-all-loops -finline-functions compilation failed to produce executable
FAIL: gfortran.dg/common_14.f90 -O (test for warnings, line 16)
FAIL: gfortran.dg/common_14.f90 -O (test for warnings, line 22)
FAIL: gfortran.dg/common_14.f90 -O (test for excess errors)
FAIL: gfortran.dg/dependency_41.f90 -O3 -g (test for excess errors)
UNRESOLVED: gfortran.dg/dependency_41.f90 -O3 -g compilation failed to produce executable
FAIL: gfortran.dg/derived_comp_array_ref_7.f90 -O3 -fomit-frame-pointer -funroll-loops (test for excess errors)
UNRESOLVED: gfortran.dg/derived_comp_array_ref_7.f90 -O3 -fomit-frame-pointer -funroll-loops compilation failed to produce executable
FAIL: gfortran.dg/f2c_7.f90 -O2 (test for excess errors)
UNRESOLVED: gfortran.dg/f2c_7.f90 -O2 compilation failed to produce executable
FAIL: gfortran.dg/f2c_7.f90 -O3 -g (test for excess errors)
UNRESOLVED: gfortran.dg/f2c_7.f90 -O3 -g compilation failed to produce executable
FAIL: gfortran.dg/finalize_13.f90 -O3 -fomit-frame-pointer -funroll-all-loops -finline-functions (test for excess errors)
UNRESOLVED: gfortran.dg/finalize_13.f90 -O3 -fomit-frame-pointer -funroll-all-loops -finline-functions compilation failed to produce executable
FAIL: gfortran.dg/fmt_g0_6.f08 -O3 -g (test for excess errors)
UNRESOLVED: gfortran.dg/fmt_g0_6.f08 -O3 -g compilation failed to produce executable
FAIL: gfortran.dg/forall_15.f90 -O3 -fomit-frame-pointer -funroll-loops (test for excess errors)
UNRESOLVED: gfortran.dg/forall_15.f90 -O3 -fomit-frame-pointer -funroll-loops compilation failed to produce executable
FAIL: gfortran.dg/intrinsic_intkinds_1.f90 -O3 -fomit-frame-pointer -funroll-all-loops -finline-functions (test for excess errors)
UNRESOLVED: gfortran.dg/intrinsic_intkinds_1.f90 -O3 -fomit-frame-pointer -funroll-all-loops -finline-functions compilation failed to produce executable
FAIL: gfortran.dg/matmul_bounds_4.f90 -O1 (test for excess errors)
UNRESOLVED: gfortran.dg/matmul_bounds_4.f90 -O1 compilation failed to produce executable
FAIL: gfortran.dg/minmaxloc_4.f90 -O3 -fomit-frame-pointer -funroll-all-loops -finline-functions (test for excess errors)
UNRESOLVED: gfortran.dg/minmaxloc_4.f90 -O3 -fomit-frame-pointer -funroll-all-loops -finline-functions compilation failed to produce executable
FAIL: gfortran.dg/namelist_23.f90 -O3 -fomit-frame-pointer -funroll-all-loops -finline-functions (test for excess errors)
UNRESOLVED: gfortran.dg/namelist_23.f90 -O3 -fomit-frame-pointer -funroll-all-loops -finline-functions compilation failed to produce executable
FAIL: gfortran.dg/namelist_61.f90 -O3 -fomit-frame-pointer -funroll-all-loops -finline-functions (test for excess errors)
UNRESOLVED: gfortran.dg/namelist_61.f90 -O3 -fomit-frame-pointer -funroll-all-loops -finline-functions compilation failed to produce executable
FAIL: gfortran.dg/nearest_1.f90 -O0 execution test
FAIL: gfortran.dg/nearest_1.f90 -O1 execution test
FAIL: gfortran.dg/nearest_1.f90 -O2 execution test
FAIL: gfortran.dg/nearest_1.f90 -O3 -fomit-frame-pointer execution test
FAIL: gfortran.dg/nearest_1.f90 -O3 -fomit-frame-pointer -funroll-loops execution test
FAIL: gfortran.dg/nearest_1.f90 -O3 -fomit-frame-pointer -funroll-all-loops -finline-functions execution test
FAIL: gfortran.dg/nearest_1.f90 -O3 -g execution test
FAIL: gfortran.dg/nearest_1.f90 -Os execution test
FAIL: gfortran.dg/operator_1.f90 -O3 -g (test for excess errors)
UNRESOLVED: gfortran.dg/operator_1.f90 -O3 -g compilation failed to produce executable
FAIL: gfortran.dg/parity_1.f90 -O3 -fomit-frame-pointer (test for excess errors)
UNRESOLVED: gfortran.dg/parity_1.f90 -O3 -fomit-frame-pointer compilation failed to produce executable
FAIL: gfortran.dg/pr44592.f90 -O2 (test for excess errors)
UNRESOLVED: gfortran.dg/pr44592.f90 -O2 compilation failed to produce executable
FAIL: gfortran.dg/proc_ptr_comp_13.f90 -O0 execution test
FAIL: gfortran.dg/read_repeat.f90 -Os (test for excess errors)
UNRESOLVED: gfortran.dg/read_repeat.f90 -Os compilation failed to produce executable
FAIL: gfortran.dg/realloc_on_assign_7.f03 -Os (test for excess errors)
UNRESOLVED: gfortran.dg/realloc_on_assign_7.f03 -Os compilation failed to produce executable
FAIL: gfortran.dg/ret_array_1.f90 -O2 (test for excess errors)
UNRESOLVED: gfortran.dg/ret_array_1.f90 -O2 compilation failed to produce executable
FAIL: gfortran.dg/shift-kind_2.f90 -O3 -g (test for excess errors)
UNRESOLVED: gfortran.dg/shift-kind_2.f90 -O3 -g compilation failed to produce executable
FAIL: gfortran.dg/transpose_optimization_2.f90 -O3 -fomit-frame-pointer -funroll-loops (test for excess errors)
UNRESOLVED: gfortran.dg/transpose_optimization_2.f90 -O3 -fomit-frame-pointer -funroll-loops compilation failed to produce executable
FAIL: gfortran.dg/g77/19990419-1.f -O3 -g (test for excess errors)
UNRESOLVED: gfortran.dg/g77/19990419-1.f -O3 -g compilation failed to produce executable
FAIL: gfortran.dg/ieee/ieee_1.F90 -O0 execution test
FAIL: gfortran.dg/ieee/ieee_1.F90 -O1 execution test
FAIL: gfortran.dg/ieee/ieee_1.F90 -O2 execution test
FAIL: gfortran.dg/ieee/ieee_1.F90 -O3 -fomit-frame-pointer execution test
FAIL: gfortran.dg/ieee/ieee_1.F90 -O3 -fomit-frame-pointer -funroll-loops execution test
FAIL: gfortran.dg/ieee/ieee_1.F90 -O3 -fomit-frame-pointer -funroll-all-loops -finline-functions execution test
FAIL: gfortran.dg/ieee/ieee_1.F90 -O3 -g execution test
FAIL: gfortran.dg/ieee/ieee_1.F90 -Os execution test
FAIL: gfortran.dg/ieee/ieee_2.f90 -O0 execution test
FAIL: gfortran.dg/ieee/ieee_2.f90 -O1 execution test
FAIL: gfortran.dg/ieee/ieee_2.f90 -O2 execution test
FAIL: gfortran.dg/ieee/ieee_2.f90 -O3 -fomit-frame-pointer execution test
FAIL: gfortran.dg/ieee/ieee_2.f90 -O3 -fomit-frame-pointer -funroll-loops execution test
FAIL: gfortran.dg/ieee/ieee_2.f90 -O3 -fomit-frame-pointer -funroll-all-loops -finline-functions execution test
FAIL: gfortran.dg/ieee/ieee_2.f90 -O3 -g execution test
FAIL: gfortran.dg/ieee/ieee_2.f90 -Os execution test
FAIL: gfortran.dg/ieee/ieee_6.f90 -O0 execution test
FAIL: gfortran.dg/ieee/ieee_6.f90 -O1 execution test
FAIL: gfortran.dg/ieee/ieee_6.f90 -O2 execution test
FAIL: gfortran.dg/ieee/ieee_6.f90 -O3 -fomit-frame-pointer execution test
FAIL: gfortran.dg/ieee/ieee_6.f90 -O3 -fomit-frame-pointer -funroll-loops execution test
FAIL: gfortran.dg/ieee/ieee_6.f90 -O3 -fomit-frame-pointer -funroll-all-loops -finline-functions execution test
FAIL: gfortran.dg/ieee/ieee_6.f90 -O3 -g execution test
FAIL: gfortran.dg/ieee/ieee_6.f90 -Os execution test
FAIL: gfortran.dg/ieee/rounding_1.f90 -O0 execution test
FAIL: gfortran.dg/ieee/rounding_1.f90 -O1 execution test
FAIL: gfortran.dg/ieee/rounding_1.f90 -O2 execution test
FAIL: gfortran.dg/ieee/rounding_1.f90 -O3 -fomit-frame-pointer execution test
FAIL: gfortran.dg/ieee/rounding_1.f90 -O3 -fomit-frame-pointer -funroll-loops execution test
FAIL: gfortran.dg/ieee/rounding_1.f90 -O3 -fomit-frame-pointer -funroll-all-loops -finline-functions execution test
FAIL: gfortran.dg/ieee/rounding_1.f90 -O3 -g execution test
FAIL: gfortran.dg/ieee/rounding_1.f90 -Os execution test
FAIL: gfortran.fortran-torture/compile/nested.f90, -Os
FAIL: gfortran.fortran-torture/execute/data_2.f90 compilation, -O2 -fomit-frame-pointer -finline-functions
FAIL: gfortran.fortran-torture/execute/data_2.f90 compilation, -O3 -g
FAIL: gfortran.fortran-torture/execute/intrinsic_associated.f90 compilation, -O2 -fomit-frame-pointer -finline-functions -funroll-loops
FAIL: gfortran.fortran-torture/execute/intrinsic_merge.f90 compilation, -Os
FAIL: gfortran.fortran-torture/execute/intrinsic_mmloc_3.f90 compilation, -O2 -fomit-frame-pointer -finline-functions
FAIL: gfortran.fortran-torture/execute/intrinsic_mmval.f90 compilation, -O2 -fomit-frame-pointer -finline-functions -funroll-loops
FAIL: gfortran.fortran-torture/execute/intrinsic_product.f90 compilation, -Os
FAIL: gfortran.fortran-torture/execute/intrinsic_size.f90 compilation, -O3 -g
=== gfortran Summary ===
# of expected passes 44980
# of unexpected failures 85
# of expected failures 38
# of unresolved testcases 29
# of untested testcases 8
# of unsupported tests 401
/home/ldroot/dodes/xsh-gcc-orig/gcc/testsuite/gfortran/../../gfortran version 4.10.0 20140804 (experimental) [trunk revision 213529] (GCC)
Host is i686-pc-linux-gnu
=== objc tests ===
Running target unix
WARNING: Assuming target board is the local machine (which is probably wrong).
=== objc Summary ===
# of expected passes 3010
# of unsupported tests 74
/home/ldroot/dodes/xsh-gcc-orig/gcc/xgcc version 4.10.0 20140804 (experimental) [trunk revision 213529] (GCC)
Host is sh4-unknown-linux-gnu
=== boehm-gc tests ===
Running target unix
WARNING: Assuming target board is the local machine (which is probably wrong).
=== boehm-gc Summary ===
# of expected passes 12
# of unsupported tests 1
Host is sh4-unknown-linux-gnu
=== libatomic tests ===
Running target unix
WARNING: Assuming target board is the local machine (which is probably wrong).
=== libatomic Summary ===
# of expected passes 44
# of unsupported tests 5
Host is sh4-unknown-linux-gnu
=== libffi tests ===
Running target unix
WARNING: Assuming target board is the local machine (which is probably wrong).
=== libffi Summary ===
# of expected passes 1819
# of unsupported tests 55
Host is sh4-unknown-linux-gnu
=== libgomp tests ===
Running target unix
WARNING: Assuming target board is the local machine (which is probably wrong).
FAIL: libgomp.c/depend-3.c execution test
FAIL: libgomp.fortran/reduction2.f90 -O2 (test for excess errors)
UNRESOLVED: libgomp.fortran/reduction2.f90 -O2 compilation failed to produce executable
FAIL: libgomp.fortran/reduction2.f90 -Os (test for excess errors)
UNRESOLVED: libgomp.fortran/reduction2.f90 -Os compilation failed to produce executable
=== libgomp Summary ===
# of expected passes 3165
# of unexpected failures 3
# of unresolved testcases 2
# of unsupported tests 43
Host is sh4-unknown-linux-gnu
=== libitm tests ===
Running target unix
WARNING: Assuming target board is the local machine (which is probably wrong).
=== libitm Summary ===
# of expected passes 26
# of expected failures 3
# of unsupported tests 1
Host is sh4-unknown-linux-gnu
=== libjava tests ===
Running target unix
WARNING: Assuming target board is the local machine (which is probably wrong).
=== libjava Summary ===
# of expected passes 2413
# of expected failures 4
# of untested testcases 4
Host is sh4-unknown-linux-gnu
=== libstdc++ tests ===
Running target unix
WARNING: Assuming target board is the local machine (which is probably wrong).
=== libstdc++ Summary ===
# of expected passes 8897
# of expected failures 69
# of unsupported tests 657
Compiler version: 4.10.0 20140804 (experimental) [trunk revision 213529] (GCC)
Platform: sh4-unknown-linux-gnu
configure flags: --target=sh4-unknown-linux-gnu --enable-build-with-cxx --enable-lto --enable-shared --enable-threads=posix --enable-clocale=gnu --enable-libitm --enable-libgcj --with-ld=/usr/local/bin/sh4-unknown-linux-gnu-ld --with-as=/usr/local/bin/sh4-unknown-linux-gnu-as --with-sysroot=/exp/ldroot --with-mpfr=/opt3/i686-pc-linux-gnu --with-mpc=/opt3/i686-pc-linux-gnu --with-libelf=/opt3/i686-pc-linux-gnu --with-ppl=no target_alias=sh4-unknown-linux-gnu --enable-languages=c,c++,fortran,java,lto,objc