This is the mail archive of the
gcc-testresults@gcc.gnu.org
mailing list for the GCC project.
Results for 4.10.0 20140620 (experimental) [trunk revision 211831] (GCC) testsuite on hppa-unknown-linux-gnu
- From: Dave Anglin <dave dot anglin at bell dot net>
- To: dave at hiauly6 dot localdomain, gcc-testresults at gcc dot gnu dot org
- Date: Sun, 22 Jun 2014 22:09:36 -0400
- Subject: Results for 4.10.0 20140620 (experimental) [trunk revision 211831] (GCC) testsuite on hppa-unknown-linux-gnu
- Authentication-results: sourceware.org; auth=none
LAST_UPDATED: Fri Jun 20 03:30:40 UTC 2014 (revision 211831)
=== acats tests ===
=== acats Summary ===
# of expected passes 2320
# of unexpected failures 0
Native configuration is hppa-unknown-linux-gnu
=== gcc tests ===
Running target unix
FAIL: gcc.c-torture/compile/limits-exprparen.c -O0 (internal compiler error)
FAIL: gcc.c-torture/compile/limits-exprparen.c -O0 (test for excess errors)
FAIL: gcc.c-torture/compile/limits-exprparen.c -O2 (internal compiler error)
FAIL: gcc.c-torture/compile/limits-exprparen.c -O2 (test for excess errors)
FAIL: gcc.c-torture/compile/limits-exprparen.c -O3 -fomit-frame-pointer (internal compiler error)
FAIL: gcc.c-torture/compile/limits-exprparen.c -O3 -fomit-frame-pointer (test for excess errors)
FAIL: gcc.c-torture/compile/limits-exprparen.c -O3 -g (internal compiler error)
FAIL: gcc.c-torture/compile/limits-exprparen.c -O3 -g (test for excess errors)
FAIL: gcc.c-torture/compile/limits-exprparen.c -Os (internal compiler error)
FAIL: gcc.c-torture/compile/limits-exprparen.c -Os (test for excess errors)
FAIL: gcc.c-torture/compile/limits-exprparen.c -O2 -flto -fno-use-linker-plugin -flto-partition=none (internal compiler error)
FAIL: gcc.c-torture/compile/limits-exprparen.c -O2 -flto -fno-use-linker-plugin -flto-partition=none (test for excess errors)
FAIL: gcc.c-torture/compile/limits-exprparen.c -O2 -flto -fuse-linker-plugin -fno-fat-lto-objects (internal compiler error)
FAIL: gcc.c-torture/compile/limits-exprparen.c -O2 -flto -fuse-linker-plugin -fno-fat-lto-objects (test for excess errors)
FAIL: gcc.c-torture/compile/limits-fndefn.c -O2 -flto -fno-use-linker-plugin -flto-partition=none (internal compiler error)
FAIL: gcc.c-torture/compile/limits-fndefn.c -O2 -flto -fno-use-linker-plugin -flto-partition=none (test for excess errors)
FAIL: gcc.c-torture/compile/limits-fndefn.c -O2 -flto -fuse-linker-plugin -fno-fat-lto-objects (internal compiler error)
FAIL: gcc.c-torture/compile/limits-fndefn.c -O2 -flto -fuse-linker-plugin -fno-fat-lto-objects (test for excess errors)
FAIL: gcc.dg/atomic/c11-atomic-exec-5.c -O0 execution test
FAIL: gcc.dg/atomic/c11-atomic-exec-5.c -O1 execution test
FAIL: gcc.dg/atomic/c11-atomic-exec-5.c -O2 execution test
FAIL: gcc.dg/atomic/c11-atomic-exec-5.c -O3 -fomit-frame-pointer execution test
FAIL: gcc.dg/atomic/c11-atomic-exec-5.c -O3 -fomit-frame-pointer -funroll-loops execution test
FAIL: gcc.dg/atomic/c11-atomic-exec-5.c -O3 -fomit-frame-pointer -funroll-all-loops -finline-functions execution test
FAIL: gcc.dg/atomic/c11-atomic-exec-5.c -O3 -g execution test
FAIL: gcc.dg/atomic/c11-atomic-exec-5.c -Os execution test
FAIL: gcc.dg/atomic/c11-atomic-exec-5.c -O2 -flto -fno-use-linker-plugin -flto-partition=none execution test
FAIL: gcc.dg/atomic/c11-atomic-exec-5.c -O2 -flto -fuse-linker-plugin -fno-fat-lto-objects execution test
XPASS: gcc.dg/tree-ssa/loop-1.c scan-assembler-times foo 5
=== gcc Summary ===
# of expected passes 85794
# of unexpected failures 28
# of unexpected successes 1
# of expected failures 107
# of unsupported tests 1408
/home/dave/gnu/gcc/objdir/gcc/xgcc version 4.10.0 20140620 (experimental) [trunk revision 211831] (GCC)
=== gfortran tests ===
Running target unix
FAIL: gfortran.dg/bind_c_array_params_2.f90 -O scan-assembler-times call[^\\n\\r]*myBindC 1
FAIL: gfortran.dg/coarray_collectives_5.f90 -O scan-tree-dump-times original "_gfortran_caf_co_max \\\\(&desc.., 0B, 0, &stat1, 0B, 0, 0\\\\);" 1
FAIL: gfortran.dg/coarray_collectives_5.f90 -O scan-tree-dump-times original "_gfortran_caf_co_min \\\\(&desc.., 0B, 0, &stat2, 0B, 0, 0\\\\);" 1
FAIL: gfortran.dg/coarray_collectives_5.f90 -O scan-tree-dump-times original "_gfortran_caf_co_sum \\\\(&desc.., 0B, 0, &stat3, 0B, 0\\\\);" 1
FAIL: gfortran.dg/coarray_collectives_6.f90 -O scan-tree-dump-times original "_gfortran_caf_co_max \\\\(&desc.., 0B, 0, &stat1, errmesg1, 0, 6\\\\);" 1
FAIL: gfortran.dg/coarray_collectives_6.f90 -O scan-tree-dump-times original "_gfortran_caf_co_sum \\\\(&val2, 0B, 4, &stat2, errmesg2, 7\\\\);" 1
FAIL: gfortran.dg/coarray_collectives_6.f90 -O scan-tree-dump-times original "_gfortran_caf_co_min \\\\(&desc.., 0B, res, &stat3, errmesg3, 99, 8\\\\);" 1
FAIL: gfortran.dg/pr45636.f90 -O scan-tree-dump-times forwprop2 "memset" 0
=== gfortran Summary ===
# of expected passes 44823
# of unexpected failures 8
# of expected failures 52
# of unsupported tests 412
/home/dave/gnu/gcc/objdir/gcc/testsuite/gfortran/../../gfortran version 4.10.0 20140620 (experimental) [trunk revision 211831] (GCC)
=== g++ tests ===
Running target unix
=== g++ Summary ===
# of expected passes 77505
# of expected failures 440
# of unsupported tests 3180
/home/dave/gnu/gcc/objdir/gcc/testsuite/g++/../../xg++ version 4.10.0 20140620 (experimental) [trunk revision 211831] (GCC)
=== gnat tests ===
Running target unix
=== gnat Summary ===
# of expected passes 1231
# of expected failures 18
# of unsupported tests 14
/home/dave/gnu/gcc/objdir/gcc/gnatmake version 4.10.0 20140620 (experimental) [trunk revision 211831]
=== obj-c++ tests ===
Running target unix
=== obj-c++ Summary ===
# of expected passes 1447
# of expected failures 2
# of unsupported tests 86
/home/dave/gnu/gcc/objdir/gcc/testsuite/obj-c++/../../xg++ version 4.10.0 20140620 (experimental) [trunk revision 211831] (GCC)
=== objc tests ===
Running target unix
=== objc Summary ===
# of expected passes 3010
# of unsupported tests 74
/home/dave/gnu/gcc/objdir/gcc/xgcc version 4.10.0 20140620 (experimental) [trunk revision 211831] (GCC)
=== boehm-gc tests ===
Running target unix
=== boehm-gc Summary ===
# of expected passes 12
# of unsupported tests 1
=== libatomic tests ===
Running target unix
=== libatomic Summary ===
# of expected passes 44
# of unsupported tests 5
=== libffi tests ===
Running target unix
=== libffi Summary ===
# of expected passes 1819
# of unsupported tests 55
=== libgomp tests ===
Running target unix
WARNING: program timed out.
FAIL: libgomp.c/depend-3.c execution test
=== libgomp Summary ===
# of expected passes 3052
# of unexpected failures 1
# of unsupported tests 36
=== libjava tests ===
Running target unix
=== libjava Summary ===
# of expected passes 2582
# of expected failures 4
=== libstdc++ tests ===
Running target unix
FAIL: 22_locale/numpunct/members/char/3.cc execution test
FAIL: 22_locale/time_get/get_date/wchar_t/4.cc execution test
FAIL: 30_threads/thread/native_handle/cancel.cc execution test
FAIL: ext/random/hypergeometric_distribution/operators/serialize.cc execution test
=== libstdc++ Summary ===
# of expected passes 9566
# of unexpected failures 4
# of expected failures 69
# of unsupported tests 369
Compiler version: 4.10.0 20140620 (experimental) [trunk revision 211831] (GCC)
Platform: hppa-unknown-linux-gnu
configure flags: --with-gnu-as --with-gnu-ld --enable-shared --enable-multiarch --enable-linker-build-id --build=hppa-linux-gnu --host=hppa-linux-gnu --target=hppa-linux-gnu --prefix=/home/dave/opt/gnu/gcc/gcc-4.9 --with-local-prefix=/home/dave/opt/gnu --enable-threads=posix --enable-__cxa_atexit --build=hppa-linux-gnu --enable-clocale=gnu --enable-java-gc=boehm --enable-languages=c,c++,objc,fortran,obj-c++,java,ada,lto