This is the mail archive of the
gcc-testresults@gcc.gnu.org
mailing list for the GCC project.
Results for 4.10.0 20140606 (experimental) [trunk revision 211315] (GCC) testsuite on x86_64-pc-solaris2.10
- From: Rainer Orth <ro at CeBiTec dot Uni-Bielefeld dot DE>
- To: gcc-testresults at gcc dot gnu dot org
- Date: Sun, 8 Jun 2014 02:39:20 +0200 (MEST)
- Subject: Results for 4.10.0 20140606 (experimental) [trunk revision 211315] (GCC) testsuite on x86_64-pc-solaris2.10
- Authentication-results: sourceware.org; auth=none
LAST_UPDATED: Fri Jun 6 14:11:35 UTC 2014 (revision 211315)
Native configuration is x86_64-pc-solaris2.10
=== boehm-gc tests ===
Running target unix/-m32
=== boehm-gc Summary for unix/-m32 ===
# of expected passes 12
# of unsupported tests 1
Running target unix
=== boehm-gc Summary for unix ===
# of expected passes 12
# of unsupported tests 1
=== boehm-gc Summary ===
# of expected passes 24
# of unsupported tests 2
=== libatomic tests ===
Running target unix/-m32
=== libatomic Summary for unix/-m32 ===
# of expected passes 44
# of unsupported tests 5
Running target unix
=== libatomic Summary for unix ===
# of expected passes 54
=== libatomic Summary ===
# of expected passes 98
# of unsupported tests 5
=== libffi tests ===
Running target unix/-m32
=== libffi Summary for unix/-m32 ===
# of expected passes 1819
# of unsupported tests 55
Running target unix
=== libffi Summary for unix ===
# of expected passes 1819
# of unsupported tests 55
=== libffi Summary ===
# of expected passes 3638
# of unsupported tests 110
=== libgo tests ===
Running target unix
FAIL: crypto/x509
=== libgo Summary for unix ===
# of expected passes 121
# of unexpected failures 1
Running target unix/-m32
FAIL: net
FAIL: runtime
FAIL: crypto/x509
FAIL: net/http
FAIL: sync/atomic
=== libgo Summary for unix/-m32 ===
# of expected passes 117
# of unexpected failures 5
=== libgo Summary ===
# of expected passes 238
# of unexpected failures 6
/var/gcc/regression/trunk/10-gcc-64/build/./gcc/gccgo version 4.10.0 20140606 (experimental) [trunk revision 211315] (GCC)
=== libgomp tests ===
Running target unix/-m32
=== libgomp Summary for unix/-m32 ===
# of expected passes 2810
# of unsupported tests 20
Running target unix
=== libgomp Summary for unix ===
# of expected passes 2810
# of unsupported tests 20
=== libgomp Summary ===
# of expected passes 5620
# of unsupported tests 40
=== libitm tests ===
Running target unix/-m32
=== libitm Summary for unix/-m32 ===
# of expected passes 26
# of expected failures 3
# of unsupported tests 1
Running target unix
=== libitm Summary for unix ===
# of expected passes 26
# of expected failures 3
# of unsupported tests 1
=== libitm Summary ===
# of expected passes 52
# of expected failures 6
# of unsupported tests 2
=== libjava tests ===
Running target unix/-m32
=== libjava Summary for unix/-m32 ===
# of expected passes 2582
# of expected failures 4
Running target unix
=== libjava Summary for unix ===
# of expected passes 2582
# of expected failures 4
=== libjava Summary ===
# of expected passes 5164
# of expected failures 8
=== libstdc++ tests ===
Running target unix
FAIL: ext/random/hypergeometric_distribution/operators/values.cc execution test
=== libstdc++ Summary for unix ===
# of expected passes 9029
# of unexpected failures 1
# of expected failures 70
# of unsupported tests 599
Running target unix/-m32
FAIL: ext/random/hypergeometric_distribution/operators/values.cc execution test
=== libstdc++ Summary for unix/-m32 ===
# of expected passes 9029
# of unexpected failures 1
# of expected failures 70
# of unsupported tests 599
=== libstdc++ Summary ===
# of expected passes 18058
# of unexpected failures 2
# of expected failures 140
# of unsupported tests 1198
=== acats tests ===
=== acats Summary ===
# of expected passes 2320
# of unexpected failures 0
=== g++ tests ===
Running target unix
=== g++ Summary for unix ===
# of expected passes 81584
# of expected failures 443
# of unsupported tests 3114
Running target unix/-m32
FAIL: g++.dg/cilk-plus/CK/catch_exc.cc -O1 -fcilkplus execution test
FAIL: g++.dg/cilk-plus/CK/catch_exc.cc -O3 -fcilkplus execution test
FAIL: g++.dg/cilk-plus/CK/catch_exc.cc -g -fcilkplus execution test
FAIL: g++.dg/cilk-plus/CK/catch_exc.cc -g -O2 -fcilkplus execution test
=== g++ Summary for unix/-m32 ===
# of expected passes 80254
# of unexpected failures 4
# of expected failures 443
# of unsupported tests 2851
=== g++ Summary ===
# of expected passes 161838
# of unexpected failures 4
# of expected failures 886
# of unsupported tests 5965
/var/gcc/regression/trunk/10-gcc-64/build/gcc/testsuite/g++/../../xg++ version 4.10.0 20140606 (experimental) [trunk revision 211315] (GCC)
=== gcc tests ===
Running target unix
FAIL: gcc.target/i386/pr58218.c (test for excess errors)
=== gcc Summary for unix ===
# of expected passes 102009
# of unexpected failures 1
# of expected failures 252
# of unsupported tests 1892
Running target unix/-m32
FAIL: gcc.target/i386/pr49095.c scan-assembler-not test[lq]
=== gcc Summary for unix/-m32 ===
# of expected passes 101434
# of unexpected failures 1
# of expected failures 250
# of unsupported tests 1652
=== gcc Summary ===
# of expected passes 203443
# of unexpected failures 2
# of expected failures 502
# of unsupported tests 3544
/var/gcc/regression/trunk/10-gcc-64/build/gcc/xgcc version 4.10.0 20140606 (experimental) [trunk revision 211315] (GCC)
=== gfortran tests ===
Running target unix
FAIL: gfortran.dg/wextra_1.f -O (test for warnings, line 4)
=== gfortran Summary for unix ===
# of expected passes 45941
# of unexpected failures 1
# of expected failures 52
# of unsupported tests 80
Running target unix/-m32
FAIL: gfortran.dg/wextra_1.f -O (test for warnings, line 4)
=== gfortran Summary for unix/-m32 ===
# of expected passes 45654
# of unexpected failures 1
# of expected failures 52
# of unsupported tests 218
=== gfortran Summary ===
# of expected passes 91595
# of unexpected failures 2
# of expected failures 104
# of unsupported tests 298
/var/gcc/regression/trunk/10-gcc-64/build/gcc/testsuite/gfortran/../../gfortran version 4.10.0 20140606 (experimental) [trunk revision 211315] (GCC)
=== gnat tests ===
Running target unix/-m32
=== gnat Summary for unix/-m32 ===
# of expected passes 1242
# of expected failures 18
# of unsupported tests 6
Running target unix
FAIL: gnat.dg/aliasing3.adb execution test
=== gnat Summary for unix ===
# of expected passes 1241
# of unexpected failures 1
# of expected failures 18
# of unsupported tests 6
=== gnat Summary ===
# of expected passes 2483
# of unexpected failures 1
# of expected failures 36
# of unsupported tests 12
/var/gcc/regression/trunk/10-gcc-64/build/gcc/gnatmake version 4.10.0 20140606 (experimental) [trunk revision 211315]
=== go tests ===
Running target unix
UNRESOLVED: go.test/test/fixedbugs/bug191.dir/main.go, -O2 -g
WARNING: go.test/test/fixedbugs/bug191.dir/main.go: (with warnings) -O2 -g
=== go Summary for unix ===
# of expected passes 7250
# of expected failures 1
# of untested testcases 9
# of unresolved testcases 1
# of unsupported tests 1
Running target unix/-m32
UNRESOLVED: go.test/test/fixedbugs/bug191.dir/main.go, -O2 -g
WARNING: go.test/test/fixedbugs/bug191.dir/main.go: (with warnings) -O2 -g
=== go Summary for unix/-m32 ===
# of expected passes 7369
# of expected failures 1
# of untested testcases 9
# of unresolved testcases 1
# of unsupported tests 2
=== go Summary ===
# of expected passes 14619
# of expected failures 2
# of untested testcases 18
# of unresolved testcases 2
# of unsupported tests 3
/var/gcc/regression/trunk/10-gcc-64/build/gcc/testsuite/go/../../gccgo version 4.10.0 20140606 (experimental) [trunk revision 211315] (GCC)
=== obj-c++ tests ===
Running target unix/-m32
=== obj-c++ Summary for unix/-m32 ===
# of expected passes 1447
# of expected failures 2
# of unsupported tests 86
Running target unix
=== obj-c++ Summary for unix ===
# of expected passes 1439
# of expected failures 10
# of unsupported tests 86
=== obj-c++ Summary ===
# of expected passes 2886
# of expected failures 12
# of unsupported tests 172
/var/gcc/regression/trunk/10-gcc-64/build/gcc/testsuite/obj-c++/../../xg++ version 4.10.0 20140606 (experimental) [trunk revision 211315] (GCC)
=== objc tests ===
Running target unix
=== objc Summary for unix ===
# of expected passes 3004
# of expected failures 6
# of unsupported tests 74
Running target unix/-m32
=== objc Summary for unix/-m32 ===
# of expected passes 3004
# of expected failures 6
# of unsupported tests 74
=== objc Summary ===
# of expected passes 6008
# of expected failures 12
# of unsupported tests 148
/var/gcc/regression/trunk/10-gcc-64/build/gcc/xgcc version 4.10.0 20140606 (experimental) [trunk revision 211315] (GCC)
Compiler version: 4.10.0 20140606 (experimental) [trunk revision 211315] (GCC)
Platform: x86_64-pc-solaris2.10
configure flags: --prefix=/vol/gcc --target=amd64-pc-solaris2.10 --enable-objc-gc --with-gmp-include=/vol/gcc/include --with-gmp-lib=/vol/gcc/lib/amd64 --with-mpfr-include=/vol/gcc/include --with-mpfr-lib=/vol/gcc/lib/amd64 --with-mpc-include=/vol/gcc/include --with-mpc-lib=/vol/gcc/lib/amd64 --enable-languages=all,ada,obj-c++,go --with-isl-include=/vol/gcc/include --with-isl-lib=/vol/gcc/lib/amd64 --with-cloog-include=/vol/gcc/include --with-cloog-lib=/vol/gcc/lib/amd64 --enable-cloog-backend=isl --build=amd64-pc-solaris2.10 --host=amd64-pc-solaris2.10
BOOT_CFLAGS=-g -O2