This is the mail archive of the
gcc-testresults@gcc.gnu.org
mailing list for the GCC project.
Results for 4.10.0 20140602 (experimental) [trunk revision 211152] (GCC) testsuite on hppa2.0w-hp-hpux11.11
- From: John David Anglin <dave at hiauly3 dot hia dot nrc dot ca>
- To: dave at hiauly3 dot hia dot nrc dot ca, gcc-testresults at gcc dot gnu dot org
- Date: Sat, 7 Jun 2014 11:46:35 -0400 (EDT)
- Subject: Results for 4.10.0 20140602 (experimental) [trunk revision 211152] (GCC) testsuite on hppa2.0w-hp-hpux11.11
- Authentication-results: sourceware.org; auth=none
=== acats tests ===
FAIL: c974013
=== acats Summary ===
# of expected passes 2319
# of unexpected failures 1
Native configuration is hppa2.0w-hp-hpux11.11
=== g++ tests ===
Running target unix
FAIL: g++.dg/cpp1y/auto-fn24.C -std=gnu++1y (internal compiler error)
FAIL: g++.dg/cpp1y/auto-fn24.C -std=gnu++1y (test for excess errors)
WARNING: program timed out.
=== g++ Summary ===
# of expected passes 71485
# of unexpected failures 2
# of expected failures 441
# of unsupported tests 3525
/test/gnu/gcc/objdir/gcc/testsuite/g++/../../xg++ version 4.10.0 20140602 (experimental) [trunk revision 211152] (GCC)
=== gcc tests ===
Running target unix
FAIL: gcc.c-torture/execute/bswap-2.c execution, -O0
FAIL: gcc.c-torture/execute/bswap-2.c execution, -O1
FAIL: gcc.c-torture/execute/bswap-2.c execution, -O2
FAIL: gcc.c-torture/execute/bswap-2.c execution, -O3 -fomit-frame-pointer
FAIL: gcc.c-torture/execute/bswap-2.c execution, -O3 -g
FAIL: gcc.c-torture/execute/bswap-2.c execution, -Os
FAIL: gcc.c-torture/execute/bswap-2.c execution, -Og -g
FAIL: gcc.dg/atomic/c11-atomic-exec-5.c -O0 execution test
FAIL: gcc.dg/atomic/c11-atomic-exec-5.c -O1 execution test
FAIL: gcc.dg/atomic/c11-atomic-exec-5.c -O2 execution test
FAIL: gcc.dg/atomic/c11-atomic-exec-5.c -O3 -fomit-frame-pointer execution test
FAIL: gcc.dg/atomic/c11-atomic-exec-5.c -O3 -fomit-frame-pointer -funroll-loops execution test
FAIL: gcc.dg/atomic/c11-atomic-exec-5.c -O3 -fomit-frame-pointer -funroll-all-loops -finline-functions execution test
FAIL: gcc.dg/atomic/c11-atomic-exec-5.c -O3 -g execution test
FAIL: gcc.dg/atomic/c11-atomic-exec-5.c -Os execution test
FAIL: gcc.dg/memcpy-5.c (test for excess errors)
FAIL: c-c++-common/pr50459.c -Wc++-compat (test for excess errors)
WARNING: program timed out.
FAIL: gcc.dg/tree-prof/crossmodule-indircall-1a.c compilation, -fprofile-generate -D_PROFILE_GENERATE
UNRESOLVED: gcc.dg/tree-prof/crossmodule-indircall-1a.c execution, -fprofile-generate -D_PROFILE_GENERATE
UNRESOLVED: gcc.dg/tree-prof/crossmodule-indircall-1a.c compilation, -fprofile-use -D_PROFILE_USE
UNRESOLVED: gcc.dg/tree-prof/crossmodule-indircall-1a.c execution, -fprofile-use -D_PROFILE_USE
FAIL: gcc.dg/tree-prof/time-profiler-2.c scan-ipa-dump-times profile "Read tp_first_run: 0" 2
FAIL: gcc.dg/tree-prof/time-profiler-2.c scan-ipa-dump-times profile "Read tp_first_run: 2" 1
FAIL: gcc.dg/tree-prof/time-profiler-2.c scan-ipa-dump-times profile "Read tp_first_run: 3" 1
=== gcc Summary ===
# of expected passes 69494
# of unexpected failures 21
# of expected failures 114
# of unresolved testcases 3
# of unsupported tests 1659
/test/gnu/gcc/objdir/gcc/xgcc version 4.10.0 20140602 (experimental) [trunk revision 211152] (GCC)
=== gfortran tests ===
Running target unix
FAIL: gfortran.dg/bind_c_array_params_2.f90 -O scan-assembler-times call[^\\n\\r]*myBindC,%r2 1
FAIL: gfortran.dg/pr45636.f90 -O scan-tree-dump-times forwprop2 "memset" 0
FAIL: gfortran.dg/wextra_1.f -O (test for warnings, line 4)
=== gfortran Summary ===
# of expected passes 44065
# of unexpected failures 3
# of expected failures 46
# of unsupported tests 437
/test/gnu/gcc/objdir/gcc/testsuite/gfortran/../../gfortran version 4.10.0 20140602 (experimental) [trunk revision 211152] (GCC)
=== gnat tests ===
Running target unix
=== gnat Summary ===
# of expected passes 1216
# of expected failures 18
# of unsupported tests 18
/test/gnu/gcc/objdir/gcc/gnatmake version 4.10.0 20140602 (experimental) [trunk revision 211152]
=== obj-c++ tests ===
Running target unix
=== obj-c++ Summary ===
# of expected passes 1405
# of expected failures 2
# of unsupported tests 69
/test/gnu/gcc/objdir/gcc/testsuite/obj-c++/../../xg++ version 4.10.0 20140602 (experimental) [trunk revision 211152] (GCC)
=== objc tests ===
Running target unix
=== objc Summary ===
# of expected passes 2928
# of unsupported tests 67
/test/gnu/gcc/objdir/gcc/xgcc version 4.10.0 20140602 (experimental) [trunk revision 211152] (GCC)
=== libatomic tests ===
Running target unix
=== libatomic Summary ===
# of expected passes 44
# of unsupported tests 5
=== libgomp tests ===
Running target unix
WARNING: program timed out.
FAIL: libgomp.c/depend-3.c execution test
=== libgomp Summary ===
# of expected passes 2570
# of unexpected failures 1
# of unsupported tests 27
=== libstdc++ tests ===
Running target unix
FAIL: 20_util/make_signed/requirements/typedefs-1.cc (test for excess errors)
FAIL: 20_util/make_signed/requirements/typedefs-2.cc (test for excess errors)
=== libstdc++ Summary ===
# of expected passes 8285
# of unexpected failures 2
# of expected failures 69
# of unsupported tests 946
Compiler version: 4.10.0 20140602 (experimental) [trunk revision 211152] (GCC)
Platform: hppa2.0w-hp-hpux11.11
configure flags:Test Run By dave on Tue Jun 3 05:12:14 EDT 2014