This is the mail archive of the
gcc-testresults@gcc.gnu.org
mailing list for the GCC project.
Results for 4.10.0 20140530 (experimental) [trunk revision 211089] (GCC) testsuite on x86_64-unknown-linux-gnu
- From: intel64corei7 at gnu-34 dot sc dot intel dot com (H.J. Lu (Intel64 Core i7))
- To: gcc-testresults at gcc dot gnu dot org
- Date: Fri, 30 May 2014 13:10:40 -0700
- Subject: Results for 4.10.0 20140530 (experimental) [trunk revision 211089] (GCC) testsuite on x86_64-unknown-linux-gnu
- Authentication-results: sourceware.org; auth=none
Native configuration is x86_64-unknown-linux-gnu
=== gfortran tests ===
Running target unix
FAIL: gfortran.dg/wextra_1.f -O (test for warnings, line 4)
=== gfortran Summary for unix ===
# of expected passes 44193
# of unexpected failures 1
# of expected failures 35
# of unsupported tests 39
Running target unix/-m32
FAIL: gfortran.dg/internal_dummy_2.f08 -Os execution test
FAIL: gfortran.dg/wextra_1.f -O (test for warnings, line 4)
=== gfortran Summary for unix/-m32 ===
# of expected passes 43902
# of unexpected failures 2
# of expected failures 35
# of unsupported tests 180
=== gfortran Summary ===
# of expected passes 88095
# of unexpected failures 3
# of expected failures 70
# of unsupported tests 219
/export/gnu/import/git/gcc-test-intel64corei7/bld/gcc/testsuite/gfortran/../../gfortran version 4.10.0 20140530 (experimental) [trunk revision 211089] (GCC)
=== g++ tests ===
Running target unix
FAIL: g++.dg/asan/asan_test.C -O2 AddressSanitizer_MallocUsableSizeTest execution test
FAIL: g++.dg/guality/pr55665.C -O2 line 23 p == 40
FAIL: g++.dg/guality/pr55665.C -O3 -fomit-frame-pointer line 23 p == 40
FAIL: g++.dg/guality/pr55665.C -O3 -g line 23 p == 40
=== g++ Summary for unix ===
# of expected passes 65429
# of expected failures 421
# of unsupported tests 2591
Running target unix/-m32
FAIL: g++.dg/guality/pr55665.C -O2 line 23 p == 40
FAIL: g++.dg/guality/pr55665.C -O3 -fomit-frame-pointer line 23 p == 40
FAIL: g++.dg/guality/pr55665.C -O3 -g line 23 p == 40
=== g++ Summary for unix/-m32 ===
# of expected passes 65755
# of expected failures 421
# of unsupported tests 2472
=== g++ Summary ===
# of expected passes 131184
# of expected failures 842
# of unsupported tests 5063
/export/gnu/import/git/gcc-test-intel64corei7/bld/gcc/testsuite/g++/../../xg++ version 4.10.0 20140530 (experimental) [trunk revision 211089] (GCC)
=== objc tests ===
Running target unix
=== objc Summary for unix ===
# of expected passes 1304
# of expected failures 6
Running target unix/-m32
=== objc Summary for unix/-m32 ===
# of expected passes 1304
# of expected failures 6
=== objc Summary ===
# of expected passes 2608
# of expected failures 12
/export/gnu/import/git/gcc-test-intel64corei7/bld/gcc/xgcc version 4.10.0 20140530 (experimental) [trunk revision 211089] (GCC)
=== boehm-gc tests ===
Running target unix/-m32
=== boehm-gc Summary for unix/-m32 ===
# of expected passes 4
Running target unix
=== boehm-gc Summary for unix ===
# of expected passes 4
=== boehm-gc Summary ===
# of expected passes 24
# of unsupported tests 2
=== libatomic tests ===
Running target unix/-m32
=== libatomic Summary for unix/-m32 ===
# of expected passes 44
# of unsupported tests 5
Running target unix
=== libatomic Summary for unix ===
# of expected passes 54
=== libatomic Summary ===
# of expected passes 98
# of unsupported tests 5
=== libffi tests ===
Running target unix/-m32
=== libffi Summary for unix/-m32 ===
# of expected passes 24
Running target unix
=== libffi Summary for unix ===
# of expected passes 24
=== libffi Summary ===
# of expected passes 3638
# of unsupported tests 110
=== libgomp tests ===
Running target unix/-m32
=== libgomp Summary for unix/-m32 ===
Running target unix
=== libgomp Summary for unix ===
=== libgomp Summary ===
# of expected passes 5182
# of unsupported tests 34
=== libitm tests ===
Running target unix/-m32
=== libitm Summary for unix/-m32 ===
# of expected passes 4
# of expected failures 1
# of unsupported tests 1
Running target unix
=== libitm Summary for unix ===
# of expected passes 4
# of expected failures 1
# of unsupported tests 1
=== libitm Summary ===
# of expected passes 52
# of expected failures 6
# of unsupported tests 2
=== libjava tests ===
Running target unix/-m32
=== libjava Summary for unix/-m32 ===
Running target unix
=== libjava Summary for unix ===
=== libjava Summary ===
# of expected passes 5164
# of expected failures 8
=== libstdc++ tests ===
Running target unix
=== libstdc++ Summary for unix ===
# of expected passes 10087
# of expected failures 69
# of unsupported tests 227
Running target unix/-m32
=== libstdc++ Summary for unix/-m32 ===
# of expected passes 10095
# of expected failures 69
# of unsupported tests 223
=== libstdc++ Summary ===
# of expected passes 20182
# of expected failures 138
# of unsupported tests 450
Compiler version: 4.10.0 20140530 (experimental) [trunk revision 211089] (GCC)
Platform: x86_64-unknown-linux-gnu
configure flags: --with-arch=corei7 --with-cpu=corei7 --prefix=/usr/4.10.0 --enable-clocale=gnu --with-system-zlib --enable-shared --with-demangler-in-ld --with-fpmath=sse --enable-languages=c,c++,fortran,java,lto,objc