This is the mail archive of the
gcc-testresults@gcc.gnu.org
mailing list for the GCC project.
Results for 4.10.0 20140521 (experimental) [trunk revision 210671] (GCC) testsuite on hppa-unknown-linux-gnu
- From: Dave Anglin <dave dot anglin at bell dot net>
- To: dave at mx3210 dot localdomain, gcc-testresults at gcc dot gnu dot org
- Date: Sat, 24 May 2014 11:26:15 -0400
- Subject: Results for 4.10.0 20140521 (experimental) [trunk revision 210671] (GCC) testsuite on hppa-unknown-linux-gnu
- Authentication-results: sourceware.org; auth=none
LAST_UPDATED: Wed May 21 02:37:32 UTC 2014 (revision 210671)
=== acats tests ===
=== acats Summary ===
# of expected passes 2320
# of unexpected failures 0
Native configuration is hppa-unknown-linux-gnu
=== gcc tests ===
Running target unix
FAIL: gcc.dg/atomic/c11-atomic-exec-5.c -O0 execution test
FAIL: gcc.dg/atomic/c11-atomic-exec-5.c -O1 execution test
FAIL: gcc.dg/atomic/c11-atomic-exec-5.c -O2 execution test
FAIL: gcc.dg/atomic/c11-atomic-exec-5.c -O3 -fomit-frame-pointer execution test
FAIL: gcc.dg/atomic/c11-atomic-exec-5.c -O3 -fomit-frame-pointer -funroll-loops execution test
FAIL: gcc.dg/atomic/c11-atomic-exec-5.c -O3 -fomit-frame-pointer -funroll-all-loops -finline-functions execution test
FAIL: gcc.dg/atomic/c11-atomic-exec-5.c -O3 -g execution test
FAIL: gcc.dg/atomic/c11-atomic-exec-5.c -Os execution test
FAIL: gcc.dg/atomic/c11-atomic-exec-5.c -O2 -flto -fno-use-linker-plugin -flto-partition=none execution test
FAIL: gcc.dg/atomic/c11-atomic-exec-5.c -O2 -flto -fuse-linker-plugin -fno-fat-lto-objects execution test
FAIL: gcc.dg/Wstrict-overflow-18.c (test for bogus messages, line 20)
XPASS: gcc.dg/tree-ssa/loop-1.c scan-assembler-times foo 5
=== gcc Summary ===
# of expected passes 85418
# of unexpected failures 11
# of unexpected successes 1
# of expected failures 107
# of unsupported tests 1405
/home/dave/gnu/gcc/objdir/gcc/xgcc version 4.10.0 20140521 (experimental) [trunk revision 210671] (GCC)
=== gfortran tests ===
Running target unix
FAIL: gfortran.dg/pr45636.f90 -O scan-tree-dump-times forwprop2 "memset" 0
FAIL: gfortran.dg/wextra_1.f -O (test for warnings, line 4)
=== gfortran Summary ===
# of expected passes 44481
# of unexpected failures 2
# of expected failures 52
# of unsupported tests 412
/home/dave/gnu/gcc/objdir/gcc/testsuite/gfortran/../../gfortran version 4.10.0 20140521 (experimental) [trunk revision 210671] (GCC)
=== g++ tests ===
Running target unix
FAIL: g++.dg/cpp0x/pr61038.C -std=c++11 (test for excess errors)
FAIL: g++.dg/cpp0x/pr61038.C -std=c++1y (test for excess errors)
FAIL: g++.dg/ipa/devirt-15.C -std=gnu++98 scan-ipa-dump devirt "Speculatively devirtualizing call"
FAIL: g++.dg/ipa/devirt-15.C -std=gnu++11 scan-ipa-dump devirt "Speculatively devirtualizing call"
FAIL: g++.dg/ipa/devirt-15.C -std=gnu++1y scan-ipa-dump devirt "Speculatively devirtualizing call"
FAIL: g++.dg/ipa/devirt-16.C -std=gnu++98 scan-ipa-dump whole-program "Devirtualizing"
FAIL: g++.dg/ipa/devirt-16.C -std=gnu++11 scan-ipa-dump whole-program "Devirtualizing"
FAIL: g++.dg/ipa/devirt-16.C -std=gnu++1y scan-ipa-dump whole-program "Devirtualizing"
FAIL: g++.dg/ipa/devirt-17.C -std=gnu++98 scan-ipa-dump whole-program "Devirtualizing"
FAIL: g++.dg/ipa/devirt-17.C -std=gnu++11 scan-ipa-dump whole-program "Devirtualizing"
FAIL: g++.dg/ipa/devirt-17.C -std=gnu++1y scan-ipa-dump whole-program "Devirtualizing"
FAIL: g++.dg/ipa/devirt-26.C -std=gnu++98 scan-ipa-dump devirt "Speculatively devirtualizing"
FAIL: g++.dg/ipa/devirt-26.C -std=gnu++11 scan-ipa-dump devirt "Speculatively devirtualizing"
FAIL: g++.dg/ipa/devirt-26.C -std=gnu++1y scan-ipa-dump devirt "Speculatively devirtualizing"
FAIL: g++.dg/ipa/imm-devirt-1.C -std=gnu++98 scan-tree-dump fre1 "Replacing call target with foo"
FAIL: g++.dg/ipa/imm-devirt-1.C -std=gnu++11 scan-tree-dump fre1 "Replacing call target with foo"
FAIL: g++.dg/ipa/imm-devirt-1.C -std=gnu++1y scan-tree-dump fre1 "Replacing call target with foo"
FAIL: g++.dg/ipa/imm-devirt-2.C -std=gnu++98 scan-tree-dump fre1 "Replacing call target"
FAIL: g++.dg/ipa/imm-devirt-2.C -std=gnu++11 scan-tree-dump fre1 "Replacing call target"
FAIL: g++.dg/ipa/imm-devirt-2.C -std=gnu++1y scan-tree-dump fre1 "Replacing call target"
FAIL: g++.dg/tree-ssa/pr8781.C -std=gnu++98 scan-tree-dump fre1 "Replacing call target with f"
FAIL: g++.dg/tree-ssa/pr8781.C -std=gnu++11 scan-tree-dump fre1 "Replacing call target with f"
FAIL: g++.dg/tree-ssa/pr8781.C -std=gnu++1y scan-tree-dump fre1 "Replacing call target with f"
=== g++ Summary ===
# of expected passes 77214
# of unexpected failures 23
# of expected failures 440
# of unsupported tests 3157
/home/dave/gnu/gcc/objdir/gcc/testsuite/g++/../../xg++ version 4.10.0 20140521 (experimental) [trunk revision 210671] (GCC)
=== gnat tests ===
Running target unix
WARNING: program timed out.
FAIL: gnat.dg/nested_agg_bitfield_constructor.adb (test for excess errors)
WARNING: program timed out.
FAIL: gnat.dg/outer_agg_bitfield_constructor.adb (test for excess errors)
UNRESOLVED: gnat.dg/outer_agg_bitfield_constructor.adb compilation failed to produce executable
=== gnat Summary ===
# of expected passes 1216
# of unexpected failures 2
# of expected failures 18
# of unresolved testcases 1
# of unsupported tests 14
/home/dave/gnu/gcc/objdir/gcc/gnatmake version 4.10.0 20140521 (experimental) [trunk revision 210671]
=== obj-c++ tests ===
Running target unix
=== obj-c++ Summary ===
# of expected passes 1447
# of expected failures 2
# of unsupported tests 86
/home/dave/gnu/gcc/objdir/gcc/testsuite/obj-c++/../../xg++ version 4.10.0 20140521 (experimental) [trunk revision 210671] (GCC)
=== objc tests ===
Running target unix
=== objc Summary ===
# of expected passes 3010
# of unsupported tests 74
/home/dave/gnu/gcc/objdir/gcc/xgcc version 4.10.0 20140521 (experimental) [trunk revision 210671] (GCC)
=== boehm-gc tests ===
Running target unix
=== boehm-gc Summary ===
# of expected passes 12
# of unsupported tests 1
=== libatomic tests ===
Running target unix
=== libatomic Summary ===
# of expected passes 44
# of unsupported tests 5
=== libffi tests ===
Running target unix
=== libffi Summary ===
# of expected passes 1819
# of unsupported tests 55
=== libgomp tests ===
Running target unix
=== libgomp Summary ===
# of expected passes 2654
# of unsupported tests 2
=== libjava tests ===
Running target unix
=== libjava Summary ===
# of expected passes 2582
# of expected failures 4
=== libstdc++ tests ===
Running target unix
FAIL: 22_locale/numpunct/members/char/3.cc execution test
FAIL: 22_locale/time_get/get_date/wchar_t/4.cc execution test
FAIL: 30_threads/thread/native_handle/cancel.cc execution test
FAIL: ext/random/hypergeometric_distribution/operators/serialize.cc execution test
=== libstdc++ Summary ===
# of expected passes 9489
# of unexpected failures 4
# of expected failures 69
# of unsupported tests 361
Compiler version: 4.10.0 20140521 (experimental) [trunk revision 210671] (GCC)
Platform: hppa-unknown-linux-gnu
configure flags: --with-gnu-as --with-gnu-ld --enable-shared --enable-multiarch --enable-linker-build-id --build=hppa-linux-gnu --host=hppa-linux-gnu --target=hppa-linux-gnu --prefix=/home/dave/opt/gnu/gcc/gcc-4.10 --with-local-prefix=/home/dave/opt/gnu --enable-threads=posix --enable-__cxa_atexit --build=hppa-linux-gnu --enable-clocale=gnu --enable-java-gc=boehm --enable-languages=c,c++,objc,fortran,obj-c++,java,ada,lto