This is the mail archive of the
gcc-testresults@gcc.gnu.org
mailing list for the GCC project.
Results for 4.10.0 20140516 (experimental) [trunk revision 210514] (GCC) testsuite on sparc-sun-solaris2.11
- From: Rainer Orth <ro at CeBiTec dot Uni-Bielefeld dot DE>
- To: gcc-testresults at gcc dot gnu dot org
- Date: Sat, 17 May 2014 00:25:28 +0200 (MEST)
- Subject: Results for 4.10.0 20140516 (experimental) [trunk revision 210514] (GCC) testsuite on sparc-sun-solaris2.11
- Authentication-results: sourceware.org; auth=none
LAST_UPDATED: Fri May 16 12:34:32 UTC 2014 (revision 210514)
=== acats tests ===
=== acats Summary ===
# of expected passes 2320
# of unexpected failures 0
Native configuration is sparc-sun-solaris2.11
=== g++ tests ===
Running target unix
=== g++ Summary for unix ===
# of expected passes 77022
# of expected failures 443
# of unsupported tests 3228
Running target unix/-m64
=== g++ Summary for unix/-m64 ===
# of expected passes 78872
# of expected failures 443
# of unsupported tests 3216
=== g++ Summary ===
# of expected passes 155894
# of expected failures 886
# of unsupported tests 6444
/var/gcc/regression/trunk/11-gcc/build/gcc/testsuite/g++/../../xg++ version 4.10.0 20140516 (experimental) [trunk revision 210514] (GCC)
=== gcc tests ===
Running target unix
WARNING: program timed out.
FAIL: gcc.dg/c11-atomic-2.c (test for excess errors)
FAIL: gcc.dg/unroll_1.c (test for warnings, line 14)
FAIL: gcc.dg/unroll_1.c (test for warnings, line 24)
FAIL: gcc.dg/simulate-thread/atomic-other-int.c -O0 -g thread simulation test
FAIL: gcc.dg/simulate-thread/atomic-other-int.c -O2 -g thread simulation test
FAIL: gcc.dg/simulate-thread/atomic-other-int.c -O3 -g thread simulation test
FAIL: gcc.dg/simulate-thread/speculative-store-4.c -O0 -g thread simulation test
FAIL: gcc.dg/simulate-thread/speculative-store-4.c -O2 -g thread simulation test
FAIL: gcc.dg/simulate-thread/speculative-store-4.c -O3 -g thread simulation test
FAIL: gcc.dg/simulate-thread/speculative-store.c -O0 -g thread simulation test
FAIL: gcc.dg/vect/pr52252-ld.c scan-tree-dump-times vect "vectorized 1 loops" 1
FAIL: gcc.dg/vect/pr52252-ld.c -flto -ffat-lto-objects scan-tree-dump-times vect "vectorized 1 loops" 1
FAIL: gcc.target/sparc/pdist-2.c (internal compiler error)
FAIL: gcc.target/sparc/pdist-2.c (test for excess errors)
UNRESOLVED: gcc.target/sparc/pdist-2.c scan-assembler-not pdist\\t%
UNRESOLVED: gcc.target/sparc/pdist-2.c scan-tree-dump optimized "return 475"
FAIL: gcc.target/sparc/pdist-3.c (internal compiler error)
FAIL: gcc.target/sparc/pdist-3.c (test for excess errors)
WARNING: gcc.target/sparc/pdist-3.c compilation failed to produce executable
FAIL: gcc.target/sparc/pdistn-2.c (internal compiler error)
FAIL: gcc.target/sparc/pdistn-2.c (test for excess errors)
UNRESOLVED: gcc.target/sparc/pdistn-2.c scan-assembler-not pdistn\\t%
UNRESOLVED: gcc.target/sparc/pdistn-2.c scan-tree-dump optimized "return 473"
=== gcc Summary for unix ===
# of expected passes 87943
# of unexpected failures 18
# of expected failures 319
# of unresolved testcases 4
# of unsupported tests 1860
Running target unix/-m64
WARNING: program timed out.
FAIL: gcc.dg/c11-atomic-2.c (test for excess errors)
FAIL: gcc.dg/unroll_1.c (test for warnings, line 14)
FAIL: gcc.dg/unroll_1.c (test for warnings, line 24)
FAIL: gcc.dg/vect/pr52252-ld.c scan-tree-dump-times vect "vectorized 1 loops" 1
FAIL: gcc.dg/vect/pr52252-ld.c -flto -ffat-lto-objects scan-tree-dump-times vect "vectorized 1 loops" 1
FAIL: gcc.target/sparc/pdist-2.c (internal compiler error)
FAIL: gcc.target/sparc/pdist-2.c (test for excess errors)
UNRESOLVED: gcc.target/sparc/pdist-2.c scan-assembler-not pdist\\t%
UNRESOLVED: gcc.target/sparc/pdist-2.c scan-tree-dump optimized "return 475"
FAIL: gcc.target/sparc/pdist-3.c (internal compiler error)
FAIL: gcc.target/sparc/pdist-3.c (test for excess errors)
WARNING: gcc.target/sparc/pdist-3.c compilation failed to produce executable
FAIL: gcc.target/sparc/pdistn-2.c (internal compiler error)
FAIL: gcc.target/sparc/pdistn-2.c (test for excess errors)
UNRESOLVED: gcc.target/sparc/pdistn-2.c scan-assembler-not pdistn\\t%
UNRESOLVED: gcc.target/sparc/pdistn-2.c scan-tree-dump optimized "return 473"
=== gcc Summary for unix/-m64 ===
# of expected passes 88717
# of unexpected failures 11
# of expected failures 308
# of unresolved testcases 4
# of unsupported tests 1805
=== gcc Summary ===
# of expected passes 176660
# of unexpected failures 29
# of expected failures 627
# of unresolved testcases 8
# of unsupported tests 3665
/var/gcc/regression/trunk/11-gcc/build/gcc/xgcc version 4.10.0 20140516 (experimental) [trunk revision 210514] (GCC)
=== gfortran tests ===
Running target unix
FAIL: gfortran.dg/namelist_utf8.f90 -O0 execution test
FAIL: gfortran.dg/namelist_utf8.f90 -O1 execution test
FAIL: gfortran.dg/namelist_utf8.f90 -O2 execution test
FAIL: gfortran.dg/namelist_utf8.f90 -O3 -fomit-frame-pointer execution test
FAIL: gfortran.dg/namelist_utf8.f90 -O3 -fomit-frame-pointer -funroll-loops execution test
FAIL: gfortran.dg/namelist_utf8.f90 -O3 -fomit-frame-pointer -funroll-all-loops -finline-functions execution test
FAIL: gfortran.dg/namelist_utf8.f90 -O3 -g execution test
FAIL: gfortran.dg/namelist_utf8.f90 -Os execution test
FAIL: gfortran.dg/wextra_1.f -O (test for warnings, line 4)
=== gfortran Summary for unix ===
# of expected passes 45371
# of unexpected failures 9
# of expected failures 54
# of unsupported tests 268
Running target unix/-m64
FAIL: gfortran.dg/namelist_utf8.f90 -O0 execution test
FAIL: gfortran.dg/namelist_utf8.f90 -O1 execution test
FAIL: gfortran.dg/namelist_utf8.f90 -O2 execution test
FAIL: gfortran.dg/namelist_utf8.f90 -O3 -fomit-frame-pointer execution test
FAIL: gfortran.dg/namelist_utf8.f90 -O3 -fomit-frame-pointer -funroll-loops execution test
FAIL: gfortran.dg/namelist_utf8.f90 -O3 -fomit-frame-pointer -funroll-all-loops -finline-functions execution test
FAIL: gfortran.dg/namelist_utf8.f90 -O3 -g execution test
FAIL: gfortran.dg/namelist_utf8.f90 -Os execution test
FAIL: gfortran.dg/wextra_1.f -O (test for warnings, line 4)
=== gfortran Summary for unix/-m64 ===
# of expected passes 45698
# of unexpected failures 9
# of expected failures 54
# of unsupported tests 107
=== gfortran Summary ===
# of expected passes 91069
# of unexpected failures 18
# of expected failures 108
# of unsupported tests 375
/var/gcc/regression/trunk/11-gcc/build/gcc/testsuite/gfortran/../../gfortran version 4.10.0 20140516 (experimental) [trunk revision 210514] (GCC)
=== gnat tests ===
Running target unix
WARNING: program timed out.
FAIL: gnat.dg/nested_agg_bitfield_constructor.adb (test for excess errors)
WARNING: program timed out.
FAIL: gnat.dg/outer_agg_bitfield_constructor.adb (test for excess errors)
WARNING: gnat.dg/outer_agg_bitfield_constructor.adb compilation failed to produce executable
=== gnat Summary for unix ===
# of expected passes 1203
# of unexpected failures 2
# of expected failures 18
# of unsupported tests 17
Running target unix/-m64
WARNING: program timed out.
FAIL: gnat.dg/nested_agg_bitfield_constructor.adb (test for excess errors)
WARNING: program timed out.
FAIL: gnat.dg/outer_agg_bitfield_constructor.adb (test for excess errors)
WARNING: gnat.dg/outer_agg_bitfield_constructor.adb compilation failed to produce executable
=== gnat Summary for unix/-m64 ===
# of expected passes 1203
# of unexpected failures 2
# of expected failures 18
# of unsupported tests 17
=== gnat Summary ===
# of expected passes 2406
# of unexpected failures 4
# of expected failures 36
# of unsupported tests 34
/var/gcc/regression/trunk/11-gcc/build/gcc/gnatmake version 4.10.0 20140516 (experimental) [trunk revision 210514]
=== go tests ===
Running target unix
FAIL: ./index0-out.go compilation, -O0 -g -fno-var-tracking-assignments
FAIL: go.test/test/recover.go execution, -O2 -g
WARNING: program timed out.
=== go Summary for unix ===
# of expected passes 7365
# of unexpected failures 2
# of expected failures 1
# of untested testcases 11
# of unsupported tests 3
Running target unix/-m64
FAIL: ./index0-out.go compilation, -O0 -g -fno-var-tracking-assignments
FAIL: ./slice3-out.go compilation, -O0 -g -fno-var-tracking-assignments
FAIL: go.test/test/fixedbugs/issue4348.go -O (test for excess errors)
FAIL: go.test/test/recover.go execution, -O2 -g
WARNING: program timed out.
WARNING: program timed out.
=== go Summary for unix/-m64 ===
# of expected passes 7242
# of unexpected failures 4
# of expected failures 1
# of untested testcases 12
# of unsupported tests 3
=== go Summary ===
# of expected passes 14607
# of unexpected failures 6
# of expected failures 2
# of untested testcases 23
# of unsupported tests 6
/var/gcc/regression/trunk/11-gcc/build/gcc/testsuite/go/../../gccgo version 4.10.0 20140516 (experimental) [trunk revision 210514] (GCC)
=== obj-c++ tests ===
Running target unix
=== obj-c++ Summary for unix ===
# of expected passes 1447
# of expected failures 2
# of unsupported tests 86
Running target unix/-m64
=== obj-c++ Summary for unix/-m64 ===
# of expected passes 1439
# of expected failures 10
# of unsupported tests 86
=== obj-c++ Summary ===
# of expected passes 2886
# of expected failures 12
# of unsupported tests 172
/var/gcc/regression/trunk/11-gcc/build/gcc/testsuite/obj-c++/../../xg++ version 4.10.0 20140516 (experimental) [trunk revision 210514] (GCC)
=== objc tests ===
Running target unix
=== objc Summary for unix ===
# of expected passes 3010
# of unsupported tests 74
Running target unix/-m64
=== objc Summary for unix/-m64 ===
# of expected passes 3010
# of unsupported tests 74
=== objc Summary ===
# of expected passes 6020
# of unsupported tests 148
/var/gcc/regression/trunk/11-gcc/build/gcc/xgcc version 4.10.0 20140516 (experimental) [trunk revision 210514] (GCC)
=== boehm-gc tests ===
Running target unix
=== boehm-gc Summary for unix ===
# of expected passes 12
# of unsupported tests 1
Running target unix/-m64
=== boehm-gc Summary for unix/-m64 ===
# of expected passes 12
# of unsupported tests 1
=== boehm-gc Summary ===
# of expected passes 24
# of unsupported tests 2
=== libatomic tests ===
Running target unix
=== libatomic Summary for unix ===
# of expected passes 44
# of unsupported tests 5
Running target unix/-m64
=== libatomic Summary for unix/-m64 ===
# of expected passes 54
=== libatomic Summary ===
# of expected passes 98
# of unsupported tests 5
=== libffi tests ===
Running target unix
=== libffi Summary for unix ===
# of expected passes 1819
# of unsupported tests 55
Running target unix/-m64
=== libffi Summary for unix/-m64 ===
# of expected passes 1819
# of unsupported tests 55
=== libffi Summary ===
# of expected passes 3638
# of unsupported tests 110
=== libgo tests ===
Running target unix
FAIL: runtime
FAIL: os/exec
FAIL: text/template
FAIL: testing/quick
=== libgo Summary for unix ===
# of expected passes 118
# of unexpected failures 4
Running target unix/-m64
=== libgo Summary for unix/-m64 ===
# of expected passes 122
=== libgo Summary ===
# of expected passes 240
# of unexpected failures 4
/var/gcc/regression/trunk/11-gcc/build/./gcc/gccgo version 4.10.0 20140516 (experimental) [trunk revision 210514] (GCC)
=== libgomp tests ===
Running target unix
=== libgomp Summary for unix ===
# of expected passes 2650
# of unsupported tests 4
Running target unix/-m64
=== libgomp Summary for unix/-m64 ===
# of expected passes 2650
# of unsupported tests 4
=== libgomp Summary ===
# of expected passes 5300
# of unsupported tests 8
=== libitm tests ===
Running target unix
=== libitm Summary for unix ===
# of expected passes 26
# of expected failures 3
# of unsupported tests 1
Running target unix/-m64
=== libitm Summary for unix/-m64 ===
# of expected passes 26
# of expected failures 3
# of unsupported tests 1
=== libitm Summary ===
# of expected passes 52
# of expected failures 6
# of unsupported tests 2
=== libjava tests ===
Running target unix
=== libjava Summary for unix ===
# of expected passes 2582
# of expected failures 4
Running target unix/-m64
=== libjava Summary for unix/-m64 ===
# of expected passes 2582
# of expected failures 4
=== libjava Summary ===
# of expected passes 5164
# of expected failures 8
=== libstdc++ tests ===
Running target unix
FAIL: 20_util/make_unsigned/requirements/typedefs-1.cc (test for excess errors)
FAIL: 20_util/make_unsigned/requirements/typedefs-2.cc (test for excess errors)
FAIL: tr1/2_general_utilities/shared_ptr/modifiers/reset_neg.cc (test for errors, line 36)
=== libstdc++ Summary for unix ===
# of expected passes 9001
# of unexpected failures 3
# of expected failures 69
# of unsupported tests 606
Running target unix/-m64
FAIL: tr1/2_general_utilities/shared_ptr/modifiers/reset_neg.cc (test for errors, line 36)
=== libstdc++ Summary for unix/-m64 ===
# of expected passes 9003
# of unexpected failures 1
# of expected failures 69
# of unsupported tests 606
=== libstdc++ Summary ===
# of expected passes 18004
# of unexpected failures 4
# of expected failures 138
# of unsupported tests 1212
Compiler version: 4.10.0 20140516 (experimental) [trunk revision 210514] (GCC)
Platform: sparc-sun-solaris2.11
configure flags: --prefix=/vol/gcc --target=sparc-sun-solaris2.11 --enable-objc-gc --enable-libmudflap --with-gmp-include=/vol/gcc/include --with-gmp-lib=/vol/gcc/lib --with-mpfr-include=/vol/gcc/include --with-mpfr-lib=/vol/gcc/lib --with-mpc-include=/vol/gcc/include --with-mpc-lib=/vol/gcc/lib --enable-languages=all,ada,obj-c++,go --with-isl-include=/vol/gcc/include --with-isl-lib=/vol/gcc/lib --with-cloog-include=/vol/gcc/include --with-cloog-lib=/vol/gcc/lib --enable-cloog-backend=isl
BOOT_CFLAGS=-g -O2