This is the mail archive of the
gcc-testresults@gcc.gnu.org
mailing list for the GCC project.
Results for 4.10.0 20140516 (experimental) [trunk revision 210514] (GCC) testsuite on i386-pc-solaris2.11
- From: Rainer Orth <ro at CeBiTec dot Uni-Bielefeld dot DE>
- To: gcc-testresults at gcc dot gnu dot org
- Date: Fri, 16 May 2014 22:32:03 +0200 (MEST)
- Subject: Results for 4.10.0 20140516 (experimental) [trunk revision 210514] (GCC) testsuite on i386-pc-solaris2.11
- Authentication-results: sourceware.org; auth=none
LAST_UPDATED: Fri May 16 12:34:32 UTC 2014 (revision 210514)
=== acats tests ===
=== acats Summary ===
# of expected passes 2320
# of unexpected failures 0
Native configuration is i386-pc-solaris2.11
=== g++ tests ===
Running target unix
FAIL: g++.dg/cilk-plus/CK/catch_exc.cc -O1 -fcilkplus execution test
FAIL: g++.dg/cilk-plus/CK/catch_exc.cc -O3 -fcilkplus execution test
FAIL: g++.dg/cilk-plus/CK/catch_exc.cc -g -fcilkplus execution test
FAIL: g++.dg/cilk-plus/CK/catch_exc.cc -g -O2 -fcilkplus execution test
=== g++ Summary for unix ===
# of expected passes 79804
# of unexpected failures 4
# of expected failures 443
# of unsupported tests 2818
Running target unix/-m64
=== g++ Summary for unix/-m64 ===
# of expected passes 81113
# of expected failures 443
# of unsupported tests 3097
=== g++ Summary ===
# of expected passes 160917
# of unexpected failures 4
# of expected failures 886
# of unsupported tests 5915
/var/gcc/regression/trunk/11-gcc-gas/build/gcc/testsuite/g++/../../xg++ version 4.10.0 20140516 (experimental) [trunk revision 210514] (GCC)
=== gcc tests ===
Running target unix
FAIL: gcc.dg/unroll_1.c (test for warnings, line 14)
FAIL: gcc.dg/unroll_1.c (test for warnings, line 24)
FAIL: gcc.target/i386/pr49095.c scan-assembler-not test[lq]
FAIL: gcc.target/i386/pr58066.c scan-assembler-times .cfi_def_cfa_offset 16 2
=== gcc Summary for unix ===
# of expected passes 101881
# of unexpected failures 4
# of expected failures 249
# of unsupported tests 1265
Running target unix/-m64
FAIL: gcc.dg/unroll_1.c (test for warnings, line 14)
FAIL: gcc.dg/unroll_1.c (test for warnings, line 24)
=== gcc Summary for unix/-m64 ===
# of expected passes 102538
# of unexpected failures 2
# of expected failures 252
# of unsupported tests 1501
=== gcc Summary ===
# of expected passes 204419
# of unexpected failures 6
# of expected failures 501
# of unsupported tests 2766
/var/gcc/regression/trunk/11-gcc-gas/build/gcc/xgcc version 4.10.0 20140516 (experimental) [trunk revision 210514] (GCC)
=== gfortran tests ===
Running target unix
FAIL: gfortran.dg/wextra_1.f -O (test for warnings, line 4)
=== gfortran Summary for unix ===
# of expected passes 45466
# of unexpected failures 1
# of expected failures 52
# of unsupported tests 230
Running target unix/-m64
FAIL: gfortran.dg/wextra_1.f -O (test for warnings, line 4)
=== gfortran Summary for unix/-m64 ===
# of expected passes 45769
# of unexpected failures 1
# of expected failures 52
# of unsupported tests 84
=== gfortran Summary ===
# of expected passes 91235
# of unexpected failures 2
# of expected failures 104
# of unsupported tests 314
/var/gcc/regression/trunk/11-gcc-gas/build/gcc/testsuite/gfortran/../../gfortran version 4.10.0 20140516 (experimental) [trunk revision 210514] (GCC)
=== gnat tests ===
Running target unix
=== gnat Summary for unix ===
# of expected passes 1230
# of expected failures 18
# of unsupported tests 6
Running target unix/-m64
=== gnat Summary for unix/-m64 ===
# of expected passes 1230
# of expected failures 18
# of unsupported tests 6
=== gnat Summary ===
# of expected passes 2460
# of expected failures 36
# of unsupported tests 12
/var/gcc/regression/trunk/11-gcc-gas/build/gcc/gnatmake version 4.10.0 20140516 (experimental) [trunk revision 210514]
=== go tests ===
Running target unix
=== go Summary for unix ===
# of expected passes 7371
# of expected failures 1
# of untested testcases 9
# of unsupported tests 2
Running target unix/-m64
FAIL: go.go-torture/execute/array-2.go execution, -O2 -fomit-frame-pointer -finline-functions
FAIL: go.go-torture/execute/array-2.go execution, -O2 -fomit-frame-pointer -finline-functions -funroll-loops
FAIL: go.go-torture/execute/method-1.go execution, -O2 -fomit-frame-pointer -finline-functions
FAIL: go.go-torture/execute/method-1.go execution, -O2 -fomit-frame-pointer -finline-functions -funroll-loops
FAIL: go.go-torture/execute/pointer-1.go execution, -O2 -fomit-frame-pointer -finline-functions
FAIL: go.go-torture/execute/pointer-1.go execution, -O2 -fomit-frame-pointer -finline-functions -funroll-loops
FAIL: go.go-torture/execute/string-2.go execution, -O2 -fomit-frame-pointer -finline-functions
FAIL: go.go-torture/execute/string-2.go execution, -O2 -fomit-frame-pointer -finline-functions -funroll-loops
FAIL: go.test/test/chan/nonblock.go execution, -O2 -g
FAIL: go.test/test/chan/powser1.go execution, -O2 -g
FAIL: go.test/test/chan/select3.go execution, -O2 -g
FAIL: go.test/test/fixedbugs/bug147.go execution, -O2 -g
FAIL: go.test/test/fixedbugs/issue4348.go -O (test for excess errors)
FAIL: go.test/test/fixedbugs/issue6036.go -O (internal compiler error)
FAIL: go.test/test/fixedbugs/issue6036.go -O (test for excess errors)
FAIL: go.test/test/goprint.go execution
FAIL: go.test/test/mallocfin.go execution, -O2 -g
FAIL: go.test/test/nil.go execution, -O2 -g
=== go Summary for unix/-m64 ===
# of expected passes 7234
# of unexpected failures 18
# of expected failures 1
# of untested testcases 10
# of unsupported tests 1
=== go Summary ===
# of expected passes 14605
# of unexpected failures 18
# of expected failures 2
# of untested testcases 19
# of unsupported tests 3
/var/gcc/regression/trunk/11-gcc-gas/build/gcc/testsuite/go/../../gccgo version 4.10.0 20140516 (experimental) [trunk revision 210514] (GCC)
=== obj-c++ tests ===
Running target unix
=== obj-c++ Summary for unix ===
# of expected passes 1447
# of expected failures 2
# of unsupported tests 86
Running target unix/-m64
=== obj-c++ Summary for unix/-m64 ===
# of expected passes 1439
# of expected failures 10
# of unsupported tests 86
=== obj-c++ Summary ===
# of expected passes 2886
# of expected failures 12
# of unsupported tests 172
/var/gcc/regression/trunk/11-gcc-gas/build/gcc/testsuite/obj-c++/../../xg++ version 4.10.0 20140516 (experimental) [trunk revision 210514] (GCC)
=== objc tests ===
Running target unix
=== objc Summary for unix ===
# of expected passes 3004
# of expected failures 6
# of unsupported tests 74
Running target unix/-m64
=== objc Summary for unix/-m64 ===
# of expected passes 3004
# of expected failures 6
# of unsupported tests 74
=== objc Summary ===
# of expected passes 6008
# of expected failures 12
# of unsupported tests 148
/var/gcc/regression/trunk/11-gcc-gas/build/gcc/xgcc version 4.10.0 20140516 (experimental) [trunk revision 210514] (GCC)
=== boehm-gc tests ===
Running target unix
=== boehm-gc Summary for unix ===
# of expected passes 12
# of unsupported tests 1
Running target unix/-m64
=== boehm-gc Summary for unix/-m64 ===
# of expected passes 12
# of unsupported tests 1
=== boehm-gc Summary ===
# of expected passes 24
# of unsupported tests 2
=== libatomic tests ===
Running target unix
=== libatomic Summary for unix ===
# of expected passes 44
# of unsupported tests 5
Running target unix/-m64
=== libatomic Summary for unix/-m64 ===
# of expected passes 54
=== libatomic Summary ===
# of expected passes 98
# of unsupported tests 5
=== libffi tests ===
Running target unix
=== libffi Summary for unix ===
# of expected passes 1819
# of unsupported tests 55
Running target unix/-m64
=== libffi Summary for unix/-m64 ===
# of expected passes 1819
# of unsupported tests 55
=== libffi Summary ===
# of expected passes 3638
# of unsupported tests 110
=== libgo tests ===
Running target unix
FAIL: net
FAIL: runtime
FAIL: log/syslog
FAIL: net/http
=== libgo Summary for unix ===
# of expected passes 118
# of unexpected failures 4
Running target unix/-m64
FAIL: net
FAIL: crypto/tls
FAIL: go/scanner
FAIL: hash/adler32
FAIL: math/big
FAIL: net/http
FAIL: net/http/httputil
FAIL: net/rpc
FAIL: os/exec
FAIL: os/signal
FAIL: runtime/pprof
=== libgo Summary for unix/-m64 ===
# of expected passes 111
# of unexpected failures 11
=== libgo Summary ===
# of expected passes 229
# of unexpected failures 15
/var/gcc/regression/trunk/11-gcc-gas/build/./gcc/gccgo version 4.10.0 20140516 (experimental) [trunk revision 210514] (GCC)
=== libgomp tests ===
Running target unix
=== libgomp Summary for unix ===
# of expected passes 2650
# of unsupported tests 4
Running target unix/-m64
=== libgomp Summary for unix/-m64 ===
# of expected passes 2650
# of unsupported tests 4
=== libgomp Summary ===
# of expected passes 5300
# of unsupported tests 8
=== libitm tests ===
Running target unix
=== libitm Summary for unix ===
# of expected passes 26
# of expected failures 3
# of unsupported tests 1
Running target unix/-m64
=== libitm Summary for unix/-m64 ===
# of expected passes 26
# of expected failures 3
# of unsupported tests 1
=== libitm Summary ===
# of expected passes 52
# of expected failures 6
# of unsupported tests 2
=== libjava tests ===
Running target unix
=== libjava Summary for unix ===
# of expected passes 2582
# of expected failures 4
Running target unix/-m64
=== libjava Summary for unix/-m64 ===
# of expected passes 2582
# of expected failures 4
=== libjava Summary ===
# of expected passes 5164
# of expected failures 8
=== libstdc++ tests ===
Running target unix
FAIL: 20_util/make_unsigned/requirements/typedefs-1.cc (test for excess errors)
FAIL: 20_util/make_unsigned/requirements/typedefs-2.cc (test for excess errors)
FAIL: ext/random/hypergeometric_distribution/operators/values.cc execution test
FAIL: tr1/2_general_utilities/shared_ptr/modifiers/reset_neg.cc (test for errors, line 36)
=== libstdc++ Summary for unix ===
# of expected passes 9019
# of unexpected failures 4
# of expected failures 69
# of unsupported tests 597
Running target unix/-m64
FAIL: ext/random/hypergeometric_distribution/operators/values.cc execution test
FAIL: tr1/2_general_utilities/shared_ptr/modifiers/reset_neg.cc (test for errors, line 36)
=== libstdc++ Summary for unix/-m64 ===
# of expected passes 9021
# of unexpected failures 2
# of expected failures 69
# of unsupported tests 597
=== libstdc++ Summary ===
# of expected passes 18040
# of unexpected failures 6
# of expected failures 138
# of unsupported tests 1194
Compiler version: 4.10.0 20140516 (experimental) [trunk revision 210514] (GCC)
Platform: i386-pc-solaris2.11
configure flags: --prefix=/vol/gcc --target=i386-pc-solaris2.11 --enable-objc-gc --enable-libmudflap --with-as=/vol/gcc/bin/gas-2.24 --with-gnu-as --with-gmp-include=/vol/gcc/include --with-gmp-lib=/vol/gcc/lib --with-mpfr-include=/vol/gcc/include --with-mpfr-lib=/vol/gcc/lib --with-mpc-include=/vol/gcc/include --with-mpc-lib=/vol/gcc/lib --enable-languages=all,ada,obj-c++,go --with-isl-include=/vol/gcc/include --with-isl-lib=/vol/gcc/lib --with-cloog-include=/vol/gcc/include --with-cloog-lib=/vol/gcc/lib --enable-cloog-backend=isl
BOOT_CFLAGS=-g -O2