This is the mail archive of the
gcc-testresults@gcc.gnu.org
mailing list for the GCC project.
Results for 4.9.1 20140513 (prerelease) (GCC) testsuite on armv7l-unknown-linux-gnueabihf
- From: Robert Nelson <robertcnelson at gmail dot com>
- To: gcc-testresults at gcc dot gnu dot org
- Date: Wed, 14 May 2014 20:07:34 -0500
- Subject: Results for 4.9.1 20140513 (prerelease) (GCC) testsuite on armv7l-unknown-linux-gnueabihf
- Authentication-results: sourceware.org; auth=none
Native configuration is armv7l-unknown-linux-gnueabihf
=== libatomic tests ===
Running target unix
=== libatomic Summary ===
# of expected passes 44
# of unsupported tests 5
=== libgomp tests ===
Running target unix
WARNING: program timed out.
FAIL: libgomp.c/depend-3.c execution test
=== libgomp Summary ===
# of expected passes 703
# of unexpected failures 1
# of unsupported tests 1
=== libitm tests ===
Running target unix
=== libitm Summary ===
# of expected passes 26
# of expected failures 3
# of unsupported tests 1
=== libstdc++ tests ===
Running target unix
FAIL: 28_regex/basic_regex/assign/char/string.cc (test for excess errors)
UNRESOLVED: 28_regex/basic_regex/assign/char/string.cc compilation failed to produce executable
FAIL: 28_regex/basic_regex/assign/char/string_op.cc (test for excess errors)
UNRESOLVED: 28_regex/basic_regex/assign/char/string_op.cc compilation failed to produce executable
FAIL: 28_regex/basic_regex/assign/wchar_t/cstring.cc (test for excess errors)
UNRESOLVED: 28_regex/basic_regex/assign/wchar_t/cstring.cc compilation failed to produce executable
=== libstdc++ Summary ===
# of expected passes 9038
# of unexpected failures 3
# of expected failures 41
# of unresolved testcases 3
# of unsupported tests 556
=== gcc tests ===
Running target unix
FAIL: gcc.dg/atomic/c11-atomic-exec-5.c -O2 execution test
FAIL: gcc.dg/atomic/c11-atomic-exec-5.c -O2 -flto -fno-use-linker-plugin -flto-partition=none execution test
FAIL: gcc.dg/atomic/c11-atomic-exec-5.c -O2 -flto -fuse-linker-plugin -fno-fat-lto-objects execution test
FAIL: gcc.dg/tree-ssa/sra-12.c scan-tree-dump-times release_ssa "l;" 0
=== gcc Summary ===
# of expected passes 97351
# of unexpected failures 4
# of expected failures 251
# of unsupported tests 1501
/opt/gcc-build/gcc/xgcc version 4.9.1 20140513 (prerelease) (GCC)
=== g++ tests ===
Running target unix
FAIL: g++.dg/ipa/devirt-11.C -std=gnu++98 scan-ipa-dump-times inline "Discovered a virtual call to a known target" 1
FAIL: g++.dg/ipa/devirt-11.C -std=gnu++11 scan-ipa-dump-times inline "Discovered a virtual call to a known target" 1
FAIL: g++.dg/ipa/devirt-11.C -std=gnu++1y scan-ipa-dump-times inline "Discovered a virtual call to a known target" 1
=== g++ Summary ===
# of expected passes 81566
# of unexpected failures 3
# of expected failures 447
# of unsupported tests 3176
/opt/gcc-build/gcc/testsuite/g++/../../xg++ version 4.9.1 20140513 (prerelease) (GCC)
Compiler version: 4.9.1 20140513 (prerelease) (GCC)
Platform: armv7l-unknown-linux-gnueabihf
configure flags: --enable-languages=c,c++ --with-cpu=cortex-a8 --with-fpu=vfpv3 --with-float=hard
Build Logs: http://rcn-ee.homeip.net:81/dl/gcc/archive/20140513-05:24-git6000f2b-gcc-4_9-branch-imx53-qsb-r-1gb-0/