This is the mail archive of the
gcc-testresults@gcc.gnu.org
mailing list for the GCC project.
Results for 4.10.0 20140514 (experimental) [trunk revision 210410] (GCC) testsuite on sh4-unknown-linux-gnu
- From: Kaz Kojima <kkojima at rr dot iij4u dot or dot jp>
- To: gcc-testresults at gcc dot gnu dot org
- Date: Wed, 14 May 2014 21:56:59 +0900
- Subject: Results for 4.10.0 20140514 (experimental) [trunk revision 210410] (GCC) testsuite on sh4-unknown-linux-gnu
- Authentication-results: sourceware.org; auth=none
Remote host: linux 2.6.22 sh4
GNU C Library version 2.7.90
LAST_UPDATED: Wed May 14 01:20:11 UTC 2014 (revision 210410)
Target is sh4-unknown-linux-gnu
Host is i686-pc-linux-gnu
=== g++ tests ===
Running target unix
WARNING: Assuming target board is the local machine (which is probably wrong).
FAIL: g++.dg/debug/pr44182.C -gdwarf-2 -O2 (test for excess errors)
FAIL: g++.dg/debug/pr44182.C -gdwarf-2 -O3 (test for excess errors)
FAIL: g++.dg/debug/pr44182.C -gdwarf-2 -g3 -O2 (test for excess errors)
FAIL: g++.dg/debug/pr44182.C -gdwarf-2 -g3 -O3 (test for excess errors)
FAIL: g++.dg/debug/pr46338.C -gdwarf-2 (test for excess errors)
FAIL: g++.dg/debug/pr46338.C -gdwarf-2 -O2 (test for excess errors)
FAIL: g++.dg/debug/pr46338.C -gdwarf-2 -O3 (test for excess errors)
FAIL: g++.dg/debug/pr46338.C -gdwarf-2 -g3 (test for excess errors)
FAIL: g++.dg/debug/pr46338.C -gdwarf-2 -g3 -O2 (test for excess errors)
FAIL: g++.dg/debug/pr46338.C -gdwarf-2 -g3 -O3 (test for excess errors)
FAIL: g++.dg/debug/pr53466.C -gdwarf-2 -O2 (test for excess errors)
FAIL: g++.dg/debug/pr53466.C -gdwarf-2 -O3 (test for excess errors)
FAIL: g++.dg/debug/pr53466.C -gdwarf-2 -g3 -O2 (test for excess errors)
FAIL: g++.dg/debug/pr53466.C -gdwarf-2 -g3 -O3 (test for excess errors)
FAIL: g++.dg/debug/pr56294.C -gdwarf-2 -O2 (test for excess errors)
FAIL: g++.dg/debug/pr56294.C -gdwarf-2 -O3 (test for excess errors)
FAIL: g++.dg/debug/pr56294.C -gdwarf-2 -g3 -O2 (test for excess errors)
FAIL: g++.dg/debug/pr56294.C -gdwarf-2 -g3 -O3 (test for excess errors)
FAIL: g++.dg/debug/ra1.C -gdwarf-2 -O2 (test for excess errors)
FAIL: g++.dg/debug/ra1.C -gdwarf-2 -O3 (test for excess errors)
FAIL: g++.dg/debug/ra1.C -gdwarf-2 -g3 -O2 (test for excess errors)
FAIL: g++.dg/debug/ra1.C -gdwarf-2 -g3 -O3 (test for excess errors)
FAIL: g++.dg/opt/pr48549.C -std=gnu++98 (test for excess errors)
FAIL: g++.dg/opt/pr48549.C -std=gnu++11 (test for excess errors)
FAIL: g++.dg/opt/pr48549.C -std=gnu++1y (test for excess errors)
FAIL: g++.dg/opt/pr51014.C -std=gnu++98 (test for excess errors)
FAIL: g++.dg/opt/pr51014.C -std=gnu++11 (test for excess errors)
FAIL: g++.dg/opt/pr51014.C -std=gnu++1y (test for excess errors)
FAIL: g++.dg/opt/pr60002.C -std=gnu++98 (test for excess errors)
FAIL: g++.dg/opt/pr60002.C -std=gnu++11 (test for excess errors)
FAIL: g++.dg/opt/pr60002.C -std=gnu++1y (test for excess errors)
FAIL: g++.dg/other/pr42645-1.C -std=gnu++98 (test for excess errors)
FAIL: g++.dg/other/pr42645-1.C -std=gnu++11 (test for excess errors)
FAIL: g++.dg/other/pr42645-1.C -std=gnu++1y (test for excess errors)
FAIL: g++.dg/other/pr42645-2.C -std=gnu++98 (test for excess errors)
FAIL: g++.dg/other/pr42645-2.C -std=gnu++11 (test for excess errors)
FAIL: g++.dg/other/pr42645-2.C -std=gnu++1y (test for excess errors)
FAIL: g++.dg/other/pr42685.C -std=gnu++98 (test for excess errors)
FAIL: g++.dg/other/pr42685.C -std=gnu++11 (test for excess errors)
FAIL: g++.dg/other/pr42685.C -std=gnu++1y (test for excess errors)
FAIL: g++.dg/other/pr42806.C -std=gnu++98 (test for excess errors)
FAIL: g++.dg/other/pr42806.C -std=gnu++11 (test for excess errors)
FAIL: g++.dg/other/pr42806.C -std=gnu++1y (test for excess errors)
FAIL: c-c++-common/pr43942.c -std=gnu++98 (test for excess errors)
FAIL: c-c++-common/pr43942.c -std=gnu++11 (test for excess errors)
FAIL: c-c++-common/pr43942.c -std=gnu++1y (test for excess errors)
FAIL: c-c++-common/pr44832.c -std=gnu++98 (test for excess errors)
FAIL: c-c++-common/pr44832.c -std=gnu++11 (test for excess errors)
FAIL: c-c++-common/pr44832.c -std=gnu++1y (test for excess errors)
FAIL: g++.dg/torture/pr58552.C -O1 (test for excess errors)
FAIL: g++.dg/torture/pr58552.C -O2 (test for excess errors)
FAIL: g++.dg/torture/pr58552.C -O3 -fomit-frame-pointer (test for excess errors)
FAIL: g++.dg/torture/pr58552.C -O3 -g (test for excess errors)
FAIL: g++.dg/torture/pr58552.C -Os (test for excess errors)
FAIL: g++.dg/torture/pr58552.C -O2 -flto -fno-use-linker-plugin -flto-partition=none (test for excess errors)
=== g++ Summary ===
# of expected passes 78805
# of unexpected failures 55
# of expected failures 437
# of unsupported tests 3232
/home/ldroot/dodes/xsh-gcc-orig/gcc/testsuite/g++/../../xg++ version 4.10.0 20140514 (experimental) [trunk revision 210410] (GCC)
Host is i686-pc-linux-gnu
=== gcc tests ===
Running target unix
WARNING: Assuming target board is the local machine (which is probably wrong).
FAIL: gcc.c-torture/compile/pr28865.c -O0 (test for excess errors)
FAIL: gcc.c-torture/execute/builtin-prefetch-6.c execution, -O3 -fomit-frame-pointer -funroll-loops
FAIL: gcc.c-torture/execute/builtin-prefetch-6.c execution, -O3 -fomit-frame-pointer -funroll-all-loops -finline-functions
FAIL: gcc.dg/atomic/c11-atomic-exec-4.c -Os (internal compiler error)
FAIL: gcc.dg/atomic/c11-atomic-exec-4.c -Os (test for excess errors)
UNRESOLVED: gcc.dg/atomic/c11-atomic-exec-4.c -Os compilation failed to produce executable
FAIL: gcc.dg/autopar/pr46066.c (test for excess errors)
FAIL: gcc.dg/autopar/pr46099.c (test for excess errors)
FAIL: gcc.dg/autopar/pr46561.c (test for excess errors)
FAIL: gcc.dg/autopar/pr46799.c (test for excess errors)
FAIL: gcc.dg/autopar/pr46885.c (test for excess errors)
FAIL: gcc.dg/autopar/pr46969.c (test for excess errors)
FAIL: gcc.dg/debug/pr47498.c -gdwarf-2 (test for excess errors)
FAIL: gcc.dg/debug/pr47498.c -gdwarf-2 -O (test for excess errors)
FAIL: gcc.dg/debug/pr47498.c -gdwarf-2 -O3 (test for excess errors)
FAIL: gcc.dg/debug/pr47498.c -gdwarf-2 -g3 (test for excess errors)
FAIL: gcc.dg/debug/pr47498.c -gdwarf-2 -g3 -O (test for excess errors)
FAIL: gcc.dg/debug/pr47498.c -gdwarf-2 -g3 -O3 (test for excess errors)
FAIL: gcc.dg/debug/pr47501.c -gdwarf-2 (test for excess errors)
FAIL: gcc.dg/debug/pr47501.c -gdwarf-2 -O (test for excess errors)
FAIL: gcc.dg/debug/pr47501.c -gdwarf-2 -O3 (test for excess errors)
FAIL: gcc.dg/debug/pr47501.c -gdwarf-2 -g3 (test for excess errors)
FAIL: gcc.dg/debug/pr47501.c -gdwarf-2 -g3 -O (test for excess errors)
FAIL: gcc.dg/debug/pr47501.c -gdwarf-2 -g3 -O3 (test for excess errors)
FAIL: gcc.dg/debug/pr49522.c -gdwarf-2 -O (test for excess errors)
FAIL: gcc.dg/debug/pr49522.c -gdwarf-2 -O3 (test for excess errors)
FAIL: gcc.dg/debug/pr49522.c -gdwarf-2 -g3 -O (test for excess errors)
FAIL: gcc.dg/debug/pr49522.c -gdwarf-2 -g3 -O3 (test for excess errors)
FAIL: gcc.dg/cproj-fails-with-broken-glibc.c execution test
FAIL: gcc.dg/delay-slot-2.c scan-assembler printf
FAIL: gcc.dg/pr41241.c (test for excess errors)
FAIL: gcc.dg/pr41340.c (test for excess errors)
FAIL: gcc.dg/pr42629.c (test for excess errors)
FAIL: gcc.dg/pr42630.c (test for excess errors)
FAIL: gcc.dg/pr42631.c (test for excess errors)
FAIL: gcc.dg/pr42685.c (test for excess errors)
FAIL: gcc.dg/pr42719.c (test for excess errors)
FAIL: gcc.dg/pr42728.c (test for excess errors)
FAIL: gcc.dg/pr42889.c (test for excess errors)
FAIL: gcc.dg/pr42916.c (test for excess errors)
FAIL: gcc.dg/pr42918.c (test for excess errors)
FAIL: gcc.dg/pr43084.c (test for excess errors)
FAIL: gcc.dg/pr43670.c (test for excess errors)
FAIL: gcc.dg/pr44023.c (test for excess errors)
FAIL: gcc.dg/pr44028.c (test for excess errors)
FAIL: gcc.dg/pr45055.c (test for excess errors)
FAIL: gcc.dg/pr45105.c (test for excess errors)
FAIL: gcc.dg/pr45865.c (test for excess errors)
FAIL: gcc.dg/pr46252.c (test for excess errors)
FAIL: gcc.dg/pr46255.c (test for excess errors)
FAIL: gcc.dg/pr46375.c (test for excess errors)
FAIL: gcc.dg/pr46571.c (test for excess errors)
FAIL: gcc.dg/pr46771.c (test for excess errors)
FAIL: gcc.dg/pr47684.c (test for excess errors)
FAIL: gcc.dg/pr47881.c (test for excess errors)
FAIL: gcc.dg/pr48159-1.c (test for excess errors)
FAIL: gcc.dg/pr48159-2.c (test for excess errors)
FAIL: gcc.dg/pr49496.c (test for excess errors)
FAIL: gcc.dg/pr50017.c (test for excess errors)
FAIL: gcc.dg/pr54981.c (test for excess errors)
FAIL: gcc.dg/pr55094.c (test for excess errors)
FAIL: gcc.dg/pr59722.c (test for excess errors)
FAIL: c-c++-common/pr43942.c -Wc++-compat (test for excess errors)
FAIL: c-c++-common/pr44832.c -Wc++-compat (test for excess errors)
FAIL: gcc.dg/torture/pr42878-1.c -O1 (test for excess errors)
FAIL: gcc.dg/torture/pr42878-1.c -O2 (test for excess errors)
FAIL: gcc.dg/torture/pr42878-1.c -O3 -fomit-frame-pointer (test for excess errors)
FAIL: gcc.dg/torture/pr42878-1.c -O3 -fomit-frame-pointer -funroll-loops (test for excess errors)
FAIL: gcc.dg/torture/pr42878-1.c -O3 -fomit-frame-pointer -funroll-all-loops -finline-functions (test for excess errors)
FAIL: gcc.dg/torture/pr42878-1.c -O3 -g (test for excess errors)
FAIL: gcc.dg/torture/pr42878-1.c -Os (test for excess errors)
FAIL: gcc.dg/torture/pr42878-1.c -O2 -flto -fno-use-linker-plugin -flto-partition=none (test for excess errors)
FAIL: gcc.dg/torture/pr42878-2.c -O1 (test for excess errors)
FAIL: gcc.dg/torture/pr42878-2.c -O2 (test for excess errors)
FAIL: gcc.dg/torture/pr42878-2.c -O3 -fomit-frame-pointer (test for excess errors)
FAIL: gcc.dg/torture/pr42878-2.c -O3 -g (test for excess errors)
FAIL: gcc.dg/torture/pr42878-2.c -Os (test for excess errors)
FAIL: gcc.dg/torture/pr42878-2.c -O2 -flto -fno-use-linker-plugin -flto-partition=none (test for excess errors)
FAIL: gcc.dg/torture/pr48343.c -O1 (test for excess errors)
FAIL: gcc.dg/torture/pr48343.c -O2 (test for excess errors)
FAIL: gcc.dg/torture/pr48343.c -O3 -fomit-frame-pointer (test for excess errors)
FAIL: gcc.dg/torture/pr48343.c -O3 -fomit-frame-pointer -funroll-loops (test for excess errors)
FAIL: gcc.dg/torture/pr48343.c -O3 -fomit-frame-pointer -funroll-all-loops -finline-functions (test for excess errors)
FAIL: gcc.dg/torture/pr48343.c -O3 -g (test for excess errors)
FAIL: gcc.dg/torture/pr48343.c -Os (test for excess errors)
FAIL: gcc.dg/torture/pr48343.c -O2 -flto -fno-use-linker-plugin -flto-partition=none (test for excess errors)
FAIL: gcc.dg/torture/pr59166.c -O1 (test for excess errors)
FAIL: gcc.dg/torture/pr59166.c -O2 (test for excess errors)
FAIL: gcc.dg/torture/pr59166.c -O3 -fomit-frame-pointer (test for excess errors)
FAIL: gcc.dg/torture/pr59166.c -O3 -fomit-frame-pointer -funroll-loops (test for excess errors)
FAIL: gcc.dg/torture/pr59166.c -O3 -fomit-frame-pointer -funroll-all-loops -finline-functions (test for excess errors)
FAIL: gcc.dg/torture/pr59166.c -O3 -g (test for excess errors)
FAIL: gcc.dg/torture/pr59166.c -Os (test for excess errors)
FAIL: gcc.dg/torture/pr59166.c -O2 -flto -fno-use-linker-plugin -flto-partition=none (test for excess errors)
FAIL: gcc.dg/tree-prof/cold_partition_label.c compilation, -fprofile-use -D_PROFILE_USE (internal compiler error)
UNRESOLVED: gcc.dg/tree-prof/cold_partition_label.c execution, -fprofile-use -D_PROFILE_USE
FAIL: gcc.dg/tree-prof/pr52027.c compilation, -fprofile-use -D_PROFILE_USE (internal compiler error)
UNRESOLVED: gcc.dg/tree-prof/pr52027.c execution, -fprofile-use -D_PROFILE_USE
FAIL: gcc.dg/tree-prof/va-arg-pack-1.c compilation, -fprofile-use -D_PROFILE_USE (internal compiler error)
UNRESOLVED: gcc.dg/tree-prof/va-arg-pack-1.c execution, -fprofile-use -D_PROFILE_USE
XPASS: gcc.dg/tree-ssa/20040204-1.c scan-tree-dump-times optimized "link_error" 0
FAIL: gcc.dg/tree-ssa/sra-12.c scan-tree-dump-times release_ssa "l;" 0
FAIL: gcc.target/sh/pr51244-8.c scan-assembler-not shad|neg
FAIL: gcc.target/sh/pr52933-2.c scan-assembler-not tst
FAIL: gcc.target/sh/pr54089-4.c scan-assembler-times rotcr 1
FAIL: gcc.target/sh/pr54089-4.c scan-assembler-times tst 1
FAIL: gcc.target/sh/pr54089-4.c scan-assembler-times movt 1
FAIL: gcc.target/sh/sp-switch.c scan-assembler .long\\t_alt_stack
=== gcc Summary ===
# of expected passes 85139
# of unexpected failures 103
# of unexpected successes 1
# of expected failures 118
# of unresolved testcases 4
# of unsupported tests 1498
/home/ldroot/dodes/xsh-gcc-orig/gcc/xgcc version 4.10.0 20140514 (experimental) [trunk revision 210410] (GCC)
Host is i686-pc-linux-gnu
=== gfortran tests ===
Running target unix
WARNING: Assuming target board is the local machine (which is probably wrong).
FAIL: gfortran.dg/debug/pr46756.f -gdwarf-2 (test for excess errors)
FAIL: gfortran.dg/debug/pr46756.f -gdwarf-2 -g3 (test for excess errors)
FAIL: gfortran.dg/assumed_rank_1.f90 -O2 execution test
FAIL: gfortran.dg/assumed_rank_2.f90 -O2 execution test
FAIL: gfortran.dg/assumed_rank_bounds_1.f90 -O2 execution test
FAIL: gfortran.dg/common_14.f90 -O (test for warnings, line 16)
FAIL: gfortran.dg/common_14.f90 -O (test for warnings, line 22)
FAIL: gfortran.dg/common_14.f90 -O (test for excess errors)
FAIL: gfortran.dg/nearest_1.f90 -O0 execution test
FAIL: gfortran.dg/nearest_1.f90 -O1 execution test
FAIL: gfortran.dg/nearest_1.f90 -O2 execution test
FAIL: gfortran.dg/nearest_1.f90 -O3 -fomit-frame-pointer execution test
FAIL: gfortran.dg/nearest_1.f90 -O3 -fomit-frame-pointer -funroll-loops execution test
FAIL: gfortran.dg/nearest_1.f90 -O3 -fomit-frame-pointer -funroll-all-loops -finline-functions execution test
FAIL: gfortran.dg/nearest_1.f90 -O3 -g execution test
FAIL: gfortran.dg/nearest_1.f90 -Os execution test
FAIL: gfortran.dg/pr49472.f90 -O (test for excess errors)
FAIL: gfortran.dg/wextra_1.f -O (test for warnings, line 4)
=== gfortran Summary ===
# of expected passes 44350
# of unexpected failures 18
# of expected failures 38
# of unsupported tests 401
/home/ldroot/dodes/xsh-gcc-orig/gcc/testsuite/gfortran/../../gfortran version 4.10.0 20140514 (experimental) [trunk revision 210410] (GCC)
Host is i686-pc-linux-gnu
=== objc tests ===
Running target unix
WARNING: Assuming target board is the local machine (which is probably wrong).
=== objc Summary ===
# of expected passes 3010
# of unsupported tests 74
/home/ldroot/dodes/xsh-gcc-orig/gcc/xgcc version 4.10.0 20140514 (experimental) [trunk revision 210410] (GCC)
Host is sh4-unknown-linux-gnu
=== boehm-gc tests ===
Running target unix
WARNING: Assuming target board is the local machine (which is probably wrong).
=== boehm-gc Summary ===
# of expected passes 12
# of unsupported tests 1
Host is sh4-unknown-linux-gnu
=== libatomic tests ===
Running target unix
WARNING: Assuming target board is the local machine (which is probably wrong).
=== libatomic Summary ===
# of expected passes 44
# of unsupported tests 5
Host is sh4-unknown-linux-gnu
=== libffi tests ===
Running target unix
WARNING: Assuming target board is the local machine (which is probably wrong).
=== libffi Summary ===
# of expected passes 1819
# of unsupported tests 55
Host is sh4-unknown-linux-gnu
=== libgomp tests ===
Running target unix
WARNING: Assuming target board is the local machine (which is probably wrong).
FAIL: libgomp.c/depend-3.c execution test
=== libgomp Summary ===
# of expected passes 2590
# of unexpected failures 1
# of unsupported tests 9
Host is sh4-unknown-linux-gnu
=== libitm tests ===
Running target unix
WARNING: Assuming target board is the local machine (which is probably wrong).
=== libitm Summary ===
# of expected passes 26
# of expected failures 3
# of unsupported tests 1
Host is sh4-unknown-linux-gnu
=== libjava tests ===
Running target unix
WARNING: Assuming target board is the local machine (which is probably wrong).
=== libjava Summary ===
# of expected passes 2413
# of expected failures 4
# of untested testcases 4
Host is sh4-unknown-linux-gnu
=== libstdc++ tests ===
Running target unix
WARNING: Assuming target board is the local machine (which is probably wrong).
=== libstdc++ Summary ===
# of expected passes 8820
# of expected failures 69
# of unsupported tests 656
Compiler version: 4.10.0 20140514 (experimental) [trunk revision 210410] (GCC)
Platform: sh4-unknown-linux-gnu
configure flags: --target=sh4-unknown-linux-gnu --enable-build-with-cxx --enable-lto --enable-shared --enable-threads=posix --enable-clocale=gnu --enable-libitm --enable-libgcj --with-ld=/usr/local/bin/sh4-unknown-linux-gnu-ld --with-as=/usr/local/bin/sh4-unknown-linux-gnu-as --with-sysroot=/exp/ldroot --with-mpfr=/opt3/i686-pc-linux-gnu --with-mpc=/opt3/i686-pc-linux-gnu --with-libelf=/opt3/i686-pc-linux-gnu --with-ppl=no target_alias=sh4-unknown-linux-gnu --enable-languages=c,c++,fortran,java,lto,objc