This is the mail archive of the
gcc-testresults@gcc.gnu.org
mailing list for the GCC project.
Results for 4.10.0 20140513 (Tue May 13 20:02:41 PDT 2014 build.sh rev=979 s=FCtrunk t=DGNOBOARD NLAe600 -V nightly_NLAe600) (GCC) testsuite on powerpc-unknown-linux-gnualtivec
- From: "rohitarulraj at freescale dot com" <rohitarulraj at freescale dot com>
- To: "gcc-testresults at gcc dot gnu dot org" <gcc-testresults at gcc dot gnu dot org>
- Date: Wed, 14 May 2014 06:10:27 +0000
- Subject: Results for 4.10.0 20140513 (Tue May 13 20:02:41 PDT 2014 build.sh rev=979 s=FCtrunk t=DGNOBOARD NLAe600 -V nightly_NLAe600) (GCC) testsuite on powerpc-unknown-linux-gnualtivec
- Authentication-results: sourceware.org; auth=none
- Authentication-results: spf=none (sender IP is ) smtp dot mailfrom=rohitarulraj at freescale dot com;
Native configuration is powerpc-unknown-linux-gnualtivec
=== gcc tests ===
Running target unix
FAIL: gcc.c-torture/compile/pr34856.c -O2 (internal compiler error)
FAIL: gcc.c-torture/compile/pr34856.c -O2 (test for excess errors)
FAIL: gcc.c-torture/compile/pr34856.c -O3 -fomit-frame-pointer (internal compiler error)
FAIL: gcc.c-torture/compile/pr34856.c -O3 -fomit-frame-pointer (test for excess errors)
FAIL: gcc.c-torture/compile/pr34856.c -O3 -fomit-frame-pointer -funroll-loops (internal compiler error)
FAIL: gcc.c-torture/compile/pr34856.c -O3 -fomit-frame-pointer -funroll-loops (test for excess errors)
FAIL: gcc.c-torture/compile/pr34856.c -O3 -fomit-frame-pointer -funroll-all-loops -finline-functions (internal compiler error)
FAIL: gcc.c-torture/compile/pr34856.c -O3 -fomit-frame-pointer -funroll-all-loops -finline-functions (test for excess errors)
FAIL: gcc.c-torture/compile/pr34856.c -O3 -g (internal compiler error)
FAIL: gcc.c-torture/compile/pr34856.c -O3 -g (test for excess errors)
FAIL: gcc.c-torture/compile/pr34856.c -Os (internal compiler error)
FAIL: gcc.c-torture/compile/pr34856.c -Os (test for excess errors)
FAIL: gcc.c-torture/compile/pr34856.c -O2 -flto -fno-use-linker-plugin -flto-partition=none (internal compiler error)
FAIL: gcc.c-torture/compile/pr34856.c -O2 -flto -fno-use-linker-plugin -flto-partition=none (test for excess errors)
FAIL: gcc.c-torture/compile/pr60655-2.c -O3 -g (test for excess errors)
FAIL: c-c++-common/asan/null-deref-1.c -O0 output pattern test, is ASAN:SIGSEGV
FAIL: c-c++-common/asan/null-deref-1.c -O1 output pattern test, is ASAN:SIGSEGV
FAIL: c-c++-common/asan/null-deref-1.c -O2 output pattern test, is ASAN:SIGSEGV
FAIL: c-c++-common/asan/null-deref-1.c -O3 -fomit-frame-pointer output pattern test, is ASAN:SIGSEGV
FAIL: c-c++-common/asan/null-deref-1.c -O3 -g output pattern test, is ASAN:SIGSEGV
FAIL: c-c++-common/asan/null-deref-1.c -Os output pattern test, is ASAN:SIGSEGV
FAIL: c-c++-common/asan/null-deref-1.c -O2 -flto -fno-use-linker-plugin -flto-partition=none output pattern test, is ASAN:SIGSEGV
FAIL: c-c++-common/asan/null-deref-1.c -O2 -flto -fuse-linker-plugin -fno-fat-lto-objects output pattern test, is ASAN:SIGSEGV
FAIL: gcc.dg/atomic/c11-atomic-exec-5.c -O0 execution test
FAIL: gcc.dg/atomic/c11-atomic-exec-5.c -O1 execution test
FAIL: gcc.dg/atomic/c11-atomic-exec-5.c -O2 execution test
FAIL: gcc.dg/atomic/c11-atomic-exec-5.c -O3 -fomit-frame-pointer execution test
FAIL: gcc.dg/atomic/c11-atomic-exec-5.c -O3 -fomit-frame-pointer -funroll-loops execution test
FAIL: gcc.dg/atomic/c11-atomic-exec-5.c -O3 -fomit-frame-pointer -funroll-all-loops -finline-functions execution test
FAIL: gcc.dg/atomic/c11-atomic-exec-5.c -O3 -g execution test
FAIL: gcc.dg/atomic/c11-atomic-exec-5.c -Os execution test
FAIL: gcc.dg/atomic/c11-atomic-exec-5.c -O2 -flto -fno-use-linker-plugin -flto-partition=none execution test
FAIL: gcc.dg/atomic/c11-atomic-exec-5.c -O2 -flto -fuse-linker-plugin -fno-fat-lto-objects execution test
FAIL: tmpdir-gcc.dg-struct-layout-1/t024 c_compat_x_tst.o-c_compat_y_tst.o execute
FAIL: gcc.dg/20021014-1.c execution test
FAIL: gcc.dg/and-1.c scan-assembler-not nand
FAIL: gcc.dg/binop-xor1.c scan-tree-dump-times optimized "\\\\^" 1
FAIL: gcc.dg/nest.c execution test
FAIL: gcc.dg/nested-func-4.c execution test
FAIL: gcc.dg/pr32450.c execution test
FAIL: gcc.dg/pr34856.c (internal compiler error)
FAIL: gcc.dg/pr34856.c (test for excess errors)
FAIL: gcc.dg/pr43643.c execution test
FAIL: gcc.dg/pr46728-9.c (test for excess errors)
UNRESOLVED: gcc.dg/pr46728-9.c compilation failed to produce executable
FAIL: gcc.dg/torture/pr41094.c -O0 (test for excess errors)
UNRESOLVED: gcc.dg/torture/pr41094.c -O0 compilation failed to produce executable
FAIL: gcc.dg/tree-ssa/loop-19.c scan-tree-dump-times optimized "MEM.(base: &|symbol: )a," 2
FAIL: gcc.dg/tree-ssa/loop-19.c scan-tree-dump-times optimized "MEM.(base: &|symbol: )c," 2
FAIL: gcc.dg/tree-ssa/sra-12.c scan-tree-dump-times release_ssa "l;" 0
FAIL: gcc.dg/tree-ssa/ssa-dom-thread-4.c scan-tree-dump-times dom1 "Threaded" 3
FAIL: gcc.dg/tree-ssa/vrp47.c scan-tree-dump-times vrp1 "[xy][^ ]* !=" 0
FAIL: gcc.dg/vect/costmodel/ppc/costmodel-bb-slp-9a.c scan-tree-dump-times slp "basic block vectorized using SLP" 1
FAIL: gcc.dg/vect/pr37539.c (test for excess errors)
UNRESOLVED: gcc.dg/vect/pr37539.c compilation failed to produce executable
FAIL: gcc.dg/vect/pr59651.c (test for excess errors)
UNRESOLVED: gcc.dg/vect/pr59651.c compilation failed to produce executable
FAIL: gcc.dg/vect/pr37539.c -flto -ffat-lto-objects (test for excess errors)
UNRESOLVED: gcc.dg/vect/pr37539.c -flto -ffat-lto-objects compilation failed to produce executable
FAIL: gcc.dg/vect/pr59651.c -flto -ffat-lto-objects (test for excess errors)
UNRESOLVED: gcc.dg/vect/pr59651.c -flto -ffat-lto-objects compilation failed to produce executable
FAIL: gcc.dg/vect/no-vfa-vect-depend-2.c scan-tree-dump-times vect "vectorized 1 loops" 1
FAIL: gcc.dg/vect/no-vfa-vect-depend-3.c scan-tree-dump-times vect "vectorized 1 loops" 4
FAIL: gcc.dg/vmx/extract-vsx-be-order.c -O0 (test for excess errors)
UNRESOLVED: gcc.dg/vmx/extract-vsx-be-order.c -O0 compilation failed to produce executable
FAIL: gcc.dg/vmx/extract-vsx.c -O0 (test for excess errors)
UNRESOLVED: gcc.dg/vmx/extract-vsx.c -O0 compilation failed to produce executable
FAIL: gcc.dg/vmx/ld-vsx-be-order.c -O0 (test for excess errors)
UNRESOLVED: gcc.dg/vmx/ld-vsx-be-order.c -O0 compilation failed to produce executable
FAIL: gcc.dg/vmx/ld-vsx.c -O0 (test for excess errors)
UNRESOLVED: gcc.dg/vmx/ld-vsx.c -O0 compilation failed to produce executable
FAIL: gcc.dg/vmx/ldl-vsx-be-order.c -O0 (test for excess errors)
UNRESOLVED: gcc.dg/vmx/ldl-vsx-be-order.c -O0 compilation failed to produce executable
FAIL: gcc.dg/vmx/ldl-vsx.c -O0 (test for excess errors)
UNRESOLVED: gcc.dg/vmx/ldl-vsx.c -O0 compilation failed to produce executable
FAIL: gcc.dg/vmx/merge-vsx-be-order.c -O0 (test for excess errors)
UNRESOLVED: gcc.dg/vmx/merge-vsx-be-order.c -O0 compilation failed to produce executable
FAIL: gcc.dg/vmx/merge-vsx-be-order.c -O1 (test for excess errors)
UNRESOLVED: gcc.dg/vmx/merge-vsx-be-order.c -O1 compilation failed to produce executable
FAIL: gcc.dg/vmx/merge-vsx-be-order.c -Os (test for excess errors)
UNRESOLVED: gcc.dg/vmx/merge-vsx-be-order.c -Os compilation failed to produce executable
FAIL: gcc.dg/vmx/merge-vsx.c -O0 (test for excess errors)
UNRESOLVED: gcc.dg/vmx/merge-vsx.c -O0 compilation failed to produce executable
FAIL: gcc.dg/vmx/merge-vsx.c -O1 (test for excess errors)
UNRESOLVED: gcc.dg/vmx/merge-vsx.c -O1 compilation failed to produce executable
FAIL: gcc.dg/vmx/merge-vsx.c -Os (test for excess errors)
UNRESOLVED: gcc.dg/vmx/merge-vsx.c -Os compilation failed to produce executable
FAIL: gcc.dg/vmx/splat-vsx-be-order.c -O0 (test for excess errors)
UNRESOLVED: gcc.dg/vmx/splat-vsx-be-order.c -O0 compilation failed to produce executable
FAIL: gcc.dg/vmx/splat-vsx-be-order.c -O1 (test for excess errors)
UNRESOLVED: gcc.dg/vmx/splat-vsx-be-order.c -O1 compilation failed to produce executable
FAIL: gcc.dg/vmx/splat-vsx.c -O0 (test for excess errors)
UNRESOLVED: gcc.dg/vmx/splat-vsx.c -O0 compilation failed to produce executable
FAIL: gcc.dg/vmx/splat-vsx.c -O1 (test for excess errors)
UNRESOLVED: gcc.dg/vmx/splat-vsx.c -O1 compilation failed to produce executable
FAIL: gcc.dg/vmx/st-vsx-be-order.c -O0 (test for excess errors)
UNRESOLVED: gcc.dg/vmx/st-vsx-be-order.c -O0 compilation failed to produce executable
FAIL: gcc.dg/vmx/st-vsx.c -O0 (test for excess errors)
UNRESOLVED: gcc.dg/vmx/st-vsx.c -O0 compilation failed to produce executable
FAIL: gcc.dg/vmx/stl-vsx-be-order.c -O0 (test for excess errors)
UNRESOLVED: gcc.dg/vmx/stl-vsx-be-order.c -O0 compilation failed to produce executable
FAIL: gcc.dg/vmx/stl-vsx.c -O0 (test for excess errors)
UNRESOLVED: gcc.dg/vmx/stl-vsx.c -O0 compilation failed to produce executable
FAIL: gcc.target/powerpc/405-dlmzb-strlen-1.c scan-assembler dlmzb\\\\.
FAIL: gcc.target/powerpc/440-dlmzb-strlen-1.c scan-assembler dlmzb\\\\.
FAIL: gcc.target/powerpc/dfp-builtin-1.c (test for excess errors)
UNRESOLVED: gcc.target/powerpc/dfp-builtin-1.c scan-assembler-times ddedpd 4
UNRESOLVED: gcc.target/powerpc/dfp-builtin-1.c scan-assembler-times denbcd 2
UNRESOLVED: gcc.target/powerpc/dfp-builtin-1.c scan-assembler-times dxex 1
UNRESOLVED: gcc.target/powerpc/dfp-builtin-1.c scan-assembler-times diex 1
UNRESOLVED: gcc.target/powerpc/dfp-builtin-1.c scan-assembler-times dscli 2
UNRESOLVED: gcc.target/powerpc/dfp-builtin-1.c scan-assembler-times dscri 2
UNRESOLVED: gcc.target/powerpc/dfp-builtin-1.c scan-assembler-not bl __builtin
UNRESOLVED: gcc.target/powerpc/dfp-builtin-1.c scan-assembler-not dctqpq
UNRESOLVED: gcc.target/powerpc/dfp-builtin-1.c scan-assembler-not drdpq
UNRESOLVED: gcc.target/powerpc/dfp-builtin-1.c scan-assembler-not stfd
UNRESOLVED: gcc.target/powerpc/dfp-builtin-1.c scan-assembler-not lfd
FAIL: gcc.target/powerpc/dfp-builtin-2.c (test for excess errors)
UNRESOLVED: gcc.target/powerpc/dfp-builtin-2.c scan-assembler-times ddedpdq 4
UNRESOLVED: gcc.target/powerpc/dfp-builtin-2.c scan-assembler-times denbcdq 2
UNRESOLVED: gcc.target/powerpc/dfp-builtin-2.c scan-assembler-times dxexq 1
UNRESOLVED: gcc.target/powerpc/dfp-builtin-2.c scan-assembler-times diexq 1
UNRESOLVED: gcc.target/powerpc/dfp-builtin-2.c scan-assembler-times dscliq 2
UNRESOLVED: gcc.target/powerpc/dfp-builtin-2.c scan-assembler-times dscriq 2
UNRESOLVED: gcc.target/powerpc/dfp-builtin-2.c scan-assembler-not bl __builtin
UNRESOLVED: gcc.target/powerpc/dfp-builtin-2.c scan-assembler-not dctqpq
UNRESOLVED: gcc.target/powerpc/dfp-builtin-2.c scan-assembler-not drdpq
UNRESOLVED: gcc.target/powerpc/dfp-builtin-2.c scan-assembler-not stfd
UNRESOLVED: gcc.target/powerpc/dfp-builtin-2.c scan-assembler-not lfd
FAIL: gcc.target/powerpc/dfp-dd-2.c (test for excess errors)
UNRESOLVED: gcc.target/powerpc/dfp-dd-2.c scan-assembler-times fneg 1
UNRESOLVED: gcc.target/powerpc/dfp-dd-2.c scan-assembler-times fabs 1
UNRESOLVED: gcc.target/powerpc/dfp-dd-2.c scan-assembler-times fnabs 1
UNRESOLVED: gcc.target/powerpc/dfp-dd-2.c scan-assembler-times fmr 0
FAIL: gcc.target/powerpc/dfp-dd.c (test for excess errors)
UNRESOLVED: gcc.target/powerpc/dfp-dd.c scan-assembler dadd
UNRESOLVED: gcc.target/powerpc/dfp-dd.c scan-assembler ddiv
UNRESOLVED: gcc.target/powerpc/dfp-dd.c scan-assembler dmul
UNRESOLVED: gcc.target/powerpc/dfp-dd.c scan-assembler dsub
UNRESOLVED: gcc.target/powerpc/dfp-dd.c scan-assembler-times dcmpu 6
UNRESOLVED: gcc.target/powerpc/dfp-dd.c scan-assembler-times dctfix 2
UNRESOLVED: gcc.target/powerpc/dfp-dd.c scan-assembler-times drintn 2
UNRESOLVED: gcc.target/powerpc/dfp-dd.c scan-assembler-times dcffixq 2
FAIL: gcc.target/powerpc/dfp-td-2.c (test for excess errors)
UNRESOLVED: gcc.target/powerpc/dfp-td-2.c scan-assembler-times fneg 1
UNRESOLVED: gcc.target/powerpc/dfp-td-2.c scan-assembler-times fabs 1
UNRESOLVED: gcc.target/powerpc/dfp-td-2.c scan-assembler-times fnabs 1
UNRESOLVED: gcc.target/powerpc/dfp-td-2.c scan-assembler-times fmr 0
FAIL: gcc.target/powerpc/dfp-td-3.c (test for excess errors)
UNRESOLVED: gcc.target/powerpc/dfp-td-3.c scan-assembler-times fneg 1
UNRESOLVED: gcc.target/powerpc/dfp-td-3.c scan-assembler-times fabs 1
UNRESOLVED: gcc.target/powerpc/dfp-td-3.c scan-assembler-times fnabs 1
UNRESOLVED: gcc.target/powerpc/dfp-td-3.c scan-assembler-times fmr 3
FAIL: gcc.target/powerpc/dfp-td.c (test for excess errors)
UNRESOLVED: gcc.target/powerpc/dfp-td.c scan-assembler daddq
UNRESOLVED: gcc.target/powerpc/dfp-td.c scan-assembler ddivq
UNRESOLVED: gcc.target/powerpc/dfp-td.c scan-assembler dmulq
UNRESOLVED: gcc.target/powerpc/dfp-td.c scan-assembler dsubq
UNRESOLVED: gcc.target/powerpc/dfp-td.c scan-assembler-times dcmpuq 6
UNRESOLVED: gcc.target/powerpc/dfp-td.c scan-assembler-times dctfixq 2
UNRESOLVED: gcc.target/powerpc/dfp-td.c scan-assembler-times drintnq 2
UNRESOLVED: gcc.target/powerpc/dfp-td.c scan-assembler-times dcffixq 2
FAIL: gcc.target/powerpc/pr39902-2.c (test for excess errors)
UNRESOLVED: gcc.target/powerpc/pr39902-2.c scan-assembler-not fneg
FAIL: gcc.target/powerpc/pr48857.c scan-assembler-not ld
FAIL: gcc.target/powerpc/pr53199.c scan-assembler-times lwbrx 6
FAIL: gcc.target/powerpc/pr53199.c scan-assembler-times stwbrx 6
=== gcc Summary ===
# of expected passes 94840
# of unexpected failures 90
# of expected failures 216
# of unresolved testcases 77
# of unsupported tests 1668
/home/local/nightly/build/opt/freescale/NLAe600/obj_gcc/gcc/xgcc version 4.10.0 20140513 (Tue May 13 20:02:41 PDT 2014 build.sh rev=979 s=FCtrunk -FSF t=DGNOBOARD NLAe600 -V nightly_NLAe600) (GCC)
=== gfortran tests ===
Running target unix
FAIL: gfortran.dg/allocatable_function_1.f90 -O0 scan-tree-dump-times original "free" 10
FAIL: gfortran.dg/allocatable_function_1.f90 -O1 scan-tree-dump-times original "free" 10
FAIL: gfortran.dg/allocatable_function_1.f90 -O2 scan-tree-dump-times original "free" 10
FAIL: gfortran.dg/allocatable_function_1.f90 -O3 -fomit-frame-pointer scan-tree-dump-times original "free" 10
FAIL: gfortran.dg/allocatable_function_1.f90 -O3 -fomit-frame-pointer -funroll-loops scan-tree-dump-times original "free" 10
FAIL: gfortran.dg/allocatable_function_1.f90 -O3 -fomit-frame-pointer -funroll-all-loops -finline-functions scan-tree-dump-times original "free" 10
FAIL: gfortran.dg/allocatable_function_1.f90 -O3 -g scan-tree-dump-times original "free" 10
FAIL: gfortran.dg/allocatable_function_1.f90 -Os scan-tree-dump-times original "free" 10
FAIL: gfortran.dg/bessel_6.f90 -O0 execution test
FAIL: gfortran.dg/bessel_6.f90 -O1 execution test
FAIL: gfortran.dg/bessel_6.f90 -O2 execution test
FAIL: gfortran.dg/bessel_6.f90 -O3 -fomit-frame-pointer execution test
FAIL: gfortran.dg/bessel_6.f90 -O3 -fomit-frame-pointer -funroll-loops execution test
FAIL: gfortran.dg/bessel_6.f90 -O3 -fomit-frame-pointer -funroll-all-loops -finline-functions execution test
FAIL: gfortran.dg/bessel_6.f90 -O3 -g execution test
FAIL: gfortran.dg/bessel_6.f90 -Os execution test
FAIL: gfortran.dg/namelist_utf8.f90 -O0 execution test
FAIL: gfortran.dg/namelist_utf8.f90 -O1 execution test
FAIL: gfortran.dg/namelist_utf8.f90 -O2 execution test
FAIL: gfortran.dg/namelist_utf8.f90 -O3 -fomit-frame-pointer execution test
FAIL: gfortran.dg/namelist_utf8.f90 -O3 -fomit-frame-pointer -funroll-loops execution test
FAIL: gfortran.dg/namelist_utf8.f90 -O3 -fomit-frame-pointer -funroll-all-loops -finline-functions execution test
FAIL: gfortran.dg/namelist_utf8.f90 -O3 -g execution test
FAIL: gfortran.dg/namelist_utf8.f90 -Os execution test
XPASS: gfortran.dg/nint_2.f90 -O0 execution test
FAIL: gfortran.dg/wextra_1.f -O (test for warnings, line 4)
=== gfortran Summary ===
# of expected passes 45372
# of unexpected failures 25
# of unexpected successes 1
# of expected failures 76
# of unsupported tests 249
/home/local/nightly/build/opt/freescale/NLAe600/obj_gcc/gcc/testsuite/gfortran/../../gfortran version 4.10.0 20140513 (Tue May 13 20:02:41 PDT 2014 build.sh rev=979 s=FCtrunk -FSF t=DGNOBOARD NLAe600 -V nightly_NLAe600) (GCC)
=== g++ tests ===
Running target unix
FAIL: c-c++-common/asan/null-deref-1.c -O2 output pattern test, is ASAN:SIGSEGV
FAIL: c-c++-common/asan/null-deref-1.c -O3 -fomit-frame-pointer output pattern test, is ASAN:SIGSEGV
FAIL: c-c++-common/asan/null-deref-1.c -O3 -g output pattern test, is ASAN:SIGSEGV
FAIL: c-c++-common/asan/null-deref-1.c -O2 -flto -fno-use-linker-plugin -flto-partition=none output pattern test, is ASAN:SIGSEGV
FAIL: c-c++-common/asan/null-deref-1.c -O2 -flto -fuse-linker-plugin -fno-fat-lto-objects output pattern test, is ASAN:SIGSEGV
FAIL: g++.old-deja/g++.law/profile1.C -std=gnu++98 execution test
FAIL: g++.old-deja/g++.law/profile1.C -std=gnu++11 execution test
FAIL: g++.old-deja/g++.law/profile1.C -std=gnu++1y execution test
=== g++ Summary ===
# of expected passes 81974
# of unexpected failures 8
# of expected failures 440
# of unsupported tests 3150
/home/local/nightly/build/opt/freescale/NLAe600/obj_gcc/gcc/testsuite/g++/../../xg++ version 4.10.0 20140513 (Tue May 13 20:02:41 PDT 2014 build.sh rev=979 s=FCtrunk -FSF t=DGNOBOARD NLAe600 -V nightly_NLAe600) (GCC)
=== objc tests ===
Running target unix
=== objc Summary ===
# of expected passes 3010
# of unsupported tests 74
/home/local/nightly/build/opt/freescale/NLAe600/obj_gcc/gcc/xgcc version 4.10.0 20140513 (Tue May 13 20:02:41 PDT 2014 build.sh rev=979 s=FCtrunk -FSF t=DGNOBOARD NLAe600 -V nightly_NLAe600) (GCC)
=== boehm-gc tests ===
Running target unix
=== boehm-gc Summary ===
# of expected passes 12
# of unsupported tests 1
=== libatomic tests ===
Running target unix
=== libatomic Summary ===
# of expected passes 44
# of unsupported tests 5
=== libffi tests ===
Running target unix
=== libffi Summary ===
# of expected passes 1819
# of unsupported tests 55
=== libgomp tests ===
Running target unix
=== libgomp Summary ===
# of expected passes 2654
# of unsupported tests 2
=== libitm tests ===
Running target unix
=== libitm Summary ===
# of expected passes 26
# of expected failures 3
# of unsupported tests 1
=== libjava tests ===
Running target unix
XPASS: sourcelocation -O3 -findirect-dispatch output - source compiled test
=== libjava Summary ===
# of expected passes 2582
# of unexpected successes 1
# of expected failures 3
=== libstdc++ tests ===
Running target unix
=== libstdc++ Summary ===
# of expected passes 9709
# of expected failures 69
# of unsupported tests 266
Compiler version: 4.10.0 20140513 (Tue May 13 20:02:41 PDT 2014 build.sh rev=979 s=FCtrunk -FSF t=DGNOBOARD NLAe600 -V nightly_NLAe600) (GCC)
Platform: powerpc-unknown-linux-gnualtivec configure flags: --prefix=/local/nightly/build//opt/freescale/gcc-4.10.x-Ne600-linuxaltivec/ppc64-linux --target=powerpc-unknown-linux-gnualtivec --build=powerpc-unknown-linux-gnualtivec --enable-checking --disable-decimal-float --enable-interfaces=c,c++ --with-cpu=7450 --enable-altivec --enable-tls --enable-build-with-cxx --with-mpfr=/local/nightly/build//opt/freescale/NLAe600/linux_host_libs/usr --with-mpc=/local/nightly/build//opt/freescale/NLAe600/linux_host_libs/usr --with-ppl=/local/nightly/build//opt/freescale/NLAe600/linux_host_libs/usr --with-isl=/local/nightly/build//opt/freescale/NLAe600/linux_host_libs/usr --with-cloog=/local/nightly/build//opt/freescale/NLAe600/linux_host_libs/usr --enable-cloog-backend=isl