This is the mail archive of the
gcc-testresults@gcc.gnu.org
mailing list for the GCC project.
Results for 4.10.0 20140501 (experimental) [trunk revision 209968] (GCC) testsuite on i686-pc-linux-gnu
- From: ia32 at gnu-1 dot sc dot intel dot com (H.J. Lu (ia32))
- To: gcc-testresults at gcc dot gnu dot org
- Date: Wed, 30 Apr 2014 23:08:41 -0700
- Subject: Results for 4.10.0 20140501 (experimental) [trunk revision 209968] (GCC) testsuite on i686-pc-linux-gnu
- Authentication-results: sourceware.org; auth=none
Native configuration is i686-pc-linux-gnu
=== gcc tests ===
Running target unix
XPASS: gcc.dg/guality/example.c -O0 execution test
XPASS: gcc.dg/guality/example.c -O1 execution test
XPASS: gcc.dg/guality/guality.c -O0 execution test
XPASS: gcc.dg/guality/guality.c -O1 execution test
XPASS: gcc.dg/guality/guality.c -O2 execution test
XPASS: gcc.dg/guality/guality.c -O3 -fomit-frame-pointer execution test
XPASS: gcc.dg/guality/guality.c -O3 -g execution test
XPASS: gcc.dg/guality/guality.c -Os execution test
XPASS: gcc.dg/guality/guality.c -O2 -flto -fno-use-linker-plugin -flto-partition=none execution test
XPASS: gcc.dg/guality/guality.c -O2 -flto -fuse-linker-plugin -fno-fat-lto-objects execution test
XPASS: gcc.dg/guality/inline-params.c -O2 execution test
XPASS: gcc.dg/guality/inline-params.c -O3 -fomit-frame-pointer execution test
XPASS: gcc.dg/guality/inline-params.c -O3 -g execution test
XPASS: gcc.dg/guality/inline-params.c -Os execution test
XPASS: gcc.dg/guality/inline-params.c -O2 -flto -fno-use-linker-plugin -flto-partition=none execution test
XPASS: gcc.dg/guality/pr41353-1.c -O0 line 28 j == 28 + 37
XPASS: gcc.dg/guality/pr41353-1.c -Os line 28 j == 28 + 37
XPASS: gcc.dg/guality/pr41447-1.c -O0 execution test
XPASS: gcc.dg/guality/pr41447-1.c -O1 execution test
XPASS: gcc.dg/guality/pr41447-1.c -Os execution test
XPASS: gcc.dg/guality/pr41447-1.c -O2 -flto -fuse-linker-plugin -fno-fat-lto-objects execution test
XPASS: gcc.dg/guality/pr41616-1.c -O0 execution test
XPASS: gcc.dg/guality/pr41616-1.c -O1 execution test
XPASS: gcc.dg/guality/pr41616-1.c -O2 execution test
XPASS: gcc.dg/guality/pr41616-1.c -O3 -fomit-frame-pointer execution test
XPASS: gcc.dg/guality/pr41616-1.c -O3 -g execution test
XPASS: gcc.dg/guality/pr41616-1.c -Os execution test
XPASS: gcc.dg/guality/pr41616-1.c -O2 -flto -fno-use-linker-plugin -flto-partition=none execution test
FAIL: gcc.dg/guality/pr43479.c -O1 line 13 h == 9
FAIL: gcc.dg/guality/pr43479.c -O1 line 18 h == 9
FAIL: gcc.dg/guality/pr43479.c -O2 line 13 h == 9
FAIL: gcc.dg/guality/pr43479.c -O2 line 18 h == 9
FAIL: gcc.dg/guality/pr43479.c -O3 -fomit-frame-pointer line 13 h == 9
FAIL: gcc.dg/guality/pr43479.c -O3 -fomit-frame-pointer line 18 h == 9
FAIL: gcc.dg/guality/pr43479.c -O3 -g line 13 h == 9
FAIL: gcc.dg/guality/pr43479.c -O3 -g line 18 h == 9
FAIL: gcc.dg/guality/pr43479.c -Os line 13 h == 9
FAIL: gcc.dg/guality/pr43479.c -Os line 18 h == 9
FAIL: gcc.dg/guality/pr43479.c -O2 -flto -fno-use-linker-plugin -flto-partition=none line 13 h == 9
FAIL: gcc.dg/guality/pr43479.c -O2 -flto -fno-use-linker-plugin -flto-partition=none line 18 h == 9
FAIL: gcc.dg/guality/pr43479.c -O2 -flto -fuse-linker-plugin -fno-fat-lto-objects line 13 h == 9
FAIL: gcc.dg/guality/pr43479.c -O2 -flto -fuse-linker-plugin -fno-fat-lto-objects line 18 h == 9
FAIL: gcc.dg/guality/pr48437.c -O2 -flto -fno-use-linker-plugin -flto-partition=none line 14 i == 0
FAIL: gcc.dg/guality/pr48437.c -O2 -flto -fuse-linker-plugin -fno-fat-lto-objects line 14 i == 0
FAIL: gcc.dg/guality/pr54200.c -O2 -flto -fuse-linker-plugin -fno-fat-lto-objects line 20 z == 3
FAIL: gcc.dg/guality/pr54519-1.c -O2 -flto -fno-use-linker-plugin -flto-partition=none line 20 y == 25
FAIL: gcc.dg/guality/pr54519-1.c -O2 -flto -fno-use-linker-plugin -flto-partition=none line 20 z == 6
FAIL: gcc.dg/guality/pr54519-1.c -O2 -flto -fno-use-linker-plugin -flto-partition=none line 23 y == 117
FAIL: gcc.dg/guality/pr54519-1.c -O2 -flto -fno-use-linker-plugin -flto-partition=none line 23 z == 8
FAIL: gcc.dg/guality/pr54519-2.c -O2 -flto -fno-use-linker-plugin -flto-partition=none line 17 y == 25
FAIL: gcc.dg/guality/pr54519-2.c -O2 -flto -fuse-linker-plugin -fno-fat-lto-objects line 17 y == 25
FAIL: gcc.dg/guality/pr54519-3.c -O2 -flto -fno-use-linker-plugin -flto-partition=none line 20 y == 25
FAIL: gcc.dg/guality/pr54519-3.c -O2 -flto -fno-use-linker-plugin -flto-partition=none line 20 z == 6
FAIL: gcc.dg/guality/pr54519-3.c -O2 -flto -fno-use-linker-plugin -flto-partition=none line 23 y == 117
FAIL: gcc.dg/guality/pr54519-3.c -O2 -flto -fno-use-linker-plugin -flto-partition=none line 23 z == 8
FAIL: gcc.dg/guality/pr54519-3.c -O2 -flto -fuse-linker-plugin -fno-fat-lto-objects line 20 y == 25
FAIL: gcc.dg/guality/pr54519-3.c -O2 -flto -fuse-linker-plugin -fno-fat-lto-objects line 20 z == 6
FAIL: gcc.dg/guality/pr54519-3.c -O2 -flto -fuse-linker-plugin -fno-fat-lto-objects line 23 y == 117
FAIL: gcc.dg/guality/pr54519-3.c -O2 -flto -fuse-linker-plugin -fno-fat-lto-objects line 23 z == 8
FAIL: gcc.dg/guality/pr54519-4.c -O2 -flto -fno-use-linker-plugin -flto-partition=none line 17 y == 25
FAIL: gcc.dg/guality/pr54519-4.c -O2 -flto -fuse-linker-plugin -fno-fat-lto-objects line 17 y == 25
FAIL: gcc.dg/guality/pr54519-5.c -O2 -flto -fno-use-linker-plugin -flto-partition=none line 17 y == 25
FAIL: gcc.dg/guality/pr54519-5.c -O2 -flto -fuse-linker-plugin -fno-fat-lto-objects line 17 y == 25
FAIL: gcc.dg/guality/pr54970.c -Os line 15 a[0] == 1
FAIL: gcc.dg/guality/pr54970.c -Os line 20 a[0] == 1
FAIL: gcc.dg/guality/pr54970.c -Os line 25 a[0] == 1
FAIL: gcc.dg/guality/pr54970.c -Os line 31 *p == 6
FAIL: gcc.dg/guality/pr54970.c -Os line 31 *q == 5
FAIL: gcc.dg/guality/pr54970.c -Os line 36 *p == 26
FAIL: gcc.dg/guality/pr54970.c -Os line 36 *q == 5
FAIL: gcc.dg/guality/pr54970.c -Os line 45 *p == 26
FAIL: gcc.dg/guality/pr54970.c -Os line 45 p[-1] == 25
FAIL: gcc.dg/guality/pr54970.c -Os line 45 p[-2] == 4
FAIL: gcc.dg/guality/pr54970.c -Os line 45 q[-1] == 4
FAIL: gcc.dg/guality/pr54970.c -Os line 45 q[1] == 26
FAIL: gcc.dg/guality/pr54970.c -Os line 45 *q == 25
FAIL: gcc.dg/guality/sra-1.c -O2 -flto -fuse-linker-plugin -fno-fat-lto-objects line 43 a.j == 14
FAIL: gcc.dg/lto/pr55113 c_lto_pr55113_0.o assemble, -flto -fshort-double -O0 (internal compiler error)
UNRESOLVED: gcc.dg/lto/pr55113 c_lto_pr55113_0.o-c_lto_pr55113_0.o link -flto -fshort-double -O0
UNRESOLVED: gcc.dg/lto/pr55113 c_lto_pr55113_0.o-c_lto_pr55113_0.o execute -flto -fshort-double -O0
FAIL: gcc.dg/vect/costmodel/i386/costmodel-fast-math-vect-pr29925.c scan-tree-dump-times vect "vectorized 1 loops" 1
FAIL: gcc.target/i386/memcpy-2.c scan-assembler-not (jmp|call)[\\\\t ]*memcpy
FAIL: gcc.target/i386/memcpy-3.c scan-assembler-not (jmp|call)[\\\\t ]*memcpy
=== gcc Summary ===
# of expected passes 107385
# of unexpected failures 53
# of unexpected successes 28
# of expected failures 264
# of unresolved testcases 2
# of unsupported tests 1384
/export/gnu/import/git/gcc-test-ia32/bld/gcc/xgcc version 4.10.0 20140501 (experimental) [trunk revision 209968] (GCC)
=== gfortran tests ===
Running target unix
FAIL: gfortran.dg/coarray_lib_this_image_1.f90 -O scan-tree-dump-times original "bar \\\\(real\\\\(kind=4\\\\)\\\\[2\\\\] \\\\* restrict x, void \\\\* restrict caf_token.., integer\\\\(kind=8\\\\) caf_offset..\\\\)" 1
FAIL: gfortran.dg/coarray_lib_this_image_1.f90 -O scan-tree-dump-times original "myucobound = \\\\(integer\\\\(kind=4\\\\)\\\\) \\\\(\\\\(\\\\(unsigned int\\\\) parm...dim\\\\[1\\\\].lbound \\\\+ \\\\(unsigned int\\\\) _gfortran_caf_num_images \\\\(0, -1\\\\)\\\\) \\\\+ 4294967295\\\\);" 1
FAIL: gfortran.dg/coarray_lib_this_image_2.f90 -O scan-tree-dump-times original "bar \\\\(struct array1_real\\\\(kind=4\\\\) & restrict x, void \\\\* restrict caf_token.., integer\\\\(kind=8\\\\) caf_offset..\\\\)" 1
FAIL: gfortran.dg/coarray_lib_this_image_2.f90 -O scan-tree-dump-times original "myucobound = \\\\(integer\\\\(kind=4\\\\)\\\\) \\\\(\\\\(\\\\(unsigned int\\\\) parm...dim\\\\[1\\\\].lbound \\\\+ \\\\(unsigned int\\\\) _gfortran_caf_num_images \\\\(0, -1\\\\)\\\\) \\\\+ 4294967295\\\\);" 1
FAIL: gfortran.dg/coarray_lib_this_image_2.f90 -O scan-tree-dump-times original "mylbound = parm...dim\\\\[0\\\\].stride >= 0 && parm...dim\\\\[0\\\\].ubound >= parm...dim\\\\[0\\\\].lbound \\\\|\\\\| parm...dim\\\\[0\\\\].stride < 0 \\\\? \\\\(integer\\\\(kind=4\\\\)\\\\) parm...dim\\\\[0\\\\].lbound : 1;" 1
FAIL: gfortran.dg/coarray_lib_this_image_2.f90 -O scan-tree-dump-times original "bar \\\\(&parm.[0-9]+, caf_token.[0-9]+, \\\\(integer\\\\(kind=8\\\\)\\\\) parm.[0-9]+.data - \\\\(integer\\\\(kind=8\\\\)\\\\) x\\\\);" 1
FAIL: gfortran.dg/coarray_poly_6.f90 -O scan-tree-dump-times original "foo \\\\(struct __class_MAIN___T_0_1t & restrict x, void \\\\* restrict caf_token.., integer\\\\(kind=8\\\\) caf_offset..\\\\)" 1
FAIL: gfortran.dg/coarray_poly_6.f90 -O scan-tree-dump-times original "bar \\\\(struct __class_MAIN___T_0_1t \\\\* x, void \\\\* restrict caf_token.., integer\\\\(kind=8\\\\) caf_offset..\\\\)" 1
FAIL: gfortran.dg/coarray_poly_6.f90 -O scan-tree-dump-times original "foo \\\\(&class.., y._data._data.token, \\\\(integer\\\\(kind=8\\\\)\\\\) class..._data.data - \\\\(integer\\\\(kind=8\\\\)\\\\) y._data._data.data\\\\);" 1
FAIL: gfortran.dg/coarray_poly_7.f90 -O scan-tree-dump-times original "foo \\\\(struct __class_MAIN___T_1_1t & restrict x, void \\\\* restrict caf_token.., integer\\\\(kind=8\\\\) caf_offset..\\\\)" 1
FAIL: gfortran.dg/coarray_poly_7.f90 -O scan-tree-dump-times original "bar \\\\(struct __class_MAIN___T_1_1t \\\\* x, void \\\\* restrict caf_token.., integer\\\\(kind=8\\\\) caf_offset..\\\\)" 1
FAIL: gfortran.dg/coarray_poly_7.f90 -O scan-tree-dump-times original "foo \\\\(&class.., y._data._data.token, \\\\(integer\\\\(kind=8\\\\)\\\\) class..._data.data - \\\\(integer\\\\(kind=8\\\\)\\\\) y._data._data.data\\\\);" 1
FAIL: gfortran.dg/coarray_poly_8.f90 -O scan-tree-dump-times original "foo \\\\(struct __class_MAIN___T_1_1t & restrict x, void \\\\* restrict caf_token.., integer\\\\(kind=8\\\\) caf_offset..\\\\)" 1
FAIL: gfortran.dg/coarray_poly_8.f90 -O scan-tree-dump-times original "bar \\\\(struct __class_MAIN___T_1_1t \\\\* x, void \\\\* restrict caf_token.., integer\\\\(kind=8\\\\) caf_offset..\\\\)" 1
FAIL: gfortran.dg/coarray_poly_8.f90 -O scan-tree-dump-times original "foo \\\\(&class.., y._data._data.token, \\\\(integer\\\\(kind=8\\\\)\\\\) class..._data.data - \\\\(integer\\\\(kind=8\\\\)\\\\) y._data._data.data\\\\);" 1
=== gfortran Summary ===
# of expected passes 45320
# of unexpected failures 15
# of expected failures 38
# of unsupported tests 207
/export/gnu/import/git/gcc-test-ia32/bld/gcc/testsuite/gfortran/../../gfortran version 4.10.0 20140501 (experimental) [trunk revision 209968] (GCC)
=== g++ tests ===
Running target unix
FAIL: g++.dg/guality/pr55665.C -O2 line 23 p == 40
FAIL: g++.dg/guality/pr55665.C -O3 -fomit-frame-pointer line 23 p == 40
FAIL: g++.dg/guality/pr55665.C -O3 -g line 23 p == 40
=== g++ Summary ===
# of expected passes 86441
# of unexpected failures 3
# of expected failures 443
# of unsupported tests 2752
/export/gnu/import/git/gcc-test-ia32/bld/gcc/testsuite/g++/../../xg++ version 4.10.0 20140501 (experimental) [trunk revision 209968] (GCC)
=== objc tests ===
Running target unix
=== objc Summary ===
# of expected passes 2988
# of expected failures 6
# of unsupported tests 74
/export/gnu/import/git/gcc-test-ia32/bld/gcc/xgcc version 4.10.0 20140501 (experimental) [trunk revision 209968] (GCC)
=== boehm-gc tests ===
Running target unix
=== boehm-gc Summary ===
# of expected passes 12
# of unsupported tests 1
=== libatomic tests ===
Running target unix
=== libatomic Summary ===
# of expected passes 44
# of unsupported tests 5
=== libffi tests ===
Running target unix
=== libffi Summary ===
# of expected passes 1819
# of unsupported tests 55
=== libgomp tests ===
Running target unix
=== libgomp Summary ===
# of expected passes 2371
=== libitm tests ===
Running target unix
=== libitm Summary ===
# of expected passes 26
# of expected failures 3
# of unsupported tests 1
=== libjava tests ===
Running target unix
=== libjava Summary ===
# of expected passes 2582
# of expected failures 4
=== libstdc++ tests ===
Running target unix
=== libstdc++ Summary ===
# of expected passes 10034
# of expected failures 41
# of unsupported tests 220
Compiler version: 4.10.0 20140501 (experimental) [trunk revision 209968] (GCC)
Platform: i686-pc-linux-gnu
configure flags: --with-arch=core2 --with-cpu=slm --prefix=/usr/4.10.0 --enable-clocale=gnu --with-system-zlib --enable-shared --with-demangler-in-ld i686-linux --with-fpmath=sse --enable-languages=c,c++,fortran,java,lto,objc