This is the mail archive of the gcc-testresults@gcc.gnu.org mailing list for the GCC project.


Index Nav: [Date Index] [Subject Index] [Author Index] [Thread Index]
Message Nav: [Date Prev] [Date Next] [Thread Prev] [Thread Next]
Other format: [Raw text]

Results for 4.10.0 20140425 (experimental) [trunk revision 209797] (GCC) testsuite on sparc-sun-solaris2.11


LAST_UPDATED: Fri Apr 25 11:19:18 UTC 2014 (revision 209797)

		=== acats tests ===

		=== acats Summary ===
# of expected passes		2320
# of unexpected failures	0
Native configuration is sparc-sun-solaris2.11

		=== g++ tests ===


Running target unix

		=== g++ Summary for unix ===

# of expected passes		79134
# of expected failures		448
# of unsupported tests		3197

Running target unix/-m64

		=== g++ Summary for unix/-m64 ===

# of expected passes		80990
# of expected failures		448
# of unsupported tests		3182

		=== g++ Summary ===

# of expected passes		160124
# of expected failures		896
# of unsupported tests		6379
/var/gcc/regression/trunk/11-gcc-gld/build/gcc/testsuite/g++/../../xg++  version 4.10.0 20140425 (experimental) [trunk revision 209797] (GCC) 

		=== gcc tests ===


Running target unix
FAIL: gcc.dg/pr18079-2.c  (test for warnings, line 6)
FAIL: gcc.dg/pr18079-2.c  (test for warnings, line 9)
FAIL: gcc.dg/pr18079-2.c  (test for warnings, line 13)
FAIL: gcc.dg/pr18079-2.c  (test for warnings, line 16)
FAIL: gcc.dg/pr18079-2.c (test for excess errors)
FAIL: gcc.dg/unroll_1.c  (test for warnings, line 14)
FAIL: gcc.dg/unroll_1.c  (test for warnings, line 24)
FAIL: gcc.dg/simulate-thread/atomic-other-int.c  -O0 -g  thread simulation test
FAIL: gcc.dg/simulate-thread/atomic-other-int.c  -O2 -g  thread simulation test
FAIL: gcc.dg/simulate-thread/atomic-other-int.c  -O3 -g  thread simulation test
FAIL: gcc.dg/simulate-thread/speculative-store-4.c  -O0 -g  thread simulation test
FAIL: gcc.dg/simulate-thread/speculative-store-4.c  -O2 -g  thread simulation test
FAIL: gcc.dg/simulate-thread/speculative-store-4.c  -O3 -g  thread simulation test
FAIL: gcc.dg/simulate-thread/speculative-store.c  -O0 -g  thread simulation test

		=== gcc Summary for unix ===

# of expected passes		87615
# of unexpected failures	14
# of expected failures		318
# of unsupported tests		1863

Running target unix/-m64
FAIL: gcc.dg/pr18079-2.c  (test for warnings, line 6)
FAIL: gcc.dg/pr18079-2.c  (test for warnings, line 9)
FAIL: gcc.dg/pr18079-2.c  (test for warnings, line 13)
FAIL: gcc.dg/pr18079-2.c  (test for warnings, line 16)
FAIL: gcc.dg/pr18079-2.c (test for excess errors)
FAIL: gcc.dg/unroll_1.c  (test for warnings, line 14)
FAIL: gcc.dg/unroll_1.c  (test for warnings, line 24)

		=== gcc Summary for unix/-m64 ===

# of expected passes		88386
# of unexpected failures	7
# of expected failures		307
# of unsupported tests		1807

		=== gcc Summary ===

# of expected passes		176001
# of unexpected failures	21
# of expected failures		625
# of unsupported tests		3670
/var/gcc/regression/trunk/11-gcc-gld/build/gcc/xgcc  version 4.10.0 20140425 (experimental) [trunk revision 209797] (GCC) 

		=== gfortran tests ===


Running target unix

		=== gfortran Summary for unix ===

# of expected passes		45230
# of expected failures		54
# of unsupported tests		269

Running target unix/-m64

		=== gfortran Summary for unix/-m64 ===

# of expected passes		45557
# of expected failures		54
# of unsupported tests		108

		=== gfortran Summary ===

# of expected passes		90787
# of expected failures		108
# of unsupported tests		377
/var/gcc/regression/trunk/11-gcc-gld/build/gcc/testsuite/gfortran/../../gfortran  version 4.10.0 20140425 (experimental) [trunk revision 209797] (GCC) 

		=== gnat tests ===


Running target unix

		=== gnat Summary for unix ===

# of expected passes		1206
# of expected failures		18
# of unsupported tests		17

Running target unix/-m64

		=== gnat Summary for unix/-m64 ===

# of expected passes		1206
# of expected failures		18
# of unsupported tests		17

		=== gnat Summary ===

# of expected passes		2412
# of expected failures		36
# of unsupported tests		34
/var/gcc/regression/trunk/11-gcc-gld/build/gcc/gnatmake version 4.10.0 20140425 (experimental) [trunk revision 209797]

		=== go tests ===


Running target unix
FAIL: ./index0-out.go compilation,  -O0 -g -fno-var-tracking-assignments 
FAIL: go.test/test/recover.go execution,  -O2 -g 
WARNING: program timed out.

		=== go Summary for unix ===

# of expected passes		7365
# of unexpected failures	2
# of expected failures		1
# of untested testcases		11
# of unsupported tests		3

Running target unix/-m64
FAIL: ./index0-out.go compilation,  -O0 -g -fno-var-tracking-assignments 
FAIL: go.test/test/fixedbugs/issue4348.go  -O  (test for excess errors)
FAIL: go.test/test/recover.go execution,  -O2 -g 
WARNING: program timed out.

		=== go Summary for unix/-m64 ===

# of expected passes		7244
# of unexpected failures	3
# of expected failures		1
# of untested testcases		11
# of unsupported tests		3

		=== go Summary ===

# of expected passes		14609
# of unexpected failures	5
# of expected failures		2
# of untested testcases		22
# of unsupported tests		6
/var/gcc/regression/trunk/11-gcc-gld/build/gcc/testsuite/go/../../gccgo  version 4.10.0 20140425 (experimental) [trunk revision 209797] (GCC) 

		=== obj-c++ tests ===


Running target unix

		=== obj-c++ Summary for unix ===

# of expected passes		1449
# of expected failures		2
# of unsupported tests		86

Running target unix/-m64

		=== obj-c++ Summary for unix/-m64 ===

# of expected passes		1441
# of expected failures		10
# of unsupported tests		86

		=== obj-c++ Summary ===

# of expected passes		2890
# of expected failures		12
# of unsupported tests		172
/var/gcc/regression/trunk/11-gcc-gld/build/gcc/testsuite/obj-c++/../../xg++  version 4.10.0 20140425 (experimental) [trunk revision 209797] (GCC) 

		=== objc tests ===


Running target unix

		=== objc Summary for unix ===

# of expected passes		2994
# of unsupported tests		74

Running target unix/-m64

		=== objc Summary for unix/-m64 ===

# of expected passes		2994
# of unsupported tests		74

		=== objc Summary ===

# of expected passes		5988
# of unsupported tests		148
/var/gcc/regression/trunk/11-gcc-gld/build/gcc/xgcc  version 4.10.0 20140425 (experimental) [trunk revision 209797] (GCC) 

		=== boehm-gc tests ===


Running target unix

		=== boehm-gc Summary for unix ===

# of expected passes		12
# of unsupported tests		1

Running target unix/-m64

		=== boehm-gc Summary for unix/-m64 ===

# of expected passes		12
# of unsupported tests		1

		=== boehm-gc Summary ===

# of expected passes		24
# of unsupported tests		2
		=== libatomic tests ===


Running target unix

		=== libatomic Summary for unix ===

# of expected passes		44
# of unsupported tests		5

Running target unix/-m64

		=== libatomic Summary for unix/-m64 ===

# of expected passes		54

		=== libatomic Summary ===

# of expected passes		98
# of unsupported tests		5
		=== libffi tests ===


Running target unix

		=== libffi Summary for unix ===

# of expected passes		1819
# of unsupported tests		55

Running target unix/-m64

		=== libffi Summary for unix/-m64 ===

# of expected passes		1819
# of unsupported tests		55

		=== libffi Summary ===

# of expected passes		3638
# of unsupported tests		110
		=== libgo tests ===


Running target unix
FAIL: runtime
FAIL: os/exec
FAIL: text/template
FAIL: testing/quick

		=== libgo Summary for unix ===

# of expected passes		118
# of unexpected failures	4

Running target unix/-m64

		=== libgo Summary for unix/-m64 ===

# of expected passes		122

		=== libgo Summary ===

# of expected passes		240
# of unexpected failures	4
/var/gcc/regression/trunk/11-gcc-gld/build/./gcc/gccgo version 4.10.0 20140425 (experimental) [trunk revision 209797] (GCC)

		=== libgomp tests ===


Running target unix

		=== libgomp Summary for unix ===

# of expected passes		2414
# of unsupported tests		3

Running target unix/-m64

		=== libgomp Summary for unix/-m64 ===

# of expected passes		2414
# of unsupported tests		3

		=== libgomp Summary ===

# of expected passes		4828
# of unsupported tests		6
		=== libitm tests ===


Running target unix

		=== libitm Summary for unix ===

# of expected passes		26
# of expected failures		3
# of unsupported tests		1

Running target unix/-m64

		=== libitm Summary for unix/-m64 ===

# of expected passes		26
# of expected failures		3
# of unsupported tests		1

		=== libitm Summary ===

# of expected passes		52
# of expected failures		6
# of unsupported tests		2
		=== libjava tests ===


Running target unix

		=== libjava Summary for unix ===

# of expected passes		2582
# of expected failures		4

Running target unix/-m64

		=== libjava Summary for unix/-m64 ===

# of expected passes		2582
# of expected failures		4

		=== libjava Summary ===

# of expected passes		5164
# of expected failures		8
		=== libstdc++ tests ===


Running target unix

		=== libstdc++ Summary for unix ===

# of expected passes		8963
# of expected failures		41
# of unsupported tests		602

Running target unix/-m64

		=== libstdc++ Summary for unix/-m64 ===

# of expected passes		8963
# of expected failures		41
# of unsupported tests		602

		=== libstdc++ Summary ===

# of expected passes		17926
# of expected failures		82
# of unsupported tests		1204

Compiler version: 4.10.0 20140425 (experimental) [trunk revision 209797] (GCC) 
Platform: sparc-sun-solaris2.11
configure flags: --prefix=/vol/gcc --target=sparc-sun-solaris2.11 --enable-objc-gc --enable-libmudflap --with-ld=/vol/gcc/bin/gld-2.24 --with-gnu-ld --with-gmp-include=/vol/gcc/include --with-gmp-lib=/vol/gcc/lib --with-mpfr-include=/vol/gcc/include --with-mpfr-lib=/vol/gcc/lib --with-mpc-include=/vol/gcc/include --with-mpc-lib=/vol/gcc/lib --enable-languages=all,ada,obj-c++,go --with-isl-include=/vol/gcc/include --with-isl-lib=/vol/gcc/lib --with-cloog-include=/vol/gcc/include --with-cloog-lib=/vol/gcc/lib --enable-cloog-backend=isl
BOOT_CFLAGS=-g -O2


Index Nav: [Date Index] [Subject Index] [Author Index] [Thread Index]
Message Nav: [Date Prev] [Date Next] [Thread Prev] [Thread Next]