This is the mail archive of the gcc-testresults@gcc.gnu.org mailing list for the GCC project.


Index Nav: [Date Index] [Subject Index] [Author Index] [Thread Index]
Message Nav: [Date Prev] [Date Next] [Thread Prev] [Thread Next]
Other format: [Raw text]

Results for 4.10.0 20140427 (experimental) [trunk revision 209835] (GCC) testsuite on x86_64-redhat-linux-gnu


LAST_UPDATED: Sun Apr 27 03:17:06 UTC 2014 (revision 209835)

		=== acats tests ===

		=== acats Summary ===
# of expected passes		2320
# of unexpected failures	0
Native configuration is x86_64-redhat-linux-gnu

		=== gcc tests ===


Running target unix
XPASS: gcc.dg/guality/example.c  -O0  execution test
XPASS: gcc.dg/guality/example.c  -O1  execution test
XPASS: gcc.dg/guality/example.c  -O2  execution test
XPASS: gcc.dg/guality/example.c  -O2 -flto -fno-use-linker-plugin -flto-partition=none  execution test
XPASS: gcc.dg/guality/guality.c  -O0  execution test
XPASS: gcc.dg/guality/guality.c  -O1  execution test
XPASS: gcc.dg/guality/guality.c  -O2  execution test
XPASS: gcc.dg/guality/guality.c  -O3 -fomit-frame-pointer  execution test
XPASS: gcc.dg/guality/guality.c  -O3 -g  execution test
XPASS: gcc.dg/guality/guality.c  -Os  execution test
XPASS: gcc.dg/guality/guality.c  -O2 -flto -fno-use-linker-plugin -flto-partition=none  execution test
XPASS: gcc.dg/guality/guality.c  -O2 -flto -fuse-linker-plugin -fno-fat-lto-objects  execution test
XPASS: gcc.dg/guality/inline-params.c  -O2  execution test
XPASS: gcc.dg/guality/inline-params.c  -O3 -fomit-frame-pointer  execution test
XPASS: gcc.dg/guality/inline-params.c  -O3 -g  execution test
XPASS: gcc.dg/guality/inline-params.c  -Os  execution test
XPASS: gcc.dg/guality/inline-params.c  -O2 -flto -fno-use-linker-plugin -flto-partition=none  execution test
XPASS: gcc.dg/guality/pr41353-1.c  -O0  line 28 j == 28 + 37
XPASS: gcc.dg/guality/pr41447-1.c  -O0  execution test
XPASS: gcc.dg/guality/pr41447-1.c  -O1  execution test
XPASS: gcc.dg/guality/pr41447-1.c  -O2  execution test
XPASS: gcc.dg/guality/pr41447-1.c  -O3 -fomit-frame-pointer  execution test
XPASS: gcc.dg/guality/pr41447-1.c  -O3 -g  execution test
XPASS: gcc.dg/guality/pr41447-1.c  -Os  execution test
XPASS: gcc.dg/guality/pr41447-1.c  -O2 -flto -fno-use-linker-plugin -flto-partition=none  execution test
XPASS: gcc.dg/guality/pr41447-1.c  -O2 -flto -fuse-linker-plugin -fno-fat-lto-objects  execution test
XPASS: gcc.dg/guality/pr41616-1.c  -O0  execution test
XPASS: gcc.dg/guality/pr41616-1.c  -O1  execution test
XPASS: gcc.dg/guality/pr41616-1.c  -O2  execution test
XPASS: gcc.dg/guality/pr41616-1.c  -O3 -fomit-frame-pointer  execution test
XPASS: gcc.dg/guality/pr41616-1.c  -O3 -g  execution test
XPASS: gcc.dg/guality/pr41616-1.c  -Os  execution test
XPASS: gcc.dg/guality/pr41616-1.c  -O2 -flto -fno-use-linker-plugin -flto-partition=none  execution test
FAIL: gcc.dg/guality/pr43479.c  -O1  line 13 h == 9
FAIL: gcc.dg/guality/pr43479.c  -O1  line 18 h == 9
FAIL: gcc.dg/guality/pr43479.c  -O2  line 13 h == 9
FAIL: gcc.dg/guality/pr43479.c  -O2  line 18 h == 9
FAIL: gcc.dg/guality/pr43479.c  -O3 -fomit-frame-pointer  line 13 h == 9
FAIL: gcc.dg/guality/pr43479.c  -O3 -fomit-frame-pointer  line 18 h == 9
FAIL: gcc.dg/guality/pr43479.c  -O3 -g  line 13 h == 9
FAIL: gcc.dg/guality/pr43479.c  -O3 -g  line 18 h == 9
FAIL: gcc.dg/guality/pr43479.c  -Os  line 13 h == 9
FAIL: gcc.dg/guality/pr43479.c  -Os  line 18 h == 9
FAIL: gcc.dg/guality/pr43479.c  -O2 -flto -fno-use-linker-plugin -flto-partition=none  line 13 h == 9
FAIL: gcc.dg/guality/pr43479.c  -O2 -flto -fno-use-linker-plugin -flto-partition=none  line 18 h == 9
FAIL: gcc.dg/guality/pr43479.c  -O2 -flto -fuse-linker-plugin -fno-fat-lto-objects  line 13 h == 9
FAIL: gcc.dg/guality/pr43479.c  -O2 -flto -fuse-linker-plugin -fno-fat-lto-objects  line 18 h == 9
FAIL: gcc.dg/guality/pr48437.c  -O2 -flto -fno-use-linker-plugin -flto-partition=none  line 14 i == 0
FAIL: gcc.dg/guality/pr48437.c  -O2 -flto -fuse-linker-plugin -fno-fat-lto-objects  line 14 i == 0
FAIL: gcc.dg/guality/pr54200.c  -Os  line 20 z == 3
FAIL: gcc.dg/guality/pr54519-1.c  -O2 -flto -fno-use-linker-plugin -flto-partition=none  line 20 y == 25
FAIL: gcc.dg/guality/pr54519-1.c  -O2 -flto -fno-use-linker-plugin -flto-partition=none  line 20 z == 6
FAIL: gcc.dg/guality/pr54519-1.c  -O2 -flto -fno-use-linker-plugin -flto-partition=none  line 23 y == 117
FAIL: gcc.dg/guality/pr54519-1.c  -O2 -flto -fno-use-linker-plugin -flto-partition=none  line 23 z == 8
FAIL: gcc.dg/guality/pr54519-2.c  -O2 -flto -fno-use-linker-plugin -flto-partition=none  line 17 y == 25
FAIL: gcc.dg/guality/pr54519-2.c  -O2 -flto -fuse-linker-plugin -fno-fat-lto-objects  line 17 y == 25
FAIL: gcc.dg/guality/pr54519-3.c  -O2 -flto -fno-use-linker-plugin -flto-partition=none  line 20 y == 25
FAIL: gcc.dg/guality/pr54519-3.c  -O2 -flto -fno-use-linker-plugin -flto-partition=none  line 20 z == 6
FAIL: gcc.dg/guality/pr54519-3.c  -O2 -flto -fno-use-linker-plugin -flto-partition=none  line 23 y == 117
FAIL: gcc.dg/guality/pr54519-3.c  -O2 -flto -fno-use-linker-plugin -flto-partition=none  line 23 z == 8
FAIL: gcc.dg/guality/pr54519-3.c  -O2 -flto -fuse-linker-plugin -fno-fat-lto-objects  line 20 y == 25
FAIL: gcc.dg/guality/pr54519-3.c  -O2 -flto -fuse-linker-plugin -fno-fat-lto-objects  line 20 z == 6
FAIL: gcc.dg/guality/pr54519-3.c  -O2 -flto -fuse-linker-plugin -fno-fat-lto-objects  line 23 y == 117
FAIL: gcc.dg/guality/pr54519-3.c  -O2 -flto -fuse-linker-plugin -fno-fat-lto-objects  line 23 z == 8
FAIL: gcc.dg/guality/pr54519-4.c  -O2 -flto -fno-use-linker-plugin -flto-partition=none  line 17 y == 25
FAIL: gcc.dg/guality/pr54519-4.c  -O2 -flto -fuse-linker-plugin -fno-fat-lto-objects  line 17 y == 25
FAIL: gcc.dg/guality/pr54519-5.c  -O2 -flto -fno-use-linker-plugin -flto-partition=none  line 17 y == 25
FAIL: gcc.dg/guality/pr54519-5.c  -O2 -flto -fuse-linker-plugin -fno-fat-lto-objects  line 17 y == 25
FAIL: gcc.dg/guality/pr54693-2.c  -O3 -fomit-frame-pointer -funroll-loops  line 21 i == v + 1
FAIL: gcc.dg/guality/pr54693-2.c  -O3 -fomit-frame-pointer -funroll-all-loops -finline-functions  line 21 i == v + 1
FAIL: gcc.dg/guality/pr54693-2.c  -Os  line 21 x == 10 - i
FAIL: gcc.dg/guality/pr54693-2.c  -Os  line 21 y == 20 - 2 * i
FAIL: gcc.dg/guality/sra-1.c  -O2  line 43 a.j == 14
FAIL: gcc.dg/guality/sra-1.c  -O3 -fomit-frame-pointer  line 43 a.j == 14
FAIL: gcc.dg/guality/sra-1.c  -O3 -g  line 43 a.j == 14
FAIL: gcc.dg/guality/sra-1.c  -Os  line 43 a.j == 14
FAIL: gcc.dg/guality/sra-1.c  -O2 -flto -fno-use-linker-plugin -flto-partition=none  line 43 a.j == 14
FAIL: gcc.dg/guality/sra-1.c  -O2 -flto -fuse-linker-plugin -fno-fat-lto-objects  line 43 a.j == 14

		=== gcc Summary ===

# of expected passes		107988
# of unexpected failures	45
# of unexpected successes	33
# of expected failures		261
# of unsupported tests		1830
/usr/local/src/gcc/trunk/objdir/gcc/xgcc  version 4.10.0 20140427 (experimental) [trunk revision 209835] (GCC) 

		=== gfortran tests ===


Running target unix

		=== gfortran Summary ===

# of expected passes		45554
# of expected failures		38
# of unsupported tests		63
/usr/local/src/gcc/trunk/objdir/gcc/testsuite/gfortran/../../gfortran  version 4.10.0 20140427 (experimental) [trunk revision 209835] (GCC) 

		=== g++ tests ===


Running target unix
FAIL: g++.dg/guality/pr55665.C  -O2  line 23 p == 40
FAIL: g++.dg/guality/pr55665.C  -O3 -fomit-frame-pointer  line 23 p == 40
FAIL: g++.dg/guality/pr55665.C  -O3 -g  line 23 p == 40

		=== g++ Summary ===

# of expected passes		87856
# of unexpected failures	3
# of expected failures		445
# of unsupported tests		3004
/usr/local/src/gcc/trunk/objdir/gcc/testsuite/g++/../../xg++  version 4.10.0 20140427 (experimental) [trunk revision 209835] (GCC) 

		=== gnat tests ===


Running target unix

		=== gnat Summary ===

# of expected passes		1235
# of expected failures		18
# of unsupported tests		3
/usr/local/src/gcc/trunk/objdir/gcc/gnatmake version 4.10.0 20140427 (experimental) [trunk revision 209835]

		=== go tests ===


Running target unix

		=== go Summary ===

# of expected passes		7258
# of expected failures		1
# of untested testcases		6
# of unsupported tests		1
/usr/local/src/gcc/trunk/objdir/gcc/testsuite/go/../../gccgo  version 4.10.0 20140427 (experimental) [trunk revision 209835] (GCC) 

		=== obj-c++ tests ===


Running target unix

		=== obj-c++ Summary ===

# of expected passes		1441
# of expected failures		10
# of unsupported tests		86
/usr/local/src/gcc/trunk/objdir/gcc/testsuite/obj-c++/../../xg++  version 4.10.0 20140427 (experimental) [trunk revision 209835] (GCC) 

		=== objc tests ===


Running target unix

		=== objc Summary ===

# of expected passes		2988
# of expected failures		6
# of unsupported tests		74
/usr/local/src/gcc/trunk/objdir/gcc/xgcc  version 4.10.0 20140427 (experimental) [trunk revision 209835] (GCC) 

		=== boehm-gc tests ===


Running target unix

		=== boehm-gc Summary ===

# of expected passes		12
# of unsupported tests		1
		=== libatomic tests ===


Running target unix

		=== libatomic Summary ===

# of expected passes		54
		=== libffi tests ===


Running target unix

		=== libffi Summary ===

# of expected passes		1819
# of unsupported tests		55
		=== libgo tests ===


Running target unix

		=== libgo Summary for unix ===

# of expected passes		122

Running target unix/-m32

		=== libgo Summary for unix/-m32 ===

# of expected passes		122

		=== libgo Summary ===

# of expected passes		244
/usr/local/src/gcc/trunk/objdir/./gcc/gccgo version 4.10.0 20140427 (experimental) [trunk revision 209835] (GCC)

		=== libgomp tests ===


Running target unix

		=== libgomp Summary ===

# of expected passes		2371
		=== libitm tests ===


Running target unix

		=== libitm Summary ===

# of expected passes		26
# of expected failures		3
# of unsupported tests		1
		=== libjava tests ===


Running target unix

		=== libjava Summary ===

# of expected passes		2582
# of expected failures		4
		=== libstdc++ tests ===


Running target unix

		=== libstdc++ Summary ===

# of expected passes		10007
# of expected failures		41
# of unsupported tests		224

Compiler version: 4.10.0 20140427 (experimental) [trunk revision 209835] (GCC) 
Platform: x86_64-redhat-linux-gnu
configure flags: --enable-shared --enable-threads=posix --enable-checking=release --with-system-zlib --enable-__cxa_atexit --disable-libunwind-exceptions --enable-gnu-unique-object --enable-linker-build-id --with-linker-hash-style=gnu --enable-languages=c,c++,objc,obj-c++,java,fortran,ada,go,lto --enable-plugin --enable-initfini-array --disable-dssi --disable-libjava-multilib --with-cloog --with-tune=generic --with-arch_32=i686 --build=x86_64-redhat-linux
Counting all warnings,
there are 688 warnings in stage0 of this bootstrap.

Number of warnings per file:
    138 gcc/ada/gnat_rm.texi
     90 libgomp/libgomp.texi
     28 terminals.c
     24 libbid/bid128_div.c
     20 socket.c
     20 raise-gcc.c
     18 libbid/bid64_div.c
     14 gcc/ada/sem_prag.adb
     12 g-expect.adb
     12 gcc/ada/sem_util.adb
     12 gcc/ada/sem_ch9.adb
     12 gcc/ada/exp_ch7.adb
     10 gcc/ada/exp_disp.adb
      8 s-rannum.adb
      8 g-socket.adb
      8 gcc/ada/sem_eval.adb
      8 gcc/ada/put_spark_xrefs.adb
      8 gcc/ada/prj-env.adb
      8 gcc/ada/exp_dist.adb
      8 gcc/ada/exp_ch3.adb
      8 gcc/ada/adaint.h
      8 expect.c
      6 include/fdl.texi
      6 gcc/ada/sem_res.adb
      6 gcc/ada/sem_ch6.adb
      6 gcc/ada/sem_ch5.adb
      6 gcc/ada/sem_ch4.adb
      6 gcc/ada/sem_ch13.adb
      6 gcc/ada/exp_ch9.adb
      6 gcc/ada/exp_ch5.adb
      6 gcc/ada/checks.adb
      4 sysdep.c
      4 s-stposu.adb
      4 libssp/gets-chk.c
      4 libgfortran/generated/unpack_r8.c
      4 libgfortran/generated/unpack_r4.c
      4 libgfortran/generated/unpack_r16.c
      4 libgfortran/generated/unpack_r10.c
      4 libgfortran/generated/unpack_i8.c
      4 libgfortran/generated/unpack_i4.c
      4 libgfortran/generated/unpack_i2.c
      4 libgfortran/generated/unpack_i1.c
      4 libgfortran/generated/unpack_c8.c
      4 libgfortran/generated/unpack_c4.c
      4 libgfortran/generated/unpack_c16.c
      4 libgfortran/generated/unpack_c10.c
      4 g-comlin.adb
      4 gcc/ada/sem_disp.adb
      4 gcc/ada/sem_ch12.adb
      4 gcc/ada/par-ch9.adb
      4 gcc/ada/gnatbind.adb
      4 gcc/ada/exp_prag.adb
      4 gcc/ada/exp_ch6.adb
      4 gcc/ada/exp_attr.adb
      4 cal.c
      3 libtool
      3 gcc/ada/vms_conv.adb
      3 gcc/ada/gnat-style.texi
      3 gcc/ada/gnatlink.adb
      3 doc/gnat_ugn.texi
      2 libsanitizer/ubsan/ubsan_diag.h
      2 libgfortran/intrinsics/pack_generic.c
      2 libgfortran/generated/unpack_i16.c
      2 gcc/ada/xr_tabls.adb
      2 gcc/ada/xref_lib.adb
      2 gcc/ada/sem_intr.adb
      2 gcc/ada/sem_ch8.adb
      2 gcc/ada/sem_ch3.adb
      2 gcc/ada/sem_case.adb
      2 gcc/ada/sem_attr.adb
      2 gcc/ada/par-ch3.adb
      2 gcc/ada/make.adb
      2 gcc/ada/exp_dbug.adb
      2 gcc/ada/exp_ch4.adb
      2 gcc/ada/atree.adb
      2 gcc/ada/a-except.adb
      2 checking whether build environment is sane... /usr/local/src/gcc/trunk/gcc/libgomp/libgomp.texi
      1 gcc/boehm-gc/os_dep.c
      1 gcc/ada/gnatcmd.adb
      1 gcc/ada/gnatchop.adb
      1 checking whether  /usr/local/src/gcc/trunk/objdir/./gcc/xgcc -shared-libgcc -B/usr/local/src/gcc/trunk/objdir/./gcc -nostdinc++ -L/usr/local/src/gcc/trunk/objdir/x86_64-redhat-linux/libstdc++-v3/src -L/usr/local/src/gcc/trunk/objdir/x86_64-redhat-linux/libstdc++-v3/src/.libs -L/usr/local/src/gcc/trunk/objdir/x86_64-redhat-linux/libstdc++-v3/libsupc++/.libs -B/usr/local/x86_64-redhat-linux/bin/ -B/usr/local/x86_64-redhat-linux/lib/ -isystem /usr/local/x86_64-redhat-linux/include -isystem /usr/local/x86_64-redhat-linux/sys-include    accepts -g... /usr/local/src/gcc/trunk/gcc/libgomp/libgomp.texi
      1 checking for log10f... /usr/local/src/gcc/trunk/gcc/libgomp/libgomp.texi
      1 checking for isnanl declaration... /usr/local/src/gcc/trunk/gcc/libgomp/libgomp.texi
      1 checking for floorf... /usr/local/src/gcc/trunk/gcc/libgomp/libgomp.texi

Number of warning types:
    288 \`???' may be used uninitialized in this function [-Wmaybe-uninitialized]
     57 node prev \`???' in menu \`???' and in sectioning \`???' differ
     57 node next \`???' in menu \`???' and in sectioning \`???' differ
     54 variable \`???' set but not used [-Wunused-but-set-variable]
     42 node \`???' is prev for \`???' in menu but not in sectioning
     42 node \`???' is next for \`???' in menu but not in sectioning
     36 unused parameter \`???' [-Wunused-parameter]
     20 implicit declaration of function \`???' [-Wimplicit-function-declaration]
     12 unused variable \`???' [-Wunused-variable]
     12 node \`???' is prev for \`???' in sectioning but not in menu
     12 node \`???' is next for \`???' in sectioning but not in menu
     12 multiple @menu
     12 \`???' is used uninitialized in this function [-Wuninitialized]
      6 @itemize has text but no @item
      4 its scope is only this definition or declaration, which is probably not what you want
      4 \`???' is deprecated (declared at /usr/include/stdio.h:638) [-Wdeprecated-declarations]
      4 \`???' declared inside parameter list
      4 argument to \`???' in \`???' call is the same expression as the destination; did you mean to remove the addressof? [-Wsizeof-pointer-memaccess]
      3 remember to run \`???'
      3 node \`???' is up for \`???' in menu but not in sectioning
      3 @item missing argument
      1 assignment from incompatible pointer type


Index Nav: [Date Index] [Subject Index] [Author Index] [Thread Index]
Message Nav: [Date Prev] [Date Next] [Thread Prev] [Thread Next]