This is the mail archive of the gcc-testresults@gcc.gnu.org mailing list for the GCC project.


Index Nav: [Date Index] [Subject Index] [Author Index] [Thread Index]
Message Nav: [Date Prev] [Date Next] [Thread Prev] [Thread Next]
Other format: [Raw text]

Results for 4.10.0 20140425 (experimental) [trunk revision 209797] (GCC) testsuite on i386-pc-solaris2.10


LAST_UPDATED: Fri Apr 25 11:19:18 UTC 2014 (revision 209797)

		=== acats tests ===

		=== acats Summary ===
# of expected passes		2320
# of unexpected failures	0
Native configuration is i386-pc-solaris2.10

		=== g++ tests ===


Running target unix
FAIL: g++.dg/cilk-plus/CK/catch_exc.cc  -O1 -fcilkplus execution test
FAIL: g++.dg/cilk-plus/CK/catch_exc.cc  -O3 -fcilkplus execution test
FAIL: g++.dg/cilk-plus/CK/catch_exc.cc  -g -fcilkplus execution test
FAIL: g++.dg/cilk-plus/CK/catch_exc.cc  -g -O2 -fcilkplus execution test
FAIL: g++.dg/init/cleanup3.C -std=c++98  scan-assembler-not _tcf
FAIL: g++.dg/init/cleanup3.C -std=c++11  scan-assembler-not _tcf
FAIL: g++.dg/init/cleanup3.C -std=c++1y  scan-assembler-not _tcf
FAIL: g++.dg/lto/20100302 cp_lto_20100302_0.o-cp_lto_20100302_1.o link, -flto -fabi-version=2
UNRESOLVED: g++.dg/lto/20100302 cp_lto_20100302_0.o-cp_lto_20100302_1.o execute -flto -fabi-version=2
FAIL: g++.dg/tls/thread_local-order1.C -std=c++11 execution test
FAIL: g++.dg/tls/thread_local-order1.C -std=c++1y execution test
FAIL: g++.dg/tls/thread_local3g.C -std=gnu++11 execution test
FAIL: g++.dg/tls/thread_local3g.C -std=gnu++1y execution test
FAIL: g++.dg/tls/thread_local4g.C -std=gnu++11 execution test
FAIL: g++.dg/tls/thread_local4g.C -std=gnu++1y execution test
FAIL: g++.dg/tls/thread_local5g.C -std=gnu++11 execution test
FAIL: g++.dg/tls/thread_local5g.C -std=gnu++1y execution test
FAIL: g++.dg/tls/thread_local6g.C -std=c++11 execution test
FAIL: g++.dg/tls/thread_local6g.C -std=c++1y execution test
FAIL: g++.old-deja/g++.other/init5.C -std=c++98 execution test
FAIL: g++.old-deja/g++.other/init5.C -std=c++11 execution test
FAIL: g++.old-deja/g++.other/init5.C -std=c++1y execution test

		=== g++ Summary for unix ===

# of expected passes		81933
# of unexpected failures	21
# of expected failures		445
# of unresolved testcases	1
# of unsupported tests		2771

Running target unix/-m64
FAIL: g++.dg/init/cleanup3.C -std=c++98  scan-assembler-not _tcf
FAIL: g++.dg/init/cleanup3.C -std=c++11  scan-assembler-not _tcf
FAIL: g++.dg/init/cleanup3.C -std=c++1y  scan-assembler-not _tcf
FAIL: g++.dg/lto/20100302 cp_lto_20100302_0.o-cp_lto_20100302_1.o link, -flto -fabi-version=2
UNRESOLVED: g++.dg/lto/20100302 cp_lto_20100302_0.o-cp_lto_20100302_1.o execute -flto -fabi-version=2
FAIL: g++.dg/tls/thread_local-order1.C -std=c++11 execution test
FAIL: g++.dg/tls/thread_local-order1.C -std=c++1y execution test
FAIL: g++.dg/tls/thread_local3g.C -std=gnu++11 execution test
FAIL: g++.dg/tls/thread_local3g.C -std=gnu++1y execution test
FAIL: g++.dg/tls/thread_local4g.C -std=gnu++11 execution test
FAIL: g++.dg/tls/thread_local4g.C -std=gnu++1y execution test
FAIL: g++.dg/tls/thread_local5g.C -std=gnu++11 execution test
FAIL: g++.dg/tls/thread_local5g.C -std=gnu++1y execution test
FAIL: g++.dg/tls/thread_local6g.C -std=c++11 execution test
FAIL: g++.dg/tls/thread_local6g.C -std=c++1y execution test
FAIL: g++.old-deja/g++.other/init5.C -std=c++98 execution test
FAIL: g++.old-deja/g++.other/init5.C -std=c++11 execution test
FAIL: g++.old-deja/g++.other/init5.C -std=c++1y execution test

		=== g++ Summary for unix/-m64 ===

# of expected passes		83242
# of unexpected failures	17
# of expected failures		445
# of unresolved testcases	1
# of unsupported tests		3050

		=== g++ Summary ===

# of expected passes		165175
# of unexpected failures	38
# of expected failures		890
# of unresolved testcases	2
# of unsupported tests		5821
/var/gcc/regression/trunk/10-gcc-gld/build/gcc/testsuite/g++/../../xg++  version 4.10.0 20140425 (experimental) [trunk revision 209797] (GCC) 

		=== gcc tests ===


Running target unix
FAIL: gcc.dg/pr18079-2.c  (test for warnings, line 6)
FAIL: gcc.dg/pr18079-2.c  (test for warnings, line 9)
FAIL: gcc.dg/pr18079-2.c  (test for warnings, line 13)
FAIL: gcc.dg/pr18079-2.c  (test for warnings, line 16)
FAIL: gcc.dg/pr18079-2.c (test for excess errors)

		=== gcc Summary for unix ===

# of expected passes		100726
# of unexpected failures	5
# of expected failures		247
# of unsupported tests		1666

Running target unix/-m64
FAIL: gcc.dg/pr18079-2.c  (test for warnings, line 6)
FAIL: gcc.dg/pr18079-2.c  (test for warnings, line 9)
FAIL: gcc.dg/pr18079-2.c  (test for warnings, line 13)
FAIL: gcc.dg/pr18079-2.c  (test for warnings, line 16)
FAIL: gcc.dg/pr18079-2.c (test for excess errors)
FAIL: gcc.misc-tests/linkage.c link
FAIL: gcc.target/i386/pr58218.c (test for excess errors)

		=== gcc Summary for unix/-m64 ===

# of expected passes		101230
# of unexpected failures	7
# of expected failures		250
# of unsupported tests		1937

		=== gcc Summary ===

# of expected passes		201956
# of unexpected failures	12
# of expected failures		497
# of unsupported tests		3603
/var/gcc/regression/trunk/10-gcc-gld/build/gcc/xgcc  version 4.10.0 20140425 (experimental) [trunk revision 209797] (GCC) 

		=== gfortran tests ===


Running target unix

		=== gfortran Summary for unix ===

# of expected passes		45317
# of expected failures		52
# of unsupported tests		230

Running target unix/-m64

		=== gfortran Summary for unix/-m64 ===

# of expected passes		45620
# of expected failures		52
# of unsupported tests		84

		=== gfortran Summary ===

# of expected passes		90937
# of expected failures		104
# of unsupported tests		314
/var/gcc/regression/trunk/10-gcc-gld/build/gcc/testsuite/gfortran/../../gfortran  version 4.10.0 20140425 (experimental) [trunk revision 209797] (GCC) 

		=== gnat tests ===


Running target unix

		=== gnat Summary for unix ===

# of expected passes		1230
# of expected failures		18
# of unsupported tests		6

Running target unix/-m64

		=== gnat Summary for unix/-m64 ===

# of expected passes		1230
# of expected failures		18
# of unsupported tests		6

		=== gnat Summary ===

# of expected passes		2460
# of expected failures		36
# of unsupported tests		12
/var/gcc/regression/trunk/10-gcc-gld/build/gcc/gnatmake version 4.10.0 20140425 (experimental) [trunk revision 209797]

		=== go tests ===


Running target unix

		=== go Summary for unix ===

# of expected passes		7371
# of expected failures		1
# of untested testcases		9
# of unsupported tests		2

Running target unix/-m64
FAIL: go.test/test/fixedbugs/issue4348.go  -O  (test for excess errors)
FAIL: go.test/test/fixedbugs/issue6036.go  -O  (internal compiler error)
FAIL: go.test/test/fixedbugs/issue6036.go  -O  (test for excess errors)

		=== go Summary for unix/-m64 ===

# of expected passes		7250
# of unexpected failures	3
# of expected failures		1
# of untested testcases		9
# of unsupported tests		1

		=== go Summary ===

# of expected passes		14621
# of unexpected failures	3
# of expected failures		2
# of untested testcases		18
# of unsupported tests		3
/var/gcc/regression/trunk/10-gcc-gld/build/gcc/testsuite/go/../../gccgo  version 4.10.0 20140425 (experimental) [trunk revision 209797] (GCC) 

		=== obj-c++ tests ===


Running target unix

		=== obj-c++ Summary for unix ===

# of expected passes		1449
# of expected failures		2
# of unsupported tests		86

Running target unix/-m64

		=== obj-c++ Summary for unix/-m64 ===

# of expected passes		1441
# of expected failures		10
# of unsupported tests		86

		=== obj-c++ Summary ===

# of expected passes		2890
# of expected failures		12
# of unsupported tests		172
/var/gcc/regression/trunk/10-gcc-gld/build/gcc/testsuite/obj-c++/../../xg++  version 4.10.0 20140425 (experimental) [trunk revision 209797] (GCC) 

		=== objc tests ===


Running target unix

		=== objc Summary for unix ===

# of expected passes		2988
# of expected failures		6
# of unsupported tests		74

Running target unix/-m64

		=== objc Summary for unix/-m64 ===

# of expected passes		2988
# of expected failures		6
# of unsupported tests		74

		=== objc Summary ===

# of expected passes		5976
# of expected failures		12
# of unsupported tests		148
/var/gcc/regression/trunk/10-gcc-gld/build/gcc/xgcc  version 4.10.0 20140425 (experimental) [trunk revision 209797] (GCC) 

		=== boehm-gc tests ===


Running target unix

		=== boehm-gc Summary for unix ===

# of expected passes		12
# of unsupported tests		1

Running target unix/-m64

		=== boehm-gc Summary for unix/-m64 ===

# of expected passes		12
# of unsupported tests		1

		=== boehm-gc Summary ===

# of expected passes		24
# of unsupported tests		2
		=== libatomic tests ===


Running target unix

		=== libatomic Summary for unix ===

# of expected passes		44
# of unsupported tests		5

Running target unix/-m64

		=== libatomic Summary for unix/-m64 ===

# of expected passes		54

		=== libatomic Summary ===

# of expected passes		98
# of unsupported tests		5
		=== libffi tests ===


Running target unix

		=== libffi Summary for unix ===

# of expected passes		1819
# of unsupported tests		55

Running target unix/-m64

		=== libffi Summary for unix/-m64 ===

# of expected passes		1819
# of unsupported tests		55

		=== libffi Summary ===

# of expected passes		3638
# of unsupported tests		110
		=== libgo tests ===


Running target unix
FAIL: runtime
FAIL: net/http
FAIL: sync/atomic

		=== libgo Summary for unix ===

# of expected passes		119
# of unexpected failures	3

Running target unix/-m64

		=== libgo Summary for unix/-m64 ===

# of expected passes		122

		=== libgo Summary ===

# of expected passes		241
# of unexpected failures	3
/var/gcc/regression/trunk/10-gcc-gld/build/./gcc/gccgo version 4.10.0 20140425 (experimental) [trunk revision 209797] (GCC)

		=== libgomp tests ===


Running target unix

		=== libgomp Summary for unix ===

# of expected passes		2414
# of unsupported tests		3

Running target unix/-m64

		=== libgomp Summary for unix/-m64 ===

# of expected passes		2414
# of unsupported tests		3

		=== libgomp Summary ===

# of expected passes		4828
# of unsupported tests		6
		=== libitm tests ===


Running target unix

		=== libitm Summary for unix ===

# of expected passes		26
# of expected failures		3
# of unsupported tests		1

Running target unix/-m64

		=== libitm Summary for unix/-m64 ===

# of expected passes		26
# of expected failures		3
# of unsupported tests		1

		=== libitm Summary ===

# of expected passes		52
# of expected failures		6
# of unsupported tests		2
		=== libjava tests ===


Running target unix

		=== libjava Summary for unix ===

# of expected passes		2582
# of expected failures		4

Running target unix/-m64

		=== libjava Summary for unix/-m64 ===

# of expected passes		2582
# of expected failures		4

		=== libjava Summary ===

# of expected passes		5164
# of expected failures		8
		=== libstdc++ tests ===


Running target unix
FAIL: ext/random/hypergeometric_distribution/operators/values.cc execution test

		=== libstdc++ Summary for unix ===

# of expected passes		8992
# of unexpected failures	1
# of expected failures		42
# of unsupported tests		587

Running target unix/-m64
FAIL: ext/random/hypergeometric_distribution/operators/values.cc execution test

		=== libstdc++ Summary for unix/-m64 ===

# of expected passes		8992
# of unexpected failures	1
# of expected failures		42
# of unsupported tests		587

		=== libstdc++ Summary ===

# of expected passes		17984
# of unexpected failures	2
# of expected failures		84
# of unsupported tests		1174

Compiler version: 4.10.0 20140425 (experimental) [trunk revision 209797] (GCC) 
Platform: i386-pc-solaris2.10
configure flags: --prefix=/vol/gcc --target=i386-pc-solaris2.10 --enable-objc-gc --with-ld=/vol/gcc/bin/gld-2.24 --with-gnu-ld --with-gmp-include=/vol/gcc/include --with-gmp-lib=/vol/gcc/lib --with-mpfr-include=/vol/gcc/include --with-mpfr-lib=/vol/gcc/lib --with-mpc-include=/vol/gcc/include --with-mpc-lib=/vol/gcc/lib --enable-languages=all,ada,obj-c++,go --with-isl-include=/vol/gcc/include --with-isl-lib=/vol/gcc/lib --with-cloog-include=/vol/gcc/include --with-cloog-lib=/vol/gcc/lib --enable-cloog-backend=isl
BOOT_CFLAGS=-g -O2


Index Nav: [Date Index] [Subject Index] [Author Index] [Thread Index]
Message Nav: [Date Prev] [Date Next] [Thread Prev] [Thread Next]