This is the mail archive of the gcc-testresults@gcc.gnu.org mailing list for the GCC project.


Index Nav: [Date Index] [Subject Index] [Author Index] [Thread Index]
Message Nav: [Date Prev] [Date Next] [Thread Prev] [Thread Next]
Other format: [Raw text]

Results for 4.10.0 20140423 (experimental) [trunk revision 209707] (Debian 20140423-1) testsuite on s390x-ibm-linux-gnu


LAST_UPDATED: Wed Apr 23 15:53:53 UTC 2014 (revision 209707)

Target: s390x-linux-gnu
gcc version 4.10.0 20140423 (experimental) [trunk revision 209707] (Debian 20140423-1) 

		=== acats tests ===
FAIL:	c52103x
FAIL:	c52104x
FAIL:	cb1010a

		=== acats Summary ===
# of expected passes		2317
# of unexpected failures	3
Native configuration is s390x-ibm-linux-gnu

		=== g++ tests ===


Running target unix
FAIL: g++.dg/init/const9.C -std=c++98  scan-assembler-not rodata
FAIL: g++.dg/init/const9.C -std=c++11  scan-assembler-not rodata
FAIL: g++.dg/init/const9.C -std=c++1y  scan-assembler-not rodata
FAIL: g++.dg/init/const9.C -std=c++98  scan-assembler-not rodata
FAIL: g++.dg/init/const9.C -std=c++11  scan-assembler-not rodata
FAIL: g++.dg/init/const9.C -std=c++1y  scan-assembler-not rodata

		=== g++ Summary ===

# of expected passes		81791
# of unexpected failures	3
# of expected failures		445
# of unsupported tests		3059
/build/gcc-snapshot-oA3DCP/gcc-snapshot-20140423/build/gcc/testsuite/g++/../../xg++  version 4.10.0 20140423 (experimental) [trunk revision 209707] (Debian 20140423-1) 

		=== gcc tests ===


Running target unix
FAIL: gcc.dg/atomic/c11-atomic-exec-5.c  -O0  execution test
FAIL: gcc.dg/atomic/c11-atomic-exec-5.c  -O1  execution test
FAIL: gcc.dg/atomic/c11-atomic-exec-5.c  -O2  execution test
FAIL: gcc.dg/atomic/c11-atomic-exec-5.c  -O3 -fomit-frame-pointer  execution test
FAIL: gcc.dg/atomic/c11-atomic-exec-5.c  -O3 -fomit-frame-pointer -funroll-loops  execution test
FAIL: gcc.dg/atomic/c11-atomic-exec-5.c  -O3 -fomit-frame-pointer -funroll-all-loops -finline-functions  execution test
FAIL: gcc.dg/atomic/c11-atomic-exec-5.c  -O3 -g  execution test
FAIL: gcc.dg/atomic/c11-atomic-exec-5.c  -Os  execution test
FAIL: gcc.dg/atomic/c11-atomic-exec-5.c  -O2 -flto -fno-use-linker-plugin -flto-partition=none  execution test
FAIL: gcc.dg/atomic/c11-atomic-exec-5.c  -O2 -flto -fuse-linker-plugin -fno-fat-lto-objects  execution test
FAIL: gcc.dg/atomic/c11-atomic-exec-5.c  -O0  execution test
FAIL: gcc.dg/atomic/c11-atomic-exec-5.c  -O1  execution test
FAIL: gcc.dg/atomic/c11-atomic-exec-5.c  -O2  execution test
FAIL: gcc.dg/atomic/c11-atomic-exec-5.c  -O3 -fomit-frame-pointer  execution test
FAIL: gcc.dg/atomic/c11-atomic-exec-5.c  -O3 -fomit-frame-pointer -funroll-loops  execution test
FAIL: gcc.dg/atomic/c11-atomic-exec-5.c  -O3 -fomit-frame-pointer -funroll-all-loops -finline-functions  execution test
FAIL: gcc.dg/atomic/c11-atomic-exec-5.c  -O3 -g  execution test
FAIL: gcc.dg/atomic/c11-atomic-exec-5.c  -Os  execution test
FAIL: gcc.dg/atomic/c11-atomic-exec-5.c  -O2 -flto -fno-use-linker-plugin -flto-partition=none  execution test
FAIL: gcc.dg/atomic/c11-atomic-exec-5.c  -O2 -flto -fuse-linker-plugin -fno-fat-lto-objects  execution test
FAIL: gcc.dg/hoist-register-pressure-1.c scan-rtl-dump hoist "PRE/HOIST: end of bb .* copying expression"
FAIL: gcc.dg/hoist-register-pressure-1.c scan-rtl-dump hoist "PRE/HOIST: end of bb .* copying expression"
FAIL: gcc.dg/hoist-register-pressure-2.c scan-rtl-dump hoist "PRE/HOIST: end of bb .* copying expression"
FAIL: gcc.dg/hoist-register-pressure-2.c scan-rtl-dump hoist "PRE/HOIST: end of bb .* copying expression"
FAIL: gcc.dg/hoist-register-pressure-3.c scan-rtl-dump hoist "PRE/HOIST: end of bb .* copying expression"
FAIL: gcc.dg/hoist-register-pressure-3.c scan-rtl-dump hoist "PRE/HOIST: end of bb .* copying expression"
FAIL: gcc.dg/uninit-13.c unconditional (test for warnings, line 8)
FAIL: gcc.dg/uninit-13.c (test for excess errors)
FAIL: gcc.dg/uninit-13.c unconditional (test for warnings, line 8)
FAIL: gcc.dg/uninit-13.c (test for excess errors)
XPASS: gcc.dg/tree-ssa/20040204-1.c scan-tree-dump-times optimized "link_error" 0
XPASS: gcc.dg/tree-ssa/20040204-1.c scan-tree-dump-times optimized "link_error" 0

		=== gcc Summary ===

# of expected passes		86935
# of unexpected failures	15
# of unexpected successes	1
# of expected failures		110
# of unsupported tests		1286
/build/gcc-snapshot-oA3DCP/gcc-snapshot-20140423/build/gcc/xgcc  version 4.10.0 20140423 (experimental) [trunk revision 209707] (Debian 20140423-1) 

		=== gfortran tests ===


Running target unix
FAIL: gfortran.dg/bessel_6.f90  -O0  execution test
FAIL: gfortran.dg/bessel_6.f90  -O1  execution test
FAIL: gfortran.dg/bessel_6.f90  -O2  execution test
FAIL: gfortran.dg/bessel_6.f90  -O3 -fomit-frame-pointer  execution test
FAIL: gfortran.dg/bessel_6.f90  -O3 -fomit-frame-pointer -funroll-loops  execution test
FAIL: gfortran.dg/bessel_6.f90  -O3 -fomit-frame-pointer -funroll-all-loops -finline-functions  execution test
FAIL: gfortran.dg/bessel_6.f90  -O3 -g  execution test
FAIL: gfortran.dg/bessel_6.f90  -Os  execution test
FAIL: gfortran.dg/bessel_6.f90  -O0  execution test
FAIL: gfortran.dg/bessel_6.f90  -O1  execution test
FAIL: gfortran.dg/bessel_6.f90  -O2  execution test
FAIL: gfortran.dg/bessel_6.f90  -O3 -fomit-frame-pointer  execution test
FAIL: gfortran.dg/bessel_6.f90  -O3 -fomit-frame-pointer -funroll-loops  execution test
FAIL: gfortran.dg/bessel_6.f90  -O3 -fomit-frame-pointer -funroll-all-loops -finline-functions  execution test
FAIL: gfortran.dg/bessel_6.f90  -O3 -g  execution test
FAIL: gfortran.dg/bessel_6.f90  -Os  execution test

		=== gfortran Summary ===

# of expected passes		45007
# of unexpected failures	8
# of expected failures		52
# of unsupported tests		89
/build/gcc-snapshot-oA3DCP/gcc-snapshot-20140423/build/gcc/testsuite/gfortran/../../gfortran  version 4.10.0 20140423 (experimental) [trunk revision 209707] (Debian 20140423-1) 

		=== gnat tests ===


Running target unix
FAIL: gnat.dg/memtrap.adb scan-assembler __gnat_begin_handler|__gnat_raise_nodefer
FAIL: gnat.dg/null_pointer_deref1.adb execution test
FAIL: gnat.dg/null_pointer_deref3.adb execution test

		=== gnat Summary for unix ===

# of expected passes		1201
# of unexpected failures	3
# of expected failures		18
# of unsupported tests		16

Running target unix
FAIL: gnat.dg/memtrap.adb scan-assembler __gnat_begin_handler|__gnat_raise_nodefer
FAIL: gnat.dg/null_pointer_deref1.adb execution test
FAIL: gnat.dg/null_pointer_deref3.adb execution test

		=== gnat Summary for unix ===

# of expected passes		1201
# of unexpected failures	3
# of expected failures		18
# of unsupported tests		16

		=== gnat Summary ===

# of expected passes		2402
# of unexpected failures	6
# of expected failures		36
# of unsupported tests		32
/build/gcc-snapshot-oA3DCP/gcc-snapshot-20140423/build/gcc/gnatmake version 4.10.0 20140423 (experimental) [trunk revision 209707]

		=== go tests ===


Running target unix
UNRESOLVED: go.test/test/235.go compilation,  -O2 -g 
UNRESOLVED: go.test/test/235.go compilation,  -O2 -g 
UNRESOLVED: go.test/test/64bit.go -O (test for excess errors)
UNRESOLVED: go.test/test/64bit.go -O (test for excess errors)
UNRESOLVED: go.test/test/chan/doubleselect.go compilation,  -O2 -g 
UNRESOLVED: go.test/test/chan/doubleselect.go compilation,  -O2 -g 
FAIL: go.test/test/env.go execution,  -O2 -g 
FAIL: go.test/test/env.go execution,  -O2 -g 
UNRESOLVED: go.test/test/if.go compilation,  -O2 -g 
UNRESOLVED: go.test/test/if.go compilation,  -O2 -g 
FAIL: go.test/test/ken/cplx2.go execution,  -O2 -g 
FAIL: go.test/test/ken/cplx2.go execution,  -O2 -g 
FAIL: go.test/test/nilptr.go execution,  -O2 -g 
FAIL: go.test/test/nilptr.go execution,  -O2 -g 
UNRESOLVED: go.test/test/range.go compilation,  -O2 -g 
UNRESOLVED: go.test/test/range.go compilation,  -O2 -g 
FAIL: go.test/test/recover.go execution,  -O2 -g 
FAIL: go.test/test/recover.go execution,  -O2 -g 
ERROR: s390x-ibm-linux-gnu: unhandled architecture
ERROR: s390x-ibm-linux-gnu: unhandled architecture
ERROR: s390x-ibm-linux-gnu: unhandled architecture
ERROR: s390x-ibm-linux-gnu: unhandled architecture
ERROR: s390x-ibm-linux-gnu: unhandled architecture
ERROR: s390x-ibm-linux-gnu: unhandled architecture
ERROR: s390x-ibm-linux-gnu: unhandled architecture
ERROR: s390x-ibm-linux-gnu: unhandled architecture
ERROR: s390x-ibm-linux-gnu: unhandled architecture
ERROR: s390x-ibm-linux-gnu: unhandled architecture

		=== go Summary ===

# of expected passes		7244
# of unexpected failures	4
# of expected failures		1
# of untested testcases		9
# of unresolved testcases	5
/build/gcc-snapshot-oA3DCP/gcc-snapshot-20140423/build/gcc/testsuite/go/../../gccgo  version 4.10.0 20140423 (experimental) [trunk revision 209707] (Debian 20140423-1) 

		=== obj-c++ tests ===


Running target unix

		=== obj-c++ Summary for unix ===

# of expected passes		1441
# of expected failures		10
# of unsupported tests		86

Running target unix

		=== obj-c++ Summary for unix ===

# of expected passes		1441
# of expected failures		10
# of unsupported tests		86

		=== obj-c++ Summary ===

# of expected passes		2882
# of expected failures		20
# of unsupported tests		172
/build/gcc-snapshot-oA3DCP/gcc-snapshot-20140423/build/gcc/testsuite/obj-c++/../../xg++  version 4.10.0 20140423 (experimental) [trunk revision 209707] (Debian 20140423-1) 

		=== objc tests ===


Running target unix

		=== objc Summary ===

# of expected passes		2994
# of unsupported tests		74
/build/gcc-snapshot-oA3DCP/gcc-snapshot-20140423/build/gcc/xgcc  version 4.10.0 20140423 (experimental) [trunk revision 209707] (Debian 20140423-1) 

		=== boehm-gc tests ===


Running target unix

		=== boehm-gc Summary for unix ===

# of expected passes		12
# of unsupported tests		1

Running target unix

		=== boehm-gc Summary for unix ===

# of expected passes		12
# of unsupported tests		1

		=== boehm-gc Summary ===

# of expected passes		24
# of unsupported tests		2
		=== libatomic tests ===


Running target unix

		=== libatomic Summary for unix ===

# of expected passes		54

Running target unix

		=== libatomic Summary for unix ===

# of expected passes		54

		=== libatomic Summary ===

# of expected passes		108
		=== libffi tests ===


Running target unix

		=== libffi Summary for unix ===

# of expected passes		1819
# of unsupported tests		55

Running target unix

		=== libffi Summary for unix ===

# of expected passes		1819
# of unsupported tests		55

		=== libffi Summary ===

# of expected passes		3638
# of unsupported tests		110
		=== libgo tests ===


Running target unix
FAIL: fmt
FAIL: math
FAIL: html/template
FAIL: net/http
FAIL: runtime/pprof
FAIL: sync/atomic
FAIL: testing/quick

		=== libgo Summary for unix ===

# of expected passes		115
# of unexpected failures	7

Running target unix/-m31
FAIL: bufio
FAIL: bytes
FAIL: fmt
FAIL: math
FAIL: net
FAIL: reflect
FAIL: runtime
FAIL: sync
FAIL: time
FAIL: crypto/cipher
FAIL: encoding/gob
FAIL: encoding/json
FAIL: html/template
FAIL: math/big
FAIL: net/http
FAIL: net/rpc
FAIL: old/regexp
FAIL: old/template
FAIL: runtime/pprof
FAIL: sync/atomic
FAIL: text/template
FAIL: text/template/parse

		=== libgo Summary for unix/-m31 ===

# of expected passes		100
# of unexpected failures	22

		=== libgo Summary ===

# of expected passes		215
# of unexpected failures	29
/build/gcc-snapshot-oA3DCP/gcc-snapshot-20140423/build/./gcc/gccgo version 4.10.0 20140423 (experimental) [trunk revision 209707] (Debian 20140423-1)

		=== libgomp tests ===


Running target unix

		=== libgomp Summary for unix ===

# of expected passes		2410
# of unsupported tests		1

Running target unix

		=== libgomp Summary for unix ===

# of expected passes		2410
# of unsupported tests		1

		=== libgomp Summary ===

# of expected passes		4820
# of unsupported tests		2
		=== libjava tests ===


Running target unix

		=== libjava Summary for unix ===

# of expected passes		2582
# of expected failures		4

Running target unix

		=== libjava Summary for unix ===

# of expected passes		2582
# of expected failures		4

		=== libjava Summary ===

# of expected passes		5164
# of expected failures		8
		=== libstdc++ tests ===


Running target unix
FAIL: libstdc++-abi/abi_check
FAIL: libstdc++-abi/abi_check
FAIL: 22_locale/time_get/get_date/wchar_t/4.cc execution test
FAIL: 22_locale/time_get/get_date/wchar_t/4.cc execution test

		=== libstdc++ Summary ===

# of expected passes		9885
# of unexpected failures	2
# of expected failures		41
# of unsupported tests		239

Compiler version: 4.10.0 20140423 (experimental) [trunk revision 209707] (Debian 20140423-1) 
Platform: s390x-ibm-linux-gnu
configure flags: -v --with-pkgversion='Debian 20140423-1' --with-bugurl=file:///usr/share/doc/gcc-snapshot/README.Bugs --enable-languages=c,ada,c++,java,go,fortran,objc,obj-c++ --prefix=/usr/lib/gcc-snapshot --enable-shared --enable-linker-build-id --disable-nls --with-sysroot=/ --enable-clocale=gnu --enable-libstdcxx-debug --enable-libstdcxx-time=yes --enable-gnu-unique-object --disable-libmudflap --disable-libitm --disable-libsanitizer --disable-libquadmath --enable-plugin --with-system-zlib --disable-browser-plugin --enable-java-awt=gtk --enable-gtk-cairo --with-java-home=/usr/lib/jvm/java-1.5.0-gcj-4.1-snap-s390x/jre --enable-java-home --with-jvm-root-dir=/usr/lib/jvm/java-1.5.0-gcj-4.1-snap-s390x --with-jvm-jar-dir=/usr/lib/jvm-exports/java-1.5.0-gcj-4.1-snap-s390x --with-arch-directory=s390x --with-ecj-jar=/usr/share/java/eclipse-ecj.jar --enable-objc-gc --enable-multiarch --with-long-double-128 --enable-multilib --disable-werror --enable-checking=yes --build=s390x-linux-gnu --host=s390x-linux-gnu --target=s390x-linux-gnu
BOOT_CFLAGS=


Build Dependencies:
Desired=Unknown/Install/Remove/Purge/Hold
| Status=Not/Inst/Conf-files/Unpacked/halF-conf/Half-inst/trig-aWait/Trig-pend
|/ Err?=(none)/Reinst-required (Status,Err: uppercase=bad)
||/ Name                      Version            Architecture Description
+++-=========================-==================-============-===============================================================================
ii  binutils                  2.24.51.20140411-2 s390x        GNU assembler, linker and binary utilities
ii  g++-4.8                   4.8.2-20           s390x        GNU C++ compiler
ii  g++-4.8-multilib          4.8.2-20           s390x        GNU C++ compiler (multilib files)
ii  g++-multilib              4:4.8.2-3          s390x        GNU C++ compiler (multilib files)
ii  libc6:s390x               2.18-4             s390x        Embedded GNU C Library: Shared libraries
ii  libcloog-isl-dev:s390x    0.18.2-1           s390x        Chunky Loop Generator (development files)
ii  libgmp-dev:s390x          2:6.0.0+dfsg-2     s390x        Multiprecision arithmetic library developers tools
ii  libisl-dev:s390x          0.12.2-1           s390x        manipulating sets and relations of integer points bounded by linear constraints
ii  libmpc-dev:s390x          1.0.1-1            s390x        multiple precision complex floating-point library development package
ii  libmpfr-dev:s390x         3.1.2-1            s390x        multiple precision floating-point computation developers tools


gcc-sysroot:
  Allow building --with-sysroot=/

sys-auxv-header:
  Check for the sys/auxv.h header file.

libcilkrts-targets:
  Disable libcilkrts on KFreeBSD and the Hurd. See #734973.

go-use-gold:
  Pass -fuse-ld=gold to gccgo on targets supporting -fsplit-stack

arm-multilib-soft:
  ARM hard/soft float multilib support

arm-multilib-defaults:
  Set MULTILIB_DEFAULTS for ARM multilib builds

gcc-ice-hack:
  Retry the build on an ice, save the calling options and preprocessed
  source when the ice is reproducible.

gcc-ice-apport:
  Report an ICE to apport (if apport is available
  and the environment variable GCC_NOAPPORT is not set)

libjava-fixed-symlinks:
  Remove unneed '..' elements from symlinks in JAVA_HOME

libstdc++-arm-wno-abi:
  Temporary work around:
  On arm-linux-gnueabi run the libstdc++v3 testsuite with -Wno-abi

libffi-ro-eh_frame_sect:
  PR libffi/47248, force a read only eh frame section.

gcc-multiarch:
  - Remaining multiarch patches, not yet submitted upstream.
  - Add MULTIARCH_DIRNAME definitions for multilib configurations,
  which are used for the non-multilib builds.

libjava-nobiarch-check:
  For biarch builds, disable the testsuite for the non-default architecture
  for runtime libraries, which are not built by default (libjava).

config-ml:
  - Disable some biarch libraries for biarch builds.
  - Fix multilib builds on kernels which don't support all multilibs.

gcc-multilib-multiarch:
  Don't auto-detect multilib osdirnames.

mips-fix-loongson2f-nop:
  On mips, pass -mfix-loongson2f-nop to as, if -mno-fix-loongson2f-nop
  is not passed.

libgomp-kfreebsd-testsuite:
  Disable lock-2.c test on kfreebsd-*

go-testsuite:
  Skip Go testcase on AArch64 which hangs on the buildds.

libstdc++-link-pthread:
  Link libstdc++ tests requiring libpthread symbols with --no-as-needed.

fix-ffi_call_VFP-with-no-VFP-argument:
  armhf: Fix ffi_call_VFP with no VFP arguments.

Counting all warnings,
there are 0 warnings in stage3 of this bootstrap.

Number of warnings per file:

Number of warning types:


Index Nav: [Date Index] [Subject Index] [Author Index] [Thread Index]
Message Nav: [Date Prev] [Date Next] [Thread Prev] [Thread Next]