This is the mail archive of the gcc-testresults@gcc.gnu.org mailing list for the GCC project.


Index Nav: [Date Index] [Subject Index] [Author Index] [Thread Index]
Message Nav: [Date Prev] [Date Next] [Thread Prev] [Thread Next]
Other format: [Raw text]

Results for 4.10.0 20140417 (experimental) [trunk revision 209473] (GCC) testsuite on sparcv9-sun-solaris2.11


LAST_UPDATED: Thu Apr 17 12:10:19 UTC 2014 (revision 209473)

		=== acats tests ===

		=== acats Summary ===
# of expected passes		2320
# of unexpected failures	0
Native configuration is sparcv9-sun-solaris2.11

		=== g++ tests ===


Running target unix

		=== g++ Summary for unix ===

# of expected passes		80917
# of expected failures		448
# of unsupported tests		3188

Running target unix/-m32

		=== g++ Summary for unix/-m32 ===

# of expected passes		79055
# of expected failures		448
# of unsupported tests		3206

		=== g++ Summary ===

# of expected passes		159972
# of expected failures		896
# of unsupported tests		6394
/var/gcc/regression/trunk/11-gcc-64/build/gcc/testsuite/g++/../../xg++  version 4.10.0 20140417 (experimental) [trunk revision 209473] (GCC) 

		=== gcc tests ===


Running target unix
WARNING: program timed out.
FAIL: gcc.dg/c11-atomic-2.c (test for excess errors)
FAIL: gcc.dg/unroll_1.c  (test for warnings, line 14)
FAIL: gcc.dg/unroll_1.c  (test for warnings, line 24)

		=== gcc Summary for unix ===

# of expected passes		88121
# of unexpected failures	3
# of expected failures		303
# of unsupported tests		1779

Running target unix/-m32
WARNING: program timed out.
FAIL: gcc.dg/atomic/c11-atomic-exec-3.c  -O3 -fomit-frame-pointer -funroll-all-loops -finline-functions  (test for excess errors)
WARNING: gcc.dg/atomic/c11-atomic-exec-3.c  -O3 -fomit-frame-pointer -funroll-all-loops -finline-functions  compilation failed to produce executable
WARNING: program timed out.
FAIL: gcc.dg/atomic/c11-atomic-exec-3.c  -O3 -g  (test for excess errors)
WARNING: gcc.dg/atomic/c11-atomic-exec-3.c  -O3 -g  compilation failed to produce executable
WARNING: program timed out.
FAIL: gcc.dg/c11-atomic-2.c (test for excess errors)
FAIL: gcc.dg/unroll_1.c  (test for warnings, line 14)
FAIL: gcc.dg/unroll_1.c  (test for warnings, line 24)
FAIL: gcc.dg/simulate-thread/atomic-other-int.c  -O0 -g  thread simulation test
FAIL: gcc.dg/simulate-thread/atomic-other-int.c  -O2 -g  thread simulation test
FAIL: gcc.dg/simulate-thread/atomic-other-int.c  -O3 -g  thread simulation test
FAIL: gcc.dg/simulate-thread/speculative-store-4.c  -O0 -g  thread simulation test
FAIL: gcc.dg/simulate-thread/speculative-store-4.c  -O2 -g  thread simulation test
FAIL: gcc.dg/simulate-thread/speculative-store-4.c  -O3 -g  thread simulation test
FAIL: gcc.dg/simulate-thread/speculative-store.c  -O0 -g  thread simulation test

		=== gcc Summary for unix/-m32 ===

# of expected passes		87333
# of unexpected failures	12
# of expected failures		314
# of unsupported tests		1844

		=== gcc Summary ===

# of expected passes		175454
# of unexpected failures	15
# of expected failures		617
# of unsupported tests		3623
/var/gcc/regression/trunk/11-gcc-64/build/gcc/xgcc  version 4.10.0 20140417 (experimental) [trunk revision 209473] (GCC) 

		=== gfortran tests ===


Running target unix
FAIL: gfortran.dg/fgetc_2.f90  -O2  (internal compiler error)
FAIL: gfortran.dg/fgetc_2.f90  -O2  (test for excess errors)
WARNING: gfortran.dg/fgetc_2.f90  -O2  compilation failed to produce executable

		=== gfortran Summary for unix ===

# of expected passes		45448
# of unexpected failures	2
# of expected failures		40
# of unsupported tests		103

Running target unix/-m32

		=== gfortran Summary for unix/-m32 ===

# of expected passes		45123
# of expected failures		40
# of unsupported tests		264

		=== gfortran Summary ===

# of expected passes		90571
# of unexpected failures	2
# of expected failures		80
# of unsupported tests		367
/var/gcc/regression/trunk/11-gcc-64/build/gcc/testsuite/gfortran/../../gfortran  version 4.10.0 20140417 (experimental) [trunk revision 209473] (GCC) 

		=== gnat tests ===


Running target unix/-m32

		=== gnat Summary for unix/-m32 ===

# of expected passes		1204
# of expected failures		18
# of unsupported tests		17

Running target unix

		=== gnat Summary for unix ===

# of expected passes		1204
# of expected failures		18
# of unsupported tests		17

		=== gnat Summary ===

# of expected passes		2408
# of expected failures		36
# of unsupported tests		34
/var/gcc/regression/trunk/11-gcc-64/build/gcc/gnatmake version 4.10.0 20140417 (experimental) [trunk revision 209473]

		=== go tests ===


Running target unix
FAIL: ./index0-out.go compilation,  -O0 -g -fno-var-tracking-assignments 
FAIL: ./slice3-out.go compilation,  -O0 -g -fno-var-tracking-assignments 
FAIL: go.test/test/recover.go execution,  -O2 -g 
WARNING: program timed out.
WARNING: program timed out.

		=== go Summary for unix ===

# of expected passes		7243
# of unexpected failures	3
# of expected failures		1
# of untested testcases		12
# of unsupported tests		3

Running target unix/-m32
FAIL: ./index0-out.go compilation,  -O0 -g -fno-var-tracking-assignments 
FAIL: ./slice3-out.go compilation,  -O0 -g -fno-var-tracking-assignments 
FAIL: go.test/test/recover.go execution,  -O2 -g 
WARNING: program timed out.
WARNING: program timed out.

		=== go Summary for unix/-m32 ===

# of expected passes		7363
# of unexpected failures	3
# of expected failures		1
# of untested testcases		12
# of unsupported tests		3

		=== go Summary ===

# of expected passes		14606
# of unexpected failures	6
# of expected failures		2
# of untested testcases		24
# of unsupported tests		6
/var/gcc/regression/trunk/11-gcc-64/build/gcc/testsuite/go/../../gccgo  version 4.10.0 20140417 (experimental) [trunk revision 209473] (GCC) 

		=== obj-c++ tests ===


Running target unix/-m32

		=== obj-c++ Summary for unix/-m32 ===

# of expected passes		1449
# of expected failures		2
# of unsupported tests		86

Running target unix

		=== obj-c++ Summary for unix ===

# of expected passes		1441
# of expected failures		10
# of unsupported tests		86

		=== obj-c++ Summary ===

# of expected passes		2890
# of expected failures		12
# of unsupported tests		172
/var/gcc/regression/trunk/11-gcc-64/build/gcc/testsuite/obj-c++/../../xg++  version 4.10.0 20140417 (experimental) [trunk revision 209473] (GCC) 

		=== objc tests ===


Running target unix

		=== objc Summary for unix ===

# of expected passes		2994
# of unsupported tests		74

Running target unix/-m32

		=== objc Summary for unix/-m32 ===

# of expected passes		2994
# of unsupported tests		74

		=== objc Summary ===

# of expected passes		5988
# of unsupported tests		148
/var/gcc/regression/trunk/11-gcc-64/build/gcc/xgcc  version 4.10.0 20140417 (experimental) [trunk revision 209473] (GCC) 

		=== boehm-gc tests ===


Running target unix/-m32

		=== boehm-gc Summary for unix/-m32 ===

# of expected passes		12
# of unsupported tests		1

Running target unix

		=== boehm-gc Summary for unix ===

# of expected passes		12
# of unsupported tests		1

		=== boehm-gc Summary ===

# of expected passes		24
# of unsupported tests		2
		=== libatomic tests ===


Running target unix/-m32

		=== libatomic Summary for unix/-m32 ===

# of expected passes		44
# of unsupported tests		5

Running target unix

		=== libatomic Summary for unix ===

# of expected passes		54

		=== libatomic Summary ===

# of expected passes		98
# of unsupported tests		5
		=== libffi tests ===


Running target unix/-m32

		=== libffi Summary for unix/-m32 ===

# of expected passes		1819
# of unsupported tests		55

Running target unix

		=== libffi Summary for unix ===

# of expected passes		1819
# of unsupported tests		55

		=== libffi Summary ===

# of expected passes		3638
# of unsupported tests		110
		=== libgo tests ===


Running target unix

		=== libgo Summary for unix ===

# of expected passes		122

Running target unix/-m32
FAIL: runtime
FAIL: os/exec
FAIL: text/template
FAIL: testing/quick

		=== libgo Summary for unix/-m32 ===

# of expected passes		118
# of unexpected failures	4

		=== libgo Summary ===

# of expected passes		240
# of unexpected failures	4
/var/gcc/regression/trunk/11-gcc-64/build/./gcc/gccgo version 4.10.0 20140417 (experimental) [trunk revision 209473] (GCC)

		=== libgomp tests ===


Running target unix/-m32

		=== libgomp Summary for unix/-m32 ===

# of expected passes		2357
# of unsupported tests		3

Running target unix

		=== libgomp Summary for unix ===

# of expected passes		2357
# of unsupported tests		3

		=== libgomp Summary ===

# of expected passes		4714
# of unsupported tests		6
		=== libitm tests ===


Running target unix/-m32

		=== libitm Summary for unix/-m32 ===

# of expected passes		26
# of expected failures		3
# of unsupported tests		1

Running target unix

		=== libitm Summary for unix ===

# of expected passes		26
# of expected failures		3
# of unsupported tests		1

		=== libitm Summary ===

# of expected passes		52
# of expected failures		6
# of unsupported tests		2
		=== libjava tests ===


Running target unix/-m32

		=== libjava Summary for unix/-m32 ===

# of expected passes		2582
# of expected failures		4

Running target unix

		=== libjava Summary for unix ===

# of expected passes		2582
# of expected failures		4

		=== libjava Summary ===

# of expected passes		5164
# of expected failures		8
		=== libstdc++ tests ===


Running target unix

		=== libstdc++ Summary for unix ===

# of expected passes		8963
# of expected failures		41
# of unsupported tests		602

Running target unix/-m32

		=== libstdc++ Summary for unix/-m32 ===

# of expected passes		8963
# of expected failures		41
# of unsupported tests		602

		=== libstdc++ Summary ===

# of expected passes		17926
# of expected failures		82
# of unsupported tests		1204

Compiler version: 4.10.0 20140417 (experimental) [trunk revision 209473] (GCC) 
Platform: sparcv9-sun-solaris2.11
configure flags: --prefix=/vol/gcc --target=sparcv9-sun-solaris2.11 --enable-objc-gc --enable-libmudflap --with-gmp-include=/vol/gcc/include --with-gmp-lib=/vol/gcc/lib/sparcv9 --with-mpfr-include=/vol/gcc/include --with-mpfr-lib=/vol/gcc/lib/sparcv9 --with-mpc-include=/vol/gcc/include --with-mpc-lib=/vol/gcc/lib/sparcv9 --enable-languages=all,ada,obj-c++,go --without-isl --without-cloog --build=sparcv9-sun-solaris2.11 --host=sparcv9-sun-solaris2.11
BOOT_CFLAGS=-g -O2


Index Nav: [Date Index] [Subject Index] [Author Index] [Thread Index]
Message Nav: [Date Prev] [Date Next] [Thread Prev] [Thread Next]