This is the mail archive of the gcc-testresults@gcc.gnu.org mailing list for the GCC project.


Index Nav: [Date Index] [Subject Index] [Author Index] [Thread Index]
Message Nav: [Date Prev] [Date Next] [Thread Prev] [Thread Next]
Other format: [Raw text]

Results for 4.10.0 20140420 (experimental) (GCC) (build config: lto; languages: fortran,java; trunk revision 209538) testsuite on x86_64-unknown-linux-gnu


LAST_UPDATED: Sun Apr 20 22:45:15 UTC 2014 (revision 209538)

Native configuration is x86_64-unknown-linux-gnu

		=== gcc tests ===


Running target unix
XPASS: gcc.dg/guality/example.c  -O0  execution test
XPASS: gcc.dg/guality/example.c  -O1  execution test
XPASS: gcc.dg/guality/example.c  -O2  execution test
XPASS: gcc.dg/guality/example.c  -O2 -flto -fno-use-linker-plugin -flto-partition=none  execution test
XPASS: gcc.dg/guality/guality.c  -O0  execution test
XPASS: gcc.dg/guality/guality.c  -O1  execution test
XPASS: gcc.dg/guality/guality.c  -O2  execution test
XPASS: gcc.dg/guality/guality.c  -O3 -fomit-frame-pointer  execution test
XPASS: gcc.dg/guality/guality.c  -O3 -g  execution test
XPASS: gcc.dg/guality/guality.c  -Os  execution test
XPASS: gcc.dg/guality/guality.c  -O2 -flto -fno-use-linker-plugin -flto-partition=none  execution test
XPASS: gcc.dg/guality/guality.c  -O2 -flto -fuse-linker-plugin -fno-fat-lto-objects  execution test
XPASS: gcc.dg/guality/inline-params.c  -O2  execution test
XPASS: gcc.dg/guality/inline-params.c  -O3 -fomit-frame-pointer  execution test
XPASS: gcc.dg/guality/inline-params.c  -O3 -g  execution test
XPASS: gcc.dg/guality/inline-params.c  -Os  execution test
XPASS: gcc.dg/guality/inline-params.c  -O2 -flto -fno-use-linker-plugin -flto-partition=none  execution test
XPASS: gcc.dg/guality/pr41353-1.c  -O0  line 28 j == 28 + 37
XPASS: gcc.dg/guality/pr41353-1.c  -O1  line 28 j == 28 + 37
XPASS: gcc.dg/guality/pr41353-1.c  -O2  line 28 j == 28 + 37
XPASS: gcc.dg/guality/pr41353-1.c  -O3 -fomit-frame-pointer  line 28 j == 28 + 37
XPASS: gcc.dg/guality/pr41353-1.c  -O3 -g  line 28 j == 28 + 37
XPASS: gcc.dg/guality/pr41353-1.c  -Os  line 28 j == 28 + 37
XPASS: gcc.dg/guality/pr41353-1.c  -O2 -flto -fno-use-linker-plugin -flto-partition=none  line 28 j == 28 + 37
XPASS: gcc.dg/guality/pr41353-1.c  -O2 -flto -fuse-linker-plugin -fno-fat-lto-objects  line 28 j == 28 + 37
XPASS: gcc.dg/guality/pr41447-1.c  -O0  execution test
XPASS: gcc.dg/guality/pr41447-1.c  -O1  execution test
XPASS: gcc.dg/guality/pr41447-1.c  -O2  execution test
XPASS: gcc.dg/guality/pr41447-1.c  -O3 -fomit-frame-pointer  execution test
XPASS: gcc.dg/guality/pr41447-1.c  -O3 -g  execution test
XPASS: gcc.dg/guality/pr41447-1.c  -Os  execution test
XPASS: gcc.dg/guality/pr41447-1.c  -O2 -flto -fno-use-linker-plugin -flto-partition=none  execution test
XPASS: gcc.dg/guality/pr41447-1.c  -O2 -flto -fuse-linker-plugin -fno-fat-lto-objects  execution test
XPASS: gcc.dg/guality/pr41616-1.c  -O0  execution test
XPASS: gcc.dg/guality/pr41616-1.c  -O1  execution test
XPASS: gcc.dg/guality/pr41616-1.c  -O2  execution test
XPASS: gcc.dg/guality/pr41616-1.c  -O3 -fomit-frame-pointer  execution test
XPASS: gcc.dg/guality/pr41616-1.c  -O3 -g  execution test
XPASS: gcc.dg/guality/pr41616-1.c  -Os  execution test
XPASS: gcc.dg/guality/pr41616-1.c  -O2 -flto -fno-use-linker-plugin -flto-partition=none  execution test
FAIL: gcc.dg/guality/pr48437.c  -O2 -flto -fno-use-linker-plugin -flto-partition=none  line 14 i == 0
FAIL: gcc.dg/guality/pr48437.c  -O2 -flto -fuse-linker-plugin -fno-fat-lto-objects  line 14 i == 0
FAIL: gcc.dg/guality/pr54200.c  -Os  line 20 z == 3
FAIL: gcc.dg/guality/pr54519-1.c  -O2 -flto -fno-use-linker-plugin -flto-partition=none  line 20 y == 25
FAIL: gcc.dg/guality/pr54519-1.c  -O2 -flto -fno-use-linker-plugin -flto-partition=none  line 20 z == 6
FAIL: gcc.dg/guality/pr54519-1.c  -O2 -flto -fno-use-linker-plugin -flto-partition=none  line 23 y == 117
FAIL: gcc.dg/guality/pr54519-1.c  -O2 -flto -fno-use-linker-plugin -flto-partition=none  line 23 z == 8
FAIL: gcc.dg/guality/pr54519-2.c  -O2 -flto -fno-use-linker-plugin -flto-partition=none  line 17 y == 25
FAIL: gcc.dg/guality/pr54519-2.c  -O2 -flto -fuse-linker-plugin -fno-fat-lto-objects  line 17 y == 25
FAIL: gcc.dg/guality/pr54519-3.c  -O2 -flto -fno-use-linker-plugin -flto-partition=none  line 20 y == 25
FAIL: gcc.dg/guality/pr54519-3.c  -O2 -flto -fno-use-linker-plugin -flto-partition=none  line 20 z == 6
FAIL: gcc.dg/guality/pr54519-3.c  -O2 -flto -fno-use-linker-plugin -flto-partition=none  line 23 y == 117
FAIL: gcc.dg/guality/pr54519-3.c  -O2 -flto -fno-use-linker-plugin -flto-partition=none  line 23 z == 8
FAIL: gcc.dg/guality/pr54519-3.c  -O2 -flto -fuse-linker-plugin -fno-fat-lto-objects  line 20 y == 25
FAIL: gcc.dg/guality/pr54519-3.c  -O2 -flto -fuse-linker-plugin -fno-fat-lto-objects  line 20 z == 6
FAIL: gcc.dg/guality/pr54519-3.c  -O2 -flto -fuse-linker-plugin -fno-fat-lto-objects  line 23 y == 117
FAIL: gcc.dg/guality/pr54519-3.c  -O2 -flto -fuse-linker-plugin -fno-fat-lto-objects  line 23 z == 8
FAIL: gcc.dg/guality/pr54519-4.c  -O2 -flto -fno-use-linker-plugin -flto-partition=none  line 17 y == 25
FAIL: gcc.dg/guality/pr54519-4.c  -O2 -flto -fuse-linker-plugin -fno-fat-lto-objects  line 17 y == 25
FAIL: gcc.dg/guality/pr54519-5.c  -O2 -flto -fno-use-linker-plugin -flto-partition=none  line 17 y == 25
FAIL: gcc.dg/guality/pr54519-5.c  -O2 -flto -fuse-linker-plugin -fno-fat-lto-objects  line 17 y == 25
FAIL: gcc.dg/guality/pr54693-2.c  -O3 -fomit-frame-pointer -funroll-loops  line 21 i == v + 1
FAIL: gcc.dg/guality/pr54693-2.c  -O3 -fomit-frame-pointer -funroll-all-loops -finline-functions  line 21 i == v + 1
FAIL: gcc.dg/guality/pr54693-2.c  -Os  line 21 x == 10 - i
FAIL: gcc.dg/guality/pr54693-2.c  -Os  line 21 y == 20 - 2 * i
FAIL: gcc.dg/guality/sra-1.c  -O2  line 43 a.j == 14
FAIL: gcc.dg/guality/sra-1.c  -O3 -fomit-frame-pointer  line 43 a.j == 14
FAIL: gcc.dg/guality/sra-1.c  -O3 -g  line 43 a.j == 14
FAIL: gcc.dg/guality/sra-1.c  -Os  line 43 a.j == 14
FAIL: gcc.dg/guality/sra-1.c  -O2 -flto -fno-use-linker-plugin -flto-partition=none  line 43 a.j == 14
FAIL: gcc.dg/guality/sra-1.c  -O2 -flto -fuse-linker-plugin -fno-fat-lto-objects  line 43 a.j == 14
FAIL: gcc.dg/guality/vla-1.c  -O0  line 17 sizeof (a) == 6
FAIL: gcc.dg/guality/vla-1.c  -O0  line 24 sizeof (a) == 17 * sizeof (short)
FAIL: gcc.dg/guality/vla-1.c  -O1  line 17 sizeof (a) == 6
FAIL: gcc.dg/guality/vla-1.c  -O1  line 24 sizeof (a) == 17 * sizeof (short)
FAIL: gcc.dg/guality/vla-1.c  -O2  line 17 sizeof (a) == 6
FAIL: gcc.dg/guality/vla-1.c  -O2  line 24 sizeof (a) == 17 * sizeof (short)
FAIL: gcc.dg/guality/vla-1.c  -O3 -fomit-frame-pointer  line 17 sizeof (a) == 6
FAIL: gcc.dg/guality/vla-1.c  -O3 -fomit-frame-pointer  line 24 sizeof (a) == 17 * sizeof (short)
FAIL: gcc.dg/guality/vla-1.c  -O3 -g  line 17 sizeof (a) == 6
FAIL: gcc.dg/guality/vla-1.c  -O3 -g  line 24 sizeof (a) == 17 * sizeof (short)
FAIL: gcc.dg/guality/vla-1.c  -Os  line 17 sizeof (a) == 6
FAIL: gcc.dg/guality/vla-1.c  -Os  line 24 sizeof (a) == 17 * sizeof (short)
FAIL: gcc.dg/guality/vla-1.c  -O2 -flto -fno-use-linker-plugin -flto-partition=none  line 17 sizeof (a) == 6
FAIL: gcc.dg/guality/vla-1.c  -O2 -flto -fno-use-linker-plugin -flto-partition=none  line 24 sizeof (a) == 17 * sizeof (short)
FAIL: gcc.dg/guality/vla-1.c  -O2 -flto -fuse-linker-plugin -fno-fat-lto-objects  line 17 sizeof (a) == 6
FAIL: gcc.dg/guality/vla-1.c  -O2 -flto -fuse-linker-plugin -fno-fat-lto-objects  line 24 sizeof (a) == 17 * sizeof (short)
FAIL: gcc.dg/guality/vla-2.c  -O0  line 16 sizeof (a) == 5 * sizeof (int)
FAIL: gcc.dg/guality/vla-2.c  -O0  line 25 sizeof (a) == 6 * sizeof (int)
FAIL: gcc.dg/guality/vla-2.c  -O1  line 16 sizeof (a) == 5 * sizeof (int)
FAIL: gcc.dg/guality/vla-2.c  -O1  line 25 sizeof (a) == 6 * sizeof (int)
FAIL: gcc.dg/guality/vla-2.c  -O2  line 16 sizeof (a) == 5 * sizeof (int)
FAIL: gcc.dg/guality/vla-2.c  -O2  line 25 sizeof (a) == 6 * sizeof (int)
FAIL: gcc.dg/guality/vla-2.c  -O3 -fomit-frame-pointer  line 16 sizeof (a) == 5 * sizeof (int)
FAIL: gcc.dg/guality/vla-2.c  -O3 -fomit-frame-pointer  line 25 sizeof (a) == 6 * sizeof (int)
FAIL: gcc.dg/guality/vla-2.c  -O3 -g  line 16 sizeof (a) == 5 * sizeof (int)
FAIL: gcc.dg/guality/vla-2.c  -O3 -g  line 25 sizeof (a) == 6 * sizeof (int)
FAIL: gcc.dg/guality/vla-2.c  -Os  line 16 sizeof (a) == 5 * sizeof (int)
FAIL: gcc.dg/guality/vla-2.c  -Os  line 25 sizeof (a) == 6 * sizeof (int)
FAIL: gcc.dg/guality/vla-2.c  -O2 -flto -fno-use-linker-plugin -flto-partition=none  line 16 sizeof (a) == 5 * sizeof (int)
FAIL: gcc.dg/guality/vla-2.c  -O2 -flto -fno-use-linker-plugin -flto-partition=none  line 25 sizeof (a) == 6 * sizeof (int)
FAIL: gcc.dg/guality/vla-2.c  -O2 -flto -fuse-linker-plugin -fno-fat-lto-objects  line 16 sizeof (a) == 5 * sizeof (int)
FAIL: gcc.dg/guality/vla-2.c  -O2 -flto -fuse-linker-plugin -fno-fat-lto-objects  line 25 sizeof (a) == 6 * sizeof (int)
FAIL: gcc.dg/tree-ssa/cunroll-10.c scan-tree-dump-times cunroll "Forced statement unreachable" 2
FAIL: gcc.dg/vect/vect-cselim-2.c scan-tree-dump-times vect "vectorized 1 loops" 0
FAIL: gcc.dg/vect/bb-slp-pattern-1.c scan-tree-dump-times slp "vect_recog_widen_mult_pattern: detected" 8
FAIL: gcc.dg/vect/bb-slp-pattern-1.c scan-tree-dump-times slp "pattern recognized" 8
FAIL: gcc.dg/vect/pr59984.c -flto -ffat-lto-objects (internal compiler error)
FAIL: gcc.dg/vect/pr59984.c -flto -ffat-lto-objects (test for excess errors)
UNRESOLVED: gcc.dg/vect/pr59984.c -flto -ffat-lto-objects compilation failed to produce executable
FAIL: gcc.dg/vect/vect-cselim-2.c -flto -ffat-lto-objects  scan-tree-dump-times vect "vectorized 1 loops" 0
FAIL: gcc.dg/vect/vect-simd-clone-1.c -flto -ffat-lto-objects (internal compiler error)
FAIL: gcc.dg/vect/vect-simd-clone-1.c -flto -ffat-lto-objects (test for excess errors)
UNRESOLVED: gcc.dg/vect/vect-simd-clone-1.c -flto -ffat-lto-objects compilation failed to produce executable
FAIL: gcc.dg/vect/vect-simd-clone-11.c -flto -ffat-lto-objects (internal compiler error)
FAIL: gcc.dg/vect/vect-simd-clone-11.c -flto -ffat-lto-objects (test for excess errors)
UNRESOLVED: gcc.dg/vect/vect-simd-clone-11.c -flto -ffat-lto-objects compilation failed to produce executable
FAIL: gcc.dg/vect/vect-simd-clone-12.c -flto -ffat-lto-objects (internal compiler error)
FAIL: gcc.dg/vect/vect-simd-clone-12.c -flto -ffat-lto-objects (test for excess errors)
UNRESOLVED: gcc.dg/vect/vect-simd-clone-12.c -flto -ffat-lto-objects compilation failed to produce executable
FAIL: gcc.dg/vect/vect-simd-clone-2.c -flto -ffat-lto-objects (internal compiler error)
FAIL: gcc.dg/vect/vect-simd-clone-2.c -flto -ffat-lto-objects (test for excess errors)
UNRESOLVED: gcc.dg/vect/vect-simd-clone-2.c -flto -ffat-lto-objects compilation failed to produce executable
FAIL: gcc.dg/vect/vect-simd-clone-3.c -flto -ffat-lto-objects (internal compiler error)
FAIL: gcc.dg/vect/vect-simd-clone-3.c -flto -ffat-lto-objects (test for excess errors)
UNRESOLVED: gcc.dg/vect/vect-simd-clone-3.c -flto -ffat-lto-objects compilation failed to produce executable
FAIL: gcc.dg/vect/vect-simd-clone-4.c -flto -ffat-lto-objects (internal compiler error)
FAIL: gcc.dg/vect/vect-simd-clone-4.c -flto -ffat-lto-objects (test for excess errors)
UNRESOLVED: gcc.dg/vect/vect-simd-clone-4.c -flto -ffat-lto-objects compilation failed to produce executable
FAIL: gcc.dg/vect/vect-simd-clone-5.c -flto -ffat-lto-objects (internal compiler error)
FAIL: gcc.dg/vect/vect-simd-clone-5.c -flto -ffat-lto-objects (test for excess errors)
UNRESOLVED: gcc.dg/vect/vect-simd-clone-5.c -flto -ffat-lto-objects compilation failed to produce executable
FAIL: gcc.dg/vect/vect-simd-clone-6.c -flto -ffat-lto-objects (internal compiler error)
FAIL: gcc.dg/vect/vect-simd-clone-6.c -flto -ffat-lto-objects (test for excess errors)
UNRESOLVED: gcc.dg/vect/vect-simd-clone-6.c -flto -ffat-lto-objects compilation failed to produce executable
FAIL: gcc.dg/vect/vect-simd-clone-7.c -flto -ffat-lto-objects (internal compiler error)
FAIL: gcc.dg/vect/vect-simd-clone-7.c -flto -ffat-lto-objects (test for excess errors)
UNRESOLVED: gcc.dg/vect/vect-simd-clone-7.c -flto -ffat-lto-objects compilation failed to produce executable
FAIL: gcc.dg/vect/vect-simd-clone-8.c -flto -ffat-lto-objects (internal compiler error)
FAIL: gcc.dg/vect/vect-simd-clone-8.c -flto -ffat-lto-objects (test for excess errors)
UNRESOLVED: gcc.dg/vect/vect-simd-clone-8.c -flto -ffat-lto-objects compilation failed to produce executable
FAIL: gcc.dg/vect/vect-simd-clone-9.c -flto -ffat-lto-objects (internal compiler error)
FAIL: gcc.dg/vect/vect-simd-clone-9.c -flto -ffat-lto-objects (test for excess errors)
UNRESOLVED: gcc.dg/vect/vect-simd-clone-9.c -flto -ffat-lto-objects compilation failed to produce executable
FAIL: gcc.dg/vect/bb-slp-pattern-1.c -flto -ffat-lto-objects  scan-tree-dump-times slp "vect_recog_widen_mult_pattern: detected" 8
FAIL: gcc.dg/vect/bb-slp-pattern-1.c -flto -ffat-lto-objects  scan-tree-dump-times slp "pattern recognized" 8
FAIL: gcc.dg/vect/no-tree-sra-bb-slp-pr50730.c scan-tree-dump-times slp "not vectorized: more than one data ref in stmt" 0
FAIL: gcc.target/i386/xop-imul32widen-vector.c scan-assembler vpmacsdqh
FAIL: gcc.target/i386/xop-imul64-vector.c scan-assembler vpmulld
FAIL: gcc.target/i386/xop-imul64-vector.c scan-assembler vphadddq
FAIL: gcc.target/i386/xop-imul64-vector.c scan-assembler vpmacsdql
FAIL: gcc.target/i386/xop-rotate1-vector.c scan-assembler vprotd
FAIL: gcc.target/i386/xop-rotate2-vector.c scan-assembler vprot
FAIL: gcc.target/i386/xop-rotate3-vector.c scan-assembler vprotd
FAIL: gcc.target/i386/xop-shift1-vector.c scan-assembler vpshad
FAIL: gcc.target/i386/xop-shift2-vector.c scan-assembler vpshad
FAIL: gcc.target/i386/xop-shift3-vector.c scan-assembler vpshld

		=== gcc Summary ===

# of expected passes		108928
# of unexpected failures	105
# of unexpected successes	40
# of expected failures		267
# of unresolved testcases	12
# of unsupported tests		1455
/scratch/toon/bd5715/gcc/xgcc  version 4.10.0 20140420 (experimental) (GCC) 

		=== gfortran tests ===


Running target unix
FAIL: gfortran.dg/vect/fast-math-mgrid-resid.f scan-tree-dump-times pcom "Executing predictive commoning without unrolling" 1
FAIL: gfortran.dg/vect/fast-math-mgrid-resid.f scan-tree-dump-times pcom "Predictive commoning failed: no suitable chains" 0

		=== gfortran Summary ===

# of expected passes		45636
# of unexpected failures	2
# of expected failures		53
# of unsupported tests		72
/scratch/toon/bd5715/gcc/testsuite/gfortran/../../gfortran  version 4.10.0 20140420 (experimental) (GCC) 

		=== g++ tests ===


Running target unix
FAIL: g++.dg/ext/mv14.C -std=gnu++98 execution test
FAIL: g++.dg/ext/mv14.C -std=gnu++11 execution test
FAIL: g++.dg/ext/mv14.C -std=gnu++1y execution test
FAIL: g++.dg/ext/mv15.C -std=gnu++98 execution test
FAIL: g++.dg/ext/mv15.C -std=gnu++11 execution test
FAIL: g++.dg/ext/mv15.C -std=gnu++1y execution test
FAIL: g++.dg/guality/pr55665.C  -O2  line 23 p == 40
FAIL: g++.dg/guality/pr55665.C  -O3 -fomit-frame-pointer  line 23 p == 40
FAIL: g++.dg/guality/pr55665.C  -O3 -g  line 23 p == 40

		=== g++ Summary ===

# of expected passes		87855
# of unexpected failures	9
# of expected failures		445
# of unsupported tests		3027
/scratch/toon/bd5715/gcc/testsuite/g++/../../xg++  version 4.10.0 20140420 (experimental) (GCC) 

		=== boehm-gc tests ===


Running target unix

		=== boehm-gc Summary ===

# of expected passes		12
# of unsupported tests		1
		=== libatomic tests ===


Running target unix

		=== libatomic Summary ===

# of expected passes		54
		=== libffi tests ===


Running target unix

		=== libffi Summary ===

# of expected passes		1819
# of unsupported tests		55
		=== libgomp tests ===


Running target unix
WARNING: program timed out.
FAIL: libgomp.graphite/force-parallel-6.c execution test

		=== libgomp Summary ===

# of expected passes		2411
# of unexpected failures	1
		=== libitm tests ===


Running target unix

		=== libitm Summary ===

# of expected passes		26
# of expected failures		3
# of unsupported tests		1
		=== libjava tests ===


Running target unix

		=== libjava Summary ===

# of expected passes		2582
# of expected failures		4
		=== libstdc++ tests ===


Running target unix

		=== libstdc++ Summary ===

# of expected passes		9410
# of expected failures		41
# of unsupported tests		532

Compiler version: 4.10.0 20140420 (experimental) (GCC) 
Platform: x86_64-unknown-linux-gnu
configure flags: --prefix=/home/toon/compilers/install --with-gnu-as --with-gnu-ld --with-build-config=bootstrap-lto --enable-languages=fortran,java --disable-multilib --disable-nls --with-arch=core-avx2 --with-tune=core-avx2


Index Nav: [Date Index] [Subject Index] [Author Index] [Thread Index]
Message Nav: [Date Prev] [Date Next] [Thread Prev] [Thread Next]