This is the mail archive of the gcc-testresults@gcc.gnu.org mailing list for the GCC project.


Index Nav: [Date Index] [Subject Index] [Author Index] [Thread Index]
Message Nav: [Date Prev] [Date Next] [Thread Prev] [Thread Next]
Other format: [Raw text]

Results for 4.9.0 20140418 (prerelease) (GCC) testsuite on armv7l-unknown-linux-gnueabihf


Native configuration is armv7l-unknown-linux-gnueabihf

		=== libatomic tests ===


Running target unix

		=== libatomic Summary ===

# of expected passes		44
# of unsupported tests		5
		=== libgomp tests ===


Running target unix
WARNING: program timed out.
FAIL: libgomp.c/depend-3.c execution test

		=== libgomp Summary ===

# of expected passes		687
# of unexpected failures	1
# of unsupported tests		1
		=== libitm tests ===


Running target unix

		=== libitm Summary ===

# of expected passes		26
# of expected failures		3
# of unsupported tests		1
		=== libstdc++ tests ===


Running target unix

		=== libstdc++ Summary ===

# of expected passes		9036
# of expected failures		41
# of unsupported tests		556
		=== gcc tests ===


Running target unix
FAIL: gcc.dg/atomic/c11-atomic-exec-5.c  -O0  execution test
FAIL: gcc.dg/atomic/c11-atomic-exec-5.c  -O1  execution test
FAIL: gcc.dg/atomic/c11-atomic-exec-5.c  -O2  execution test
FAIL: gcc.dg/atomic/c11-atomic-exec-5.c  -O3 -fomit-frame-pointer  execution test
FAIL: gcc.dg/atomic/c11-atomic-exec-5.c  -O3 -g  execution test
FAIL: gcc.dg/atomic/c11-atomic-exec-5.c  -O2 -flto -fno-use-linker-plugin -flto-partition=none  execution test
FAIL: gcc.dg/tree-ssa/sra-12.c scan-tree-dump-times release_ssa "l;" 0

		=== gcc Summary ===

# of expected passes		97233
# of unexpected failures	7
# of expected failures		251
# of unsupported tests		1500
/opt/gcc-build/gcc/xgcc  version 4.9.0 20140418 (prerelease) (GCC) 

		=== g++ tests ===


Running target unix

		=== g++ Summary ===

# of expected passes		81565
# of expected failures		447
# of unsupported tests		3167
/opt/gcc-build/gcc/testsuite/g++/../../xg++  version 4.9.0 20140418 (prerelease) (GCC) 


Compiler version: 4.9.0 20140418 (prerelease) (GCC) 
Platform: armv7l-unknown-linux-gnueabihf
configure flags: --enable-languages=c,c++ --with-cpu=cortex-a8 --with-fpu=vfpv3 --with-float=hard
Build Logs: http://rcn-ee.homeip.net:81/dl/gcc/archive/20140418-08:50-gitb298454-gcc-4_9-branch-imx53-qsb-r-1gb-0/


Index Nav: [Date Index] [Subject Index] [Author Index] [Thread Index]
Message Nav: [Date Prev] [Date Next] [Thread Prev] [Thread Next]