This is the mail archive of the
gcc-testresults@gcc.gnu.org
mailing list for the GCC project.
Results for 4.10.0 20140418 (experimental) [trunk revision 209514] (GCC) testsuite on x86_64-redhat-linux-gnu
- From: Christian Jönsson <chj at j-son dot org>
- To: gcc-testresults at gcc dot gnu dot org
- Date: Sat, 19 Apr 2014 16:17:14 +0200
- Subject: Results for 4.10.0 20140418 (experimental) [trunk revision 209514] (GCC) testsuite on x86_64-redhat-linux-gnu
- Authentication-results: sourceware.org; auth=none
LAST_UPDATED: Fri Apr 18 11:22:30 UTC 2014 (revision 209514)
=== acats tests ===
=== acats Summary ===
# of expected passes 2320
# of unexpected failures 0
Native configuration is x86_64-redhat-linux-gnu
=== gcc tests ===
Running target unix/-m32
FAIL: gcc.dg/pr45352-1.c (test for excess errors)
XPASS: gcc.dg/guality/example.c -O0 execution test
XPASS: gcc.dg/guality/example.c -O1 execution test
XPASS: gcc.dg/guality/guality.c -O0 execution test
XPASS: gcc.dg/guality/guality.c -O1 execution test
XPASS: gcc.dg/guality/guality.c -O2 execution test
XPASS: gcc.dg/guality/guality.c -O3 -fomit-frame-pointer execution test
XPASS: gcc.dg/guality/guality.c -O3 -g execution test
XPASS: gcc.dg/guality/guality.c -Os execution test
XPASS: gcc.dg/guality/guality.c -O2 -flto -fno-use-linker-plugin -flto-partition=none execution test
XPASS: gcc.dg/guality/guality.c -O2 -flto -fuse-linker-plugin -fno-fat-lto-objects execution test
XPASS: gcc.dg/guality/inline-params.c -O2 execution test
XPASS: gcc.dg/guality/inline-params.c -O3 -fomit-frame-pointer execution test
XPASS: gcc.dg/guality/inline-params.c -O3 -g execution test
XPASS: gcc.dg/guality/inline-params.c -Os execution test
XPASS: gcc.dg/guality/inline-params.c -O2 -flto -fno-use-linker-plugin -flto-partition=none execution test
XPASS: gcc.dg/guality/pr41353-1.c -O0 line 28 j == 28 + 37
XPASS: gcc.dg/guality/pr41353-1.c -O1 line 28 j == 28 + 37
XPASS: gcc.dg/guality/pr41353-1.c -O2 line 28 j == 28 + 37
XPASS: gcc.dg/guality/pr41353-1.c -O3 -fomit-frame-pointer line 28 j == 28 + 37
XPASS: gcc.dg/guality/pr41353-1.c -O3 -g line 28 j == 28 + 37
XPASS: gcc.dg/guality/pr41353-1.c -Os line 28 j == 28 + 37
XPASS: gcc.dg/guality/pr41353-1.c -O2 -flto -fno-use-linker-plugin -flto-partition=none line 28 j == 28 + 37
XPASS: gcc.dg/guality/pr41353-1.c -O2 -flto -fuse-linker-plugin -fno-fat-lto-objects line 28 j == 28 + 37
XPASS: gcc.dg/guality/pr41447-1.c -O0 execution test
XPASS: gcc.dg/guality/pr41447-1.c -O1 execution test
XPASS: gcc.dg/guality/pr41447-1.c -Os execution test
XPASS: gcc.dg/guality/pr41447-1.c -O2 -flto -fuse-linker-plugin -fno-fat-lto-objects execution test
XPASS: gcc.dg/guality/pr41616-1.c -O0 execution test
XPASS: gcc.dg/guality/pr41616-1.c -O1 execution test
XPASS: gcc.dg/guality/pr41616-1.c -O2 execution test
XPASS: gcc.dg/guality/pr41616-1.c -O3 -fomit-frame-pointer execution test
XPASS: gcc.dg/guality/pr41616-1.c -O3 -g execution test
XPASS: gcc.dg/guality/pr41616-1.c -Os execution test
XPASS: gcc.dg/guality/pr41616-1.c -O2 -flto -fno-use-linker-plugin -flto-partition=none execution test
FAIL: gcc.dg/guality/pr48437.c -O2 -flto -fno-use-linker-plugin -flto-partition=none line 14 i == 0
FAIL: gcc.dg/guality/pr48437.c -O2 -flto -fuse-linker-plugin -fno-fat-lto-objects line 14 i == 0
FAIL: gcc.dg/guality/pr54200.c -O2 -flto -fuse-linker-plugin -fno-fat-lto-objects line 20 z == 3
FAIL: gcc.dg/guality/pr54519-1.c -O2 line 20 y == 25
FAIL: gcc.dg/guality/pr54519-1.c -O2 line 20 z == 6
FAIL: gcc.dg/guality/pr54519-1.c -O2 line 23 y == 117
FAIL: gcc.dg/guality/pr54519-1.c -O2 line 23 z == 8
FAIL: gcc.dg/guality/pr54519-1.c -O3 -fomit-frame-pointer line 20 x == 36
FAIL: gcc.dg/guality/pr54519-1.c -O3 -fomit-frame-pointer line 20 y == 25
FAIL: gcc.dg/guality/pr54519-1.c -O3 -fomit-frame-pointer line 20 z == 6
FAIL: gcc.dg/guality/pr54519-1.c -O3 -g line 20 x == 36
FAIL: gcc.dg/guality/pr54519-1.c -O3 -g line 20 y == 25
FAIL: gcc.dg/guality/pr54519-1.c -O3 -g line 20 z == 6
FAIL: gcc.dg/guality/pr54519-1.c -O2 -flto -fno-use-linker-plugin -flto-partition=none line 20 y == 25
FAIL: gcc.dg/guality/pr54519-1.c -O2 -flto -fno-use-linker-plugin -flto-partition=none line 20 z == 6
FAIL: gcc.dg/guality/pr54519-1.c -O2 -flto -fno-use-linker-plugin -flto-partition=none line 23 y == 117
FAIL: gcc.dg/guality/pr54519-1.c -O2 -flto -fno-use-linker-plugin -flto-partition=none line 23 z == 8
FAIL: gcc.dg/guality/pr54519-2.c -O2 -flto -fno-use-linker-plugin -flto-partition=none line 17 y == 25
FAIL: gcc.dg/guality/pr54519-2.c -O2 -flto -fuse-linker-plugin -fno-fat-lto-objects line 17 y == 25
FAIL: gcc.dg/guality/pr54519-3.c -O2 line 20 x == 36
FAIL: gcc.dg/guality/pr54519-3.c -O2 line 20 y == 25
FAIL: gcc.dg/guality/pr54519-3.c -O2 line 20 z == 6
FAIL: gcc.dg/guality/pr54519-3.c -O2 line 23 x == 98
FAIL: gcc.dg/guality/pr54519-3.c -O2 line 23 y == 117
FAIL: gcc.dg/guality/pr54519-3.c -O2 line 23 z == 8
FAIL: gcc.dg/guality/pr54519-3.c -O3 -fomit-frame-pointer line 20 x == 36
FAIL: gcc.dg/guality/pr54519-3.c -O3 -fomit-frame-pointer line 20 y == 25
FAIL: gcc.dg/guality/pr54519-3.c -O3 -fomit-frame-pointer line 20 z == 6
FAIL: gcc.dg/guality/pr54519-3.c -O3 -fomit-frame-pointer line 23 x == 98
FAIL: gcc.dg/guality/pr54519-3.c -O3 -fomit-frame-pointer line 23 y == 117
FAIL: gcc.dg/guality/pr54519-3.c -O3 -fomit-frame-pointer line 23 z == 8
FAIL: gcc.dg/guality/pr54519-3.c -O3 -g line 20 x == 36
FAIL: gcc.dg/guality/pr54519-3.c -O3 -g line 20 y == 25
FAIL: gcc.dg/guality/pr54519-3.c -O3 -g line 20 z == 6
FAIL: gcc.dg/guality/pr54519-3.c -O3 -g line 23 x == 98
FAIL: gcc.dg/guality/pr54519-3.c -O3 -g line 23 y == 117
FAIL: gcc.dg/guality/pr54519-3.c -O3 -g line 23 z == 8
FAIL: gcc.dg/guality/pr54519-3.c -O2 -flto -fno-use-linker-plugin -flto-partition=none line 20 x == 36
FAIL: gcc.dg/guality/pr54519-3.c -O2 -flto -fno-use-linker-plugin -flto-partition=none line 20 y == 25
FAIL: gcc.dg/guality/pr54519-3.c -O2 -flto -fno-use-linker-plugin -flto-partition=none line 20 z == 6
FAIL: gcc.dg/guality/pr54519-3.c -O2 -flto -fno-use-linker-plugin -flto-partition=none line 23 x == 98
FAIL: gcc.dg/guality/pr54519-3.c -O2 -flto -fno-use-linker-plugin -flto-partition=none line 23 y == 117
FAIL: gcc.dg/guality/pr54519-3.c -O2 -flto -fno-use-linker-plugin -flto-partition=none line 23 z == 8
FAIL: gcc.dg/guality/pr54519-3.c -O2 -flto -fuse-linker-plugin -fno-fat-lto-objects line 20 y == 25
FAIL: gcc.dg/guality/pr54519-3.c -O2 -flto -fuse-linker-plugin -fno-fat-lto-objects line 20 z == 6
FAIL: gcc.dg/guality/pr54519-3.c -O2 -flto -fuse-linker-plugin -fno-fat-lto-objects line 23 y == 117
FAIL: gcc.dg/guality/pr54519-3.c -O2 -flto -fuse-linker-plugin -fno-fat-lto-objects line 23 z == 8
FAIL: gcc.dg/guality/pr54519-4.c -O2 -flto -fno-use-linker-plugin -flto-partition=none line 17 y == 25
FAIL: gcc.dg/guality/pr54519-4.c -O2 -flto -fuse-linker-plugin -fno-fat-lto-objects line 17 y == 25
FAIL: gcc.dg/guality/pr54519-5.c -O2 -flto -fno-use-linker-plugin -flto-partition=none line 17 y == 25
FAIL: gcc.dg/guality/pr54519-5.c -O2 -flto -fuse-linker-plugin -fno-fat-lto-objects line 17 y == 25
FAIL: gcc.dg/guality/pr54693-2.c -O3 -fomit-frame-pointer -funroll-loops line 21 i == v + 1
FAIL: gcc.dg/guality/pr54693-2.c -O3 -fomit-frame-pointer -funroll-all-loops -finline-functions line 21 i == v + 1
FAIL: gcc.dg/guality/pr54970.c -Os line 15 a[0] == 1
FAIL: gcc.dg/guality/pr54970.c -Os line 20 a[0] == 1
FAIL: gcc.dg/guality/pr54970.c -Os line 25 a[0] == 1
FAIL: gcc.dg/guality/pr54970.c -Os line 31 *p == 6
FAIL: gcc.dg/guality/pr54970.c -Os line 31 *q == 5
FAIL: gcc.dg/guality/pr54970.c -Os line 36 *p == 26
FAIL: gcc.dg/guality/pr54970.c -Os line 36 *q == 5
FAIL: gcc.dg/guality/pr54970.c -Os line 45 *p == 26
FAIL: gcc.dg/guality/pr54970.c -Os line 45 p[-1] == 25
FAIL: gcc.dg/guality/pr54970.c -Os line 45 p[-2] == 4
FAIL: gcc.dg/guality/pr54970.c -Os line 45 q[-1] == 4
FAIL: gcc.dg/guality/pr54970.c -Os line 45 q[1] == 26
FAIL: gcc.dg/guality/pr54970.c -Os line 45 *q == 25
FAIL: gcc.dg/guality/sra-1.c -O2 -flto -fuse-linker-plugin -fno-fat-lto-objects line 43 a.j == 14
FAIL: gcc.dg/tm/memopt-15.c (test for excess errors)
FAIL: gcc.dg/tm/memopt-15.c scan-assembler _ITM_LM128
FAIL: gcc.dg/tree-ssa/pr44423.c (test for excess errors)
FAIL: gcc.dg/vect/pr59984.c -flto -ffat-lto-objects (internal compiler error)
FAIL: gcc.dg/vect/pr59984.c -flto -ffat-lto-objects (test for excess errors)
UNRESOLVED: gcc.dg/vect/pr59984.c -flto -ffat-lto-objects compilation failed to produce executable
FAIL: gcc.dg/vect/vect-simd-clone-1.c -flto -ffat-lto-objects (internal compiler error)
FAIL: gcc.dg/vect/vect-simd-clone-1.c -flto -ffat-lto-objects (test for excess errors)
UNRESOLVED: gcc.dg/vect/vect-simd-clone-1.c -flto -ffat-lto-objects compilation failed to produce executable
FAIL: gcc.dg/vect/vect-simd-clone-11.c -flto -ffat-lto-objects (internal compiler error)
FAIL: gcc.dg/vect/vect-simd-clone-11.c -flto -ffat-lto-objects (test for excess errors)
UNRESOLVED: gcc.dg/vect/vect-simd-clone-11.c -flto -ffat-lto-objects compilation failed to produce executable
FAIL: gcc.dg/vect/vect-simd-clone-12.c -flto -ffat-lto-objects (internal compiler error)
FAIL: gcc.dg/vect/vect-simd-clone-12.c -flto -ffat-lto-objects (test for excess errors)
UNRESOLVED: gcc.dg/vect/vect-simd-clone-12.c -flto -ffat-lto-objects compilation failed to produce executable
FAIL: gcc.dg/vect/vect-simd-clone-2.c -flto -ffat-lto-objects (internal compiler error)
FAIL: gcc.dg/vect/vect-simd-clone-2.c -flto -ffat-lto-objects (test for excess errors)
UNRESOLVED: gcc.dg/vect/vect-simd-clone-2.c -flto -ffat-lto-objects compilation failed to produce executable
FAIL: gcc.dg/vect/vect-simd-clone-3.c -flto -ffat-lto-objects (internal compiler error)
FAIL: gcc.dg/vect/vect-simd-clone-3.c -flto -ffat-lto-objects (test for excess errors)
UNRESOLVED: gcc.dg/vect/vect-simd-clone-3.c -flto -ffat-lto-objects compilation failed to produce executable
FAIL: gcc.dg/vect/vect-simd-clone-4.c -flto -ffat-lto-objects (internal compiler error)
FAIL: gcc.dg/vect/vect-simd-clone-4.c -flto -ffat-lto-objects (test for excess errors)
UNRESOLVED: gcc.dg/vect/vect-simd-clone-4.c -flto -ffat-lto-objects compilation failed to produce executable
FAIL: gcc.dg/vect/vect-simd-clone-5.c -flto -ffat-lto-objects (internal compiler error)
FAIL: gcc.dg/vect/vect-simd-clone-5.c -flto -ffat-lto-objects (test for excess errors)
UNRESOLVED: gcc.dg/vect/vect-simd-clone-5.c -flto -ffat-lto-objects compilation failed to produce executable
FAIL: gcc.dg/vect/vect-simd-clone-6.c -flto -ffat-lto-objects (internal compiler error)
FAIL: gcc.dg/vect/vect-simd-clone-6.c -flto -ffat-lto-objects (test for excess errors)
UNRESOLVED: gcc.dg/vect/vect-simd-clone-6.c -flto -ffat-lto-objects compilation failed to produce executable
FAIL: gcc.dg/vect/vect-simd-clone-7.c -flto -ffat-lto-objects (internal compiler error)
FAIL: gcc.dg/vect/vect-simd-clone-7.c -flto -ffat-lto-objects (test for excess errors)
UNRESOLVED: gcc.dg/vect/vect-simd-clone-7.c -flto -ffat-lto-objects compilation failed to produce executable
FAIL: gcc.dg/vect/vect-simd-clone-8.c -flto -ffat-lto-objects (internal compiler error)
FAIL: gcc.dg/vect/vect-simd-clone-8.c -flto -ffat-lto-objects (test for excess errors)
UNRESOLVED: gcc.dg/vect/vect-simd-clone-8.c -flto -ffat-lto-objects compilation failed to produce executable
FAIL: gcc.dg/vect/vect-simd-clone-9.c -flto -ffat-lto-objects (internal compiler error)
FAIL: gcc.dg/vect/vect-simd-clone-9.c -flto -ffat-lto-objects (test for excess errors)
UNRESOLVED: gcc.dg/vect/vect-simd-clone-9.c -flto -ffat-lto-objects compilation failed to produce executable
=== gcc Summary for unix/-m32 ===
Running target unix/-m64
XPASS: gcc.dg/guality/example.c -O0 execution test
XPASS: gcc.dg/guality/example.c -O1 execution test
XPASS: gcc.dg/guality/example.c -O2 execution test
XPASS: gcc.dg/guality/example.c -O2 -flto -fno-use-linker-plugin -flto-partition=none execution test
XPASS: gcc.dg/guality/guality.c -O0 execution test
XPASS: gcc.dg/guality/guality.c -O1 execution test
XPASS: gcc.dg/guality/guality.c -O2 execution test
XPASS: gcc.dg/guality/guality.c -O3 -fomit-frame-pointer execution test
XPASS: gcc.dg/guality/guality.c -O3 -g execution test
XPASS: gcc.dg/guality/guality.c -Os execution test
XPASS: gcc.dg/guality/guality.c -O2 -flto -fno-use-linker-plugin -flto-partition=none execution test
XPASS: gcc.dg/guality/guality.c -O2 -flto -fuse-linker-plugin -fno-fat-lto-objects execution test
XPASS: gcc.dg/guality/inline-params.c -O2 execution test
XPASS: gcc.dg/guality/inline-params.c -O3 -fomit-frame-pointer execution test
XPASS: gcc.dg/guality/inline-params.c -O3 -g execution test
XPASS: gcc.dg/guality/inline-params.c -Os execution test
XPASS: gcc.dg/guality/inline-params.c -O2 -flto -fno-use-linker-plugin -flto-partition=none execution test
XPASS: gcc.dg/guality/pr41353-1.c -O0 line 28 j == 28 + 37
XPASS: gcc.dg/guality/pr41353-1.c -O1 line 28 j == 28 + 37
XPASS: gcc.dg/guality/pr41353-1.c -O2 line 28 j == 28 + 37
XPASS: gcc.dg/guality/pr41353-1.c -O3 -fomit-frame-pointer line 28 j == 28 + 37
XPASS: gcc.dg/guality/pr41353-1.c -O3 -g line 28 j == 28 + 37
XPASS: gcc.dg/guality/pr41353-1.c -Os line 28 j == 28 + 37
XPASS: gcc.dg/guality/pr41353-1.c -O2 -flto -fno-use-linker-plugin -flto-partition=none line 28 j == 28 + 37
XPASS: gcc.dg/guality/pr41353-1.c -O2 -flto -fuse-linker-plugin -fno-fat-lto-objects line 28 j == 28 + 37
XPASS: gcc.dg/guality/pr41447-1.c -O0 execution test
XPASS: gcc.dg/guality/pr41447-1.c -O1 execution test
XPASS: gcc.dg/guality/pr41447-1.c -O2 execution test
XPASS: gcc.dg/guality/pr41447-1.c -O3 -fomit-frame-pointer execution test
XPASS: gcc.dg/guality/pr41447-1.c -O3 -g execution test
XPASS: gcc.dg/guality/pr41447-1.c -Os execution test
XPASS: gcc.dg/guality/pr41447-1.c -O2 -flto -fno-use-linker-plugin -flto-partition=none execution test
XPASS: gcc.dg/guality/pr41447-1.c -O2 -flto -fuse-linker-plugin -fno-fat-lto-objects execution test
XPASS: gcc.dg/guality/pr41616-1.c -O0 execution test
XPASS: gcc.dg/guality/pr41616-1.c -O1 execution test
XPASS: gcc.dg/guality/pr41616-1.c -O2 execution test
XPASS: gcc.dg/guality/pr41616-1.c -O3 -fomit-frame-pointer execution test
XPASS: gcc.dg/guality/pr41616-1.c -O3 -g execution test
XPASS: gcc.dg/guality/pr41616-1.c -Os execution test
XPASS: gcc.dg/guality/pr41616-1.c -O2 -flto -fno-use-linker-plugin -flto-partition=none execution test
FAIL: gcc.dg/guality/pr48437.c -O2 -flto -fno-use-linker-plugin -flto-partition=none line 14 i == 0
FAIL: gcc.dg/guality/pr48437.c -O2 -flto -fuse-linker-plugin -fno-fat-lto-objects line 14 i == 0
FAIL: gcc.dg/guality/pr54200.c -Os line 20 z == 3
FAIL: gcc.dg/guality/pr54519-1.c -O2 -flto -fno-use-linker-plugin -flto-partition=none line 20 y == 25
FAIL: gcc.dg/guality/pr54519-1.c -O2 -flto -fno-use-linker-plugin -flto-partition=none line 20 z == 6
FAIL: gcc.dg/guality/pr54519-1.c -O2 -flto -fno-use-linker-plugin -flto-partition=none line 23 y == 117
FAIL: gcc.dg/guality/pr54519-1.c -O2 -flto -fno-use-linker-plugin -flto-partition=none line 23 z == 8
FAIL: gcc.dg/guality/pr54519-2.c -O2 -flto -fno-use-linker-plugin -flto-partition=none line 17 y == 25
FAIL: gcc.dg/guality/pr54519-2.c -O2 -flto -fuse-linker-plugin -fno-fat-lto-objects line 17 y == 25
FAIL: gcc.dg/guality/pr54519-3.c -O2 -flto -fno-use-linker-plugin -flto-partition=none line 20 y == 25
FAIL: gcc.dg/guality/pr54519-3.c -O2 -flto -fno-use-linker-plugin -flto-partition=none line 20 z == 6
FAIL: gcc.dg/guality/pr54519-3.c -O2 -flto -fno-use-linker-plugin -flto-partition=none line 23 y == 117
FAIL: gcc.dg/guality/pr54519-3.c -O2 -flto -fno-use-linker-plugin -flto-partition=none line 23 z == 8
FAIL: gcc.dg/guality/pr54519-3.c -O2 -flto -fuse-linker-plugin -fno-fat-lto-objects line 20 y == 25
FAIL: gcc.dg/guality/pr54519-3.c -O2 -flto -fuse-linker-plugin -fno-fat-lto-objects line 20 z == 6
FAIL: gcc.dg/guality/pr54519-3.c -O2 -flto -fuse-linker-plugin -fno-fat-lto-objects line 23 y == 117
FAIL: gcc.dg/guality/pr54519-3.c -O2 -flto -fuse-linker-plugin -fno-fat-lto-objects line 23 z == 8
FAIL: gcc.dg/guality/pr54519-4.c -O2 -flto -fno-use-linker-plugin -flto-partition=none line 17 y == 25
FAIL: gcc.dg/guality/pr54519-4.c -O2 -flto -fuse-linker-plugin -fno-fat-lto-objects line 17 y == 25
FAIL: gcc.dg/guality/pr54519-5.c -O2 -flto -fno-use-linker-plugin -flto-partition=none line 17 y == 25
FAIL: gcc.dg/guality/pr54519-5.c -O2 -flto -fuse-linker-plugin -fno-fat-lto-objects line 17 y == 25
FAIL: gcc.dg/guality/pr54693-2.c -O3 -fomit-frame-pointer -funroll-loops line 21 i == v + 1
FAIL: gcc.dg/guality/pr54693-2.c -O3 -fomit-frame-pointer -funroll-all-loops -finline-functions line 21 i == v + 1
FAIL: gcc.dg/guality/pr54693-2.c -Os line 21 x == 10 - i
FAIL: gcc.dg/guality/pr54693-2.c -Os line 21 y == 20 - 2 * i
FAIL: gcc.dg/guality/sra-1.c -O2 line 43 a.j == 14
FAIL: gcc.dg/guality/sra-1.c -O3 -fomit-frame-pointer line 43 a.j == 14
FAIL: gcc.dg/guality/sra-1.c -O3 -g line 43 a.j == 14
FAIL: gcc.dg/guality/sra-1.c -Os line 43 a.j == 14
FAIL: gcc.dg/guality/sra-1.c -O2 -flto -fno-use-linker-plugin -flto-partition=none line 43 a.j == 14
FAIL: gcc.dg/guality/sra-1.c -O2 -flto -fuse-linker-plugin -fno-fat-lto-objects line 43 a.j == 14
FAIL: gcc.dg/vect/pr59984.c -flto -ffat-lto-objects (internal compiler error)
FAIL: gcc.dg/vect/pr59984.c -flto -ffat-lto-objects (test for excess errors)
UNRESOLVED: gcc.dg/vect/pr59984.c -flto -ffat-lto-objects compilation failed to produce executable
FAIL: gcc.dg/vect/vect-simd-clone-1.c -flto -ffat-lto-objects (internal compiler error)
FAIL: gcc.dg/vect/vect-simd-clone-1.c -flto -ffat-lto-objects (test for excess errors)
UNRESOLVED: gcc.dg/vect/vect-simd-clone-1.c -flto -ffat-lto-objects compilation failed to produce executable
FAIL: gcc.dg/vect/vect-simd-clone-11.c -flto -ffat-lto-objects (internal compiler error)
FAIL: gcc.dg/vect/vect-simd-clone-11.c -flto -ffat-lto-objects (test for excess errors)
UNRESOLVED: gcc.dg/vect/vect-simd-clone-11.c -flto -ffat-lto-objects compilation failed to produce executable
FAIL: gcc.dg/vect/vect-simd-clone-12.c -flto -ffat-lto-objects (internal compiler error)
FAIL: gcc.dg/vect/vect-simd-clone-12.c -flto -ffat-lto-objects (test for excess errors)
UNRESOLVED: gcc.dg/vect/vect-simd-clone-12.c -flto -ffat-lto-objects compilation failed to produce executable
FAIL: gcc.dg/vect/vect-simd-clone-2.c -flto -ffat-lto-objects (internal compiler error)
FAIL: gcc.dg/vect/vect-simd-clone-2.c -flto -ffat-lto-objects (test for excess errors)
UNRESOLVED: gcc.dg/vect/vect-simd-clone-2.c -flto -ffat-lto-objects compilation failed to produce executable
FAIL: gcc.dg/vect/vect-simd-clone-3.c -flto -ffat-lto-objects (internal compiler error)
FAIL: gcc.dg/vect/vect-simd-clone-3.c -flto -ffat-lto-objects (test for excess errors)
UNRESOLVED: gcc.dg/vect/vect-simd-clone-3.c -flto -ffat-lto-objects compilation failed to produce executable
FAIL: gcc.dg/vect/vect-simd-clone-4.c -flto -ffat-lto-objects (internal compiler error)
FAIL: gcc.dg/vect/vect-simd-clone-4.c -flto -ffat-lto-objects (test for excess errors)
UNRESOLVED: gcc.dg/vect/vect-simd-clone-4.c -flto -ffat-lto-objects compilation failed to produce executable
FAIL: gcc.dg/vect/vect-simd-clone-5.c -flto -ffat-lto-objects (internal compiler error)
FAIL: gcc.dg/vect/vect-simd-clone-5.c -flto -ffat-lto-objects (test for excess errors)
UNRESOLVED: gcc.dg/vect/vect-simd-clone-5.c -flto -ffat-lto-objects compilation failed to produce executable
FAIL: gcc.dg/vect/vect-simd-clone-6.c -flto -ffat-lto-objects (internal compiler error)
FAIL: gcc.dg/vect/vect-simd-clone-6.c -flto -ffat-lto-objects (test for excess errors)
UNRESOLVED: gcc.dg/vect/vect-simd-clone-6.c -flto -ffat-lto-objects compilation failed to produce executable
FAIL: gcc.dg/vect/vect-simd-clone-7.c -flto -ffat-lto-objects (internal compiler error)
FAIL: gcc.dg/vect/vect-simd-clone-7.c -flto -ffat-lto-objects (test for excess errors)
UNRESOLVED: gcc.dg/vect/vect-simd-clone-7.c -flto -ffat-lto-objects compilation failed to produce executable
FAIL: gcc.dg/vect/vect-simd-clone-8.c -flto -ffat-lto-objects (internal compiler error)
FAIL: gcc.dg/vect/vect-simd-clone-8.c -flto -ffat-lto-objects (test for excess errors)
UNRESOLVED: gcc.dg/vect/vect-simd-clone-8.c -flto -ffat-lto-objects compilation failed to produce executable
FAIL: gcc.dg/vect/vect-simd-clone-9.c -flto -ffat-lto-objects (internal compiler error)
FAIL: gcc.dg/vect/vect-simd-clone-9.c -flto -ffat-lto-objects (test for excess errors)
UNRESOLVED: gcc.dg/vect/vect-simd-clone-9.c -flto -ffat-lto-objects compilation failed to produce executable
=== gcc Summary for unix/-m64 ===
=== gcc Summary ===
# of expected passes 214430
# of unexpected failures 150
# of unexpected successes 74
# of expected failures 511
# of unresolved testcases 24
# of unsupported tests 3482
/usr/local/src/gcc/trunk/objdir/gcc/xgcc version 4.10.0 20140418 (experimental) [trunk revision 209514] (GCC)
=== gfortran tests ===
Running target unix/-m32
=== gfortran Summary for unix/-m32 ===
# of expected passes 4050
Running target unix/-m64
=== gfortran Summary for unix/-m64 ===
# of expected passes 4050
=== gfortran Summary ===
# of expected passes 90767
# of expected failures 76
# of unsupported tests 274
/usr/local/src/gcc/trunk/objdir/gcc/testsuite/gfortran/../../gfortran version 4.10.0 20140418 (experimental) [trunk revision 209514] (GCC)
=== g++ tests ===
Running target unix/-m32
FAIL: g++.dg/guality/pr55665.C -O2 line 23 p == 40
FAIL: g++.dg/guality/pr55665.C -O3 -fomit-frame-pointer line 23 p == 40
FAIL: g++.dg/guality/pr55665.C -O3 -g line 23 p == 40
=== g++ Summary for unix/-m32 ===
# of expected passes 20592
# of expected failures 61
# of unsupported tests 47
Running target unix/-m64
FAIL: g++.dg/guality/pr55665.C -O2 line 23 p == 40
FAIL: g++.dg/guality/pr55665.C -O3 -fomit-frame-pointer line 23 p == 40
FAIL: g++.dg/guality/pr55665.C -O3 -g line 23 p == 40
=== g++ Summary for unix/-m64 ===
# of expected passes 20454
# of expected failures 61
# of unsupported tests 74
=== g++ Summary ===
# of expected passes 174165
# of unexpected failures 6
# of expected failures 890
# of unsupported tests 5790
/usr/local/src/gcc/trunk/objdir/gcc/testsuite/g++/../../xg++ version 4.10.0 20140418 (experimental) [trunk revision 209514] (GCC)
=== gnat tests ===
Running target unix/-m32
=== gnat Summary for unix/-m32 ===
# of expected passes 171
# of expected failures 17
Running target unix/-m64
=== gnat Summary for unix/-m64 ===
# of expected passes 171
# of expected failures 17
=== gnat Summary ===
# of expected passes 2470
# of expected failures 36
# of unsupported tests 6
/usr/local/src/gcc/trunk/objdir/gcc/gnatmake version 4.10.0 20140418 (experimental) [trunk revision 209514]
=== go tests ===
Running target unix/-m32
=== go Summary for unix/-m32 ===
# of expected passes 6891
# of expected failures 1
# of untested testcases 6
# of unsupported tests 2
Running target unix/-m64
=== go Summary for unix/-m64 ===
# of expected passes 6772
# of expected failures 1
# of untested testcases 6
# of unsupported tests 1
=== go Summary ===
# of expected passes 14635
# of expected failures 2
# of untested testcases 12
# of unsupported tests 3
/usr/local/src/gcc/trunk/objdir/gcc/testsuite/go/../../gccgo version 4.10.0 20140418 (experimental) [trunk revision 209514] (GCC)
=== obj-c++ tests ===
Running target unix/-m32
=== obj-c++ Summary for unix/-m32 ===
# of expected passes 64
Running target unix/-m64
=== obj-c++ Summary for unix/-m64 ===
# of expected passes 64
=== obj-c++ Summary ===
# of expected passes 2890
# of expected failures 12
# of unsupported tests 172
/usr/local/src/gcc/trunk/objdir/gcc/testsuite/obj-c++/../../xg++ version 4.10.0 20140418 (experimental) [trunk revision 209514] (GCC)
=== objc tests ===
Running target unix/-m32
=== objc Summary for unix/-m32 ===
# of expected passes 64
Running target unix/-m64
=== objc Summary for unix/-m64 ===
# of expected passes 64
=== objc Summary ===
# of expected passes 5976
# of expected failures 12
# of unsupported tests 148
/usr/local/src/gcc/trunk/objdir/gcc/xgcc version 4.10.0 20140418 (experimental) [trunk revision 209514] (GCC)
=== boehm-gc tests ===
Running target unix/-m32
=== boehm-gc Summary for unix/-m32 ===
# of expected passes 4
Running target unix/-m64
=== boehm-gc Summary for unix/-m64 ===
# of expected passes 4
=== boehm-gc Summary ===
# of expected passes 24
# of unsupported tests 2
=== libatomic tests ===
Running target unix/-m32
=== libatomic Summary for unix/-m32 ===
# of expected passes 44
# of unsupported tests 5
Running target unix/-m64
=== libatomic Summary for unix/-m64 ===
# of expected passes 54
=== libatomic Summary ===
# of expected passes 98
# of unsupported tests 5
=== libffi tests ===
Running target unix/-m32
=== libffi Summary for unix/-m32 ===
# of expected passes 24
Running target unix/-m64
=== libffi Summary for unix/-m64 ===
# of expected passes 24
=== libffi Summary ===
# of expected passes 3638
# of unsupported tests 110
=== libgo tests ===
Running target unix
=== libgo Summary for unix ===
# of expected passes 122
Running target unix/-m32
=== libgo Summary for unix/-m32 ===
# of expected passes 122
=== libgo Summary ===
# of expected passes 244
/usr/local/src/gcc/trunk/objdir/./gcc/gccgo version 4.10.0 20140418 (experimental) [trunk revision 209514] (GCC)
=== libgomp tests ===
Running target unix/-m32
=== libgomp Summary for unix/-m32 ===
Running target unix/-m64
=== libgomp Summary for unix/-m64 ===
=== libgomp Summary ===
# of expected passes 4726
=== libitm tests ===
Running target unix/-m32
=== libitm Summary for unix/-m32 ===
# of expected passes 4
# of expected failures 1
# of unsupported tests 1
Running target unix/-m64
=== libitm Summary for unix/-m64 ===
# of expected passes 4
# of expected failures 1
# of unsupported tests 1
=== libitm Summary ===
# of expected passes 52
# of expected failures 6
# of unsupported tests 2
=== libjava tests ===
Running target unix/-m32
FAIL: linking PR9577
FAIL: linking longfield
FAIL: linking shortfield
FAIL: linking TestClosureGC
FAIL: linking simple
FAIL: linking PR15133
FAIL: linking PR18116
FAIL: linking PR28178
FAIL: linking bytebuffer
FAIL: linking calls
FAIL: linking cxxtest
FAIL: linking directbuffer
FAIL: linking field
FAIL: linking final_method
FAIL: linking findclass
FAIL: linking findclass2
FAIL: linking iface
FAIL: linking init
FAIL: linking invoke
FAIL: linking jniutf
FAIL: linking martin
FAIL: linking noclass
FAIL: linking overload
FAIL: linking pr11951
FAIL: linking pr18278
FAIL: linking pr23739
FAIL: linking register
FAIL: linking register2
FAIL: linking simple_int
FAIL: linking throwit
FAIL: linking virtual
FAIL: linking events
FAIL: linking getallthreads
FAIL: linking geterrorname
FAIL: linking getmethodname
FAIL: ArrayStore compilation from source
FAIL: ArrayStore -findirect-dispatch compilation from source
FAIL: ArrayStore -O3 compilation from source
FAIL: ArrayStore -O3 -findirect-dispatch compilation from source
FAIL: ArrayStore2 compilation from source
FAIL: ArrayStore2 -findirect-dispatch compilation from source
FAIL: ArrayStore2 -O3 compilation from source
FAIL: ArrayStore2 -O3 -findirect-dispatch compilation from source
FAIL: Array_1 compilation from source
FAIL: Array_1 -findirect-dispatch compilation from source
FAIL: Array_1 -O3 compilation from source
FAIL: Array_1 -O3 -findirect-dispatch compilation from source
FAIL: Array_2 compilation from source
FAIL: Array_2 -findirect-dispatch compilation from source
FAIL: Array_2 -O3 compilation from source
FAIL: Array_2 -O3 -findirect-dispatch compilation from source
FAIL: Array_3 compilation from source
FAIL: Array_3 -findirect-dispatch compilation from source
FAIL: Array_3 -O3 compilation from source
FAIL: Array_3 -O3 -findirect-dispatch compilation from source
FAIL: Class_1 compilation from source
FAIL: Class_1 -findirect-dispatch compilation from source
FAIL: Class_1 -O3 compilation from source
FAIL: Class_1 -O3 -findirect-dispatch compilation from source
FAIL: CompareNaN compilation from source
FAIL: CompareNaN -findirect-dispatch compilation from source
FAIL: CompareNaN -O3 compilation from source
FAIL: CompareNaN -O3 -findirect-dispatch compilation from source
FAIL: Divide_1 compilation from source
FAIL: Divide_1 -findirect-dispatch compilation from source
FAIL: Divide_1 -O3 compilation from source
FAIL: Divide_1 -O3 -findirect-dispatch compilation from source
FAIL: Divide_2 compilation from source
FAIL: Divide_2 -findirect-dispatch compilation from source
FAIL: Divide_2 -O3 compilation from source
FAIL: Divide_2 -O3 -findirect-dispatch compilation from source
FAIL: EvaluationOrder compilation from source
FAIL: EvaluationOrder -findirect-dispatch compilation from source
FAIL: EvaluationOrder -O3 compilation from source
FAIL: EvaluationOrder -O3 -findirect-dispatch compilation from source
FAIL: ExtraClassLoader compilation from source
FAIL: ExtraClassLoader -findirect-dispatch compilation from source
FAIL: ExtraClassLoader -O3 compilation from source
FAIL: ExtraClassLoader -O3 -findirect-dispatch compilation from source
FAIL: FileHandleGcTest compilation from source
FAIL: FileHandleGcTest -findirect-dispatch compilation from source
FAIL: FileHandleGcTest -O3 compilation from source
FAIL: FileHandleGcTest -O3 -findirect-dispatch compilation from source
FAIL: Final compilation from source
FAIL: Final -findirect-dispatch compilation from source
FAIL: Final -O3 compilation from source
FAIL: Final -O3 -findirect-dispatch compilation from source
FAIL: Float_1 compilation from source
FAIL: Float_1 -findirect-dispatch compilation from source
FAIL: Float_1 -O3 compilation from source
FAIL: Float_1 -O3 -findirect-dispatch compilation from source
FAIL: Float_2 compilation from source
FAIL: Float_2 -findirect-dispatch compilation from source
FAIL: Float_2 -O3 compilation from source
FAIL: Float_2 -O3 -findirect-dispatch compilation from source
FAIL: G19990301_01 compilation from source
FAIL: G19990301_01 -findirect-dispatch compilation from source
FAIL: G19990301_01 -O3 compilation from source
FAIL: G19990301_01 -O3 -findirect-dispatch compilation from source
FAIL: G19990302_02 compilation from source
FAIL: G19990302_02 -findirect-dispatch compilation from source
FAIL: G19990302_02 -O3 compilation from source
FAIL: G19990302_02 -O3 -findirect-dispatch compilation from source
FAIL: G19990303_01 compilation from source
FAIL: G19990303_01 -findirect-dispatch compilation from source
FAIL: G19990303_01 -O3 compilation from source
FAIL: G19990303_01 -O3 -findirect-dispatch compilation from source
FAIL: G19990303_02 compilation from source
FAIL: G19990303_02 -findirect-dispatch compilation from source
FAIL: G19990303_02 -O3 compilation from source
FAIL: G19990303_02 -O3 -findirect-dispatch compilation from source
FAIL: G19990304_01 compilation from source
FAIL: G19990304_01 -findirect-dispatch compilation from source
FAIL: G19990304_01 -O3 compilation from source
FAIL: G19990304_01 -O3 -findirect-dispatch compilation from source
FAIL: G19990310_01 compilation from source
FAIL: G19990310_01 -findirect-dispatch compilation from source
FAIL: G19990310_01 -O3 compilation from source
FAIL: G19990310_01 -O3 -findirect-dispatch compilation from source
FAIL: II compilation from source
FAIL: II -findirect-dispatch compilation from source
FAIL: II -O3 compilation from source
FAIL: II -O3 -findirect-dispatch compilation from source
FAIL: InterfaceDispatch compilation from source
FAIL: InterfaceDispatch -findirect-dispatch compilation from source
FAIL: InterfaceDispatch -O3 compilation from source
FAIL: InterfaceDispatch -O3 -findirect-dispatch compilation from source
FAIL: InvokeInterface compilation from source
FAIL: InvokeInterface -findirect-dispatch compilation from source
FAIL: InvokeInterface -O3 compilation from source
FAIL: InvokeInterface -O3 -findirect-dispatch compilation from source
FAIL: InvokeReturn compilation from source
FAIL: InvokeReturn -findirect-dispatch compilation from source
FAIL: InvokeReturn -O3 compilation from source
FAIL: InvokeReturn -O3 -findirect-dispatch compilation from source
FAIL: Invoke_1 compilation from source
FAIL: Invoke_1 -findirect-dispatch compilation from source
FAIL: Invoke_1 -O3 compilation from source
FAIL: Invoke_1 -O3 -findirect-dispatch compilation from source
FAIL: Invoke_2 compilation from source
FAIL: Invoke_2 -findirect-dispatch compilation from source
FAIL: Invoke_2 -O3 compilation from source
FAIL: Invoke_2 -O3 -findirect-dispatch compilation from source
FAIL: KeepInline compilation from source
FAIL: KeepInline -findirect-dispatch compilation from source
FAIL: KeepInline -O3 compilation from source
FAIL: KeepInline -O3 -findirect-dispatch compilation from source
FAIL: LargeFile compilation from source
FAIL: LargeFile -findirect-dispatch compilation from source
FAIL: LargeFile -O3 compilation from source
FAIL: LargeFile -O3 -findirect-dispatch compilation from source
FAIL: MathBuiltin compilation from source
FAIL: MathBuiltin -findirect-dispatch compilation from source
FAIL: MathBuiltin -O3 compilation from source
FAIL: MathBuiltin -O3 -findirect-dispatch compilation from source
FAIL: Matrix4f compilation from source
FAIL: Matrix4f -findirect-dispatch compilation from source
FAIL: Matrix4f -O3 compilation from source
FAIL: Matrix4f -O3 -findirect-dispatch compilation from source
FAIL: N19990310_02 compilation from source
FAIL: N19990310_02 -findirect-dispatch compilation from source
FAIL: N19990310_02 -O3 compilation from source
FAIL: N19990310_02 -O3 -findirect-dispatch compilation from source
FAIL: N19990310_3 compilation from source
FAIL: N19990310_3 -findirect-dispatch compilation from source
FAIL: N19990310_3 -O3 compilation from source
FAIL: N19990310_3 -O3 -findirect-dispatch compilation from source
FAIL: N19990310_4 compilation from source
FAIL: N19990310_4 -findirect-dispatch compilation from source
FAIL: N19990310_4 -O3 compilation from source
FAIL: N19990310_4 -O3 -findirect-dispatch compilation from source
FAIL: N19990310_5 compilation from source
FAIL: N19990310_5 -findirect-dispatch compilation from source
FAIL: N19990310_5 -O3 compilation from source
FAIL: N19990310_5 -O3 -findirect-dispatch compilation from source
FAIL: Overflow compilation from source
FAIL: Overflow -findirect-dispatch compilation from source
FAIL: Overflow -O3 compilation from source
FAIL: Overflow -O3 -findirect-dispatch compilation from source
FAIL: PR12350 compilation from source
FAIL: PR12350 -findirect-dispatch compilation from source
FAIL: PR12350 -O3 compilation from source
FAIL: PR12350 -O3 -findirect-dispatch compilation from source
FAIL: PR12416 compilation from source
FAIL: PR12416 -findirect-dispatch compilation from source
FAIL: PR12416 -O3 compilation from source
FAIL: PR12416 -O3 -findirect-dispatch compilation from source
FAIL: PR12656 compilation from source
FAIL: PR12656 -findirect-dispatch compilation from source
FAIL: PR12656 -O3 compilation from source
FAIL: PR12656 -O3 -findirect-dispatch compilation from source
FAIL: PR12915 compilation from source
FAIL: PR12915 -findirect-dispatch compilation from source
FAIL: PR12915 -O3 compilation from source
FAIL: PR12915 -O3 -findirect-dispatch compilation from source
FAIL: PR141 compilation from source
FAIL: PR141 -findirect-dispatch compilation from source
FAIL: PR141 -O3 compilation from source
FAIL: PR141 -O3 -findirect-dispatch compilation from source
FAIL: PR160 compilation from source
FAIL: PR160 -findirect-dispatch compilation from source
FAIL: PR160 -O3 compilation from source
FAIL: PR160 -O3 -findirect-dispatch compilation from source
FAIL: PR162 compilation from source
FAIL: PR162 -findirect-dispatch compilation from source
FAIL: PR162 -O3 compilation from source
FAIL: PR162 -O3 -findirect-dispatch compilation from source
FAIL: PR16867 compilation from source
FAIL: PR16867 -findirect-dispatch compilation from source
FAIL: PR16867 -O3 compilation from source
FAIL: PR16867 -O3 -findirect-dispatch compilation from source
FAIL: PR18699 compilation from source
FAIL: PR18699 -findirect-dispatch compilation from source
FAIL: PR18699 -O3 compilation from source
FAIL: PR18699 -O3 -findirect-dispatch compilation from source
FAIL: PR19870 compilation from source
FAIL: PR19870 -findirect-dispatch compilation from source
FAIL: PR19870 -O3 compilation from source
FAIL: PR19870 -O3 -findirect-dispatch compilation from source
FAIL: PR19870_2 compilation from source
FAIL: PR19870_2 -findirect-dispatch compilation from source
FAIL: PR19870_2 -O3 compilation from source
FAIL: PR19870_2 -O3 -findirect-dispatch compilation from source
FAIL: PR19921 compilation from source
FAIL: PR19921 -findirect-dispatch compilation from source
FAIL: PR19921 -O3 compilation from source
FAIL: PR19921 -O3 -findirect-dispatch compilation from source
FAIL: PR20056 compilation from source
FAIL: PR20056 -findirect-dispatch compilation from source
FAIL: PR20056 -O3 compilation from source
FAIL: PR20056 -O3 -findirect-dispatch compilation from source
FAIL: PR218 compilation from source
FAIL: PR218 -findirect-dispatch compilation from source
FAIL: PR218 -O3 compilation from source
FAIL: PR218 -O3 -findirect-dispatch compilation from source
FAIL: PR242 compilation from source
FAIL: PR242 -findirect-dispatch compilation from source
FAIL: PR242 -O3 compilation from source
FAIL: PR242 -O3 -findirect-dispatch compilation from source
FAIL: PR25535 compilation from source
FAIL: PR25535 -findirect-dispatch compilation from source
FAIL: PR25535 -O3 compilation from source
FAIL: PR25535 -O3 -findirect-dispatch compilation from source
FAIL: PR260 compilation from source
FAIL: PR260 -findirect-dispatch compilation from source
FAIL: PR260 -O3 compilation from source
FAIL: PR260 -O3 -findirect-dispatch compilation from source
FAIL: PR26858 compilation from source
FAIL: PR26858 -findirect-dispatch compilation from source
FAIL: PR26858 -O3 compilation from source
FAIL: PR26858 -O3 -findirect-dispatch compilation from source
FAIL: PR27908 compilation from source
FAIL: PR27908 -findirect-dispatch compilation from source
FAIL: PR27908 -O3 compilation from source
FAIL: PR27908 -O3 -findirect-dispatch compilation from source
FAIL: PR29013 compilation from source
FAIL: PR29013 -findirect-dispatch compilation from source
FAIL: PR29013 -O3 compilation from source
FAIL: PR29013 -O3 -findirect-dispatch compilation from source
FAIL: PR29495 compilation from source
FAIL: PR29495 -findirect-dispatch compilation from source
FAIL: PR29495 -O3 compilation from source
FAIL: PR29495 -O3 -findirect-dispatch compilation from source
FAIL: PR3096 compilation from source
FAIL: PR3096 -findirect-dispatch compilation from source
FAIL: PR3096 -O3 compilation from source
FAIL: PR3096 -O3 -findirect-dispatch compilation from source
FAIL: PR31264 compilation from source
FAIL: PR31264 -findirect-dispatch compilation from source
FAIL: PR31264 -O3 compilation from source
FAIL: PR31264 -O3 -findirect-dispatch compilation from source
FAIL: PR35020 compilation from source
FAIL: PR35020 -findirect-dispatch compilation from source
FAIL: PR35020 -O3 compilation from source
FAIL: PR35020 -O3 -findirect-dispatch compilation from source
FAIL: PR36252 compilation from source
FAIL: PR36252 -findirect-dispatch compilation from source
FAIL: PR36252 -O3 compilation from source
FAIL: PR36252 -O3 -findirect-dispatch compilation from source
FAIL: PR3731 compilation from source
FAIL: PR3731 -findirect-dispatch compilation from source
FAIL: PR3731 -O3 compilation from source
FAIL: PR3731 -O3 -findirect-dispatch compilation from source
FAIL: PR5057 compilation from source
FAIL: PR5057 -findirect-dispatch compilation from source
FAIL: PR5057 -O3 compilation from source
FAIL: PR5057 -O3 -findirect-dispatch compilation from source
FAIL: PR5057_2 compilation from source
FAIL: PR5057_2 -findirect-dispatch compilation from source
FAIL: PR5057_2 -O3 compilation from source
FAIL: PR5057_2 -O3 -findirect-dispatch compilation from source
FAIL: PR55 compilation from source
FAIL: PR55 -findirect-dispatch compilation from source
FAIL: PR55 -O3 compilation from source
FAIL: PR55 -O3 -findirect-dispatch compilation from source
FAIL: PR56 compilation from source
FAIL: PR56 -findirect-dispatch compilation from source
FAIL: PR56 -O3 compilation from source
FAIL: PR56 -O3 -findirect-dispatch compilation from source
FAIL: PR6085 compilation from source
FAIL: PR6085 -findirect-dispatch compilation from source
FAIL: PR6085 -O3 compilation from source
FAIL: PR6085 -O3 -findirect-dispatch compilation from source
FAIL: PR6204 compilation from source
FAIL: PR6204 -findirect-dispatch compilation from source
FAIL: PR6204 -O3 compilation from source
FAIL: PR6204 -O3 -findirect-dispatch compilation from source
FAIL: PR6729 compilation from source
FAIL: PR6729 -findirect-dispatch compilation from source
FAIL: PR6729 -O3 compilation from source
FAIL: PR6729 -O3 -findirect-dispatch compilation from source
FAIL: PR6820 compilation from source
FAIL: PR6820 -findirect-dispatch compilation from source
FAIL: PR6820 -O3 compilation from source
FAIL: PR6820 -O3 -findirect-dispatch compilation from source
FAIL: PR7482 compilation from source
FAIL: PR7482 -findirect-dispatch compilation from source
FAIL: PR7482 -O3 compilation from source
FAIL: PR7482 -O3 -findirect-dispatch compilation from source
FAIL: Process_1 compilation from source
FAIL: Process_1 -findirect-dispatch compilation from source
FAIL: Process_1 -O3 compilation from source
FAIL: Process_1 -O3 -findirect-dispatch compilation from source
FAIL: Process_2 compilation from source
FAIL: Process_2 -findirect-dispatch compilation from source
FAIL: Process_2 -O3 compilation from source
FAIL: Process_2 -O3 -findirect-dispatch compilation from source
FAIL: Process_3 compilation from source
FAIL: Process_3 -findirect-dispatch compilation from source
FAIL: Process_3 -O3 compilation from source
FAIL: Process_3 -O3 -findirect-dispatch compilation from source
FAIL: Process_4 compilation from source
FAIL: Process_4 -findirect-dispatch compilation from source
FAIL: Process_4 -O3 compilation from source
FAIL: Process_4 -O3 -findirect-dispatch compilation from source
FAIL: Process_5 compilation from source
FAIL: Process_5 -findirect-dispatch compilation from source
FAIL: Process_5 -O3 compilation from source
FAIL: Process_5 -O3 -findirect-dispatch compilation from source
FAIL: Process_6 compilation from source
FAIL: Process_6 -findirect-dispatch compilation from source
FAIL: Process_6 -O3 compilation from source
FAIL: Process_6 -O3 -findirect-dispatch compilation from source
FAIL: Process_7 compilation from source
FAIL: Process_7 -findirect-dispatch compilation from source
FAIL: Process_7 -O3 compilation from source
FAIL: Process_7 -O3 -findirect-dispatch compilation from source
FAIL: ProxyTest compilation from source
FAIL: ProxyTest -findirect-dispatch compilation from source
FAIL: ProxyTest -O3 compilation from source
FAIL: ProxyTest -O3 -findirect-dispatch compilation from source
FAIL: RH194522 compilation from source
FAIL: RH194522 -findirect-dispatch compilation from source
FAIL: RH194522 -O3 compilation from source
FAIL: RH194522 -O3 -findirect-dispatch compilation from source
FAIL: Serialization compilation from source
FAIL: Serialization -findirect-dispatch compilation from source
FAIL: Serialization -O3 compilation from source
FAIL: Serialization -O3 -findirect-dispatch compilation from source
FAIL: Shazam compilation from source
FAIL: Shazam -findirect-dispatch compilation from source
FAIL: Shazam -O3 compilation from source
FAIL: Shazam -O3 -findirect-dispatch compilation from source
FAIL: StackTrace2 compilation from source
FAIL: StackTrace2 -findirect-dispatch compilation from source
FAIL: StackTrace2 -O3 compilation from source
FAIL: StackTrace2 -O3 -findirect-dispatch compilation from source
FAIL: StaticConstructor compilation from source
FAIL: StaticConstructor -findirect-dispatch compilation from source
FAIL: StaticConstructor -O3 compilation from source
FAIL: StaticConstructor -O3 -findirect-dispatch compilation from source
FAIL: StringBuffer_1 compilation from source
FAIL: StringBuffer_1 -findirect-dispatch compilation from source
FAIL: StringBuffer_1 -O3 compilation from source
FAIL: StringBuffer_1 -O3 -findirect-dispatch compilation from source
FAIL: StringBuffer_overflow compilation from source
FAIL: StringBuffer_overflow -findirect-dispatch compilation from source
FAIL: StringBuffer_overflow -O3 compilation from source
FAIL: StringBuffer_overflow -O3 -findirect-dispatch compilation from source
FAIL: String_overflow compilation from source
FAIL: String_overflow -findirect-dispatch compilation from source
FAIL: String_overflow -O3 compilation from source
FAIL: String_overflow -O3 -findirect-dispatch compilation from source
FAIL: SyncGlobal compilation from source
FAIL: SyncGlobal -findirect-dispatch compilation from source
FAIL: SyncGlobal -O3 compilation from source
FAIL: SyncGlobal -O3 -findirect-dispatch compilation from source
FAIL: SyncTest compilation from source
FAIL: SyncTest -findirect-dispatch compilation from source
FAIL: SyncTest -O3 compilation from source
FAIL: SyncTest -O3 -findirect-dispatch compilation from source
FAIL: Synch compilation from source
FAIL: Synch -findirect-dispatch compilation from source
FAIL: Synch -O3 compilation from source
FAIL: Synch -O3 -findirect-dispatch compilation from source
FAIL: TLtest compilation from source
FAIL: TLtest -findirect-dispatch compilation from source
FAIL: TLtest -O3 compilation from source
FAIL: TLtest -O3 -findirect-dispatch compilation from source
FAIL: TestProxy compilation from source
FAIL: TestProxy -findirect-dispatch compilation from source
FAIL: TestProxy -O3 compilation from source
FAIL: TestProxy -O3 -findirect-dispatch compilation from source
FAIL: Thread_Alive compilation from source
FAIL: Thread_Alive -findirect-dispatch compilation from source
FAIL: Thread_Alive -O3 compilation from source
FAIL: Thread_Alive -O3 -findirect-dispatch compilation from source
FAIL: Thread_HoldsLock compilation from source
FAIL: Thread_HoldsLock -findirect-dispatch compilation from source
FAIL: Thread_HoldsLock -O3 compilation from source
FAIL: Thread_HoldsLock -O3 -findirect-dispatch compilation from source
FAIL: Thread_Interrupt compilation from source
FAIL: Thread_Interrupt -findirect-dispatch compilation from source
FAIL: Thread_Interrupt -O3 compilation from source
FAIL: Thread_Interrupt -O3 -findirect-dispatch compilation from source
FAIL: Thread_Join compilation from source
FAIL: Thread_Join -findirect-dispatch compilation from source
FAIL: Thread_Join -O3 compilation from source
FAIL: Thread_Join -O3 -findirect-dispatch compilation from source
FAIL: Thread_Monitor compilation from source
FAIL: Thread_Monitor -findirect-dispatch compilation from source
FAIL: Thread_Monitor -O3 compilation from source
FAIL: Thread_Monitor -O3 -findirect-dispatch compilation from source
FAIL: Thread_Sleep compilation from source
FAIL: Thread_Sleep -findirect-dispatch compilation from source
FAIL: Thread_Sleep -O3 compilation from source
FAIL: Thread_Sleep -O3 -findirect-dispatch compilation from source
FAIL: Thread_Sleep_2 compilation from source
FAIL: Thread_Sleep_2 -findirect-dispatch compilation from source
FAIL: Thread_Sleep_2 -O3 compilation from source
FAIL: Thread_Sleep_2 -O3 -findirect-dispatch compilation from source
FAIL: Thread_Wait compilation from source
FAIL: Thread_Wait -findirect-dispatch compilation from source
FAIL: Thread_Wait -O3 compilation from source
FAIL: Thread_Wait -O3 -findirect-dispatch compilation from source
FAIL: Thread_Wait_2 compilation from source
FAIL: Thread_Wait_2 -findirect-dispatch compilation from source
FAIL: Thread_Wait_2 -O3 compilation from source
FAIL: Thread_Wait_2 -O3 -findirect-dispatch compilation from source
FAIL: Thread_Wait_Interrupt compilation from source
FAIL: Thread_Wait_Interrupt -findirect-dispatch compilation from source
FAIL: Thread_Wait_Interrupt -O3 compilation from source
FAIL: Thread_Wait_Interrupt -O3 -findirect-dispatch compilation from source
FAIL: Throw_1 compilation from source
FAIL: Throw_1 -findirect-dispatch compilation from source
FAIL: Throw_1 -O3 compilation from source
FAIL: Throw_1 -O3 -findirect-dispatch compilation from source
FAIL: Throw_2 compilation from source
FAIL: Throw_2 -findirect-dispatch compilation from source
FAIL: Throw_2 -O3 compilation from source
FAIL: Throw_2 -O3 -findirect-dispatch compilation from source
FAIL: Throw_3 compilation from source
FAIL: Throw_3 -findirect-dispatch compilation from source
FAIL: Throw_3 -O3 compilation from source
FAIL: Throw_3 -O3 -findirect-dispatch compilation from source
FAIL: WalkerTest compilation from source
FAIL: WalkerTest -findirect-dispatch compilation from source
FAIL: WalkerTest -O3 compilation from source
FAIL: WalkerTest -O3 -findirect-dispatch compilation from source
FAIL: anfi compilation from source
FAIL: anfi -findirect-dispatch compilation from source
FAIL: anfi -O3 compilation from source
FAIL: anfi -O3 -findirect-dispatch compilation from source
FAIL: anon compilation from source
FAIL: anon -findirect-dispatch compilation from source
FAIL: anon -O3 compilation from source
FAIL: anon -O3 -findirect-dispatch compilation from source
FAIL: anon2 compilation from source
FAIL: anon2 -findirect-dispatch compilation from source
FAIL: anon2 -O3 compilation from source
FAIL: anon2 -O3 -findirect-dispatch compilation from source
FAIL: anon3 compilation from source
FAIL: anon3 -findirect-dispatch compilation from source
FAIL: anon3 -O3 compilation from source
FAIL: anon3 -O3 -findirect-dispatch compilation from source
FAIL: anon4 compilation from source
FAIL: anon4 -findirect-dispatch compilation from source
FAIL: anon4 -O3 compilation from source
FAIL: anon4 -O3 -findirect-dispatch compilation from source
FAIL: anon_ctor_itf_arg compilation from source
FAIL: anon_ctor_itf_arg -findirect-dispatch compilation from source
FAIL: anon_ctor_itf_arg -O3 compilation from source
FAIL: anon_ctor_itf_arg -O3 -findirect-dispatch compilation from source
FAIL: anonarray compilation from source
FAIL: anonarray -findirect-dispatch compilation from source
FAIL: anonarray -O3 compilation from source
FAIL: anonarray -O3 -findirect-dispatch compilation from source
FAIL: anonarray2 compilation from source
FAIL: anonarray2 -findirect-dispatch compilation from source
FAIL: anonarray2 -O3 compilation from source
FAIL: anonarray2 -O3 -findirect-dispatch compilation from source
FAIL: anonarray3 compilation from source
FAIL: anonarray3 -findirect-dispatch compilation from source
FAIL: anonarray3 -O3 compilation from source
FAIL: anonarray3 -O3 -findirect-dispatch compilation from source
FAIL: assign compilation from source
FAIL: assign -findirect-dispatch compilation from source
FAIL: assign -O3 compilation from source
FAIL: assign -O3 -findirect-dispatch compilation from source
FAIL: assign2 compilation from source
FAIL: assign2 -findirect-dispatch compilation from source
FAIL: assign2 -O3 compilation from source
FAIL: assign2 -O3 -findirect-dispatch compilation from source
FAIL: bclink compilation from source
FAIL: bclink -findirect-dispatch compilation from source
FAIL: bclink -O3 compilation from source
FAIL: bclink -O3 -findirect-dispatch compilation from source
FAIL: bytearray compilation from source
FAIL: bytearray -findirect-dispatch compilation from source
FAIL: bytearray -O3 compilation from source
FAIL: bytearray -O3 -findirect-dispatch compilation from source
FAIL: direct_read compilation from source
FAIL: direct_read -findirect-dispatch compilation from source
FAIL: direct_read -O3 compilation from source
FAIL: direct_read -O3 -findirect-dispatch compilation from source
FAIL: direct_write compilation from source
FAIL: direct_write -findirect-dispatch compilation from source
FAIL: direct_write -O3 compilation from source
FAIL: direct_write -O3 -findirect-dispatch compilation from source
FAIL: emptystring compilation from source
FAIL: emptystring -findirect-dispatch compilation from source
FAIL: emptystring -O3 compilation from source
FAIL: emptystring -O3 -findirect-dispatch compilation from source
FAIL: err1 compilation from source
FAIL: err1 -findirect-dispatch compilation from source
FAIL: err1 -O3 compilation from source
FAIL: err1 -O3 -findirect-dispatch compilation from source
FAIL: err10 compilation from source
FAIL: err10 -findirect-dispatch compilation from source
FAIL: err10 -O3 compilation from source
FAIL: err10 -O3 -findirect-dispatch compilation from source
FAIL: err11 compilation from source
FAIL: err11 -findirect-dispatch compilation from source
FAIL: err11 -O3 compilation from source
FAIL: err11 -O3 -findirect-dispatch compilation from source
FAIL: err12 compilation from source
FAIL: err12 -findirect-dispatch compilation from source
FAIL: err12 -O3 compilation from source
FAIL: err12 -O3 -findirect-dispatch compilation from source
FAIL: err13 compilation from source
FAIL: err13 -findirect-dispatch compilation from source
FAIL: err13 -O3 compilation from source
FAIL: err13 -O3 -findirect-dispatch compilation from source
FAIL: err14 compilation from source
FAIL: err14 -findirect-dispatch compilation from source
FAIL: err14 -O3 compilation from source
FAIL: err14 -O3 -findirect-dispatch compilation from source
FAIL: err2 compilation from source
FAIL: err2 -findirect-dispatch compilation from source
FAIL: err2 -O3 compilation from source
FAIL: err2 -O3 -findirect-dispatch compilation from source
FAIL: err3 compilation from source
FAIL: err3 -findirect-dispatch compilation from source
FAIL: err3 -O3 compilation from source
FAIL: err3 -O3 -findirect-dispatch compilation from source
FAIL: err4 compilation from source
FAIL: err4 -findirect-dispatch compilation from source
FAIL: err4 -O3 compilation from source
FAIL: err4 -O3 -findirect-dispatch compilation from source
FAIL: err5 compilation from source
FAIL: err5 -findirect-dispatch compilation from source
FAIL: err5 -O3 compilation from source
FAIL: err5 -O3 -findirect-dispatch compilation from source
FAIL: err6 compilation from source
FAIL: err6 -findirect-dispatch compilation from source
FAIL: err6 -O3 compilation from source
FAIL: err6 -O3 -findirect-dispatch compilation from source
FAIL: err7 compilation from source
FAIL: err7 -findirect-dispatch compilation from source
FAIL: err7 -O3 compilation from source
FAIL: err7 -O3 -findirect-dispatch compilation from source
FAIL: err8 compilation from source
FAIL: err8 -findirect-dispatch compilation from source
FAIL: err8 -O3 compilation from source
FAIL: err8 -O3 -findirect-dispatch compilation from source
FAIL: err9 compilation from source
FAIL: err9 -findirect-dispatch compilation from source
FAIL: err9 -O3 compilation from source
FAIL: err9 -O3 -findirect-dispatch compilation from source
FAIL: final_inner compilation from source
FAIL: final_inner -findirect-dispatch compilation from source
FAIL: final_inner -O3 compilation from source
FAIL: final_inner -O3 -findirect-dispatch compilation from source
FAIL: final_int compilation from source
FAIL: final_int -findirect-dispatch compilation from source
FAIL: final_int -O3 compilation from source
FAIL: final_int -O3 -findirect-dispatch compilation from source
FAIL: final_static_and_friend compilation from source
FAIL: final_static_and_friend -findirect-dispatch compilation from source
FAIL: final_static_and_friend -O3 compilation from source
FAIL: final_static_and_friend -O3 -findirect-dispatch compilation from source
FAIL: indirect compilation from source
FAIL: indirect -findirect-dispatch compilation from source
FAIL: indirect -O3 compilation from source
FAIL: indirect -O3 -findirect-dispatch compilation from source
FAIL: indirect_read compilation from source
FAIL: indirect_read -findirect-dispatch compilation from source
FAIL: indirect_read -O3 compilation from source
FAIL: indirect_read -O3 -findirect-dispatch compilation from source
FAIL: indirect_write compilation from source
FAIL: indirect_write -findirect-dispatch compilation from source
FAIL: indirect_write -O3 compilation from source
FAIL: indirect_write -O3 -findirect-dispatch compilation from source
FAIL: initexc compilation from source
FAIL: initexc -findirect-dispatch compilation from source
FAIL: initexc -O3 compilation from source
FAIL: initexc -O3 -findirect-dispatch compilation from source
FAIL: initfield compilation from source
FAIL: initfield -findirect-dispatch compilation from source
FAIL: initfield -O3 compilation from source
FAIL: initfield -O3 -findirect-dispatch compilation from source
FAIL: inline compilation from source
FAIL: inline -findirect-dispatch compilation from source
FAIL: inline -O3 compilation from source
FAIL: inline -O3 -findirect-dispatch compilation from source
FAIL: inner1 compilation from source
FAIL: inner1 -findirect-dispatch compilation from source
FAIL: inner1 -O3 compilation from source
FAIL: inner1 -O3 -findirect-dispatch compilation from source
FAIL: inner2 compilation from source
FAIL: inner2 -findirect-dispatch compilation from source
FAIL: inner2 -O3 compilation from source
FAIL: inner2 -O3 -findirect-dispatch compilation from source
FAIL: inner3 compilation from source
FAIL: inner3 -findirect-dispatch compilation from source
FAIL: inner3 -O3 compilation from source
FAIL: inner3 -O3 -findirect-dispatch compilation from source
FAIL: inner4 compilation from source
FAIL: inner4 -findirect-dispatch compilation from source
FAIL: inner4 -O3 compilation from source
FAIL: inner4 -O3 -findirect-dispatch compilation from source
FAIL: inner_array compilation from source
FAIL: inner_array -findirect-dispatch compilation from source
FAIL: inner_array -O3 compilation from source
FAIL: inner_array -O3 -findirect-dispatch compilation from source
FAIL: inner_interface compilation from source
FAIL: inner_interface -findirect-dispatch compilation from source
FAIL: inner_interface -O3 compilation from source
FAIL: inner_interface -O3 -findirect-dispatch compilation from source
FAIL: instance compilation from source
FAIL: instance -findirect-dispatch compilation from source
FAIL: instance -O3 compilation from source
FAIL: instance -O3 -findirect-dispatch compilation from source
FAIL: instinit compilation from source
FAIL: instinit -findirect-dispatch compilation from source
FAIL: instinit -O3 compilation from source
FAIL: instinit -O3 -findirect-dispatch compilation from source
FAIL: instinit2 compilation from source
FAIL: instinit2 -findirect-dispatch compilation from source
FAIL: instinit2 -O3 compilation from source
FAIL: instinit2 -O3 -findirect-dispatch compilation from source
FAIL: invoke_from_inner compilation from source
FAIL: invoke_from_inner -findirect-dispatch compilation from source
FAIL: invoke_from_inner -O3 compilation from source
FAIL: invoke_from_inner -O3 -findirect-dispatch compilation from source
FAIL: invokethrow compilation from source
FAIL: invokethrow -findirect-dispatch compilation from source
FAIL: invokethrow -O3 compilation from source
FAIL: invokethrow -O3 -findirect-dispatch compilation from source
FAIL: klass compilation from source
FAIL: klass -findirect-dispatch compilation from source
FAIL: klass -O3 compilation from source
FAIL: klass -O3 -findirect-dispatch compilation from source
FAIL: md5test compilation from source
FAIL: md5test -findirect-dispatch compilation from source
FAIL: md5test -O3 compilation from source
FAIL: md5test -O3 -findirect-dispatch compilation from source
FAIL: multiple_finit compilation from source
FAIL: multiple_finit -findirect-dispatch compilation from source
FAIL: multiple_finit -O3 compilation from source
FAIL: multiple_finit -O3 -findirect-dispatch compilation from source
FAIL: negzero compilation from source
FAIL: negzero -findirect-dispatch compilation from source
FAIL: negzero -O3 compilation from source
FAIL: negzero -O3 -findirect-dispatch compilation from source
FAIL: nested_with_ctor compilation from source
FAIL: nested_with_ctor -findirect-dispatch compilation from source
FAIL: nested_with_ctor -O3 compilation from source
FAIL: nested_with_ctor -O3 -findirect-dispatch compilation from source
FAIL: newarray_overflow compilation from source
FAIL: newarray_overflow -findirect-dispatch compilation from source
FAIL: newarray_overflow -O3 compilation from source
FAIL: newarray_overflow -O3 -findirect-dispatch compilation from source
FAIL: override compilation from source
FAIL: override -findirect-dispatch compilation from source
FAIL: override -O3 compilation from source
FAIL: override -O3 -findirect-dispatch compilation from source
FAIL: pr109 compilation from source
FAIL: pr109 -findirect-dispatch compilation from source
FAIL: pr109 -O3 compilation from source
FAIL: pr109 -O3 -findirect-dispatch compilation from source
FAIL: pr13107 compilation from source
FAIL: pr13107 -findirect-dispatch compilation from source
FAIL: pr13107 -O3 compilation from source
FAIL: pr13107 -O3 -findirect-dispatch compilation from source
FAIL: pr13107_2 compilation from source
FAIL: pr13107_2 -findirect-dispatch compilation from source
FAIL: pr13107_2 -O3 compilation from source
FAIL: pr13107_2 -O3 -findirect-dispatch compilation from source
FAIL: pr13107_3 compilation from source
FAIL: pr13107_3 -findirect-dispatch compilation from source
FAIL: pr13107_3 -O3 compilation from source
FAIL: pr13107_3 -O3 -findirect-dispatch compilation from source
FAIL: pr133 compilation from source
FAIL: pr133 -findirect-dispatch compilation from source
FAIL: pr133 -O3 compilation from source
FAIL: pr133 -O3 -findirect-dispatch compilation from source
FAIL: pr16789 compilation from source
FAIL: pr16789 -findirect-dispatch compilation from source
FAIL: pr16789 -O3 compilation from source
FAIL: pr16789 -O3 -findirect-dispatch compilation from source
FAIL: pr17536 compilation from source
FAIL: pr17536 -findirect-dispatch compilation from source
FAIL: pr17536 -O3 compilation from source
FAIL: pr17536 -O3 -findirect-dispatch compilation from source
FAIL: pr179 compilation from source
FAIL: pr179 -findirect-dispatch compilation from source
FAIL: pr179 -O3 compilation from source
FAIL: pr179 -O3 -findirect-dispatch compilation from source
FAIL: pr184 compilation from source
FAIL: pr184 -findirect-dispatch compilation from source
FAIL: pr184 -O3 compilation from source
FAIL: pr184 -O3 -findirect-dispatch compilation from source
FAIL: pr21785 compilation from source
FAIL: pr21785 -findirect-dispatch compilation from source
FAIL: pr21785 -O3 compilation from source
FAIL: pr21785 -O3 -findirect-dispatch compilation from source
FAIL: pr21844 compilation from source
FAIL: pr21844 -findirect-dispatch compilation from source
FAIL: pr21844 -O3 compilation from source
FAIL: pr21844 -O3 -findirect-dispatch compilation from source
FAIL: pr24321 compilation from source
FAIL: pr24321 -findirect-dispatch compilation from source
FAIL: pr24321 -O3 compilation from source
FAIL: pr24321 -O3 -findirect-dispatch compilation from source
FAIL: pr25676 compilation from source
FAIL: pr25676 -findirect-dispatch compilation from source
FAIL: pr25676 -O3 compilation from source
FAIL: pr25676 -O3 -findirect-dispatch compilation from source
FAIL: pr26390 compilation from source
FAIL: pr26390 -findirect-dispatch compilation from source
FAIL: pr26390 -O3 compilation from source
FAIL: pr26390 -O3 -findirect-dispatch compilation from source
FAIL: pr26990 compilation from source
FAIL: pr26990 -findirect-dispatch compilation from source
FAIL: pr26990 -O3 compilation from source
FAIL: pr26990 -O3 -findirect-dispatch compilation from source
FAIL: pr27171 compilation from source
FAIL: pr27171 -findirect-dispatch compilation from source
FAIL: pr27171 -O3 compilation from source
FAIL: pr27171 -O3 -findirect-dispatch compilation from source
FAIL: pr6388 compilation from source
FAIL: pr6388 -findirect-dispatch compilation from source
FAIL: pr6388 -O3 compilation from source
FAIL: pr6388 -O3 -findirect-dispatch compilation from source
FAIL: pr83 compilation from source
FAIL: pr83 -findirect-dispatch compilation from source
FAIL: pr83 -O3 compilation from source
FAIL: pr83 -O3 -findirect-dispatch compilation from source
FAIL: pr8415 compilation from source
FAIL: pr8415 -findirect-dispatch compilation from source
FAIL: pr8415 -O3 compilation from source
FAIL: pr8415 -O3 -findirect-dispatch compilation from source
FAIL: pr8676 compilation from source
FAIL: pr8676 -findirect-dispatch compilation from source
FAIL: pr8676 -O3 compilation from source
FAIL: pr8676 -O3 -findirect-dispatch compilation from source
FAIL: pr8823 compilation from source
FAIL: pr8823 -findirect-dispatch compilation from source
FAIL: pr8823 -O3 compilation from source
FAIL: pr8823 -O3 -findirect-dispatch compilation from source
FAIL: pr8945 compilation from source
FAIL: pr8945 -findirect-dispatch compilation from source
FAIL: pr8945 -O3 compilation from source
FAIL: pr8945 -O3 -findirect-dispatch compilation from source
FAIL: private_direct_read compilation from source
FAIL: private_direct_read -findirect-dispatch compilation from source
FAIL: private_direct_read -O3 compilation from source
FAIL: private_direct_read -O3 -findirect-dispatch compilation from source
FAIL: search_outer compilation from source
FAIL: search_outer -findirect-dispatch compilation from source
FAIL: search_outer -O3 compilation from source
FAIL: search_outer -O3 -findirect-dispatch compilation from source
FAIL: shatest compilation from source
FAIL: shatest -findirect-dispatch compilation from source
FAIL: shatest -O3 compilation from source
FAIL: shatest -O3 -findirect-dispatch compilation from source
FAIL: sourcelocation compilation from source
FAIL: sourcelocation -findirect-dispatch compilation from source
FAIL: sourcelocation -O3 compilation from source
FAIL: sourcelocation -O3 -findirect-dispatch compilation from source
FAIL: stacktrace compilation from source
FAIL: stacktrace -findirect-dispatch compilation from source
FAIL: stacktrace -O3 compilation from source
FAIL: stacktrace -O3 -findirect-dispatch compilation from source
FAIL: stringconst compilation from source
FAIL: stringconst -findirect-dispatch compilation from source
FAIL: stringconst -O3 compilation from source
FAIL: stringconst -O3 -findirect-dispatch compilation from source
FAIL: stringconst2 compilation from source
FAIL: stringconst2 -findirect-dispatch compilation from source
FAIL: stringconst2 -O3 compilation from source
FAIL: stringconst2 -O3 -findirect-dispatch compilation from source
FAIL: stub compilation from source
FAIL: stub -findirect-dispatch compilation from source
FAIL: stub -O3 compilation from source
FAIL: stub -O3 -findirect-dispatch compilation from source
FAIL: test_long compilation from source
FAIL: test_long -findirect-dispatch compilation from source
FAIL: test_long -O3 compilation from source
FAIL: test_long -O3 -findirect-dispatch compilation from source
FAIL: tmi compilation from source
FAIL: tmi -findirect-dispatch compilation from source
FAIL: tmi -O3 compilation from source
FAIL: tmi -O3 -findirect-dispatch compilation from source
FAIL: tp compilation from source
FAIL: tp -findirect-dispatch compilation from source
FAIL: tp -O3 compilation from source
FAIL: tp -O3 -findirect-dispatch compilation from source
FAIL: update_outer compilation from source
FAIL: update_outer -findirect-dispatch compilation from source
FAIL: update_outer -O3 compilation from source
FAIL: update_outer -O3 -findirect-dispatch compilation from source
FAIL: utf8concat compilation from source
FAIL: utf8concat -findirect-dispatch compilation from source
FAIL: utf8concat -O3 compilation from source
FAIL: utf8concat -O3 -findirect-dispatch compilation from source
FAIL: utilTest compilation from source
FAIL: utilTest -findirect-dispatch compilation from source
FAIL: utilTest -O3 compilation from source
FAIL: utilTest -O3 -findirect-dispatch compilation from source
FAIL: verify compilation from source
FAIL: verify -findirect-dispatch compilation from source
FAIL: verify -O3 compilation from source
FAIL: verify -O3 -findirect-dispatch compilation from source
FAIL: TestEarlyGC compilation from source
FAIL: TestLeak compilation from source
FAIL: TestMultiple compilation from source
FAIL: TestParent compilation from source
=== libjava Summary for unix/-m32 ===
Running target unix/-m64
=== libjava Summary for unix/-m64 ===
=== libjava Summary ===
# of expected passes 2634
# of unexpected failures 839
# of expected failures 39
# of untested testcases 1604
=== libstdc++ tests ===
Running target unix/-m32
=== libstdc++ Summary for unix/-m32 ===
# of expected passes 110
Running target unix/-m64
XPASS: 26_numerics/headers/cmath/c_math.cc execution test
=== libstdc++ Summary for unix/-m64 ===
# of expected passes 110
=== libstdc++ Summary ===
# of expected passes 14391
# of unexpected successes 1
# of expected failures 74
# of unsupported tests 444
Compiler version: 4.10.0 20140418 (experimental) [trunk revision 209514] (GCC)
Platform: x86_64-redhat-linux-gnu
configure flags: --enable-shared --enable-threads=posix --enable-checking=release --with-system-zlib --enable-__cxa_atexit --disable-libunwind-exceptions --enable-gnu-unique-object --enable-linker-build-id --with-linker-hash-style=gnu --enable-languages=c,c++,objc,obj-c++,java,fortran,ada,go,lto --enable-plugin --enable-initfini-array --disable-dssi --disable-libjava-multilib --with-cloog --with-tune=generic --with-arch_32=i686 --build=x86_64-redhat-linux
Counting all warnings,
there are 688 warnings in stage0 of this bootstrap.
Number of warnings per file:
138 gcc/ada/gnat_rm.texi
90 libgomp/libgomp.texi
28 terminals.c
24 libbid/bid128_div.c
20 socket.c
20 raise-gcc.c
18 libbid/bid64_div.c
14 gcc/ada/sem_prag.adb
12 g-expect.adb
12 gcc/ada/sem_util.adb
12 gcc/ada/sem_ch9.adb
12 gcc/ada/exp_ch7.adb
10 gcc/ada/exp_disp.adb
8 s-rannum.adb
8 g-socket.adb
8 gcc/ada/sem_eval.adb
8 gcc/ada/put_spark_xrefs.adb
8 gcc/ada/prj-env.adb
8 gcc/ada/exp_dist.adb
8 gcc/ada/exp_ch3.adb
8 gcc/ada/adaint.h
8 expect.c
6 include/fdl.texi
6 gcc/ada/sem_res.adb
6 gcc/ada/sem_ch6.adb
6 gcc/ada/sem_ch5.adb
6 gcc/ada/sem_ch4.adb
6 gcc/ada/sem_ch13.adb
6 gcc/ada/exp_ch9.adb
6 gcc/ada/exp_ch5.adb
6 gcc/ada/checks.adb
4 sysdep.c
4 s-stposu.adb
4 libssp/gets-chk.c
4 libgfortran/generated/unpack_r8.c
4 libgfortran/generated/unpack_r4.c
4 libgfortran/generated/unpack_r16.c
4 libgfortran/generated/unpack_r10.c
4 libgfortran/generated/unpack_i8.c
4 libgfortran/generated/unpack_i4.c
4 libgfortran/generated/unpack_i2.c
4 libgfortran/generated/unpack_i1.c
4 libgfortran/generated/unpack_c8.c
4 libgfortran/generated/unpack_c4.c
4 libgfortran/generated/unpack_c16.c
4 libgfortran/generated/unpack_c10.c
4 g-comlin.adb
4 gcc/ada/sem_disp.adb
4 gcc/ada/sem_ch12.adb
4 gcc/ada/par-ch9.adb
4 gcc/ada/gnatbind.adb
4 gcc/ada/exp_prag.adb
4 gcc/ada/exp_ch6.adb
4 gcc/ada/exp_attr.adb
4 cal.c
3 gcc/ada/vms_conv.adb
3 gcc/ada/gnat-style.texi
3 gcc/ada/gnatlink.adb
3 doc/gnat_ugn.texi
2 libtool
2 libsanitizer/ubsan/ubsan_diag.h
2 libgfortran/intrinsics/pack_generic.c
2 libgfortran/generated/unpack_i16.c
2 gcc/ada/xr_tabls.adb
2 gcc/ada/xref_lib.adb
2 gcc/ada/sem_intr.adb
2 gcc/ada/sem_ch8.adb
2 gcc/ada/sem_ch3.adb
2 gcc/ada/sem_case.adb
2 gcc/ada/sem_attr.adb
2 gcc/ada/par-ch3.adb
2 gcc/ada/make.adb
2 gcc/ada/exp_dbug.adb
2 gcc/ada/exp_ch4.adb
2 gcc/ada/atree.adb
2 gcc/ada/a-except.adb
2 checking whether build environment is sane... /usr/local/src/gcc/trunk/gcc/libgomp/libgomp.texi
1 gcc/boehm-gc/os_dep.c
1 gcc/ada/gnatcmd.adb
1 gcc/ada/gnatchop.adb
1 checking whether /usr/local/src/gcc/trunk/objdir/./gcc/xgcc -B/usr/local/src/gcc/trunk/objdir/./gcc/ -B/usr/local/x86_64-redhat-linux/bin/ -B/usr/local/x86_64-redhat-linux/lib/ -isystem /usr/local/x86_64-redhat-linux/include -isystem /usr/local/x86_64-redhat-linux/sys-include accepts -g... /usr/local/src/gcc/trunk/gcc/libgomp/libgomp.texi
1 checking whether gcc supports -fno-rtti... libtool
1 checking for frexpf declaration... /usr/local/src/gcc/trunk/gcc/libgomp/libgomp.texi
1 checking for fabsl declaration... /usr/local/src/gcc/trunk/gcc/libgomp/libgomp.texi
1 checking for coshf... /usr/local/src/gcc/trunk/gcc/libgomp/libgomp.texi
Number of warning types:
288 \`???' may be used uninitialized in this function [-Wmaybe-uninitialized]
57 node prev \`???' in menu \`???' and in sectioning \`???' differ
57 node next \`???' in menu \`???' and in sectioning \`???' differ
54 variable \`???' set but not used [-Wunused-but-set-variable]
42 node \`???' is prev for \`???' in menu but not in sectioning
42 node \`???' is next for \`???' in menu but not in sectioning
36 unused parameter \`???' [-Wunused-parameter]
20 implicit declaration of function \`???' [-Wimplicit-function-declaration]
12 unused variable \`???' [-Wunused-variable]
12 node \`???' is prev for \`???' in sectioning but not in menu
12 node \`???' is next for \`???' in sectioning but not in menu
12 multiple @menu
12 \`???' is used uninitialized in this function [-Wuninitialized]
6 @itemize has text but no @item
4 its scope is only this definition or declaration, which is probably not what you want
4 \`???' is deprecated (declared at /usr/include/stdio.h:638) [-Wdeprecated-declarations]
4 \`???' declared inside parameter list
4 argument to \`???' in \`???' call is the same expression as the destination; did you mean to remove the addressof? [-Wsizeof-pointer-memaccess]
3 remember to run \`???'
3 node \`???' is up for \`???' in menu but not in sectioning
3 @item missing argument
1 assignment from incompatible pointer type