This is the mail archive of the gcc-testresults@gcc.gnu.org mailing list for the GCC project.


Index Nav: [Date Index] [Subject Index] [Author Index] [Thread Index]
Message Nav: [Date Prev] [Date Next] [Thread Prev] [Thread Next]
Other format: [Raw text]

Results for 4.10.0 20140418 (experimental) (GCC) (build config: ubsan; languages: fortran,objc; trunk revision 209526) testsuite on x86_64-unknown-linux-gnu


LAST_UPDATED: Fri Apr 18 22:45:07 UTC 2014 (revision 209526)

Native configuration is x86_64-unknown-linux-gnu

		=== gcc tests ===


Running target unix
FAIL: gcc.c-torture/compile/pr42025-2.c  -O0  (test for excess errors)
FAIL: gcc.c-torture/compile/pr42049.c  -O3 -fomit-frame-pointer -funroll-loops  (test for excess errors)
FAIL: gcc.c-torture/compile/pr42049.c  -O3 -fomit-frame-pointer -funroll-all-loops -finline-functions  (test for excess errors)
FAIL: gcc.c-torture/compile/pr55569.c  -O1  (test for excess errors)
FAIL: gcc.c-torture/compile/pr55569.c  -Os  (test for excess errors)
FAIL: gcc.c-torture/execute/20010129-1.c compilation,  -O3 -fomit-frame-pointer -funroll-loops 
UNRESOLVED: gcc.c-torture/execute/20010129-1.c execution,  -O3 -fomit-frame-pointer -funroll-loops 
FAIL: gcc.c-torture/execute/20010129-1.c compilation,  -O3 -fomit-frame-pointer -funroll-all-loops -finline-functions 
UNRESOLVED: gcc.c-torture/execute/20010129-1.c execution,  -O3 -fomit-frame-pointer -funroll-all-loops -finline-functions 
FAIL: gcc.c-torture/execute/loop-2e.c compilation,  -O2 
UNRESOLVED: gcc.c-torture/execute/loop-2e.c execution,  -O2 
FAIL: gcc.c-torture/execute/loop-2e.c compilation,  -O2 -flto -fno-use-linker-plugin -flto-partition=none 
UNRESOLVED: gcc.c-torture/execute/loop-2e.c execution,  -O2 -flto -fno-use-linker-plugin -flto-partition=none 
FAIL: gcc.c-torture/execute/loop-2e.c compilation,  -O2 -flto -fuse-linker-plugin -fno-fat-lto-objects 
UNRESOLVED: gcc.c-torture/execute/loop-2e.c execution,  -O2 -flto -fuse-linker-plugin -fno-fat-lto-objects 
FAIL: gcc.c-torture/execute/pr49218.c compilation,  -O2 -flto -fuse-linker-plugin -fno-fat-lto-objects 
UNRESOLVED: gcc.c-torture/execute/pr49218.c execution,  -O2 -flto -fuse-linker-plugin -fno-fat-lto-objects 
FAIL: tmpdir-gcc.dg-struct-layout-1/t003 c_compat_x_tst.o compile
FAIL: tmpdir-gcc.dg-struct-layout-1/t003 c_compat_y_tst.o compile
FAIL: tmpdir-gcc.dg-struct-layout-1/t004 c_compat_x_tst.o compile
FAIL: tmpdir-gcc.dg-struct-layout-1/t004 c_compat_y_tst.o compile
FAIL: tmpdir-gcc.dg-struct-layout-1/t006 c_compat_x_tst.o compile
FAIL: tmpdir-gcc.dg-struct-layout-1/t006 c_compat_y_tst.o compile
FAIL: tmpdir-gcc.dg-struct-layout-1/t007 c_compat_x_tst.o compile
FAIL: tmpdir-gcc.dg-struct-layout-1/t007 c_compat_y_tst.o compile
FAIL: tmpdir-gcc.dg-struct-layout-1/t009 c_compat_x_tst.o compile
FAIL: tmpdir-gcc.dg-struct-layout-1/t009 c_compat_y_tst.o compile
FAIL: tmpdir-gcc.dg-struct-layout-1/t010 c_compat_x_tst.o compile
FAIL: tmpdir-gcc.dg-struct-layout-1/t010 c_compat_y_tst.o compile
FAIL: tmpdir-gcc.dg-struct-layout-1/t011 c_compat_x_tst.o compile
FAIL: tmpdir-gcc.dg-struct-layout-1/t011 c_compat_y_tst.o compile
FAIL: tmpdir-gcc.dg-struct-layout-1/t012 c_compat_x_tst.o compile
FAIL: tmpdir-gcc.dg-struct-layout-1/t012 c_compat_y_tst.o compile
FAIL: tmpdir-gcc.dg-struct-layout-1/t013 c_compat_x_tst.o compile
FAIL: tmpdir-gcc.dg-struct-layout-1/t013 c_compat_y_tst.o compile
FAIL: tmpdir-gcc.dg-struct-layout-1/t014 c_compat_x_tst.o compile
FAIL: tmpdir-gcc.dg-struct-layout-1/t014 c_compat_y_tst.o compile
FAIL: tmpdir-gcc.dg-struct-layout-1/t015 c_compat_x_tst.o compile
FAIL: tmpdir-gcc.dg-struct-layout-1/t015 c_compat_y_tst.o compile
FAIL: tmpdir-gcc.dg-struct-layout-1/t016 c_compat_x_tst.o compile
FAIL: tmpdir-gcc.dg-struct-layout-1/t016 c_compat_y_tst.o compile
FAIL: tmpdir-gcc.dg-struct-layout-1/t017 c_compat_x_tst.o compile
FAIL: tmpdir-gcc.dg-struct-layout-1/t017 c_compat_y_tst.o compile
FAIL: tmpdir-gcc.dg-struct-layout-1/t018 c_compat_x_tst.o compile
FAIL: tmpdir-gcc.dg-struct-layout-1/t018 c_compat_y_tst.o compile
FAIL: tmpdir-gcc.dg-struct-layout-1/t019 c_compat_x_tst.o compile
FAIL: tmpdir-gcc.dg-struct-layout-1/t019 c_compat_y_tst.o compile
FAIL: tmpdir-gcc.dg-struct-layout-1/t021 c_compat_x_tst.o compile
FAIL: tmpdir-gcc.dg-struct-layout-1/t021 c_compat_y_tst.o compile
FAIL: tmpdir-gcc.dg-struct-layout-1/t023 c_compat_x_tst.o compile
FAIL: tmpdir-gcc.dg-struct-layout-1/t023 c_compat_y_tst.o compile
FAIL: tmpdir-gcc.dg-struct-layout-1/t024 c_compat_x_tst.o compile
FAIL: tmpdir-gcc.dg-struct-layout-1/t024 c_compat_y_tst.o compile
FAIL: tmpdir-gcc.dg-struct-layout-1/t025 c_compat_x_tst.o compile
FAIL: tmpdir-gcc.dg-struct-layout-1/t025 c_compat_y_tst.o compile
FAIL: tmpdir-gcc.dg-struct-layout-1/t026 c_compat_x_tst.o compile
FAIL: tmpdir-gcc.dg-struct-layout-1/t026 c_compat_y_tst.o compile
FAIL: tmpdir-gcc.dg-struct-layout-1/t027 c_compat_x_tst.o compile
FAIL: tmpdir-gcc.dg-struct-layout-1/t027 c_compat_y_tst.o compile
FAIL: tmpdir-gcc.dg-struct-layout-1/t028 c_compat_x_tst.o compile
FAIL: tmpdir-gcc.dg-struct-layout-1/t028 c_compat_y_tst.o compile
FAIL: gcc.dg/pr50161.c (test for excess errors)
FAIL: gcc.dg/graphite/pr59817-2.c (test for excess errors)
FAIL: gcc.dg/graphite/pr60785.c (test for excess errors)
XPASS: gcc.dg/guality/example.c  -O0  execution test
XPASS: gcc.dg/guality/example.c  -O1  execution test
XPASS: gcc.dg/guality/example.c  -O2  execution test
XPASS: gcc.dg/guality/example.c  -O2 -flto -fno-use-linker-plugin -flto-partition=none  execution test
XPASS: gcc.dg/guality/guality.c  -O0  execution test
XPASS: gcc.dg/guality/guality.c  -O1  execution test
XPASS: gcc.dg/guality/guality.c  -O2  execution test
XPASS: gcc.dg/guality/guality.c  -O3 -fomit-frame-pointer  execution test
XPASS: gcc.dg/guality/guality.c  -O3 -g  execution test
XPASS: gcc.dg/guality/guality.c  -Os  execution test
XPASS: gcc.dg/guality/guality.c  -O2 -flto -fno-use-linker-plugin -flto-partition=none  execution test
XPASS: gcc.dg/guality/guality.c  -O2 -flto -fuse-linker-plugin -fno-fat-lto-objects  execution test
XPASS: gcc.dg/guality/inline-params.c  -O2  execution test
XPASS: gcc.dg/guality/inline-params.c  -O3 -fomit-frame-pointer  execution test
XPASS: gcc.dg/guality/inline-params.c  -O3 -g  execution test
XPASS: gcc.dg/guality/inline-params.c  -Os  execution test
XPASS: gcc.dg/guality/inline-params.c  -O2 -flto -fno-use-linker-plugin -flto-partition=none  execution test
XPASS: gcc.dg/guality/pr41353-1.c  -O0  line 28 j == 28 + 37
XPASS: gcc.dg/guality/pr41353-1.c  -O1  line 28 j == 28 + 37
XPASS: gcc.dg/guality/pr41353-1.c  -O2  line 28 j == 28 + 37
XPASS: gcc.dg/guality/pr41353-1.c  -O3 -fomit-frame-pointer  line 28 j == 28 + 37
XPASS: gcc.dg/guality/pr41353-1.c  -O3 -g  line 28 j == 28 + 37
XPASS: gcc.dg/guality/pr41353-1.c  -Os  line 28 j == 28 + 37
XPASS: gcc.dg/guality/pr41353-1.c  -O2 -flto -fno-use-linker-plugin -flto-partition=none  line 28 j == 28 + 37
XPASS: gcc.dg/guality/pr41353-1.c  -O2 -flto -fuse-linker-plugin -fno-fat-lto-objects  line 28 j == 28 + 37
XPASS: gcc.dg/guality/pr41447-1.c  -O0  execution test
XPASS: gcc.dg/guality/pr41447-1.c  -O1  execution test
XPASS: gcc.dg/guality/pr41447-1.c  -O2  execution test
XPASS: gcc.dg/guality/pr41447-1.c  -O3 -fomit-frame-pointer  execution test
XPASS: gcc.dg/guality/pr41447-1.c  -O3 -g  execution test
XPASS: gcc.dg/guality/pr41447-1.c  -Os  execution test
XPASS: gcc.dg/guality/pr41447-1.c  -O2 -flto -fno-use-linker-plugin -flto-partition=none  execution test
XPASS: gcc.dg/guality/pr41447-1.c  -O2 -flto -fuse-linker-plugin -fno-fat-lto-objects  execution test
XPASS: gcc.dg/guality/pr41616-1.c  -O0  execution test
XPASS: gcc.dg/guality/pr41616-1.c  -O1  execution test
XPASS: gcc.dg/guality/pr41616-1.c  -O2  execution test
XPASS: gcc.dg/guality/pr41616-1.c  -O3 -fomit-frame-pointer  execution test
XPASS: gcc.dg/guality/pr41616-1.c  -O3 -g  execution test
XPASS: gcc.dg/guality/pr41616-1.c  -Os  execution test
XPASS: gcc.dg/guality/pr41616-1.c  -O2 -flto -fno-use-linker-plugin -flto-partition=none  execution test
FAIL: gcc.dg/guality/pr48437.c  -O2 -flto -fno-use-linker-plugin -flto-partition=none  line 14 i == 0
FAIL: gcc.dg/guality/pr48437.c  -O2 -flto -fuse-linker-plugin -fno-fat-lto-objects  line 14 i == 0
FAIL: gcc.dg/guality/pr54200.c  -Os  line 20 z == 3
FAIL: gcc.dg/guality/pr54519-1.c  -O2 -flto -fno-use-linker-plugin -flto-partition=none  line 20 y == 25
FAIL: gcc.dg/guality/pr54519-1.c  -O2 -flto -fno-use-linker-plugin -flto-partition=none  line 20 z == 6
FAIL: gcc.dg/guality/pr54519-1.c  -O2 -flto -fno-use-linker-plugin -flto-partition=none  line 23 y == 117
FAIL: gcc.dg/guality/pr54519-1.c  -O2 -flto -fno-use-linker-plugin -flto-partition=none  line 23 z == 8
FAIL: gcc.dg/guality/pr54519-2.c  -O2 -flto -fno-use-linker-plugin -flto-partition=none  line 17 y == 25
FAIL: gcc.dg/guality/pr54519-2.c  -O2 -flto -fuse-linker-plugin -fno-fat-lto-objects  line 17 y == 25
FAIL: gcc.dg/guality/pr54519-3.c  -O2 -flto -fno-use-linker-plugin -flto-partition=none  line 20 y == 25
FAIL: gcc.dg/guality/pr54519-3.c  -O2 -flto -fno-use-linker-plugin -flto-partition=none  line 20 z == 6
FAIL: gcc.dg/guality/pr54519-3.c  -O2 -flto -fno-use-linker-plugin -flto-partition=none  line 23 y == 117
FAIL: gcc.dg/guality/pr54519-3.c  -O2 -flto -fno-use-linker-plugin -flto-partition=none  line 23 z == 8
FAIL: gcc.dg/guality/pr54519-3.c  -O2 -flto -fuse-linker-plugin -fno-fat-lto-objects  line 20 y == 25
FAIL: gcc.dg/guality/pr54519-3.c  -O2 -flto -fuse-linker-plugin -fno-fat-lto-objects  line 20 z == 6
FAIL: gcc.dg/guality/pr54519-3.c  -O2 -flto -fuse-linker-plugin -fno-fat-lto-objects  line 23 y == 117
FAIL: gcc.dg/guality/pr54519-3.c  -O2 -flto -fuse-linker-plugin -fno-fat-lto-objects  line 23 z == 8
FAIL: gcc.dg/guality/pr54519-4.c  -O2 -flto -fno-use-linker-plugin -flto-partition=none  line 17 y == 25
FAIL: gcc.dg/guality/pr54519-4.c  -O2 -flto -fuse-linker-plugin -fno-fat-lto-objects  line 17 y == 25
FAIL: gcc.dg/guality/pr54519-5.c  -O2 -flto -fno-use-linker-plugin -flto-partition=none  line 17 y == 25
FAIL: gcc.dg/guality/pr54519-5.c  -O2 -flto -fuse-linker-plugin -fno-fat-lto-objects  line 17 y == 25
FAIL: gcc.dg/guality/pr54693-2.c  -O3 -fomit-frame-pointer -funroll-loops  line 21 i == v + 1
FAIL: gcc.dg/guality/pr54693-2.c  -O3 -fomit-frame-pointer -funroll-all-loops -finline-functions  line 21 i == v + 1
FAIL: gcc.dg/guality/pr54693-2.c  -Os  line 21 x == 10 - i
FAIL: gcc.dg/guality/pr54693-2.c  -Os  line 21 y == 20 - 2 * i
FAIL: gcc.dg/guality/sra-1.c  -O2  line 43 a.j == 14
FAIL: gcc.dg/guality/sra-1.c  -O3 -fomit-frame-pointer  line 43 a.j == 14
FAIL: gcc.dg/guality/sra-1.c  -O3 -g  line 43 a.j == 14
FAIL: gcc.dg/guality/sra-1.c  -Os  line 43 a.j == 14
FAIL: gcc.dg/guality/sra-1.c  -O2 -flto -fno-use-linker-plugin -flto-partition=none  line 43 a.j == 14
FAIL: gcc.dg/guality/sra-1.c  -O2 -flto -fuse-linker-plugin -fno-fat-lto-objects  line 43 a.j == 14
FAIL: gcc.dg/guality/vla-1.c  -O0  line 17 sizeof (a) == 6
FAIL: gcc.dg/guality/vla-1.c  -O0  line 24 sizeof (a) == 17 * sizeof (short)
FAIL: gcc.dg/guality/vla-1.c  -O1  line 17 sizeof (a) == 6
FAIL: gcc.dg/guality/vla-1.c  -O1  line 24 sizeof (a) == 17 * sizeof (short)
FAIL: gcc.dg/guality/vla-1.c  -O2  line 17 sizeof (a) == 6
FAIL: gcc.dg/guality/vla-1.c  -O2  line 24 sizeof (a) == 17 * sizeof (short)
FAIL: gcc.dg/guality/vla-1.c  -O3 -fomit-frame-pointer  line 17 sizeof (a) == 6
FAIL: gcc.dg/guality/vla-1.c  -O3 -fomit-frame-pointer  line 24 sizeof (a) == 17 * sizeof (short)
FAIL: gcc.dg/guality/vla-1.c  -O3 -g  line 17 sizeof (a) == 6
FAIL: gcc.dg/guality/vla-1.c  -O3 -g  line 24 sizeof (a) == 17 * sizeof (short)
FAIL: gcc.dg/guality/vla-1.c  -Os  line 17 sizeof (a) == 6
FAIL: gcc.dg/guality/vla-1.c  -Os  line 24 sizeof (a) == 17 * sizeof (short)
FAIL: gcc.dg/guality/vla-1.c  -O2 -flto -fno-use-linker-plugin -flto-partition=none  line 17 sizeof (a) == 6
FAIL: gcc.dg/guality/vla-1.c  -O2 -flto -fno-use-linker-plugin -flto-partition=none  line 24 sizeof (a) == 17 * sizeof (short)
FAIL: gcc.dg/guality/vla-1.c  -O2 -flto -fuse-linker-plugin -fno-fat-lto-objects  line 17 sizeof (a) == 6
FAIL: gcc.dg/guality/vla-1.c  -O2 -flto -fuse-linker-plugin -fno-fat-lto-objects  line 24 sizeof (a) == 17 * sizeof (short)
FAIL: gcc.dg/guality/vla-2.c  -O0  line 16 sizeof (a) == 5 * sizeof (int)
FAIL: gcc.dg/guality/vla-2.c  -O0  line 25 sizeof (a) == 6 * sizeof (int)
FAIL: gcc.dg/guality/vla-2.c  -O1  line 16 sizeof (a) == 5 * sizeof (int)
FAIL: gcc.dg/guality/vla-2.c  -O1  line 25 sizeof (a) == 6 * sizeof (int)
FAIL: gcc.dg/guality/vla-2.c  -O2  line 16 sizeof (a) == 5 * sizeof (int)
FAIL: gcc.dg/guality/vla-2.c  -O2  line 25 sizeof (a) == 6 * sizeof (int)
FAIL: gcc.dg/guality/vla-2.c  -O3 -fomit-frame-pointer  line 16 sizeof (a) == 5 * sizeof (int)
FAIL: gcc.dg/guality/vla-2.c  -O3 -fomit-frame-pointer  line 25 sizeof (a) == 6 * sizeof (int)
FAIL: gcc.dg/guality/vla-2.c  -O3 -g  line 16 sizeof (a) == 5 * sizeof (int)
FAIL: gcc.dg/guality/vla-2.c  -O3 -g  line 25 sizeof (a) == 6 * sizeof (int)
FAIL: gcc.dg/guality/vla-2.c  -Os  line 16 sizeof (a) == 5 * sizeof (int)
FAIL: gcc.dg/guality/vla-2.c  -Os  line 25 sizeof (a) == 6 * sizeof (int)
FAIL: gcc.dg/guality/vla-2.c  -O2 -flto -fno-use-linker-plugin -flto-partition=none  line 16 sizeof (a) == 5 * sizeof (int)
FAIL: gcc.dg/guality/vla-2.c  -O2 -flto -fno-use-linker-plugin -flto-partition=none  line 25 sizeof (a) == 6 * sizeof (int)
FAIL: gcc.dg/guality/vla-2.c  -O2 -flto -fuse-linker-plugin -fno-fat-lto-objects  line 16 sizeof (a) == 5 * sizeof (int)
FAIL: gcc.dg/guality/vla-2.c  -O2 -flto -fuse-linker-plugin -fno-fat-lto-objects  line 25 sizeof (a) == 6 * sizeof (int)
FAIL: gcc.dg/plugin/selfassign.c compilation
FAIL: gcc.dg/plugin/ggcplug.c compilation
FAIL: gcc.dg/plugin/one_time_plugin.c compilation
FAIL: gcc.dg/plugin/start_unit_plugin.c compilation
FAIL: gcc.dg/plugin/finish_unit_plugin.c compilation
FAIL: gcc.dg/torture/fp-int-convert-float128-timode.c  -O0  (test for excess errors)
FAIL: gcc.dg/torture/fp-int-convert-float128-timode.c  -O1  (test for excess errors)
FAIL: gcc.dg/torture/fp-int-convert-float128-timode.c  -O2  (test for excess errors)
FAIL: gcc.dg/torture/fp-int-convert-float128-timode.c  -O3 -fomit-frame-pointer  (test for excess errors)
FAIL: gcc.dg/torture/fp-int-convert-float128-timode.c  -O3 -g  (test for excess errors)
FAIL: gcc.dg/torture/fp-int-convert-float128-timode.c  -Os  (test for excess errors)
FAIL: gcc.dg/torture/fp-int-convert-float128-timode.c  -O2 -flto -fno-use-linker-plugin -flto-partition=none  (test for excess errors)
FAIL: gcc.dg/torture/fp-int-convert-float128-timode.c  -O2 -flto -fuse-linker-plugin -fno-fat-lto-objects  (test for excess errors)
FAIL: gcc.dg/torture/fp-int-convert-float80-timode.c  -O0  (test for excess errors)
FAIL: gcc.dg/torture/fp-int-convert-float80-timode.c  -O1  (test for excess errors)
FAIL: gcc.dg/torture/fp-int-convert-float80-timode.c  -O2  (test for excess errors)
FAIL: gcc.dg/torture/fp-int-convert-float80-timode.c  -O3 -fomit-frame-pointer  (test for excess errors)
FAIL: gcc.dg/torture/fp-int-convert-float80-timode.c  -O3 -g  (test for excess errors)
FAIL: gcc.dg/torture/fp-int-convert-float80-timode.c  -Os  (test for excess errors)
FAIL: gcc.dg/torture/fp-int-convert-float80-timode.c  -O2 -flto -fno-use-linker-plugin -flto-partition=none  (test for excess errors)
FAIL: gcc.dg/torture/fp-int-convert-float80-timode.c  -O2 -flto -fuse-linker-plugin -fno-fat-lto-objects  (test for excess errors)
FAIL: gcc.dg/torture/fp-int-convert-timode.c  -O0  (test for excess errors)
FAIL: gcc.dg/torture/fp-int-convert-timode.c  -O1  (test for excess errors)
FAIL: gcc.dg/torture/fp-int-convert-timode.c  -O2  (test for excess errors)
FAIL: gcc.dg/torture/fp-int-convert-timode.c  -O3 -fomit-frame-pointer  (test for excess errors)
FAIL: gcc.dg/torture/fp-int-convert-timode.c  -O3 -g  (test for excess errors)
FAIL: gcc.dg/torture/fp-int-convert-timode.c  -Os  (test for excess errors)
FAIL: gcc.dg/torture/fp-int-convert-timode.c  -O2 -flto -fno-use-linker-plugin -flto-partition=none  (test for excess errors)
FAIL: gcc.dg/torture/fp-int-convert-timode.c  -O2 -flto -fuse-linker-plugin -fno-fat-lto-objects  (test for excess errors)
FAIL: gcc.dg/torture/pr28045.c  -O0  (test for excess errors)
FAIL: gcc.dg/torture/pr28045.c  -O1  (test for excess errors)
FAIL: gcc.dg/torture/pr28045.c  -Os  (test for excess errors)
FAIL: gcc.dg/torture/pr60183.c  -O3 -fomit-frame-pointer  (test for excess errors)
FAIL: gcc.dg/torture/pr60183.c  -O3 -fomit-frame-pointer -funroll-loops  (test for excess errors)
FAIL: gcc.dg/torture/pr60183.c  -O3 -fomit-frame-pointer -funroll-all-loops -finline-functions  (test for excess errors)
FAIL: gcc.dg/torture/pr60183.c  -O3 -g  (test for excess errors)
FAIL: gcc.dg/torture/vec-cvt-1.c  -O1  (test for excess errors)
FAIL: gcc.dg/torture/vec-cvt-1.c  -O2  (test for excess errors)
FAIL: gcc.dg/torture/vec-cvt-1.c  -O3 -fomit-frame-pointer  (test for excess errors)
FAIL: gcc.dg/torture/vec-cvt-1.c  -O3 -fomit-frame-pointer -funroll-loops  (test for excess errors)
FAIL: gcc.dg/torture/vec-cvt-1.c  -O3 -fomit-frame-pointer -funroll-all-loops -finline-functions  (test for excess errors)
FAIL: gcc.dg/torture/vec-cvt-1.c  -O3 -g  (test for excess errors)
FAIL: gcc.dg/torture/vec-cvt-1.c  -Os  (test for excess errors)
FAIL: gcc.dg/torture/vec-cvt-1.c  -O2 -flto -fno-use-linker-plugin -flto-partition=none  (test for excess errors)
FAIL: gcc.dg/torture/vec-cvt-1.c  -O2 -flto -fuse-linker-plugin -fno-fat-lto-objects  (test for excess errors)
FAIL: gcc.dg/tree-ssa/cunroll-10.c scan-tree-dump-times cunroll "Forced statement unreachable" 2
FAIL: gcc.dg/vect/vect-cselim-2.c scan-tree-dump-times vect "vectorized 1 loops" 0
FAIL: gcc.dg/vect/bb-slp-pattern-1.c scan-tree-dump-times slp "vect_recog_widen_mult_pattern: detected" 8
FAIL: gcc.dg/vect/bb-slp-pattern-1.c scan-tree-dump-times slp "pattern recognized" 8
FAIL: gcc.dg/vect/pr59984.c -flto -ffat-lto-objects (internal compiler error)
FAIL: gcc.dg/vect/pr59984.c -flto -ffat-lto-objects (test for excess errors)
UNRESOLVED: gcc.dg/vect/pr59984.c -flto -ffat-lto-objects compilation failed to produce executable
FAIL: gcc.dg/vect/vect-cselim-2.c -flto -ffat-lto-objects  scan-tree-dump-times vect "vectorized 1 loops" 0
FAIL: gcc.dg/vect/vect-simd-clone-1.c -flto -ffat-lto-objects (internal compiler error)
FAIL: gcc.dg/vect/vect-simd-clone-1.c -flto -ffat-lto-objects (test for excess errors)
UNRESOLVED: gcc.dg/vect/vect-simd-clone-1.c -flto -ffat-lto-objects compilation failed to produce executable
FAIL: gcc.dg/vect/vect-simd-clone-11.c -flto -ffat-lto-objects (internal compiler error)
FAIL: gcc.dg/vect/vect-simd-clone-11.c -flto -ffat-lto-objects (test for excess errors)
UNRESOLVED: gcc.dg/vect/vect-simd-clone-11.c -flto -ffat-lto-objects compilation failed to produce executable
FAIL: gcc.dg/vect/vect-simd-clone-12.c -flto -ffat-lto-objects (internal compiler error)
FAIL: gcc.dg/vect/vect-simd-clone-12.c -flto -ffat-lto-objects (test for excess errors)
UNRESOLVED: gcc.dg/vect/vect-simd-clone-12.c -flto -ffat-lto-objects compilation failed to produce executable
FAIL: gcc.dg/vect/vect-simd-clone-2.c -flto -ffat-lto-objects (internal compiler error)
FAIL: gcc.dg/vect/vect-simd-clone-2.c -flto -ffat-lto-objects (test for excess errors)
UNRESOLVED: gcc.dg/vect/vect-simd-clone-2.c -flto -ffat-lto-objects compilation failed to produce executable
FAIL: gcc.dg/vect/vect-simd-clone-3.c -flto -ffat-lto-objects (internal compiler error)
FAIL: gcc.dg/vect/vect-simd-clone-3.c -flto -ffat-lto-objects (test for excess errors)
UNRESOLVED: gcc.dg/vect/vect-simd-clone-3.c -flto -ffat-lto-objects compilation failed to produce executable
FAIL: gcc.dg/vect/vect-simd-clone-4.c -flto -ffat-lto-objects (internal compiler error)
FAIL: gcc.dg/vect/vect-simd-clone-4.c -flto -ffat-lto-objects (test for excess errors)
UNRESOLVED: gcc.dg/vect/vect-simd-clone-4.c -flto -ffat-lto-objects compilation failed to produce executable
FAIL: gcc.dg/vect/vect-simd-clone-5.c -flto -ffat-lto-objects (internal compiler error)
FAIL: gcc.dg/vect/vect-simd-clone-5.c -flto -ffat-lto-objects (test for excess errors)
UNRESOLVED: gcc.dg/vect/vect-simd-clone-5.c -flto -ffat-lto-objects compilation failed to produce executable
FAIL: gcc.dg/vect/vect-simd-clone-6.c -flto -ffat-lto-objects (internal compiler error)
FAIL: gcc.dg/vect/vect-simd-clone-6.c -flto -ffat-lto-objects (test for excess errors)
UNRESOLVED: gcc.dg/vect/vect-simd-clone-6.c -flto -ffat-lto-objects compilation failed to produce executable
FAIL: gcc.dg/vect/vect-simd-clone-7.c -flto -ffat-lto-objects (internal compiler error)
FAIL: gcc.dg/vect/vect-simd-clone-7.c -flto -ffat-lto-objects (test for excess errors)
UNRESOLVED: gcc.dg/vect/vect-simd-clone-7.c -flto -ffat-lto-objects compilation failed to produce executable
FAIL: gcc.dg/vect/vect-simd-clone-8.c -flto -ffat-lto-objects (internal compiler error)
FAIL: gcc.dg/vect/vect-simd-clone-8.c -flto -ffat-lto-objects (test for excess errors)
UNRESOLVED: gcc.dg/vect/vect-simd-clone-8.c -flto -ffat-lto-objects compilation failed to produce executable
FAIL: gcc.dg/vect/vect-simd-clone-9.c -flto -ffat-lto-objects (internal compiler error)
FAIL: gcc.dg/vect/vect-simd-clone-9.c -flto -ffat-lto-objects (test for excess errors)
UNRESOLVED: gcc.dg/vect/vect-simd-clone-9.c -flto -ffat-lto-objects compilation failed to produce executable
FAIL: gcc.dg/vect/bb-slp-pattern-1.c -flto -ffat-lto-objects  scan-tree-dump-times slp "vect_recog_widen_mult_pattern: detected" 8
FAIL: gcc.dg/vect/bb-slp-pattern-1.c -flto -ffat-lto-objects  scan-tree-dump-times slp "pattern recognized" 8
FAIL: gcc.dg/vect/no-tree-sra-bb-slp-pr50730.c scan-tree-dump-times slp "not vectorized: more than one data ref in stmt" 0
FAIL: gcc.target/i386/pr20020-1.c (test for excess errors)
FAIL: gcc.target/i386/pr20020-2.c (test for excess errors)
FAIL: gcc.target/i386/xop-imul32widen-vector.c scan-assembler vpmacsdqh
FAIL: gcc.target/i386/xop-imul64-vector.c scan-assembler vpmulld
FAIL: gcc.target/i386/xop-imul64-vector.c scan-assembler vphadddq
FAIL: gcc.target/i386/xop-imul64-vector.c scan-assembler vpmacsdql
FAIL: gcc.target/i386/xop-rotate1-vector.c scan-assembler vprotd
FAIL: gcc.target/i386/xop-rotate2-vector.c scan-assembler vprot
FAIL: gcc.target/i386/xop-rotate3-vector.c scan-assembler vprotd
FAIL: gcc.target/i386/xop-shift1-vector.c scan-assembler vpshad
FAIL: gcc.target/i386/xop-shift2-vector.c scan-assembler vpshad
FAIL: gcc.target/i386/xop-shift3-vector.c scan-assembler vpshld

		=== gcc Summary ===

# of expected passes		108801
# of unexpected failures	210
# of unexpected successes	40
# of expected failures		267
# of unresolved testcases	18
# of unsupported tests		1455
/scratch/toon/bd8393/gcc/xgcc  version 4.10.0 20140418 (experimental) (GCC) 

		=== gfortran tests ===


Running target unix
FAIL: gfortran.dg/actual_array_constructor_2.f90  -O3 -fomit-frame-pointer -funroll-loops  (test for excess errors)
FAIL: gfortran.dg/actual_array_constructor_2.f90  -O3 -fomit-frame-pointer -funroll-all-loops -finline-functions  (test for excess errors)
FAIL: gfortran.dg/aliasing_dummy_1.f90  -O0  (test for excess errors)
FAIL: gfortran.dg/aliasing_dummy_1.f90  -O1  (test for excess errors)
FAIL: gfortran.dg/aliasing_dummy_1.f90  -O2  (test for excess errors)
FAIL: gfortran.dg/aliasing_dummy_1.f90  -O3 -fomit-frame-pointer  (test for excess errors)
FAIL: gfortran.dg/aliasing_dummy_1.f90  -O3 -fomit-frame-pointer -funroll-loops  (test for excess errors)
FAIL: gfortran.dg/aliasing_dummy_1.f90  -O3 -fomit-frame-pointer -funroll-all-loops -finline-functions  (test for excess errors)
FAIL: gfortran.dg/aliasing_dummy_1.f90  -O3 -g  (test for excess errors)
FAIL: gfortran.dg/aliasing_dummy_1.f90  -Os  (test for excess errors)
FAIL: gfortran.dg/alloc_comp_assign_10.f90  -O3 -fomit-frame-pointer -funroll-loops  (test for excess errors)
FAIL: gfortran.dg/alloc_comp_assign_10.f90  -O3 -fomit-frame-pointer -funroll-all-loops -finline-functions  (test for excess errors)
FAIL: gfortran.dg/alloc_comp_assign_11.f90  -O0  (test for excess errors)
FAIL: gfortran.dg/alloc_comp_assign_11.f90  -O1  (test for excess errors)
FAIL: gfortran.dg/alloc_comp_assign_11.f90  -O2  (test for excess errors)
FAIL: gfortran.dg/alloc_comp_assign_11.f90  -O3 -fomit-frame-pointer  (test for excess errors)
FAIL: gfortran.dg/alloc_comp_assign_11.f90  -O3 -fomit-frame-pointer -funroll-loops  (test for excess errors)
FAIL: gfortran.dg/alloc_comp_assign_11.f90  -O3 -fomit-frame-pointer -funroll-all-loops -finline-functions  (test for excess errors)
FAIL: gfortran.dg/alloc_comp_assign_11.f90  -O3 -g  (test for excess errors)
FAIL: gfortran.dg/alloc_comp_assign_11.f90  -Os  (test for excess errors)
FAIL: gfortran.dg/alloc_comp_assign_12.f03  -O3 -fomit-frame-pointer -funroll-loops  (test for excess errors)
FAIL: gfortran.dg/alloc_comp_assign_12.f03  -O3 -fomit-frame-pointer -funroll-all-loops -finline-functions  (test for excess errors)
FAIL: gfortran.dg/alloc_comp_assign_2.f90  -O0  (test for excess errors)
FAIL: gfortran.dg/alloc_comp_assign_2.f90  -O1  (test for excess errors)
FAIL: gfortran.dg/alloc_comp_assign_2.f90  -O2  (test for excess errors)
FAIL: gfortran.dg/alloc_comp_assign_2.f90  -O3 -fomit-frame-pointer  (test for excess errors)
FAIL: gfortran.dg/alloc_comp_assign_2.f90  -O3 -fomit-frame-pointer -funroll-loops  (test for excess errors)
FAIL: gfortran.dg/alloc_comp_assign_2.f90  -O3 -fomit-frame-pointer -funroll-all-loops -finline-functions  (test for excess errors)
FAIL: gfortran.dg/alloc_comp_assign_2.f90  -O3 -g  (test for excess errors)
FAIL: gfortran.dg/alloc_comp_assign_2.f90  -Os  (test for excess errors)
FAIL: gfortran.dg/alloc_comp_assign_3.f90  -O0  (test for excess errors)
FAIL: gfortran.dg/alloc_comp_assign_3.f90  -O1  (test for excess errors)
FAIL: gfortran.dg/alloc_comp_assign_3.f90  -O2  (test for excess errors)
FAIL: gfortran.dg/alloc_comp_assign_3.f90  -O3 -fomit-frame-pointer  (test for excess errors)
FAIL: gfortran.dg/alloc_comp_assign_3.f90  -O3 -fomit-frame-pointer -funroll-loops  (test for excess errors)
FAIL: gfortran.dg/alloc_comp_assign_3.f90  -O3 -fomit-frame-pointer -funroll-all-loops -finline-functions  (test for excess errors)
FAIL: gfortran.dg/alloc_comp_assign_3.f90  -O3 -g  (test for excess errors)
FAIL: gfortran.dg/alloc_comp_assign_3.f90  -Os  (test for excess errors)
FAIL: gfortran.dg/alloc_comp_assign_4.f90  -O0  (test for excess errors)
FAIL: gfortran.dg/alloc_comp_assign_4.f90  -O1  (test for excess errors)
FAIL: gfortran.dg/alloc_comp_assign_4.f90  -O2  (test for excess errors)
FAIL: gfortran.dg/alloc_comp_assign_4.f90  -O3 -fomit-frame-pointer  (test for excess errors)
FAIL: gfortran.dg/alloc_comp_assign_4.f90  -O3 -fomit-frame-pointer -funroll-loops  (test for excess errors)
FAIL: gfortran.dg/alloc_comp_assign_4.f90  -O3 -fomit-frame-pointer -funroll-all-loops -finline-functions  (test for excess errors)
FAIL: gfortran.dg/alloc_comp_assign_4.f90  -O3 -g  (test for excess errors)
FAIL: gfortran.dg/alloc_comp_assign_4.f90  -Os  (test for excess errors)
FAIL: gfortran.dg/alloc_comp_assign_6.f90  -O3 -fomit-frame-pointer -funroll-loops  (test for excess errors)
FAIL: gfortran.dg/alloc_comp_assign_6.f90  -O3 -fomit-frame-pointer -funroll-all-loops -finline-functions  (test for excess errors)
FAIL: gfortran.dg/alloc_comp_assign_7.f90  -O0  (test for excess errors)
FAIL: gfortran.dg/alloc_comp_assign_7.f90  -O1  (test for excess errors)
FAIL: gfortran.dg/alloc_comp_assign_7.f90  -O2  (test for excess errors)
FAIL: gfortran.dg/alloc_comp_assign_7.f90  -O3 -fomit-frame-pointer  (test for excess errors)
FAIL: gfortran.dg/alloc_comp_assign_7.f90  -O3 -fomit-frame-pointer -funroll-loops  (test for excess errors)
FAIL: gfortran.dg/alloc_comp_assign_7.f90  -O3 -fomit-frame-pointer -funroll-all-loops -finline-functions  (test for excess errors)
FAIL: gfortran.dg/alloc_comp_assign_7.f90  -O3 -g  (test for excess errors)
FAIL: gfortran.dg/alloc_comp_assign_7.f90  -Os  (test for excess errors)
FAIL: gfortran.dg/alloc_comp_auto_array_2.f90  -O3 -fomit-frame-pointer -funroll-loops  (test for excess errors)
FAIL: gfortran.dg/alloc_comp_auto_array_2.f90  -O3 -fomit-frame-pointer -funroll-all-loops -finline-functions  (test for excess errors)
FAIL: gfortran.dg/alloc_comp_basics_1.f90  -O3 -fomit-frame-pointer -funroll-loops  (test for excess errors)
FAIL: gfortran.dg/alloc_comp_basics_1.f90  -O3 -fomit-frame-pointer -funroll-all-loops -finline-functions  (test for excess errors)
FAIL: gfortran.dg/alloc_comp_constructor_1.f90  -O0  (test for excess errors)
FAIL: gfortran.dg/alloc_comp_constructor_1.f90  -O1  (test for excess errors)
FAIL: gfortran.dg/alloc_comp_constructor_1.f90  -O2  (test for excess errors)
FAIL: gfortran.dg/alloc_comp_constructor_1.f90  -O3 -fomit-frame-pointer  (test for excess errors)
FAIL: gfortran.dg/alloc_comp_constructor_1.f90  -O3 -fomit-frame-pointer -funroll-loops  (test for excess errors)
FAIL: gfortran.dg/alloc_comp_constructor_1.f90  -O3 -fomit-frame-pointer -funroll-all-loops -finline-functions  (test for excess errors)
FAIL: gfortran.dg/alloc_comp_constructor_1.f90  -O3 -g  (test for excess errors)
FAIL: gfortran.dg/alloc_comp_constructor_1.f90  -Os  (test for excess errors)
FAIL: gfortran.dg/alloc_comp_constructor_2.f90  -O0  (test for excess errors)
FAIL: gfortran.dg/alloc_comp_constructor_2.f90  -O1  (test for excess errors)
FAIL: gfortran.dg/alloc_comp_constructor_2.f90  -O2  (test for excess errors)
FAIL: gfortran.dg/alloc_comp_constructor_2.f90  -O3 -fomit-frame-pointer  (test for excess errors)
FAIL: gfortran.dg/alloc_comp_constructor_2.f90  -O3 -fomit-frame-pointer -funroll-loops  (test for excess errors)
FAIL: gfortran.dg/alloc_comp_constructor_2.f90  -O3 -fomit-frame-pointer -funroll-all-loops -finline-functions  (test for excess errors)
FAIL: gfortran.dg/alloc_comp_constructor_2.f90  -O3 -g  (test for excess errors)
FAIL: gfortran.dg/alloc_comp_constructor_2.f90  -Os  (test for excess errors)
FAIL: gfortran.dg/alloc_comp_default_init_1.f90  -O3 -fomit-frame-pointer -funroll-loops  (test for excess errors)
FAIL: gfortran.dg/alloc_comp_default_init_1.f90  -O3 -fomit-frame-pointer -funroll-all-loops -finline-functions  (test for excess errors)
FAIL: gfortran.dg/alloc_comp_initializer_1.f90  -O0  (test for excess errors)
FAIL: gfortran.dg/alloc_comp_initializer_1.f90  -O1  (test for excess errors)
FAIL: gfortran.dg/alloc_comp_initializer_1.f90  -O2  (test for excess errors)
FAIL: gfortran.dg/alloc_comp_initializer_1.f90  -O3 -fomit-frame-pointer  (test for excess errors)
FAIL: gfortran.dg/alloc_comp_initializer_1.f90  -O3 -fomit-frame-pointer -funroll-loops  (test for excess errors)
FAIL: gfortran.dg/alloc_comp_initializer_1.f90  -O3 -fomit-frame-pointer -funroll-all-loops -finline-functions  (test for excess errors)
FAIL: gfortran.dg/alloc_comp_initializer_1.f90  -O3 -g  (test for excess errors)
FAIL: gfortran.dg/alloc_comp_initializer_1.f90  -Os  (test for excess errors)
FAIL: gfortran.dg/alloc_comp_result_1.f90  -O0  (test for excess errors)
FAIL: gfortran.dg/alloc_comp_result_1.f90  -O1  (test for excess errors)
FAIL: gfortran.dg/alloc_comp_result_1.f90  -O2  (test for excess errors)
FAIL: gfortran.dg/alloc_comp_result_1.f90  -O3 -fomit-frame-pointer  (test for excess errors)
FAIL: gfortran.dg/alloc_comp_result_1.f90  -O3 -fomit-frame-pointer -funroll-loops  (test for excess errors)
FAIL: gfortran.dg/alloc_comp_result_1.f90  -O3 -fomit-frame-pointer -funroll-all-loops -finline-functions  (test for excess errors)
FAIL: gfortran.dg/alloc_comp_result_1.f90  -O3 -g  (test for excess errors)
FAIL: gfortran.dg/alloc_comp_result_1.f90  -Os  (test for excess errors)
FAIL: gfortran.dg/allocate_class_3.f90  -O0  (test for excess errors)
FAIL: gfortran.dg/allocate_class_3.f90  -O1  (test for excess errors)
FAIL: gfortran.dg/allocate_class_3.f90  -O2  (test for excess errors)
FAIL: gfortran.dg/allocate_class_3.f90  -O3 -fomit-frame-pointer  (test for excess errors)
FAIL: gfortran.dg/allocate_class_3.f90  -O3 -fomit-frame-pointer -funroll-loops  (test for excess errors)
FAIL: gfortran.dg/allocate_class_3.f90  -O3 -fomit-frame-pointer -funroll-all-loops -finline-functions  (test for excess errors)
FAIL: gfortran.dg/allocate_class_3.f90  -O3 -g  (test for excess errors)
FAIL: gfortran.dg/allocate_class_3.f90  -Os  (test for excess errors)
FAIL: gfortran.dg/allocate_zerosize_2.f90  -O3 -fomit-frame-pointer -funroll-loops  (test for excess errors)
FAIL: gfortran.dg/allocate_zerosize_2.f90  -O3 -fomit-frame-pointer -funroll-all-loops -finline-functions  (test for excess errors)
FAIL: gfortran.dg/array_assignment_1.F90  -O3 -fomit-frame-pointer -funroll-loops  (test for excess errors)
FAIL: gfortran.dg/array_assignment_1.F90  -O3 -fomit-frame-pointer -funroll-all-loops -finline-functions  (test for excess errors)
FAIL: gfortran.dg/array_temporaries_3.f90  -O3 -fomit-frame-pointer -funroll-loops  (test for excess errors)
FAIL: gfortran.dg/array_temporaries_3.f90  -O3 -fomit-frame-pointer -funroll-all-loops -finline-functions  (test for excess errors)
FAIL: gfortran.dg/assumed_rank_1.f90  -O3 -fomit-frame-pointer -funroll-loops  (test for excess errors)
FAIL: gfortran.dg/assumed_rank_1.f90  -O3 -fomit-frame-pointer -funroll-all-loops -finline-functions  (test for excess errors)
FAIL: gfortran.dg/assumed_rank_2.f90  -O3 -fomit-frame-pointer -funroll-loops  (test for excess errors)
FAIL: gfortran.dg/assumed_rank_2.f90  -O3 -fomit-frame-pointer -funroll-all-loops -finline-functions  (test for excess errors)
FAIL: gfortran.dg/assumed_rank_bounds_1.f90  -O3 -fomit-frame-pointer -funroll-loops  (test for excess errors)
FAIL: gfortran.dg/assumed_rank_bounds_1.f90  -O3 -fomit-frame-pointer -funroll-all-loops -finline-functions  (test for excess errors)
FAIL: gfortran.dg/auto_char_dummy_array_1.f90  -O3 -fomit-frame-pointer -funroll-loops  (test for excess errors)
FAIL: gfortran.dg/auto_char_dummy_array_1.f90  -O3 -fomit-frame-pointer -funroll-all-loops -finline-functions  (test for excess errors)
FAIL: gfortran.dg/automatic_default_init_1.f90  -O3 -fomit-frame-pointer -funroll-loops  (test for excess errors)
FAIL: gfortran.dg/automatic_default_init_1.f90  -O3 -fomit-frame-pointer -funroll-all-loops -finline-functions  (test for excess errors)
FAIL: gfortran.dg/bounds_check_15.f90  -O3 -fomit-frame-pointer -funroll-loops  (test for excess errors)
FAIL: gfortran.dg/bounds_check_15.f90  -O3 -fomit-frame-pointer -funroll-all-loops -finline-functions  (test for excess errors)
FAIL: gfortran.dg/bounds_check_2.f  -O3 -fomit-frame-pointer -funroll-loops  (test for excess errors)
FAIL: gfortran.dg/bounds_check_2.f  -O3 -fomit-frame-pointer -funroll-all-loops -finline-functions  (test for excess errors)
FAIL: gfortran.dg/c_ptr_tests_16.f90  -O  (test for excess errors)
FAIL: gfortran.dg/char_allocation_1.f90  -O3 -fomit-frame-pointer -funroll-loops  (test for excess errors)
FAIL: gfortran.dg/char_allocation_1.f90  -O3 -fomit-frame-pointer -funroll-all-loops -finline-functions  (test for excess errors)
FAIL: gfortran.dg/char_array_structure_constructor.f90  -O3 -fomit-frame-pointer -funroll-loops  (test for excess errors)
FAIL: gfortran.dg/char_array_structure_constructor.f90  -O3 -fomit-frame-pointer -funroll-all-loops -finline-functions  (test for excess errors)
FAIL: gfortran.dg/char_initialiser_actual.f90  -O3 -fomit-frame-pointer -funroll-loops  (test for excess errors)
FAIL: gfortran.dg/char_initialiser_actual.f90  -O3 -fomit-frame-pointer -funroll-all-loops -finline-functions  (test for excess errors)
FAIL: gfortran.dg/char_length_7.f90  -O3 -fomit-frame-pointer -funroll-loops  (test for excess errors)
FAIL: gfortran.dg/char_length_7.f90  -O3 -fomit-frame-pointer -funroll-all-loops -finline-functions  (test for excess errors)
FAIL: gfortran.dg/char_length_8.f90  -O3 -fomit-frame-pointer -funroll-loops  (test for excess errors)
FAIL: gfortran.dg/char_length_8.f90  -O3 -fomit-frame-pointer -funroll-all-loops -finline-functions  (test for excess errors)
FAIL: gfortran.dg/char_pointer_func.f90  -O3 -fomit-frame-pointer -funroll-loops  (test for excess errors)
FAIL: gfortran.dg/char_pointer_func.f90  -O3 -fomit-frame-pointer -funroll-all-loops -finline-functions  (test for excess errors)
FAIL: gfortran.dg/char_result_13.f90  -O3 -fomit-frame-pointer -funroll-loops  (test for excess errors)
FAIL: gfortran.dg/char_result_13.f90  -O3 -fomit-frame-pointer -funroll-all-loops -finline-functions  (test for excess errors)
FAIL: gfortran.dg/char_result_3.f90  -O3 -fomit-frame-pointer -funroll-loops  (test for excess errors)
FAIL: gfortran.dg/char_result_3.f90  -O3 -fomit-frame-pointer -funroll-all-loops -finline-functions  (test for excess errors)
FAIL: gfortran.dg/class_19.f03  -O3 -fomit-frame-pointer -funroll-loops  (test for excess errors)
FAIL: gfortran.dg/class_19.f03  -O3 -fomit-frame-pointer -funroll-all-loops -finline-functions  (test for excess errors)
FAIL: gfortran.dg/class_48.f90  -O0  (test for excess errors)
FAIL: gfortran.dg/class_48.f90  -O1  (test for excess errors)
FAIL: gfortran.dg/class_48.f90  -O2  (test for excess errors)
FAIL: gfortran.dg/class_48.f90  -O3 -fomit-frame-pointer  (test for excess errors)
FAIL: gfortran.dg/class_48.f90  -O3 -fomit-frame-pointer -funroll-loops  (test for excess errors)
FAIL: gfortran.dg/class_48.f90  -O3 -fomit-frame-pointer -funroll-all-loops -finline-functions  (test for excess errors)
FAIL: gfortran.dg/class_48.f90  -O3 -g  (test for excess errors)
FAIL: gfortran.dg/class_48.f90  -Os  (test for excess errors)
FAIL: gfortran.dg/class_allocate_10.f03  -O3 -fomit-frame-pointer -funroll-loops  (test for excess errors)
FAIL: gfortran.dg/class_allocate_10.f03  -O3 -fomit-frame-pointer -funroll-all-loops -finline-functions  (test for excess errors)
FAIL: gfortran.dg/class_allocate_12.f90  -O3 -fomit-frame-pointer -funroll-loops  (test for excess errors)
FAIL: gfortran.dg/class_allocate_12.f90  -O3 -fomit-frame-pointer -funroll-all-loops -finline-functions  (test for excess errors)
FAIL: gfortran.dg/class_allocate_13.f90  -O3 -fomit-frame-pointer -funroll-loops  (test for excess errors)
FAIL: gfortran.dg/class_allocate_13.f90  -O3 -fomit-frame-pointer -funroll-all-loops -finline-functions  (test for excess errors)
FAIL: gfortran.dg/class_allocate_5.f90  -O3 -fomit-frame-pointer -funroll-loops  (test for excess errors)
FAIL: gfortran.dg/class_allocate_5.f90  -O3 -fomit-frame-pointer -funroll-all-loops -finline-functions  (test for excess errors)
FAIL: gfortran.dg/class_allocate_6.f03  -O3 -fomit-frame-pointer -funroll-loops  (test for excess errors)
FAIL: gfortran.dg/class_allocate_6.f03  -O3 -fomit-frame-pointer -funroll-all-loops -finline-functions  (test for excess errors)
FAIL: gfortran.dg/class_allocate_8.f03  -O3 -fomit-frame-pointer -funroll-loops  (test for excess errors)
FAIL: gfortran.dg/class_allocate_8.f03  -O3 -fomit-frame-pointer -funroll-all-loops -finline-functions  (test for excess errors)
FAIL: gfortran.dg/class_array_1.f03  -O0  (test for excess errors)
FAIL: gfortran.dg/class_array_1.f03  -O1  (test for excess errors)
FAIL: gfortran.dg/class_array_1.f03  -O2  (test for excess errors)
FAIL: gfortran.dg/class_array_1.f03  -O3 -fomit-frame-pointer  (test for excess errors)
FAIL: gfortran.dg/class_array_1.f03  -O3 -fomit-frame-pointer -funroll-loops  (test for excess errors)
FAIL: gfortran.dg/class_array_1.f03  -O3 -fomit-frame-pointer -funroll-all-loops -finline-functions  (test for excess errors)
FAIL: gfortran.dg/class_array_1.f03  -O3 -g  (test for excess errors)
FAIL: gfortran.dg/class_array_1.f03  -Os  (test for excess errors)
FAIL: gfortran.dg/class_array_15.f03  -O0  (test for excess errors)
FAIL: gfortran.dg/class_array_15.f03  -O1  (test for excess errors)
FAIL: gfortran.dg/class_array_15.f03  -O2  (test for excess errors)
FAIL: gfortran.dg/class_array_15.f03  -O3 -fomit-frame-pointer  (test for excess errors)
FAIL: gfortran.dg/class_array_15.f03  -O3 -fomit-frame-pointer -funroll-loops  (test for excess errors)
FAIL: gfortran.dg/class_array_15.f03  -O3 -fomit-frame-pointer -funroll-all-loops -finline-functions  (test for excess errors)
FAIL: gfortran.dg/class_array_15.f03  -O3 -g  (test for excess errors)
FAIL: gfortran.dg/class_array_15.f03  -Os  (test for excess errors)
FAIL: gfortran.dg/class_array_2.f03  -O0  (test for excess errors)
FAIL: gfortran.dg/class_array_2.f03  -O1  (test for excess errors)
FAIL: gfortran.dg/class_array_2.f03  -O2  (test for excess errors)
FAIL: gfortran.dg/class_array_2.f03  -O3 -fomit-frame-pointer  (test for excess errors)
FAIL: gfortran.dg/class_array_2.f03  -O3 -fomit-frame-pointer -funroll-loops  (test for excess errors)
FAIL: gfortran.dg/class_array_2.f03  -O3 -fomit-frame-pointer -funroll-all-loops -finline-functions  (test for excess errors)
FAIL: gfortran.dg/class_array_2.f03  -O3 -g  (test for excess errors)
FAIL: gfortran.dg/class_array_2.f03  -Os  (test for excess errors)
FAIL: gfortran.dg/class_array_3.f03  -O0  (test for excess errors)
FAIL: gfortran.dg/class_array_3.f03  -O1  (test for excess errors)
FAIL: gfortran.dg/class_array_3.f03  -O2  (test for excess errors)
FAIL: gfortran.dg/class_array_3.f03  -O3 -fomit-frame-pointer  (test for excess errors)
FAIL: gfortran.dg/class_array_3.f03  -O3 -fomit-frame-pointer -funroll-loops  (test for excess errors)
FAIL: gfortran.dg/class_array_3.f03  -O3 -fomit-frame-pointer -funroll-all-loops -finline-functions  (test for excess errors)
FAIL: gfortran.dg/class_array_3.f03  -O3 -g  (test for excess errors)
FAIL: gfortran.dg/class_array_3.f03  -Os  (test for excess errors)
FAIL: gfortran.dg/class_array_7.f03  -O3 -fomit-frame-pointer -funroll-loops  (test for excess errors)
FAIL: gfortran.dg/class_array_7.f03  -O3 -fomit-frame-pointer -funroll-all-loops -finline-functions  (test for excess errors)
FAIL: gfortran.dg/class_array_9.f03  -O0  (test for excess errors)
FAIL: gfortran.dg/class_array_9.f03  -O1  (test for excess errors)
FAIL: gfortran.dg/class_array_9.f03  -O2  (test for excess errors)
FAIL: gfortran.dg/class_array_9.f03  -O3 -fomit-frame-pointer  (test for excess errors)
FAIL: gfortran.dg/class_array_9.f03  -O3 -fomit-frame-pointer -funroll-loops  (test for excess errors)
FAIL: gfortran.dg/class_array_9.f03  -O3 -fomit-frame-pointer -funroll-all-loops -finline-functions  (test for excess errors)
FAIL: gfortran.dg/class_array_9.f03  -O3 -g  (test for excess errors)
FAIL: gfortran.dg/class_array_9.f03  -Os  (test for excess errors)
FAIL: gfortran.dg/class_optional_1.f90  -O3 -fomit-frame-pointer -funroll-loops  (test for excess errors)
FAIL: gfortran.dg/class_optional_1.f90  -O3 -fomit-frame-pointer -funroll-all-loops -finline-functions  (test for excess errors)
FAIL: gfortran.dg/class_optional_2.f90  -O3 -fomit-frame-pointer -funroll-loops  (test for excess errors)
FAIL: gfortran.dg/class_optional_2.f90  -O3 -fomit-frame-pointer -funroll-all-loops -finline-functions  (test for excess errors)
FAIL: gfortran.dg/class_to_type_1.f03  -O0  (test for excess errors)
FAIL: gfortran.dg/class_to_type_1.f03  -O1  (test for excess errors)
FAIL: gfortran.dg/class_to_type_1.f03  -O2  (test for excess errors)
FAIL: gfortran.dg/class_to_type_1.f03  -O3 -fomit-frame-pointer  (test for excess errors)
FAIL: gfortran.dg/class_to_type_1.f03  -O3 -fomit-frame-pointer -funroll-loops  (test for excess errors)
FAIL: gfortran.dg/class_to_type_1.f03  -O3 -fomit-frame-pointer -funroll-all-loops -finline-functions  (test for excess errors)
FAIL: gfortran.dg/class_to_type_1.f03  -O3 -g  (test for excess errors)
FAIL: gfortran.dg/class_to_type_1.f03  -Os  (test for excess errors)
FAIL: gfortran.dg/class_to_type_2.f90  -O3 -fomit-frame-pointer -funroll-loops  (test for excess errors)
FAIL: gfortran.dg/class_to_type_2.f90  -O3 -fomit-frame-pointer -funroll-all-loops -finline-functions  (test for excess errors)
FAIL: gfortran.dg/contiguous_1.f90  -O  (test for excess errors)
FAIL: gfortran.dg/cshift_bounds_1.f90  -O3 -fomit-frame-pointer -funroll-loops  (test for excess errors)
FAIL: gfortran.dg/cshift_bounds_1.f90  -O3 -fomit-frame-pointer -funroll-all-loops -finline-functions  (test for excess errors)
FAIL: gfortran.dg/deferred_type_component_1.f90  -O0  (test for excess errors)
FAIL: gfortran.dg/deferred_type_component_1.f90  -O1  (test for excess errors)
FAIL: gfortran.dg/deferred_type_component_1.f90  -O2  (test for excess errors)
FAIL: gfortran.dg/deferred_type_component_1.f90  -O3 -fomit-frame-pointer  (test for excess errors)
FAIL: gfortran.dg/deferred_type_component_1.f90  -O3 -fomit-frame-pointer -funroll-loops  (test for excess errors)
FAIL: gfortran.dg/deferred_type_component_1.f90  -O3 -fomit-frame-pointer -funroll-all-loops -finline-functions  (test for excess errors)
FAIL: gfortran.dg/deferred_type_component_1.f90  -O3 -g  (test for excess errors)
FAIL: gfortran.dg/deferred_type_component_1.f90  -Os  (test for excess errors)
FAIL: gfortran.dg/deferred_type_component_2.f90  -O0  (test for excess errors)
FAIL: gfortran.dg/deferred_type_component_2.f90  -O1  (test for excess errors)
FAIL: gfortran.dg/deferred_type_component_2.f90  -O2  (test for excess errors)
FAIL: gfortran.dg/deferred_type_component_2.f90  -O3 -fomit-frame-pointer  (test for excess errors)
FAIL: gfortran.dg/deferred_type_component_2.f90  -O3 -fomit-frame-pointer -funroll-loops  (test for excess errors)
FAIL: gfortran.dg/deferred_type_component_2.f90  -O3 -fomit-frame-pointer -funroll-all-loops -finline-functions  (test for excess errors)
FAIL: gfortran.dg/deferred_type_component_2.f90  -O3 -g  (test for excess errors)
FAIL: gfortran.dg/deferred_type_component_2.f90  -Os  (test for excess errors)
FAIL: gfortran.dg/defined_assignment_11.f90  -O3 -fomit-frame-pointer -funroll-loops  (test for excess errors)
FAIL: gfortran.dg/defined_assignment_11.f90  -O3 -fomit-frame-pointer -funroll-all-loops -finline-functions  (test for excess errors)
FAIL: gfortran.dg/defined_assignment_2.f90  -O3 -fomit-frame-pointer -funroll-loops  (test for excess errors)
FAIL: gfortran.dg/defined_assignment_2.f90  -O3 -fomit-frame-pointer -funroll-all-loops -finline-functions  (test for excess errors)
FAIL: gfortran.dg/defined_assignment_3.f90  -O0  (test for excess errors)
FAIL: gfortran.dg/defined_assignment_3.f90  -O1  (test for excess errors)
FAIL: gfortran.dg/defined_assignment_3.f90  -O2  (test for excess errors)
FAIL: gfortran.dg/defined_assignment_3.f90  -O3 -fomit-frame-pointer  (test for excess errors)
FAIL: gfortran.dg/defined_assignment_3.f90  -O3 -fomit-frame-pointer -funroll-loops  (test for excess errors)
FAIL: gfortran.dg/defined_assignment_3.f90  -O3 -fomit-frame-pointer -funroll-all-loops -finline-functions  (test for excess errors)
FAIL: gfortran.dg/defined_assignment_3.f90  -O3 -g  (test for excess errors)
FAIL: gfortran.dg/defined_assignment_3.f90  -Os  (test for excess errors)
FAIL: gfortran.dg/defined_assignment_5.f90  -O0  (test for excess errors)
FAIL: gfortran.dg/defined_assignment_5.f90  -O1  (test for excess errors)
FAIL: gfortran.dg/defined_assignment_5.f90  -O2  (test for excess errors)
FAIL: gfortran.dg/defined_assignment_5.f90  -O3 -fomit-frame-pointer  (test for excess errors)
FAIL: gfortran.dg/defined_assignment_5.f90  -O3 -fomit-frame-pointer -funroll-loops  (test for excess errors)
FAIL: gfortran.dg/defined_assignment_5.f90  -O3 -fomit-frame-pointer -funroll-all-loops -finline-functions  (test for excess errors)
FAIL: gfortran.dg/defined_assignment_5.f90  -O3 -g  (test for excess errors)
FAIL: gfortran.dg/defined_assignment_5.f90  -Os  (test for excess errors)
FAIL: gfortran.dg/defined_assignment_9.f90  -O3 -fomit-frame-pointer -funroll-loops  (test for excess errors)
FAIL: gfortran.dg/defined_assignment_9.f90  -O3 -fomit-frame-pointer -funroll-all-loops -finline-functions  (test for excess errors)
FAIL: gfortran.dg/derived_comp_array_ref_1.f90  -O3 -fomit-frame-pointer -funroll-loops  (test for excess errors)
FAIL: gfortran.dg/derived_comp_array_ref_1.f90  -O3 -fomit-frame-pointer -funroll-all-loops -finline-functions  (test for excess errors)
FAIL: gfortran.dg/direct_io_10.f  -O3 -fomit-frame-pointer -funroll-loops  (test for excess errors)
FAIL: gfortran.dg/direct_io_10.f  -O3 -fomit-frame-pointer -funroll-all-loops -finline-functions  (test for excess errors)
FAIL: gfortran.dg/dummy_procedure_7.f90  -O3 -fomit-frame-pointer -funroll-loops  (test for excess errors)
FAIL: gfortran.dg/dummy_procedure_7.f90  -O3 -fomit-frame-pointer -funroll-all-loops -finline-functions  (test for excess errors)
FAIL: gfortran.dg/dynamic_dispatch_4.f03  -O3 -fomit-frame-pointer -funroll-loops  (test for excess errors)
FAIL: gfortran.dg/dynamic_dispatch_4.f03  -O3 -fomit-frame-pointer -funroll-all-loops -finline-functions  (test for excess errors)
FAIL: gfortran.dg/dynamic_dispatch_5.f03  -O3 -fomit-frame-pointer -funroll-loops  (test for excess errors)
FAIL: gfortran.dg/dynamic_dispatch_5.f03  -O3 -fomit-frame-pointer -funroll-all-loops -finline-functions  (test for excess errors)
FAIL: gfortran.dg/dynamic_dispatch_8.f03  -O3 -fomit-frame-pointer -funroll-loops  (test for excess errors)
FAIL: gfortran.dg/dynamic_dispatch_8.f03  -O3 -fomit-frame-pointer -funroll-all-loops -finline-functions  (test for excess errors)
FAIL: gfortran.dg/elemental_optional_args_5.f03  -O0  (test for excess errors)
FAIL: gfortran.dg/elemental_optional_args_5.f03  -O1  (test for excess errors)
FAIL: gfortran.dg/elemental_optional_args_5.f03  -O2  (test for excess errors)
FAIL: gfortran.dg/elemental_optional_args_5.f03  -O3 -fomit-frame-pointer  (test for excess errors)
FAIL: gfortran.dg/elemental_optional_args_5.f03  -O3 -fomit-frame-pointer -funroll-loops  (test for excess errors)
FAIL: gfortran.dg/elemental_optional_args_5.f03  -O3 -fomit-frame-pointer -funroll-all-loops -finline-functions  (test for excess errors)
FAIL: gfortran.dg/elemental_optional_args_5.f03  -O3 -g  (test for excess errors)
FAIL: gfortran.dg/elemental_optional_args_5.f03  -Os  (test for excess errors)
FAIL: gfortran.dg/elemental_subroutine_10.f90  -O3 -fomit-frame-pointer -funroll-loops  (test for excess errors)
FAIL: gfortran.dg/elemental_subroutine_10.f90  -O3 -fomit-frame-pointer -funroll-all-loops -finline-functions  (test for excess errors)
FAIL: gfortran.dg/elemental_subroutine_2.f90  -O0  (test for excess errors)
FAIL: gfortran.dg/elemental_subroutine_2.f90  -O1  (test for excess errors)
FAIL: gfortran.dg/elemental_subroutine_2.f90  -O2  (test for excess errors)
FAIL: gfortran.dg/elemental_subroutine_2.f90  -O3 -fomit-frame-pointer  (test for excess errors)
FAIL: gfortran.dg/elemental_subroutine_2.f90  -O3 -fomit-frame-pointer -funroll-loops  (test for excess errors)
FAIL: gfortran.dg/elemental_subroutine_2.f90  -O3 -fomit-frame-pointer -funroll-all-loops -finline-functions  (test for excess errors)
FAIL: gfortran.dg/elemental_subroutine_2.f90  -O3 -g  (test for excess errors)
FAIL: gfortran.dg/elemental_subroutine_2.f90  -Os  (test for excess errors)
FAIL: gfortran.dg/finalize_13.f90  -O3 -fomit-frame-pointer -funroll-loops  (test for excess errors)
FAIL: gfortran.dg/finalize_13.f90  -O3 -fomit-frame-pointer -funroll-all-loops -finline-functions  (test for excess errors)
FAIL: gfortran.dg/finalize_15.f90  -O3 -fomit-frame-pointer -funroll-loops  (test for excess errors)
FAIL: gfortran.dg/finalize_15.f90  -O3 -fomit-frame-pointer -funroll-all-loops -finline-functions  (test for excess errors)
FAIL: gfortran.dg/finalize_17.f90  -O3 -fomit-frame-pointer -funroll-loops  (test for excess errors)
FAIL: gfortran.dg/finalize_17.f90  -O3 -fomit-frame-pointer -funroll-all-loops -finline-functions  (test for excess errors)
FAIL: gfortran.dg/finalize_25.f90  -O3 -fomit-frame-pointer -funroll-loops  (test for excess errors)
FAIL: gfortran.dg/finalize_25.f90  -O3 -fomit-frame-pointer -funroll-all-loops -finline-functions  (test for excess errors)
FAIL: gfortran.dg/func_assign_3.f90  -O3 -fomit-frame-pointer -funroll-loops  (test for excess errors)
FAIL: gfortran.dg/func_assign_3.f90  -O3 -fomit-frame-pointer -funroll-all-loops -finline-functions  (test for excess errors)
FAIL: gfortran.dg/func_result_6.f90  -O3 -fomit-frame-pointer -funroll-loops  (test for excess errors)
FAIL: gfortran.dg/func_result_6.f90  -O3 -fomit-frame-pointer -funroll-all-loops -finline-functions  (test for excess errors)
FAIL: gfortran.dg/generic_15.f90  -O3 -fomit-frame-pointer -funroll-loops  (test for excess errors)
FAIL: gfortran.dg/generic_15.f90  -O3 -fomit-frame-pointer -funroll-all-loops -finline-functions  (test for excess errors)
FAIL: gfortran.dg/inline_sum_3.f90  -O3 -fomit-frame-pointer -funroll-loops  (test for excess errors)
FAIL: gfortran.dg/inline_sum_3.f90  -O3 -fomit-frame-pointer -funroll-all-loops -finline-functions  (test for excess errors)
FAIL: gfortran.dg/integer_exponentiation_2.f90  -O0  (test for excess errors)
FAIL: gfortran.dg/integer_exponentiation_2.f90  -O1  (test for excess errors)
FAIL: gfortran.dg/integer_exponentiation_2.f90  -O2  (test for excess errors)
FAIL: gfortran.dg/integer_exponentiation_2.f90  -O3 -fomit-frame-pointer  (test for excess errors)
FAIL: gfortran.dg/integer_exponentiation_2.f90  -O3 -fomit-frame-pointer -funroll-loops  (test for excess errors)
FAIL: gfortran.dg/integer_exponentiation_2.f90  -O3 -fomit-frame-pointer -funroll-all-loops -finline-functions  (test for excess errors)
FAIL: gfortran.dg/integer_exponentiation_2.f90  -O3 -g  (test for excess errors)
FAIL: gfortran.dg/integer_exponentiation_2.f90  -Os  (test for excess errors)
FAIL: gfortran.dg/integer_exponentiation_3.F90  -O0  (test for excess errors)
FAIL: gfortran.dg/integer_exponentiation_3.F90  -O1  (test for excess errors)
FAIL: gfortran.dg/integer_exponentiation_3.F90  -O2  (test for excess errors)
FAIL: gfortran.dg/integer_exponentiation_3.F90  -O3 -fomit-frame-pointer  (test for excess errors)
FAIL: gfortran.dg/integer_exponentiation_3.F90  -O3 -fomit-frame-pointer -funroll-loops  (test for excess errors)
FAIL: gfortran.dg/integer_exponentiation_3.F90  -O3 -fomit-frame-pointer -funroll-all-loops -finline-functions  (test for excess errors)
FAIL: gfortran.dg/integer_exponentiation_3.F90  -O3 -g  (test for excess errors)
FAIL: gfortran.dg/integer_exponentiation_3.F90  -Os  (test for excess errors)
FAIL: gfortran.dg/intent_out_2.f90  -O3 -fomit-frame-pointer -funroll-loops  (test for excess errors)
FAIL: gfortran.dg/intent_out_2.f90  -O3 -fomit-frame-pointer -funroll-all-loops -finline-functions  (test for excess errors)
FAIL: gfortran.dg/interface_12.f90  -O3 -fomit-frame-pointer -funroll-loops  (test for excess errors)
FAIL: gfortran.dg/interface_12.f90  -O3 -fomit-frame-pointer -funroll-all-loops -finline-functions  (test for excess errors)
FAIL: gfortran.dg/internal_pack_10.f90  -O3 -fomit-frame-pointer -funroll-loops  (test for excess errors)
FAIL: gfortran.dg/internal_pack_10.f90  -O3 -fomit-frame-pointer -funroll-all-loops -finline-functions  (test for excess errors)
FAIL: gfortran.dg/intrinsic_ifunction_1.f90  -O3 -fomit-frame-pointer -funroll-loops  (test for excess errors)
FAIL: gfortran.dg/intrinsic_ifunction_1.f90  -O3 -fomit-frame-pointer -funroll-all-loops -finline-functions  (test for excess errors)
FAIL: gfortran.dg/intrinsic_product_1.f90  -O3 -fomit-frame-pointer -funroll-loops  (test for excess errors)
FAIL: gfortran.dg/intrinsic_product_1.f90  -O3 -fomit-frame-pointer -funroll-all-loops -finline-functions  (test for excess errors)
FAIL: gfortran.dg/intrinsic_unpack_1.f90  -O3 -fomit-frame-pointer -funroll-loops  (test for excess errors)
FAIL: gfortran.dg/intrinsic_unpack_1.f90  -O3 -fomit-frame-pointer -funroll-all-loops -finline-functions  (test for excess errors)
FAIL: gfortran.dg/intrinsic_unpack_2.f90  -O3 -fomit-frame-pointer -funroll-loops  (test for excess errors)
FAIL: gfortran.dg/intrinsic_unpack_2.f90  -O3 -fomit-frame-pointer -funroll-all-loops -finline-functions  (test for excess errors)
FAIL: gfortran.dg/intrinsic_unpack_3.f90  -O3 -fomit-frame-pointer -funroll-loops  (test for excess errors)
FAIL: gfortran.dg/intrinsic_unpack_3.f90  -O3 -fomit-frame-pointer -funroll-all-loops -finline-functions  (test for excess errors)
FAIL: gfortran.dg/mapping_1.f90  -O3 -fomit-frame-pointer -funroll-loops  (test for excess errors)
FAIL: gfortran.dg/mapping_1.f90  -O3 -fomit-frame-pointer -funroll-all-loops -finline-functions  (test for excess errors)
FAIL: gfortran.dg/matmul_1.f90  -O3 -fomit-frame-pointer -funroll-loops  (test for excess errors)
FAIL: gfortran.dg/matmul_1.f90  -O3 -fomit-frame-pointer -funroll-all-loops -finline-functions  (test for excess errors)
FAIL: gfortran.dg/matmul_5.f90  -O3 -fomit-frame-pointer -funroll-loops  (test for excess errors)
FAIL: gfortran.dg/matmul_5.f90  -O3 -fomit-frame-pointer -funroll-all-loops -finline-functions  (test for excess errors)
FAIL: gfortran.dg/maxlocval_1.f90  -O3 -fomit-frame-pointer -funroll-loops  (test for excess errors)
FAIL: gfortran.dg/maxlocval_1.f90  -O3 -fomit-frame-pointer -funroll-all-loops -finline-functions  (test for excess errors)
FAIL: gfortran.dg/minmaxloc_7.f90  -O3 -fomit-frame-pointer -funroll-loops  (test for excess errors)
FAIL: gfortran.dg/minmaxloc_7.f90  -O3 -fomit-frame-pointer -funroll-all-loops -finline-functions  (test for excess errors)
FAIL: gfortran.dg/module_read_2.f90  -O3 -fomit-frame-pointer -funroll-loops  (test for excess errors)
FAIL: gfortran.dg/module_read_2.f90  -O3 -fomit-frame-pointer -funroll-all-loops -finline-functions  (test for excess errors)
FAIL: gfortran.dg/move_alloc_13.f90  -O0  (test for excess errors)
FAIL: gfortran.dg/move_alloc_13.f90  -O1  (test for excess errors)
FAIL: gfortran.dg/move_alloc_13.f90  -O2  (test for excess errors)
FAIL: gfortran.dg/move_alloc_13.f90  -O3 -fomit-frame-pointer  (test for excess errors)
FAIL: gfortran.dg/move_alloc_13.f90  -O3 -fomit-frame-pointer -funroll-loops  (test for excess errors)
FAIL: gfortran.dg/move_alloc_13.f90  -O3 -fomit-frame-pointer -funroll-all-loops -finline-functions  (test for excess errors)
FAIL: gfortran.dg/move_alloc_13.f90  -O3 -g  (test for excess errors)
FAIL: gfortran.dg/move_alloc_13.f90  -Os  (test for excess errors)
FAIL: gfortran.dg/mvbits_5.f90  -O3 -fomit-frame-pointer -funroll-loops  (test for excess errors)
FAIL: gfortran.dg/mvbits_5.f90  -O3 -fomit-frame-pointer -funroll-all-loops -finline-functions  (test for excess errors)
FAIL: gfortran.dg/mvbits_7.f90  -O0  (test for excess errors)
FAIL: gfortran.dg/mvbits_7.f90  -O1  (test for excess errors)
FAIL: gfortran.dg/mvbits_7.f90  -O2  (test for excess errors)
FAIL: gfortran.dg/mvbits_7.f90  -O3 -fomit-frame-pointer  (test for excess errors)
FAIL: gfortran.dg/mvbits_7.f90  -O3 -fomit-frame-pointer -funroll-loops  (test for excess errors)
FAIL: gfortran.dg/mvbits_7.f90  -O3 -fomit-frame-pointer -funroll-all-loops -finline-functions  (test for excess errors)
FAIL: gfortran.dg/mvbits_7.f90  -O3 -g  (test for excess errors)
FAIL: gfortran.dg/mvbits_7.f90  -Os  (test for excess errors)
FAIL: gfortran.dg/namelist_70.f90  -O3 -fomit-frame-pointer -funroll-loops  (test for excess errors)
FAIL: gfortran.dg/namelist_70.f90  -O3 -fomit-frame-pointer -funroll-all-loops -finline-functions  (test for excess errors)
FAIL: gfortran.dg/nested_allocatables_1.f90  -O0  (test for excess errors)
FAIL: gfortran.dg/nested_allocatables_1.f90  -O1  (test for excess errors)
FAIL: gfortran.dg/nested_allocatables_1.f90  -O2  (test for excess errors)
FAIL: gfortran.dg/nested_allocatables_1.f90  -O3 -fomit-frame-pointer  (test for excess errors)
FAIL: gfortran.dg/nested_allocatables_1.f90  -O3 -fomit-frame-pointer -funroll-loops  (test for excess errors)
FAIL: gfortran.dg/nested_allocatables_1.f90  -O3 -fomit-frame-pointer -funroll-all-loops -finline-functions  (test for excess errors)
FAIL: gfortran.dg/nested_allocatables_1.f90  -O3 -g  (test for excess errors)
FAIL: gfortran.dg/nested_allocatables_1.f90  -Os  (test for excess errors)
FAIL: gfortran.dg/optional_class_1.f90  -O0  (test for excess errors)
FAIL: gfortran.dg/optional_class_1.f90  -O1  (test for excess errors)
FAIL: gfortran.dg/optional_class_1.f90  -O2  (test for excess errors)
FAIL: gfortran.dg/optional_class_1.f90  -O3 -fomit-frame-pointer  (test for excess errors)
FAIL: gfortran.dg/optional_class_1.f90  -O3 -fomit-frame-pointer -funroll-loops  (test for excess errors)
FAIL: gfortran.dg/optional_class_1.f90  -O3 -fomit-frame-pointer -funroll-all-loops -finline-functions  (test for excess errors)
FAIL: gfortran.dg/optional_class_1.f90  -O3 -g  (test for excess errors)
FAIL: gfortran.dg/optional_class_1.f90  -Os  (test for excess errors)
FAIL: gfortran.dg/optional_dim_3.f90  -O3 -fomit-frame-pointer -funroll-loops  (test for excess errors)
FAIL: gfortran.dg/optional_dim_3.f90  -O3 -fomit-frame-pointer -funroll-all-loops -finline-functions  (test for excess errors)
FAIL: gfortran.dg/pointer_remapping_5.f08  -O3 -fomit-frame-pointer -funroll-loops  (test for excess errors)
FAIL: gfortran.dg/pointer_remapping_5.f08  -O3 -fomit-frame-pointer -funroll-all-loops -finline-functions  (test for excess errors)
FAIL: gfortran.dg/pr15324.f90  -O3 -fomit-frame-pointer -funroll-loops  (test for excess errors)
FAIL: gfortran.dg/pr15324.f90  -O3 -fomit-frame-pointer -funroll-all-loops -finline-functions  (test for excess errors)
FAIL: gfortran.dg/pr43808.f90  -O0  (test for excess errors)
FAIL: gfortran.dg/pr43808.f90  -O1  (test for excess errors)
FAIL: gfortran.dg/pr43808.f90  -O2  (test for excess errors)
FAIL: gfortran.dg/pr43808.f90  -O3 -fomit-frame-pointer  (test for excess errors)
FAIL: gfortran.dg/pr43808.f90  -O3 -fomit-frame-pointer -funroll-loops  (test for excess errors)
FAIL: gfortran.dg/pr43808.f90  -O3 -fomit-frame-pointer -funroll-all-loops -finline-functions  (test for excess errors)
FAIL: gfortran.dg/pr43808.f90  -O3 -g  (test for excess errors)
FAIL: gfortran.dg/pr43808.f90  -Os  (test for excess errors)
FAIL: gfortran.dg/pr43866.f90  -O3 -fomit-frame-pointer -funroll-loops  (test for excess errors)
FAIL: gfortran.dg/pr43866.f90  -O3 -fomit-frame-pointer -funroll-all-loops -finline-functions  (test for excess errors)
FAIL: gfortran.dg/pr46804.f90  -O0  (test for excess errors)
FAIL: gfortran.dg/pr46804.f90  -O1  (test for excess errors)
FAIL: gfortran.dg/pr46804.f90  -O2  (test for excess errors)
FAIL: gfortran.dg/pr46804.f90  -O3 -fomit-frame-pointer  (test for excess errors)
FAIL: gfortran.dg/pr46804.f90  -O3 -fomit-frame-pointer -funroll-loops  (test for excess errors)
FAIL: gfortran.dg/pr46804.f90  -O3 -fomit-frame-pointer -funroll-all-loops -finline-functions  (test for excess errors)
FAIL: gfortran.dg/pr46804.f90  -O3 -g  (test for excess errors)
FAIL: gfortran.dg/pr46804.f90  -Os  (test for excess errors)
FAIL: gfortran.dg/product_init_expr.f03  -O3 -fomit-frame-pointer -funroll-loops  (test for excess errors)
FAIL: gfortran.dg/product_init_expr.f03  -O3 -fomit-frame-pointer -funroll-all-loops -finline-functions  (test for excess errors)
FAIL: gfortran.dg/random_4.f90  -O3 -fomit-frame-pointer -funroll-loops  (test for excess errors)
FAIL: gfortran.dg/random_4.f90  -O3 -fomit-frame-pointer -funroll-all-loops -finline-functions  (test for excess errors)
FAIL: gfortran.dg/random_7.f90  -O3 -fomit-frame-pointer -funroll-loops  (test for excess errors)
FAIL: gfortran.dg/random_7.f90  -O3 -fomit-frame-pointer -funroll-all-loops -finline-functions  (test for excess errors)
FAIL: gfortran.dg/realloc_on_assign_14.f90  -O  (test for excess errors)
FAIL: gfortran.dg/realloc_on_assign_15.f90  -O3 -fomit-frame-pointer -funroll-loops  (test for excess errors)
FAIL: gfortran.dg/realloc_on_assign_15.f90  -O3 -fomit-frame-pointer -funroll-all-loops -finline-functions  (test for excess errors)
FAIL: gfortran.dg/realloc_on_assign_16.f90  -O0  (test for excess errors)
FAIL: gfortran.dg/realloc_on_assign_16.f90  -O1  (test for excess errors)
FAIL: gfortran.dg/realloc_on_assign_16.f90  -O2  (test for excess errors)
FAIL: gfortran.dg/realloc_on_assign_16.f90  -O3 -fomit-frame-pointer  (test for excess errors)
FAIL: gfortran.dg/realloc_on_assign_16.f90  -O3 -fomit-frame-pointer -funroll-loops  (test for excess errors)
FAIL: gfortran.dg/realloc_on_assign_16.f90  -O3 -fomit-frame-pointer -funroll-all-loops -finline-functions  (test for excess errors)
FAIL: gfortran.dg/realloc_on_assign_16.f90  -O3 -g  (test for excess errors)
FAIL: gfortran.dg/realloc_on_assign_16.f90  -Os  (test for excess errors)
FAIL: gfortran.dg/realloc_on_assign_17.f90  -O0  (test for excess errors)
FAIL: gfortran.dg/realloc_on_assign_17.f90  -O1  (test for excess errors)
FAIL: gfortran.dg/realloc_on_assign_17.f90  -O2  (test for excess errors)
FAIL: gfortran.dg/realloc_on_assign_17.f90  -O3 -fomit-frame-pointer  (test for excess errors)
FAIL: gfortran.dg/realloc_on_assign_17.f90  -O3 -fomit-frame-pointer -funroll-loops  (test for excess errors)
FAIL: gfortran.dg/realloc_on_assign_17.f90  -O3 -fomit-frame-pointer -funroll-all-loops -finline-functions  (test for excess errors)
FAIL: gfortran.dg/realloc_on_assign_17.f90  -O3 -g  (test for excess errors)
FAIL: gfortran.dg/realloc_on_assign_17.f90  -Os  (test for excess errors)
FAIL: gfortran.dg/realloc_on_assign_23.f90  -O0  (test for excess errors)
FAIL: gfortran.dg/realloc_on_assign_23.f90  -O1  (test for excess errors)
FAIL: gfortran.dg/realloc_on_assign_23.f90  -O2  (test for excess errors)
FAIL: gfortran.dg/realloc_on_assign_23.f90  -O3 -fomit-frame-pointer  (test for excess errors)
FAIL: gfortran.dg/realloc_on_assign_23.f90  -O3 -fomit-frame-pointer -funroll-loops  (test for excess errors)
FAIL: gfortran.dg/realloc_on_assign_23.f90  -O3 -fomit-frame-pointer -funroll-all-loops -finline-functions  (test for excess errors)
FAIL: gfortran.dg/realloc_on_assign_23.f90  -O3 -g  (test for excess errors)
FAIL: gfortran.dg/realloc_on_assign_23.f90  -Os  (test for excess errors)
FAIL: gfortran.dg/realloc_on_assign_7.f03  -O3 -fomit-frame-pointer -funroll-loops  (test for excess errors)
FAIL: gfortran.dg/realloc_on_assign_7.f03  -O3 -fomit-frame-pointer -funroll-all-loops -finline-functions  (test for excess errors)
FAIL: gfortran.dg/reshape-alloc.f90  -O3 -fomit-frame-pointer -funroll-loops  (test for excess errors)
FAIL: gfortran.dg/reshape-alloc.f90  -O3 -fomit-frame-pointer -funroll-all-loops -finline-functions  (test for excess errors)
FAIL: gfortran.dg/reshape_order_1.f90  -O3 -fomit-frame-pointer -funroll-loops  (test for excess errors)
FAIL: gfortran.dg/reshape_order_1.f90  -O3 -fomit-frame-pointer -funroll-all-loops -finline-functions  (test for excess errors)
FAIL: gfortran.dg/reshape_order_2.f90  -O3 -fomit-frame-pointer -funroll-loops  (test for excess errors)
FAIL: gfortran.dg/reshape_order_2.f90  -O3 -fomit-frame-pointer -funroll-all-loops -finline-functions  (test for excess errors)
FAIL: gfortran.dg/reshape_order_3.f90  -O3 -fomit-frame-pointer -funroll-loops  (test for excess errors)
FAIL: gfortran.dg/reshape_order_3.f90  -O3 -fomit-frame-pointer -funroll-all-loops -finline-functions  (test for excess errors)
FAIL: gfortran.dg/reshape_order_4.f90  -O3 -fomit-frame-pointer -funroll-loops  (test for excess errors)
FAIL: gfortran.dg/reshape_order_4.f90  -O3 -fomit-frame-pointer -funroll-all-loops -finline-functions  (test for excess errors)
FAIL: gfortran.dg/result_in_spec_1.f90  -O3 -fomit-frame-pointer -funroll-loops  (test for excess errors)
FAIL: gfortran.dg/result_in_spec_1.f90  -O3 -fomit-frame-pointer -funroll-all-loops -finline-functions  (test for excess errors)
FAIL: gfortran.dg/ret_pointer_2.f90  -O3 -fomit-frame-pointer -funroll-loops  (test for excess errors)
FAIL: gfortran.dg/ret_pointer_2.f90  -O3 -fomit-frame-pointer -funroll-all-loops -finline-functions  (test for excess errors)
FAIL: gfortran.dg/select_type_19.f03  -O3 -fomit-frame-pointer -funroll-loops  (test for excess errors)
FAIL: gfortran.dg/select_type_19.f03  -O3 -fomit-frame-pointer -funroll-all-loops -finline-functions  (test for excess errors)
FAIL: gfortran.dg/select_type_26.f03  -O0  (test for excess errors)
FAIL: gfortran.dg/select_type_26.f03  -O1  (test for excess errors)
FAIL: gfortran.dg/select_type_26.f03  -O2  (test for excess errors)
FAIL: gfortran.dg/select_type_26.f03  -O3 -fomit-frame-pointer  (test for excess errors)
FAIL: gfortran.dg/select_type_26.f03  -O3 -fomit-frame-pointer -funroll-loops  (test for excess errors)
FAIL: gfortran.dg/select_type_26.f03  -O3 -fomit-frame-pointer -funroll-all-loops -finline-functions  (test for excess errors)
FAIL: gfortran.dg/select_type_26.f03  -O3 -g  (test for excess errors)
FAIL: gfortran.dg/select_type_26.f03  -Os  (test for excess errors)
FAIL: gfortran.dg/select_type_27.f03  -O0  (test for excess errors)
FAIL: gfortran.dg/select_type_27.f03  -O1  (test for excess errors)
FAIL: gfortran.dg/select_type_27.f03  -O2  (test for excess errors)
FAIL: gfortran.dg/select_type_27.f03  -O3 -fomit-frame-pointer  (test for excess errors)
FAIL: gfortran.dg/select_type_27.f03  -O3 -fomit-frame-pointer -funroll-loops  (test for excess errors)
FAIL: gfortran.dg/select_type_27.f03  -O3 -fomit-frame-pointer -funroll-all-loops -finline-functions  (test for excess errors)
FAIL: gfortran.dg/select_type_27.f03  -O3 -g  (test for excess errors)
FAIL: gfortran.dg/select_type_27.f03  -Os  (test for excess errors)
FAIL: gfortran.dg/shape_5.f90  -O3 -fomit-frame-pointer -funroll-loops  (test for excess errors)
FAIL: gfortran.dg/shape_5.f90  -O3 -fomit-frame-pointer -funroll-all-loops -finline-functions  (test for excess errors)
FAIL: gfortran.dg/shift-alloc.f90  -O3 -fomit-frame-pointer -funroll-loops  (test for excess errors)
FAIL: gfortran.dg/shift-alloc.f90  -O3 -fomit-frame-pointer -funroll-all-loops -finline-functions  (test for excess errors)
FAIL: gfortran.dg/subref_array_pointer_1.f90  -O0  (test for excess errors)
FAIL: gfortran.dg/subref_array_pointer_1.f90  -O1  (test for excess errors)
FAIL: gfortran.dg/subref_array_pointer_1.f90  -O2  (test for excess errors)
FAIL: gfortran.dg/subref_array_pointer_1.f90  -O3 -fomit-frame-pointer  (test for excess errors)
FAIL: gfortran.dg/subref_array_pointer_1.f90  -O3 -fomit-frame-pointer -funroll-loops  (test for excess errors)
FAIL: gfortran.dg/subref_array_pointer_1.f90  -O3 -fomit-frame-pointer -funroll-all-loops -finline-functions  (test for excess errors)
FAIL: gfortran.dg/subref_array_pointer_1.f90  -O3 -g  (test for excess errors)
FAIL: gfortran.dg/subref_array_pointer_1.f90  -Os  (test for excess errors)
FAIL: gfortran.dg/sum_init_expr.f03  -O3 -fomit-frame-pointer -funroll-loops  (test for excess errors)
FAIL: gfortran.dg/sum_init_expr.f03  -O3 -fomit-frame-pointer -funroll-all-loops -finline-functions  (test for excess errors)
FAIL: gfortran.dg/transpose_intrinsic_func_call_1.f90  -O3 -fomit-frame-pointer -funroll-loops  (test for excess errors)
FAIL: gfortran.dg/transpose_intrinsic_func_call_1.f90  -O3 -fomit-frame-pointer -funroll-all-loops -finline-functions  (test for excess errors)
FAIL: gfortran.dg/type_to_class_1.f03  -O0  (test for excess errors)
FAIL: gfortran.dg/type_to_class_1.f03  -O1  (test for excess errors)
FAIL: gfortran.dg/type_to_class_1.f03  -O2  (test for excess errors)
FAIL: gfortran.dg/type_to_class_1.f03  -O3 -fomit-frame-pointer  (test for excess errors)
FAIL: gfortran.dg/type_to_class_1.f03  -O3 -fomit-frame-pointer -funroll-loops  (test for excess errors)
FAIL: gfortran.dg/type_to_class_1.f03  -O3 -fomit-frame-pointer -funroll-all-loops -finline-functions  (test for excess errors)
FAIL: gfortran.dg/type_to_class_1.f03  -O3 -g  (test for excess errors)
FAIL: gfortran.dg/type_to_class_1.f03  -Os  (test for excess errors)
FAIL: gfortran.dg/typebound_assignment_5.f03  -O0  (test for excess errors)
FAIL: gfortran.dg/typebound_assignment_5.f03  -O1  (test for excess errors)
FAIL: gfortran.dg/typebound_assignment_5.f03  -O2  (test for excess errors)
FAIL: gfortran.dg/typebound_assignment_5.f03  -O3 -fomit-frame-pointer  (test for excess errors)
FAIL: gfortran.dg/typebound_assignment_5.f03  -O3 -fomit-frame-pointer -funroll-loops  (test for excess errors)
FAIL: gfortran.dg/typebound_assignment_5.f03  -O3 -fomit-frame-pointer -funroll-all-loops -finline-functions  (test for excess errors)
FAIL: gfortran.dg/typebound_assignment_5.f03  -O3 -g  (test for excess errors)
FAIL: gfortran.dg/typebound_assignment_5.f03  -Os  (test for excess errors)
FAIL: gfortran.dg/typebound_assignment_6.f03  -O0  (test for excess errors)
FAIL: gfortran.dg/typebound_assignment_6.f03  -O1  (test for excess errors)
FAIL: gfortran.dg/typebound_assignment_6.f03  -O2  (test for excess errors)
FAIL: gfortran.dg/typebound_assignment_6.f03  -O3 -fomit-frame-pointer  (test for excess errors)
FAIL: gfortran.dg/typebound_assignment_6.f03  -O3 -fomit-frame-pointer -funroll-loops  (test for excess errors)
FAIL: gfortran.dg/typebound_assignment_6.f03  -O3 -fomit-frame-pointer -funroll-all-loops -finline-functions  (test for excess errors)
FAIL: gfortran.dg/typebound_assignment_6.f03  -O3 -g  (test for excess errors)
FAIL: gfortran.dg/typebound_assignment_6.f03  -Os  (test for excess errors)
FAIL: gfortran.dg/typebound_call_17.f03  -O3 -fomit-frame-pointer -funroll-loops  (test for excess errors)
FAIL: gfortran.dg/typebound_call_17.f03  -O3 -fomit-frame-pointer -funroll-all-loops -finline-functions  (test for excess errors)
FAIL: gfortran.dg/typebound_operator_12.f03  -O3 -fomit-frame-pointer -funroll-loops  (test for excess errors)
FAIL: gfortran.dg/typebound_operator_12.f03  -O3 -fomit-frame-pointer -funroll-all-loops -finline-functions  (test for excess errors)
FAIL: gfortran.dg/typebound_operator_13.f03  -O3 -fomit-frame-pointer -funroll-loops  (test for excess errors)
FAIL: gfortran.dg/typebound_operator_13.f03  -O3 -fomit-frame-pointer -funroll-all-loops -finline-functions  (test for excess errors)
FAIL: gfortran.dg/typebound_operator_9.f03  -O3 -fomit-frame-pointer -funroll-loops  (test for excess errors)
FAIL: gfortran.dg/typebound_operator_9.f03  -O3 -fomit-frame-pointer -funroll-all-loops -finline-functions  (test for excess errors)
FAIL: gfortran.dg/typebound_proc_20.f90  -O3 -fomit-frame-pointer -funroll-loops  (test for excess errors)
FAIL: gfortran.dg/typebound_proc_20.f90  -O3 -fomit-frame-pointer -funroll-all-loops -finline-functions  (test for excess errors)
FAIL: gfortran.dg/unlimited_polymorphic_1.f03  -O0  (test for excess errors)
FAIL: gfortran.dg/unlimited_polymorphic_1.f03  -O1  (test for excess errors)
FAIL: gfortran.dg/unlimited_polymorphic_1.f03  -O2  (test for excess errors)
FAIL: gfortran.dg/unlimited_polymorphic_1.f03  -O3 -fomit-frame-pointer  (test for excess errors)
FAIL: gfortran.dg/unlimited_polymorphic_1.f03  -O3 -fomit-frame-pointer -funroll-loops  (test for excess errors)
FAIL: gfortran.dg/unlimited_polymorphic_1.f03  -O3 -fomit-frame-pointer -funroll-all-loops -finline-functions  (test for excess errors)
FAIL: gfortran.dg/unlimited_polymorphic_1.f03  -O3 -g  (test for excess errors)
FAIL: gfortran.dg/unlimited_polymorphic_1.f03  -Os  (test for excess errors)
FAIL: gfortran.dg/unlimited_polymorphic_16.f90  -O  (test for excess errors)
FAIL: gfortran.dg/unlimited_polymorphic_5.f90  -O3 -fomit-frame-pointer -funroll-loops  (test for excess errors)
FAIL: gfortran.dg/unlimited_polymorphic_5.f90  -O3 -fomit-frame-pointer -funroll-all-loops -finline-functions  (test for excess errors)
FAIL: gfortran.dg/unpack_mask_1.f90  -O3 -fomit-frame-pointer -funroll-loops  (test for excess errors)
FAIL: gfortran.dg/unpack_mask_1.f90  -O3 -fomit-frame-pointer -funroll-all-loops -finline-functions  (test for excess errors)
FAIL: gfortran.dg/used_interface_ref.f90  -O3 -fomit-frame-pointer -funroll-loops  (test for excess errors)
FAIL: gfortran.dg/used_interface_ref.f90  -O3 -fomit-frame-pointer -funroll-all-loops -finline-functions  (test for excess errors)
FAIL: gfortran.dg/where_operator_assign_2.f90  -O  (test for excess errors)
FAIL: gfortran.dg/where_operator_assign_3.f90  -O  (test for excess errors)
FAIL: gfortran.dg/zero_sized_1.f90  -O3 -fomit-frame-pointer -funroll-loops  (test for excess errors)
FAIL: gfortran.dg/zero_sized_1.f90  -O3 -fomit-frame-pointer -funroll-all-loops -finline-functions  (test for excess errors)
FAIL: gfortran.dg/zero_sized_3.f90  -O3 -fomit-frame-pointer -funroll-loops  (test for excess errors)
FAIL: gfortran.dg/zero_sized_3.f90  -O3 -fomit-frame-pointer -funroll-all-loops -finline-functions  (test for excess errors)
FAIL: gfortran.dg/vect/fast-math-mgrid-resid.f scan-tree-dump-times pcom "Executing predictive commoning without unrolling" 1
FAIL: gfortran.dg/vect/fast-math-mgrid-resid.f scan-tree-dump-times pcom "Predictive commoning failed: no suitable chains" 0
FAIL: gfortran.fortran-torture/compile/pr33276.f90,  -O2 -fomit-frame-pointer -finline-functions -funroll-loops  

		=== gfortran Summary ===

# of expected passes		45089
# of unexpected failures	549
# of expected failures		53
# of unsupported tests		72
/scratch/toon/bd8393/gcc/testsuite/gfortran/../../gfortran  version 4.10.0 20140418 (experimental) (GCC) 

		=== g++ tests ===


Running target unix
FAIL: c-c++-common/asan/attrib-1.c  -O2 -flto -fno-use-linker-plugin -flto-partition=none  (test for excess errors)
FAIL: c-c++-common/asan/attrib-1.c  -O2 -flto -fuse-linker-plugin -fno-fat-lto-objects  (test for excess errors)
FAIL: c-c++-common/asan/clone-test-1.c  -O2 -flto -fno-use-linker-plugin -flto-partition=none  (test for excess errors)
FAIL: c-c++-common/asan/force-inline-opt0-1.c  -O2 -flto -fno-use-linker-plugin -flto-partition=none  (test for excess errors)
FAIL: c-c++-common/asan/force-inline-opt0-1.c  -O2 -flto -fuse-linker-plugin -fno-fat-lto-objects  (test for excess errors)
FAIL: c-c++-common/asan/global-overflow-1.c  -O2 -flto -fno-use-linker-plugin -flto-partition=none  (test for excess errors)
FAIL: c-c++-common/asan/memcmp-2.c  -O2 -flto -fno-use-linker-plugin -flto-partition=none  (test for excess errors)
FAIL: c-c++-common/asan/no-asan-globals.c  -O2 -flto -fno-use-linker-plugin -flto-partition=none  (test for excess errors)
FAIL: c-c++-common/asan/no-asan-globals.c  -O2 -flto -fuse-linker-plugin -fno-fat-lto-objects  (test for excess errors)
FAIL: c-c++-common/asan/no-use-after-return.c  -O2 -flto -fno-use-linker-plugin -flto-partition=none  (test for excess errors)
FAIL: c-c++-common/asan/no-use-after-return.c  -O2 -flto -fuse-linker-plugin -fno-fat-lto-objects  (test for excess errors)
FAIL: c-c++-common/asan/null-deref-1.c  -O2 -flto -fno-use-linker-plugin -flto-partition=none  (test for excess errors)
FAIL: c-c++-common/asan/pr56330.c  -O2 -flto -fno-use-linker-plugin -flto-partition=none  (test for excess errors)
FAIL: c-c++-common/asan/pr59029.c  -O2 -flto -fno-use-linker-plugin -flto-partition=none  (test for excess errors)
FAIL: c-c++-common/asan/swapcontext-test-1.c  -O2 -flto -fno-use-linker-plugin -flto-partition=none  (test for excess errors)
FAIL: c-c++-common/asan/swapcontext-test-1.c  -O2 -flto -fuse-linker-plugin -fno-fat-lto-objects  (test for excess errors)
FAIL: c-c++-common/asan/use-after-return-1.c  -O2 -flto -fno-use-linker-plugin -flto-partition=none  (test for excess errors)
FAIL: g++.dg/asan/deep-tail-call-1.C  -O2 -flto -fno-use-linker-plugin -flto-partition=none  (test for excess errors)
FAIL: g++.dg/asan/deep-thread-stack-1.C  -O2 -flto -fno-use-linker-plugin -flto-partition=none  (test for excess errors)
FAIL: g++.dg/asan/large-func-test-1.C  -O2 -flto -fno-use-linker-plugin -flto-partition=none  (test for excess errors)
FAIL: g++.dg/asan/pr55617.C  -O2 -flto -fno-use-linker-plugin -flto-partition=none  (test for excess errors)
FAIL: g++.dg/asan/pr55617.C  -O2 -flto -fuse-linker-plugin -fno-fat-lto-objects  (test for excess errors)
FAIL: tmpdir-g++.dg-struct-layout-1/t003 cp_compat_x_tst.o compile
FAIL: tmpdir-g++.dg-struct-layout-1/t003 cp_compat_y_tst.o compile
FAIL: tmpdir-g++.dg-struct-layout-1/t006 cp_compat_x_tst.o compile
FAIL: tmpdir-g++.dg-struct-layout-1/t006 cp_compat_y_tst.o compile
FAIL: tmpdir-g++.dg-struct-layout-1/t007 cp_compat_x_tst.o compile
FAIL: tmpdir-g++.dg-struct-layout-1/t007 cp_compat_y_tst.o compile
FAIL: tmpdir-g++.dg-struct-layout-1/t009 cp_compat_x_tst.o compile
FAIL: tmpdir-g++.dg-struct-layout-1/t009 cp_compat_y_tst.o compile
FAIL: tmpdir-g++.dg-struct-layout-1/t011 cp_compat_x_tst.o compile
FAIL: tmpdir-g++.dg-struct-layout-1/t011 cp_compat_y_tst.o compile
FAIL: tmpdir-g++.dg-struct-layout-1/t015 cp_compat_x_tst.o compile
FAIL: tmpdir-g++.dg-struct-layout-1/t015 cp_compat_y_tst.o compile
FAIL: tmpdir-g++.dg-struct-layout-1/t016 cp_compat_x_tst.o compile
FAIL: tmpdir-g++.dg-struct-layout-1/t016 cp_compat_y_tst.o compile
FAIL: tmpdir-g++.dg-struct-layout-1/t018 cp_compat_x_tst.o compile
FAIL: tmpdir-g++.dg-struct-layout-1/t018 cp_compat_y_tst.o compile
FAIL: tmpdir-g++.dg-struct-layout-1/t019 cp_compat_x_tst.o compile
FAIL: tmpdir-g++.dg-struct-layout-1/t019 cp_compat_y_tst.o compile
FAIL: tmpdir-g++.dg-struct-layout-1/t020 cp_compat_x_tst.o compile
FAIL: tmpdir-g++.dg-struct-layout-1/t020 cp_compat_y_tst.o compile
FAIL: tmpdir-g++.dg-struct-layout-1/t021 cp_compat_x_tst.o compile
FAIL: tmpdir-g++.dg-struct-layout-1/t021 cp_compat_y_tst.o compile
FAIL: tmpdir-g++.dg-struct-layout-1/t023 cp_compat_x_tst.o compile
FAIL: tmpdir-g++.dg-struct-layout-1/t023 cp_compat_y_tst.o compile
FAIL: tmpdir-g++.dg-struct-layout-1/t024 cp_compat_x_tst.o compile
FAIL: tmpdir-g++.dg-struct-layout-1/t024 cp_compat_y_tst.o compile
FAIL: tmpdir-g++.dg-struct-layout-1/t025 cp_compat_x_tst.o compile
FAIL: tmpdir-g++.dg-struct-layout-1/t025 cp_compat_y_tst.o compile
FAIL: tmpdir-g++.dg-struct-layout-1/t026 cp_compat_x_tst.o compile
FAIL: tmpdir-g++.dg-struct-layout-1/t026 cp_compat_y_tst.o compile
FAIL: tmpdir-g++.dg-struct-layout-1/t027 cp_compat_x_tst.o compile
FAIL: tmpdir-g++.dg-struct-layout-1/t027 cp_compat_y_tst.o compile
FAIL: tmpdir-g++.dg-struct-layout-1/t029 cp_compat_x_tst.o compile
FAIL: tmpdir-g++.dg-struct-layout-1/t029 cp_compat_y_tst.o compile
FAIL: tmpdir-g++.dg-struct-layout-1/t030 cp_compat_x_tst.o compile
FAIL: tmpdir-g++.dg-struct-layout-1/t030 cp_compat_y_tst.o compile
FAIL: g++.dg/debug/pr47106.C -gdwarf-2 -g1 (test for excess errors)
FAIL: g++.dg/debug/pr47106.C -gdwarf-2 -g1 -O2 (test for excess errors)
FAIL: g++.dg/debug/pr47106.C -gdwarf-2 -g1 -O3 (test for excess errors)
FAIL: g++.dg/debug/pr47106.C -gdwarf-2 (test for excess errors)
FAIL: g++.dg/debug/pr47106.C -gdwarf-2 -O2 (test for excess errors)
FAIL: g++.dg/debug/pr47106.C -gdwarf-2 -O3 (test for excess errors)
FAIL: g++.dg/debug/pr47106.C -gdwarf-2 -g3 (test for excess errors)
FAIL: g++.dg/debug/pr47106.C -gdwarf-2 -g3 -O2 (test for excess errors)
FAIL: g++.dg/debug/pr47106.C -gdwarf-2 -g3 -O3 (test for excess errors)
FAIL: g++.dg/20090107-1.C -std=gnu++98 (test for excess errors)
FAIL: g++.dg/20090107-1.C -std=gnu++11 (test for excess errors)
FAIL: g++.dg/20090107-1.C -std=gnu++1y (test for excess errors)
FAIL: g++.dg/20090121-1.C -std=gnu++98 (test for excess errors)
FAIL: g++.dg/20090121-1.C -std=gnu++11 (test for excess errors)
FAIL: g++.dg/20090121-1.C -std=gnu++1y (test for excess errors)
FAIL: g++.dg/ext/mv14.C -std=gnu++98 execution test
FAIL: g++.dg/ext/mv14.C -std=gnu++11 execution test
FAIL: g++.dg/ext/mv14.C -std=gnu++1y execution test
FAIL: g++.dg/ext/mv15.C -std=gnu++98 execution test
FAIL: g++.dg/ext/mv15.C -std=gnu++11 execution test
FAIL: g++.dg/ext/mv15.C -std=gnu++1y execution test
FAIL: g++.dg/rtti/repo1.C -std=gnu++98 (test for excess errors)
FAIL: g++.dg/rtti/repo1.C -std=gnu++11 (test for excess errors)
FAIL: g++.dg/rtti/repo1.C -std=gnu++1y (test for excess errors)
FAIL: g++.dg/template/repo1.C -std=gnu++98 (test for excess errors)
FAIL: g++.dg/template/repo1.C -std=gnu++11 (test for excess errors)
FAIL: g++.dg/template/repo1.C -std=gnu++1y (test for excess errors)
FAIL: g++.dg/template/repo10.C -std=gnu++98 (test for excess errors)
FAIL: g++.dg/template/repo10.C -std=gnu++11 (test for excess errors)
FAIL: g++.dg/template/repo10.C -std=gnu++1y (test for excess errors)
FAIL: g++.dg/template/repo3.C -std=gnu++98 (test for excess errors)
FAIL: g++.dg/template/repo3.C -std=gnu++11 (test for excess errors)
FAIL: g++.dg/template/repo3.C -std=gnu++1y (test for excess errors)
FAIL: g++.dg/template/repo6.C -std=gnu++98 (test for excess errors)
FAIL: g++.dg/template/repo6.C -std=gnu++11 (test for excess errors)
FAIL: g++.dg/template/repo6.C -std=gnu++1y (test for excess errors)
FAIL: g++.dg/template/repo8.C -std=gnu++98 (test for excess errors)
FAIL: g++.dg/template/repo8.C -std=gnu++11 (test for excess errors)
FAIL: g++.dg/template/repo8.C -std=gnu++1y (test for excess errors)
FAIL: g++.dg/template/repo9.C -std=gnu++98 (test for excess errors)
FAIL: g++.dg/template/repo9.C -std=gnu++11 (test for excess errors)
FAIL: g++.dg/template/repo9.C -std=gnu++1y (test for excess errors)
FAIL: g++.dg/guality/pr55665.C  -O2  line 23 p == 40
FAIL: g++.dg/guality/pr55665.C  -O3 -fomit-frame-pointer  line 23 p == 40
FAIL: g++.dg/guality/pr55665.C  -O3 -g  line 23 p == 40
FAIL: g++.dg/guality/pr55665.C  -O2 -flto -fno-use-linker-plugin -flto-partition=none  (test for excess errors)
FAIL: c-c++-common/guality/pr43141.c  -O2 -flto -fno-use-linker-plugin -flto-partition=none  (test for excess errors)
FAIL: c-c++-common/guality/pr43141.c  -O2 -flto -fuse-linker-plugin -fno-fat-lto-objects  (test for excess errors)
FAIL: g++.dg/lto/pr48508-1 cp_lto_pr48508-1_1.o assemble,  -g -O2 -flto -flto-partition=none 
FAIL: g++.dg/plugin/attribute_plugin.c compilation
FAIL: g++.dg/plugin/pragma_plugin.c compilation
FAIL: g++.dg/plugin/selfassign.c compilation
FAIL: g++.dg/plugin/dumb_plugin.c compilation
FAIL: g++.dg/plugin/header_plugin.c compilation
FAIL: g++.dg/plugin/decl_plugin.c compilation
FAIL: g++.dg/torture/pr34850.C  -O2 -flto -fno-use-linker-plugin -flto-partition=none  (test for excess errors)
FAIL: g++.dg/torture/pr34850.C  -O2 -flto -fuse-linker-plugin -fno-fat-lto-objects  (test for excess errors)
FAIL: g++.dg/torture/pr41273.C  -O2 -flto -fno-use-linker-plugin -flto-partition=none  (test for excess errors)
FAIL: g++.dg/torture/pr46111.C  -O2 -flto -fno-use-linker-plugin -flto-partition=none  (test for excess errors)
FAIL: g++.dg/torture/pr46111.C  -O2 -flto -fuse-linker-plugin -fno-fat-lto-objects  (test for excess errors)
FAIL: g++.dg/torture/pr49615.C  -O2 -flto -fno-use-linker-plugin -flto-partition=none  (test for excess errors)
FAIL: g++.dg/torture/pr49615.C  -O2 -flto -fuse-linker-plugin -fno-fat-lto-objects  (test for excess errors)
FAIL: g++.dg/torture/pr53085.C  -O2 -flto -fno-use-linker-plugin -flto-partition=none  (test for excess errors)
FAIL: g++.dg/torture/pr53752.C  -O2 -flto -fno-use-linker-plugin -flto-partition=none  (test for excess errors)
FAIL: g++.dg/torture/pr53752.C  -O2 -flto -fuse-linker-plugin -fno-fat-lto-objects  (test for excess errors)
FAIL: g++.dg/torture/pr56398.C  -O2 -flto -fno-use-linker-plugin -flto-partition=none  (test for excess errors)
FAIL: g++.dg/torture/pr58552.C  -O2 -flto -fno-use-linker-plugin -flto-partition=none  (test for excess errors)
FAIL: g++.dg/torture/pr58552.C  -O2 -flto -fuse-linker-plugin -fno-fat-lto-objects  (test for excess errors)
FAIL: g++.old-deja/g++.pt/instantiate4.C -std=gnu++98 (test for excess errors)
FAIL: g++.old-deja/g++.pt/instantiate4.C -std=gnu++11 (test for excess errors)
FAIL: g++.old-deja/g++.pt/instantiate4.C -std=gnu++1y (test for excess errors)
FAIL: g++.old-deja/g++.pt/instantiate6.C -std=gnu++98 (test for excess errors)
FAIL: g++.old-deja/g++.pt/instantiate6.C -std=gnu++11 (test for excess errors)
FAIL: g++.old-deja/g++.pt/instantiate6.C -std=gnu++1y (test for excess errors)
FAIL: g++.old-deja/g++.pt/repo1.C -std=gnu++98 (test for excess errors)
FAIL: g++.old-deja/g++.pt/repo1.C -std=gnu++11 (test for excess errors)
FAIL: g++.old-deja/g++.pt/repo1.C -std=gnu++1y (test for excess errors)
FAIL: g++.old-deja/g++.pt/repo2.C -std=gnu++98 (test for excess errors)
FAIL: g++.old-deja/g++.pt/repo2.C -std=gnu++11 (test for excess errors)
FAIL: g++.old-deja/g++.pt/repo2.C -std=gnu++1y (test for excess errors)
FAIL: g++.old-deja/g++.pt/repo3.C -std=gnu++98 (test for excess errors)
FAIL: g++.old-deja/g++.pt/repo3.C -std=gnu++11 (test for excess errors)
FAIL: g++.old-deja/g++.pt/repo3.C -std=gnu++1y (test for excess errors)
FAIL: g++.old-deja/g++.pt/repo4.C -std=gnu++98 (test for excess errors)
FAIL: g++.old-deja/g++.pt/repo4.C -std=gnu++11 (test for excess errors)
FAIL: g++.old-deja/g++.pt/repo4.C -std=gnu++1y (test for excess errors)

		=== g++ Summary ===

# of expected passes		87647
# of unexpected failures	144
# of expected failures		445
# of unsupported tests		3027
/scratch/toon/bd8393/gcc/testsuite/g++/../../xg++  version 4.10.0 20140418 (experimental) (GCC) 

		=== objc tests ===


Running target unix

		=== objc Summary ===

# of expected passes		2988
# of expected failures		6
# of unsupported tests		74
/scratch/toon/bd8393/gcc/xgcc  version 4.10.0 20140418 (experimental) (GCC) 

		=== libatomic tests ===


Running target unix

		=== libatomic Summary ===

# of expected passes		54
		=== libgomp tests ===


Running target unix
FAIL: libgomp.fortran/allocatable1.f90  -O3 -fomit-frame-pointer -funroll-loops  (test for excess errors)
FAIL: libgomp.fortran/allocatable1.f90  -O3 -fomit-frame-pointer -funroll-all-loops -finline-functions  (test for excess errors)
FAIL: libgomp.fortran/allocatable2.f90  -O3 -fomit-frame-pointer -funroll-loops  (test for excess errors)
FAIL: libgomp.fortran/allocatable2.f90  -O3 -fomit-frame-pointer -funroll-all-loops -finline-functions  (test for excess errors)
FAIL: libgomp.fortran/allocatable4.f90  -O3 -fomit-frame-pointer -funroll-loops  (test for excess errors)
FAIL: libgomp.fortran/allocatable4.f90  -O3 -fomit-frame-pointer -funroll-all-loops -finline-functions  (test for excess errors)
FAIL: libgomp.fortran/allocatable5.f90  -O3 -fomit-frame-pointer -funroll-loops  (test for excess errors)
FAIL: libgomp.fortran/allocatable5.f90  -O3 -fomit-frame-pointer -funroll-all-loops -finline-functions  (test for excess errors)
FAIL: libgomp.fortran/character2.f90  -O3 -fomit-frame-pointer -funroll-loops  (test for excess errors)
FAIL: libgomp.fortran/character2.f90  -O3 -fomit-frame-pointer -funroll-all-loops -finline-functions  (test for excess errors)
FAIL: libgomp.fortran/collapse3.f90  -O3 -fomit-frame-pointer -funroll-loops  (test for excess errors)
FAIL: libgomp.fortran/collapse3.f90  -O3 -fomit-frame-pointer -funroll-all-loops -finline-functions  (test for excess errors)
FAIL: libgomp.fortran/omp_parse4.f90  -O3 -fomit-frame-pointer -funroll-loops  (test for excess errors)
FAIL: libgomp.fortran/omp_parse4.f90  -O3 -fomit-frame-pointer -funroll-all-loops -finline-functions  (test for excess errors)
FAIL: libgomp.fortran/pointer1.f90  -O3 -fomit-frame-pointer -funroll-loops  (test for excess errors)
FAIL: libgomp.fortran/pointer1.f90  -O3 -fomit-frame-pointer -funroll-all-loops -finline-functions  (test for excess errors)
FAIL: libgomp.fortran/pointer2.f90  -O3 -fomit-frame-pointer -funroll-loops  (test for excess errors)
FAIL: libgomp.fortran/pointer2.f90  -O3 -fomit-frame-pointer -funroll-all-loops -finline-functions  (test for excess errors)
FAIL: libgomp.fortran/reduction6.f90  -O3 -fomit-frame-pointer -funroll-loops  (test for excess errors)
FAIL: libgomp.fortran/reduction6.f90  -O3 -fomit-frame-pointer -funroll-all-loops -finline-functions  (test for excess errors)
FAIL: libgomp.fortran/threadprivate2.f90  -O3 -fomit-frame-pointer -funroll-loops  (test for excess errors)
FAIL: libgomp.fortran/threadprivate2.f90  -O3 -fomit-frame-pointer -funroll-all-loops -finline-functions  (test for excess errors)
FAIL: libgomp.fortran/threadprivate3.f90  -O3 -fomit-frame-pointer -funroll-loops  (test for excess errors)
FAIL: libgomp.fortran/threadprivate3.f90  -O3 -fomit-frame-pointer -funroll-all-loops -finline-functions  (test for excess errors)
FAIL: libgomp.fortran/vla7.f90  -O3 -fomit-frame-pointer -funroll-loops  (test for excess errors)
FAIL: libgomp.fortran/vla7.f90  -O3 -fomit-frame-pointer -funroll-all-loops -finline-functions  (test for excess errors)
WARNING: program timed out.
FAIL: libgomp.graphite/force-parallel-6.c execution test

		=== libgomp Summary ===

# of expected passes		2385
# of unexpected failures	27
		=== libitm tests ===


Running target unix

		=== libitm Summary ===

# of expected passes		26
# of expected failures		3
# of unsupported tests		1
		=== libstdc++ tests ===


Running target unix

		=== libstdc++ Summary ===

# of expected passes		9410
# of expected failures		41
# of unsupported tests		532

Compiler version: 4.10.0 20140418 (experimental) (GCC) 
Platform: x86_64-unknown-linux-gnu
configure flags: --prefix=/home/toon/compilers/install --with-gnu-as --with-gnu-ld --with-build-config=bootstrap-ubsan --enable-languages=fortran,objc --disable-multilib --disable-nls --with-arch=core-avx2 --with-tune=core-avx2


Index Nav: [Date Index] [Subject Index] [Author Index] [Thread Index]
Message Nav: [Date Prev] [Date Next] [Thread Prev] [Thread Next]