This is the mail archive of the gcc-testresults@gcc.gnu.org mailing list for the GCC project.


Index Nav: [Date Index] [Subject Index] [Author Index] [Thread Index]
Message Nav: [Date Prev] [Date Next] [Thread Prev] [Thread Next]
Other format: [Raw text]

Results for 4.9.0 20140411 (prerelease) [gcc-4_9-branch revision 209307] (GCC) testsuite on armv7l-unknown-linux-gnueabihf


LAST_UPDATED: Obtained from SVN: branches/gcc-4_9-branch revision 209307

Native configuration is armv7l-unknown-linux-gnueabihf

        === boehm-gc tests ===


Running target unix

        === boehm-gc Summary ===

# of expected passes        12
# of unsupported tests        1
        === libatomic tests ===


Running target unix

        === libatomic Summary ===

# of expected passes        44
# of unsupported tests        5
        === libffi tests ===


Running target unix
XPASS: libffi.call/cls_longdouble.c -O0 -W -Wall execution test
XPASS: libffi.call/cls_longdouble.c -O2 execution test
XPASS: libffi.call/cls_longdouble.c -O3 execution test
XPASS: libffi.call/cls_longdouble.c -Os execution test
XPASS: libffi.call/cls_longdouble.c -O2 -fomit-frame-pointer execution test

        === libffi Summary ===

# of expected passes        1814
# of unexpected successes    5
# of unsupported tests        55
        === libgo tests ===


Running target unix
FAIL: log
FAIL: runtime
FAIL: time
FAIL: crypto/tls
FAIL: crypto/x509
FAIL: net/http/cgi
FAIL: os/signal
FAIL: sync/atomic

        === libgo Summary ===

# of expected passes        114
# of unexpected failures    8
/home/ed/gnu/gcc-build-arm-linux-gnueabihf/./gcc/gccgo version 4.9.0 20140411 (prerelease) (GCC)

        === libgomp tests ===


Running target unix

        === libgomp Summary ===

# of expected passes        2410
# of unsupported tests        1
        === libitm tests ===


Running target unix

        === libitm Summary ===

# of expected passes        26
# of expected failures        3
# of unsupported tests        1
        === libjava tests ===


Running target unix
FAIL: Throw_2 execution - source compiled test
FAIL: Throw_2 -findirect-dispatch execution - source compiled test
FAIL: Throw_2 -O3 execution - source compiled test
FAIL: Throw_2 -O3 -findirect-dispatch execution - source compiled test

        === libjava Summary ===

# of expected passes        2574
# of unexpected failures    4
# of expected failures        4
# of untested testcases        4
        === libstdc++ tests ===


Running target unix

        === libstdc++ Summary ===

# of expected passes        8970
# of expected failures        41
# of unsupported tests        589
        === acats tests ===

        === acats Summary ===
# of expected passes        2320
# of unexpected failures    0

        === g++ tests ===


Running target unix
FAIL: g++.dg/guality/pr55665.C  -O2  line 23 p == 40
FAIL: g++.dg/guality/pr55665.C  -O3 -fomit-frame-pointer  line 23 p == 40
FAIL: g++.dg/guality/pr55665.C  -O3 -g  line 23 p == 40

        === g++ Summary ===

# of expected passes        81626
# of unexpected failures    3
# of expected failures        447
# of unsupported tests        3230
/home/ed/gnu/gcc-build-arm-linux-gnueabihf/gcc/testsuite/g++/../../xg++  version 4.9.0 20140411 (prerelease) (GCC) 

        === gcc tests ===


Running target unix
WARNING: program timed out.
FAIL: gcc.dg/atomic/c11-atomic-exec-5.c  -O0  execution test
WARNING: program timed out.
FAIL: gcc.dg/atomic/c11-atomic-exec-5.c  -O1  execution test
WARNING: program timed out.
FAIL: gcc.dg/atomic/c11-atomic-exec-5.c  -O2  execution test
WARNING: program timed out.
FAIL: gcc.dg/atomic/c11-atomic-exec-5.c  -O3 -fomit-frame-pointer  execution test
WARNING: program timed out.
FAIL: gcc.dg/atomic/c11-atomic-exec-5.c  -O3 -fomit-frame-pointer -funroll-loops  execution test
WARNING: program timed out.
FAIL: gcc.dg/atomic/c11-atomic-exec-5.c  -O3 -fomit-frame-pointer -funroll-all-loops -finline-functions  execution test
WARNING: program timed out.
FAIL: gcc.dg/atomic/c11-atomic-exec-5.c  -O3 -g  execution test
WARNING: program timed out.
FAIL: gcc.dg/atomic/c11-atomic-exec-5.c  -Os  execution test
WARNING: program timed out.
FAIL: gcc.dg/atomic/c11-atomic-exec-5.c  -O2 -flto -fno-use-linker-plugin -flto-partition=none  execution test
WARNING: program timed out.
FAIL: gcc.dg/atomic/c11-atomic-exec-5.c  -O2 -flto -fuse-linker-plugin -fno-fat-lto-objects  execution test
FAIL: gcc.dg/c99-stdint-1.c (test for excess errors)
FAIL: gcc.dg/c99-stdint-7.c (test for excess errors)
XPASS: gcc.dg/guality/example.c  -O0  execution test
XPASS: gcc.dg/guality/example.c  -O1  execution test
XPASS: gcc.dg/guality/example.c  -Os  execution test
XPASS: gcc.dg/guality/guality.c  -O0  execution test
XPASS: gcc.dg/guality/guality.c  -O2  execution test
XPASS: gcc.dg/guality/guality.c  -O3 -fomit-frame-pointer  execution test
XPASS: gcc.dg/guality/guality.c  -O3 -g  execution test
XPASS: gcc.dg/guality/guality.c  -Os  execution test
XPASS: gcc.dg/guality/guality.c  -O2 -flto -fno-use-linker-plugin -flto-partition=none  execution test
XPASS: gcc.dg/guality/guality.c  -O2 -flto -fuse-linker-plugin -fno-fat-lto-objects  execution test
XPASS: gcc.dg/guality/inline-params.c  -O2  execution test
XPASS: gcc.dg/guality/inline-params.c  -O3 -fomit-frame-pointer  execution test
XPASS: gcc.dg/guality/inline-params.c  -O3 -g  execution test
XPASS: gcc.dg/guality/inline-params.c  -Os  execution test
XPASS: gcc.dg/guality/inline-params.c  -O2 -flto -fno-use-linker-plugin -flto-partition=none  execution test
FAIL: gcc.dg/guality/nrv-1.c  -O2 -flto -fuse-linker-plugin -fno-fat-lto-objects  line 20 a2.i[0] == 42
FAIL: gcc.dg/guality/pr36728-1.c  -O1  line 16 arg3 == 3
FAIL: gcc.dg/guality/pr36728-1.c  -O1  line 16 arg4 == 4
FAIL: gcc.dg/guality/pr36728-1.c  -O1  line 18 arg1 == 1
FAIL: gcc.dg/guality/pr36728-1.c  -O1  line 18 arg3 == 3
FAIL: gcc.dg/guality/pr36728-1.c  -O1  line 18 arg4 == 4
FAIL: gcc.dg/guality/pr36728-1.c  -O2  line 16 arg1 == 1
FAIL: gcc.dg/guality/pr36728-1.c  -O2  line 16 arg2 == 2
FAIL: gcc.dg/guality/pr36728-1.c  -O2  line 16 arg4 == 4
FAIL: gcc.dg/guality/pr36728-1.c  -O2  line 16 y == 2
FAIL: gcc.dg/guality/pr36728-1.c  -O2  line 18 arg1 == 1
FAIL: gcc.dg/guality/pr36728-1.c  -O2  line 18 arg2 == 2
FAIL: gcc.dg/guality/pr36728-1.c  -O2  line 18 arg3 == 3
FAIL: gcc.dg/guality/pr36728-1.c  -O2  line 18 arg4 == 4
FAIL: gcc.dg/guality/pr36728-1.c  -O2  line 18 y == 2
FAIL: gcc.dg/guality/pr36728-1.c  -O3 -fomit-frame-pointer  line 16 arg1 == 1
FAIL: gcc.dg/guality/pr36728-1.c  -O3 -fomit-frame-pointer  line 16 arg2 == 2
FAIL: gcc.dg/guality/pr36728-1.c  -O3 -fomit-frame-pointer  line 16 arg4 == 4
FAIL: gcc.dg/guality/pr36728-1.c  -O3 -fomit-frame-pointer  line 16 y == 2
FAIL: gcc.dg/guality/pr36728-1.c  -O3 -fomit-frame-pointer  line 18 arg1 == 1
FAIL: gcc.dg/guality/pr36728-1.c  -O3 -fomit-frame-pointer  line 18 arg2 == 2
FAIL: gcc.dg/guality/pr36728-1.c  -O3 -fomit-frame-pointer  line 18 arg3 == 3
FAIL: gcc.dg/guality/pr36728-1.c  -O3 -fomit-frame-pointer  line 18 arg4 == 4
FAIL: gcc.dg/guality/pr36728-1.c  -O3 -fomit-frame-pointer  line 18 y == 2
FAIL: gcc.dg/guality/pr36728-1.c  -O3 -g  line 16 arg1 == 1
FAIL: gcc.dg/guality/pr36728-1.c  -O3 -g  line 16 arg2 == 2
FAIL: gcc.dg/guality/pr36728-1.c  -O3 -g  line 16 arg4 == 4
FAIL: gcc.dg/guality/pr36728-1.c  -O3 -g  line 16 y == 2
FAIL: gcc.dg/guality/pr36728-1.c  -O3 -g  line 18 arg1 == 1
FAIL: gcc.dg/guality/pr36728-1.c  -O3 -g  line 18 arg2 == 2
FAIL: gcc.dg/guality/pr36728-1.c  -O3 -g  line 18 arg3 == 3
FAIL: gcc.dg/guality/pr36728-1.c  -O3 -g  line 18 arg4 == 4
FAIL: gcc.dg/guality/pr36728-1.c  -O3 -g  line 18 y == 2
FAIL: gcc.dg/guality/pr36728-1.c  -Os  line 16 arg1 == 1
FAIL: gcc.dg/guality/pr36728-1.c  -Os  line 16 arg2 == 2
FAIL: gcc.dg/guality/pr36728-1.c  -Os  line 16 arg3 == 3
FAIL: gcc.dg/guality/pr36728-1.c  -Os  line 16 arg4 == 4
FAIL: gcc.dg/guality/pr36728-1.c  -Os  line 18 arg1 == 1
FAIL: gcc.dg/guality/pr36728-1.c  -Os  line 18 arg2 == 2
FAIL: gcc.dg/guality/pr36728-1.c  -Os  line 18 arg3 == 3
FAIL: gcc.dg/guality/pr36728-1.c  -Os  line 18 arg4 == 4
FAIL: gcc.dg/guality/pr36728-1.c  -O2 -flto -fno-use-linker-plugin -flto-partition=none  line 16 arg1 == 1
FAIL: gcc.dg/guality/pr36728-1.c  -O2 -flto -fno-use-linker-plugin -flto-partition=none  line 16 arg2 == 2
FAIL: gcc.dg/guality/pr36728-1.c  -O2 -flto -fno-use-linker-plugin -flto-partition=none  line 16 arg4 == 4
FAIL: gcc.dg/guality/pr36728-1.c  -O2 -flto -fno-use-linker-plugin -flto-partition=none  line 16 y == 2
FAIL: gcc.dg/guality/pr36728-1.c  -O2 -flto -fno-use-linker-plugin -flto-partition=none  line 18 arg1 == 1
FAIL: gcc.dg/guality/pr36728-1.c  -O2 -flto -fno-use-linker-plugin -flto-partition=none  line 18 arg2 == 2
FAIL: gcc.dg/guality/pr36728-1.c  -O2 -flto -fno-use-linker-plugin -flto-partition=none  line 18 arg3 == 3
FAIL: gcc.dg/guality/pr36728-1.c  -O2 -flto -fno-use-linker-plugin -flto-partition=none  line 18 arg4 == 4
FAIL: gcc.dg/guality/pr36728-1.c  -O2 -flto -fno-use-linker-plugin -flto-partition=none  line 18 y == 2
FAIL: gcc.dg/guality/pr36728-1.c  -O2 -flto -fuse-linker-plugin -fno-fat-lto-objects  line 16 arg1 == 1
FAIL: gcc.dg/guality/pr36728-1.c  -O2 -flto -fuse-linker-plugin -fno-fat-lto-objects  line 16 arg2 == 2
FAIL: gcc.dg/guality/pr36728-1.c  -O2 -flto -fuse-linker-plugin -fno-fat-lto-objects  line 16 arg4 == 4
FAIL: gcc.dg/guality/pr36728-1.c  -O2 -flto -fuse-linker-plugin -fno-fat-lto-objects  line 16 y == 2
FAIL: gcc.dg/guality/pr36728-1.c  -O2 -flto -fuse-linker-plugin -fno-fat-lto-objects  line 18 arg1 == 1
FAIL: gcc.dg/guality/pr36728-1.c  -O2 -flto -fuse-linker-plugin -fno-fat-lto-objects  line 18 arg2 == 2
FAIL: gcc.dg/guality/pr36728-1.c  -O2 -flto -fuse-linker-plugin -fno-fat-lto-objects  line 18 arg3 == 3
FAIL: gcc.dg/guality/pr36728-1.c  -O2 -flto -fuse-linker-plugin -fno-fat-lto-objects  line 18 arg4 == 4
FAIL: gcc.dg/guality/pr36728-2.c  -O1  line 16 arg3 == 3
FAIL: gcc.dg/guality/pr36728-2.c  -O1  line 16 arg4 == 4
FAIL: gcc.dg/guality/pr36728-2.c  -O1  line 18 arg2 == 2
FAIL: gcc.dg/guality/pr36728-2.c  -O1  line 18 arg3 == 3
FAIL: gcc.dg/guality/pr36728-2.c  -O1  line 18 arg4 == 4
FAIL: gcc.dg/guality/pr36728-2.c  -O2  line 16 arg1 == 1
FAIL: gcc.dg/guality/pr36728-2.c  -O2  line 16 arg4 == 4
FAIL: gcc.dg/guality/pr36728-2.c  -O2  line 16 y == 2
FAIL: gcc.dg/guality/pr36728-2.c  -O2  line 18 arg1 == 1
FAIL: gcc.dg/guality/pr36728-2.c  -O2  line 18 arg3 == 3
FAIL: gcc.dg/guality/pr36728-2.c  -O2  line 18 arg4 == 4
FAIL: gcc.dg/guality/pr36728-2.c  -O2  line 18 *x == (char) 25
FAIL: gcc.dg/guality/pr36728-2.c  -O2  line 18 y == 2
FAIL: gcc.dg/guality/pr36728-2.c  -O3 -fomit-frame-pointer  line 16 arg1 == 1
FAIL: gcc.dg/guality/pr36728-2.c  -O3 -fomit-frame-pointer  line 16 arg4 == 4
FAIL: gcc.dg/guality/pr36728-2.c  -O3 -fomit-frame-pointer  line 16 y == 2
FAIL: gcc.dg/guality/pr36728-2.c  -O3 -fomit-frame-pointer  line 18 arg1 == 1
FAIL: gcc.dg/guality/pr36728-2.c  -O3 -fomit-frame-pointer  line 18 arg3 == 3
FAIL: gcc.dg/guality/pr36728-2.c  -O3 -fomit-frame-pointer  line 18 arg4 == 4
FAIL: gcc.dg/guality/pr36728-2.c  -O3 -fomit-frame-pointer  line 18 *x == (char) 25
FAIL: gcc.dg/guality/pr36728-2.c  -O3 -fomit-frame-pointer  line 18 y == 2
FAIL: gcc.dg/guality/pr36728-2.c  -O3 -g  line 16 arg1 == 1
FAIL: gcc.dg/guality/pr36728-2.c  -O3 -g  line 16 arg4 == 4
FAIL: gcc.dg/guality/pr36728-2.c  -O3 -g  line 16 y == 2
FAIL: gcc.dg/guality/pr36728-2.c  -O3 -g  line 18 arg1 == 1
FAIL: gcc.dg/guality/pr36728-2.c  -O3 -g  line 18 arg3 == 3
FAIL: gcc.dg/guality/pr36728-2.c  -O3 -g  line 18 arg4 == 4
FAIL: gcc.dg/guality/pr36728-2.c  -O3 -g  line 18 *x == (char) 25
FAIL: gcc.dg/guality/pr36728-2.c  -O3 -g  line 18 y == 2
FAIL: gcc.dg/guality/pr36728-2.c  -Os  line 16 arg2 == 2
FAIL: gcc.dg/guality/pr36728-2.c  -Os  line 16 arg3 == 3
FAIL: gcc.dg/guality/pr36728-2.c  -Os  line 16 arg4 == 4
FAIL: gcc.dg/guality/pr36728-2.c  -Os  line 18 arg2 == 2
FAIL: gcc.dg/guality/pr36728-2.c  -Os  line 18 arg3 == 3
FAIL: gcc.dg/guality/pr36728-2.c  -Os  line 18 arg4 == 4
FAIL: gcc.dg/guality/pr36728-2.c  -O2 -flto -fno-use-linker-plugin -flto-partition=none  line 16 arg1 == 1
FAIL: gcc.dg/guality/pr36728-2.c  -O2 -flto -fno-use-linker-plugin -flto-partition=none  line 16 arg4 == 4
FAIL: gcc.dg/guality/pr36728-2.c  -O2 -flto -fno-use-linker-plugin -flto-partition=none  line 16 y == 2
FAIL: gcc.dg/guality/pr36728-2.c  -O2 -flto -fno-use-linker-plugin -flto-partition=none  line 18 arg1 == 1
FAIL: gcc.dg/guality/pr36728-2.c  -O2 -flto -fno-use-linker-plugin -flto-partition=none  line 18 arg3 == 3
FAIL: gcc.dg/guality/pr36728-2.c  -O2 -flto -fno-use-linker-plugin -flto-partition=none  line 18 arg4 == 4
FAIL: gcc.dg/guality/pr36728-2.c  -O2 -flto -fno-use-linker-plugin -flto-partition=none  line 18 *x == (char) 25
FAIL: gcc.dg/guality/pr36728-2.c  -O2 -flto -fno-use-linker-plugin -flto-partition=none  line 18 y == 2
FAIL: gcc.dg/guality/pr36728-2.c  -O2 -flto -fuse-linker-plugin -fno-fat-lto-objects  line 16 arg1 == 1
FAIL: gcc.dg/guality/pr36728-2.c  -O2 -flto -fuse-linker-plugin -fno-fat-lto-objects  line 16 arg2 == 2
FAIL: gcc.dg/guality/pr36728-2.c  -O2 -flto -fuse-linker-plugin -fno-fat-lto-objects  line 16 arg4 == 4
FAIL: gcc.dg/guality/pr36728-2.c  -O2 -flto -fuse-linker-plugin -fno-fat-lto-objects  line 16 y == 2
FAIL: gcc.dg/guality/pr36728-2.c  -O2 -flto -fuse-linker-plugin -fno-fat-lto-objects  line 18 arg1 == 1
FAIL: gcc.dg/guality/pr36728-2.c  -O2 -flto -fuse-linker-plugin -fno-fat-lto-objects  line 18 arg2 == 2
FAIL: gcc.dg/guality/pr36728-2.c  -O2 -flto -fuse-linker-plugin -fno-fat-lto-objects  line 18 arg3 == 3
FAIL: gcc.dg/guality/pr36728-2.c  -O2 -flto -fuse-linker-plugin -fno-fat-lto-objects  line 18 arg4 == 4
FAIL: gcc.dg/guality/pr36728-3.c  -O1  line 14 arg2 == 2
FAIL: gcc.dg/guality/pr36728-3.c  -O1  line 14 arg3 == 3
FAIL: gcc.dg/guality/pr36728-3.c  -O1  line 14 arg4 == 4
FAIL: gcc.dg/guality/pr36728-3.c  -O1  line 16 arg2 == 2
FAIL: gcc.dg/guality/pr36728-3.c  -O1  line 16 arg3 == 3
FAIL: gcc.dg/guality/pr36728-3.c  -O1  line 16 arg4 == 4
FAIL: gcc.dg/guality/pr36728-3.c  -O2  line 14 arg1 == 1
FAIL: gcc.dg/guality/pr36728-3.c  -O2  line 14 arg2 == 2
FAIL: gcc.dg/guality/pr36728-3.c  -O2  line 14 arg3 == 3
FAIL: gcc.dg/guality/pr36728-3.c  -O2  line 14 arg4 == 4
FAIL: gcc.dg/guality/pr36728-3.c  -O2  line 16 arg1 == 1
FAIL: gcc.dg/guality/pr36728-3.c  -O2  line 16 arg2 == 2
FAIL: gcc.dg/guality/pr36728-3.c  -O2  line 16 arg3 == 3
FAIL: gcc.dg/guality/pr36728-3.c  -O2  line 16 arg4 == 4
FAIL: gcc.dg/guality/pr36728-3.c  -O3 -fomit-frame-pointer  line 14 arg1 == 1
FAIL: gcc.dg/guality/pr36728-3.c  -O3 -fomit-frame-pointer  line 14 arg2 == 2
FAIL: gcc.dg/guality/pr36728-3.c  -O3 -fomit-frame-pointer  line 14 arg3 == 3
FAIL: gcc.dg/guality/pr36728-3.c  -O3 -fomit-frame-pointer  line 14 arg4 == 4
FAIL: gcc.dg/guality/pr36728-3.c  -O3 -fomit-frame-pointer  line 16 arg1 == 1
FAIL: gcc.dg/guality/pr36728-3.c  -O3 -fomit-frame-pointer  line 16 arg2 == 2
FAIL: gcc.dg/guality/pr36728-3.c  -O3 -fomit-frame-pointer  line 16 arg3 == 3
FAIL: gcc.dg/guality/pr36728-3.c  -O3 -fomit-frame-pointer  line 16 arg4 == 4
FAIL: gcc.dg/guality/pr36728-3.c  -O3 -g  line 14 arg1 == 1
FAIL: gcc.dg/guality/pr36728-3.c  -O3 -g  line 14 arg2 == 2
FAIL: gcc.dg/guality/pr36728-3.c  -O3 -g  line 14 arg3 == 3
FAIL: gcc.dg/guality/pr36728-3.c  -O3 -g  line 14 arg4 == 4
FAIL: gcc.dg/guality/pr36728-3.c  -O3 -g  line 16 arg1 == 1
FAIL: gcc.dg/guality/pr36728-3.c  -O3 -g  line 16 arg2 == 2
FAIL: gcc.dg/guality/pr36728-3.c  -O3 -g  line 16 arg3 == 3
FAIL: gcc.dg/guality/pr36728-3.c  -O3 -g  line 16 arg4 == 4
FAIL: gcc.dg/guality/pr36728-3.c  -Os  line 14 arg2 == 2
FAIL: gcc.dg/guality/pr36728-3.c  -Os  line 14 arg3 == 3
FAIL: gcc.dg/guality/pr36728-3.c  -Os  line 14 arg4 == 4
FAIL: gcc.dg/guality/pr36728-3.c  -Os  line 16 arg2 == 2
FAIL: gcc.dg/guality/pr36728-3.c  -Os  line 16 arg3 == 3
FAIL: gcc.dg/guality/pr36728-3.c  -Os  line 16 arg4 == 4
FAIL: gcc.dg/guality/pr36728-3.c  -O2 -flto -fno-use-linker-plugin -flto-partition=none  line 14 arg1 == 1
FAIL: gcc.dg/guality/pr36728-3.c  -O2 -flto -fno-use-linker-plugin -flto-partition=none  line 14 arg2 == 2
FAIL: gcc.dg/guality/pr36728-3.c  -O2 -flto -fno-use-linker-plugin -flto-partition=none  line 14 arg3 == 3
FAIL: gcc.dg/guality/pr36728-3.c  -O2 -flto -fno-use-linker-plugin -flto-partition=none  line 14 arg4 == 4
FAIL: gcc.dg/guality/pr36728-3.c  -O2 -flto -fno-use-linker-plugin -flto-partition=none  line 16 arg1 == 1
FAIL: gcc.dg/guality/pr36728-3.c  -O2 -flto -fno-use-linker-plugin -flto-partition=none  line 16 arg2 == 2
FAIL: gcc.dg/guality/pr36728-3.c  -O2 -flto -fno-use-linker-plugin -flto-partition=none  line 16 arg3 == 3
FAIL: gcc.dg/guality/pr36728-3.c  -O2 -flto -fno-use-linker-plugin -flto-partition=none  line 16 arg4 == 4
FAIL: gcc.dg/guality/pr36728-3.c  -O2 -flto -fuse-linker-plugin -fno-fat-lto-objects  line 14 arg1 == 1
FAIL: gcc.dg/guality/pr36728-3.c  -O2 -flto -fuse-linker-plugin -fno-fat-lto-objects  line 14 arg2 == 2
FAIL: gcc.dg/guality/pr36728-3.c  -O2 -flto -fuse-linker-plugin -fno-fat-lto-objects  line 14 arg3 == 3
FAIL: gcc.dg/guality/pr36728-3.c  -O2 -flto -fuse-linker-plugin -fno-fat-lto-objects  line 14 arg4 == 4
FAIL: gcc.dg/guality/pr36728-3.c  -O2 -flto -fuse-linker-plugin -fno-fat-lto-objects  line 16 arg1 == 1
FAIL: gcc.dg/guality/pr36728-3.c  -O2 -flto -fuse-linker-plugin -fno-fat-lto-objects  line 16 arg2 == 2
FAIL: gcc.dg/guality/pr36728-3.c  -O2 -flto -fuse-linker-plugin -fno-fat-lto-objects  line 16 arg3 == 3
FAIL: gcc.dg/guality/pr36728-3.c  -O2 -flto -fuse-linker-plugin -fno-fat-lto-objects  line 16 arg4 == 4
FAIL: gcc.dg/guality/pr36728-4.c  -O1  line 14 arg3 == 3
FAIL: gcc.dg/guality/pr36728-4.c  -O1  line 14 arg4 == 4
FAIL: gcc.dg/guality/pr36728-4.c  -O1  line 16 arg3 == 3
FAIL: gcc.dg/guality/pr36728-4.c  -O1  line 16 arg4 == 4
FAIL: gcc.dg/guality/pr36728-4.c  -O2  line 14 arg2 == 2
FAIL: gcc.dg/guality/pr36728-4.c  -O2  line 14 arg3 == 3
FAIL: gcc.dg/guality/pr36728-4.c  -O2  line 14 arg4 == 4
FAIL: gcc.dg/guality/pr36728-4.c  -O2  line 16 arg2 == 2
FAIL: gcc.dg/guality/pr36728-4.c  -O2  line 16 arg3 == 3
FAIL: gcc.dg/guality/pr36728-4.c  -O2  line 16 arg4 == 4
FAIL: gcc.dg/guality/pr36728-4.c  -O3 -fomit-frame-pointer  line 14 arg2 == 2
FAIL: gcc.dg/guality/pr36728-4.c  -O3 -fomit-frame-pointer  line 14 arg3 == 3
FAIL: gcc.dg/guality/pr36728-4.c  -O3 -fomit-frame-pointer  line 14 arg4 == 4
FAIL: gcc.dg/guality/pr36728-4.c  -O3 -fomit-frame-pointer  line 16 arg2 == 2
FAIL: gcc.dg/guality/pr36728-4.c  -O3 -fomit-frame-pointer  line 16 arg3 == 3
FAIL: gcc.dg/guality/pr36728-4.c  -O3 -fomit-frame-pointer  line 16 arg4 == 4
FAIL: gcc.dg/guality/pr36728-4.c  -O3 -g  line 14 arg2 == 2
FAIL: gcc.dg/guality/pr36728-4.c  -O3 -g  line 14 arg3 == 3
FAIL: gcc.dg/guality/pr36728-4.c  -O3 -g  line 14 arg4 == 4
FAIL: gcc.dg/guality/pr36728-4.c  -O3 -g  line 16 arg2 == 2
FAIL: gcc.dg/guality/pr36728-4.c  -O3 -g  line 16 arg3 == 3
FAIL: gcc.dg/guality/pr36728-4.c  -O3 -g  line 16 arg4 == 4
FAIL: gcc.dg/guality/pr36728-4.c  -Os  line 14 arg3 == 3
FAIL: gcc.dg/guality/pr36728-4.c  -Os  line 14 arg4 == 4
FAIL: gcc.dg/guality/pr36728-4.c  -Os  line 16 arg3 == 3
FAIL: gcc.dg/guality/pr36728-4.c  -Os  line 16 arg4 == 4
FAIL: gcc.dg/guality/pr36728-4.c  -O2 -flto -fno-use-linker-plugin -flto-partition=none  line 14 arg2 == 2
FAIL: gcc.dg/guality/pr36728-4.c  -O2 -flto -fno-use-linker-plugin -flto-partition=none  line 14 arg3 == 3
FAIL: gcc.dg/guality/pr36728-4.c  -O2 -flto -fno-use-linker-plugin -flto-partition=none  line 14 arg4 == 4
FAIL: gcc.dg/guality/pr36728-4.c  -O2 -flto -fno-use-linker-plugin -flto-partition=none  line 16 arg2 == 2
FAIL: gcc.dg/guality/pr36728-4.c  -O2 -flto -fno-use-linker-plugin -flto-partition=none  line 16 arg3 == 3
FAIL: gcc.dg/guality/pr36728-4.c  -O2 -flto -fno-use-linker-plugin -flto-partition=none  line 16 arg4 == 4
FAIL: gcc.dg/guality/pr36728-4.c  -O2 -flto -fuse-linker-plugin -fno-fat-lto-objects  line 14 arg2 == 2
FAIL: gcc.dg/guality/pr36728-4.c  -O2 -flto -fuse-linker-plugin -fno-fat-lto-objects  line 14 arg3 == 3
FAIL: gcc.dg/guality/pr36728-4.c  -O2 -flto -fuse-linker-plugin -fno-fat-lto-objects  line 14 arg4 == 4
FAIL: gcc.dg/guality/pr36728-4.c  -O2 -flto -fuse-linker-plugin -fno-fat-lto-objects  line 16 arg2 == 2
FAIL: gcc.dg/guality/pr36728-4.c  -O2 -flto -fuse-linker-plugin -fno-fat-lto-objects  line 16 arg3 == 3
FAIL: gcc.dg/guality/pr36728-4.c  -O2 -flto -fuse-linker-plugin -fno-fat-lto-objects  line 16 arg4 == 4
XPASS: gcc.dg/guality/pr41353-1.c  -O0  line 28 j == 28 + 37
XPASS: gcc.dg/guality/pr41447-1.c  -O0  execution test
XPASS: gcc.dg/guality/pr41447-1.c  -O1  execution test
XPASS: gcc.dg/guality/pr41447-1.c  -O2  execution test
XPASS: gcc.dg/guality/pr41447-1.c  -O3 -fomit-frame-pointer  execution test
XPASS: gcc.dg/guality/pr41447-1.c  -O3 -g  execution test
XPASS: gcc.dg/guality/pr41447-1.c  -Os  execution test
XPASS: gcc.dg/guality/pr41447-1.c  -O2 -flto -fno-use-linker-plugin -flto-partition=none  execution test
XPASS: gcc.dg/guality/pr41447-1.c  -O2 -flto -fuse-linker-plugin -fno-fat-lto-objects  execution test
XPASS: gcc.dg/guality/pr41616-1.c  -O0  execution test
XPASS: gcc.dg/guality/pr41616-1.c  -O1  execution test
XPASS: gcc.dg/guality/pr41616-1.c  -O2  execution test
XPASS: gcc.dg/guality/pr41616-1.c  -O3 -fomit-frame-pointer  execution test
XPASS: gcc.dg/guality/pr41616-1.c  -O3 -g  execution test
XPASS: gcc.dg/guality/pr41616-1.c  -Os  execution test
XPASS: gcc.dg/guality/pr41616-1.c  -O2 -flto -fno-use-linker-plugin -flto-partition=none  execution test
FAIL: gcc.dg/guality/pr43077-1.c  -O1  line 42 varb == 2
FAIL: gcc.dg/guality/pr43077-1.c  -O2  line 42 varc == 3
FAIL: gcc.dg/guality/pr43077-1.c  -O3 -fomit-frame-pointer  line 42 varc == 3
FAIL: gcc.dg/guality/pr43077-1.c  -O3 -g  line 42 varc == 3
FAIL: gcc.dg/guality/pr43077-1.c  -Os  line 42 varc == 3
FAIL: gcc.dg/guality/pr43077-1.c  -O2 -flto -fno-use-linker-plugin -flto-partition=none  line 42 varc == 3
FAIL: gcc.dg/guality/pr43077-1.c  -O2 -flto -fuse-linker-plugin -fno-fat-lto-objects  line 42 varc == 3
FAIL: gcc.dg/guality/pr43593.c  -O1  line 16 j == &i
FAIL: gcc.dg/guality/pr43593.c  -O2  line 16 j == &i
FAIL: gcc.dg/guality/pr43593.c  -O3 -fomit-frame-pointer  line 16 j == &i
FAIL: gcc.dg/guality/pr43593.c  -O3 -g  line 16 j == &i
FAIL: gcc.dg/guality/pr43593.c  -Os  line 16 j == &i
FAIL: gcc.dg/guality/pr43593.c  -O2 -flto -fno-use-linker-plugin -flto-partition=none  line 16 j == &i
FAIL: gcc.dg/guality/pr43593.c  -O2 -flto -fuse-linker-plugin -fno-fat-lto-objects  line 16 j == &i
FAIL: gcc.dg/guality/pr48437.c  -O2 -flto -fno-use-linker-plugin -flto-partition=none  line 14 i == 0
FAIL: gcc.dg/guality/pr48437.c  -O2 -flto -fuse-linker-plugin -fno-fat-lto-objects  line 14 i == 0
FAIL: gcc.dg/guality/pr54200.c  -O1  line 20 z == 3
FAIL: gcc.dg/guality/pr54200.c  -O2  line 20 z == 3
FAIL: gcc.dg/guality/pr54200.c  -O3 -fomit-frame-pointer  line 20 z == 3
FAIL: gcc.dg/guality/pr54200.c  -O3 -g  line 20 z == 3
FAIL: gcc.dg/guality/pr54200.c  -Os  line 20 z == 3
FAIL: gcc.dg/guality/pr54200.c  -O2 -flto -fno-use-linker-plugin -flto-partition=none  line 20 z == 3
FAIL: gcc.dg/guality/pr54200.c  -O2 -flto -fuse-linker-plugin -fno-fat-lto-objects  line 20 z == 3
FAIL: gcc.dg/guality/pr54519-1.c  -O2 -flto -fno-use-linker-plugin -flto-partition=none  line 20 y == 25
FAIL: gcc.dg/guality/pr54519-1.c  -O2 -flto -fno-use-linker-plugin -flto-partition=none  line 20 z == 6
FAIL: gcc.dg/guality/pr54519-1.c  -O2 -flto -fno-use-linker-plugin -flto-partition=none  line 23 y == 117
FAIL: gcc.dg/guality/pr54519-1.c  -O2 -flto -fno-use-linker-plugin -flto-partition=none  line 23 z == 8
FAIL: gcc.dg/guality/pr54519-1.c  -O2 -flto -fuse-linker-plugin -fno-fat-lto-objects  line 20 y == 25
FAIL: gcc.dg/guality/pr54519-1.c  -O2 -flto -fuse-linker-plugin -fno-fat-lto-objects  line 20 z == 6
FAIL: gcc.dg/guality/pr54519-2.c  -O2 -flto -fno-use-linker-plugin -flto-partition=none  line 17 y == 25
FAIL: gcc.dg/guality/pr54519-2.c  -O2 -flto -fuse-linker-plugin -fno-fat-lto-objects  line 17 y == 25
FAIL: gcc.dg/guality/pr54519-3.c  -O2 -flto -fno-use-linker-plugin -flto-partition=none  line 20 y == 25
FAIL: gcc.dg/guality/pr54519-3.c  -O2 -flto -fno-use-linker-plugin -flto-partition=none  line 20 z == 6
FAIL: gcc.dg/guality/pr54519-3.c  -O2 -flto -fno-use-linker-plugin -flto-partition=none  line 23 y == 117
FAIL: gcc.dg/guality/pr54519-3.c  -O2 -flto -fno-use-linker-plugin -flto-partition=none  line 23 z == 8
FAIL: gcc.dg/guality/pr54519-3.c  -O2 -flto -fuse-linker-plugin -fno-fat-lto-objects  line 20 y == 25
FAIL: gcc.dg/guality/pr54519-3.c  -O2 -flto -fuse-linker-plugin -fno-fat-lto-objects  line 20 z == 6
FAIL: gcc.dg/guality/pr54519-3.c  -O2 -flto -fuse-linker-plugin -fno-fat-lto-objects  line 23 y == 117
FAIL: gcc.dg/guality/pr54519-3.c  -O2 -flto -fuse-linker-plugin -fno-fat-lto-objects  line 23 z == 8
FAIL: gcc.dg/guality/pr54519-4.c  -O2 -flto -fno-use-linker-plugin -flto-partition=none  line 17 y == 25
FAIL: gcc.dg/guality/pr54519-4.c  -O2 -flto -fuse-linker-plugin -fno-fat-lto-objects  line 17 y == 25
FAIL: gcc.dg/guality/pr54519-5.c  -O2 -flto -fno-use-linker-plugin -flto-partition=none  line 17 y == 25
FAIL: gcc.dg/guality/pr54519-5.c  -O2 -flto -fuse-linker-plugin -fno-fat-lto-objects  line 17 y == 25
FAIL: gcc.dg/guality/pr54693-2.c  -O3 -fomit-frame-pointer -funroll-all-loops -finline-functions  line 21 i == v + 1
FAIL: gcc.dg/guality/pr54970.c  -O1  line 15 a[0] == 1
FAIL: gcc.dg/guality/pr54970.c  -O1  line 20 a[0] == 1
FAIL: gcc.dg/guality/pr54970.c  -O1  line 25 a[0] == 1
FAIL: gcc.dg/guality/pr54970.c  -O1  line 31 *p == 6
FAIL: gcc.dg/guality/pr54970.c  -O1  line 31 *q == 5
FAIL: gcc.dg/guality/pr54970.c  -O1  line 36 *p == 26
FAIL: gcc.dg/guality/pr54970.c  -O1  line 36 *q == 5
FAIL: gcc.dg/guality/pr54970.c  -O1  line 45 *p == 26
FAIL: gcc.dg/guality/pr54970.c  -O1  line 45 p[-1] == 25
FAIL: gcc.dg/guality/pr54970.c  -O1  line 45 p[-2] == 4
FAIL: gcc.dg/guality/pr54970.c  -O1  line 45 q[-1] == 4
FAIL: gcc.dg/guality/pr54970.c  -O1  line 45 q[1] == 26
FAIL: gcc.dg/guality/pr54970.c  -O1  line 45 *q == 25
FAIL: gcc.dg/guality/pr54970.c  -O2  line 15 a[0] == 1
FAIL: gcc.dg/guality/pr54970.c  -O2  line 20 a[0] == 1
FAIL: gcc.dg/guality/pr54970.c  -O2  line 25 a[0] == 1
FAIL: gcc.dg/guality/pr54970.c  -O2  line 31 *p == 6
FAIL: gcc.dg/guality/pr54970.c  -O2  line 31 *q == 5
FAIL: gcc.dg/guality/pr54970.c  -O2  line 36 *p == 26
FAIL: gcc.dg/guality/pr54970.c  -O2  line 36 *q == 5
FAIL: gcc.dg/guality/pr54970.c  -O2  line 45 *p == 26
FAIL: gcc.dg/guality/pr54970.c  -O2  line 45 p[-1] == 25
FAIL: gcc.dg/guality/pr54970.c  -O2  line 45 p[-2] == 4
FAIL: gcc.dg/guality/pr54970.c  -O2  line 45 q[-1] == 4
FAIL: gcc.dg/guality/pr54970.c  -O2  line 45 q[1] == 26
FAIL: gcc.dg/guality/pr54970.c  -O2  line 45 *q == 25
FAIL: gcc.dg/guality/pr54970.c  -O3 -fomit-frame-pointer  line 15 a[0] == 1
FAIL: gcc.dg/guality/pr54970.c  -O3 -fomit-frame-pointer  line 20 a[0] == 1
FAIL: gcc.dg/guality/pr54970.c  -O3 -fomit-frame-pointer  line 25 a[0] == 1
FAIL: gcc.dg/guality/pr54970.c  -O3 -fomit-frame-pointer  line 31 *p == 6
FAIL: gcc.dg/guality/pr54970.c  -O3 -fomit-frame-pointer  line 31 *q == 5
FAIL: gcc.dg/guality/pr54970.c  -O3 -fomit-frame-pointer  line 36 *p == 26
FAIL: gcc.dg/guality/pr54970.c  -O3 -fomit-frame-pointer  line 36 *q == 5
FAIL: gcc.dg/guality/pr54970.c  -O3 -fomit-frame-pointer  line 45 *p == 26
FAIL: gcc.dg/guality/pr54970.c  -O3 -fomit-frame-pointer  line 45 p[-1] == 25
FAIL: gcc.dg/guality/pr54970.c  -O3 -fomit-frame-pointer  line 45 p[-2] == 4
FAIL: gcc.dg/guality/pr54970.c  -O3 -fomit-frame-pointer  line 45 q[-1] == 4
FAIL: gcc.dg/guality/pr54970.c  -O3 -fomit-frame-pointer  line 45 q[1] == 26
FAIL: gcc.dg/guality/pr54970.c  -O3 -fomit-frame-pointer  line 45 *q == 25
FAIL: gcc.dg/guality/pr54970.c  -O3 -g  line 15 a[0] == 1
FAIL: gcc.dg/guality/pr54970.c  -O3 -g  line 20 a[0] == 1
FAIL: gcc.dg/guality/pr54970.c  -O3 -g  line 25 a[0] == 1
FAIL: gcc.dg/guality/pr54970.c  -O3 -g  line 31 *p == 6
FAIL: gcc.dg/guality/pr54970.c  -O3 -g  line 31 *q == 5
FAIL: gcc.dg/guality/pr54970.c  -O3 -g  line 36 *p == 26
FAIL: gcc.dg/guality/pr54970.c  -O3 -g  line 36 *q == 5
FAIL: gcc.dg/guality/pr54970.c  -O3 -g  line 45 *p == 26
FAIL: gcc.dg/guality/pr54970.c  -O3 -g  line 45 p[-1] == 25
FAIL: gcc.dg/guality/pr54970.c  -O3 -g  line 45 p[-2] == 4
FAIL: gcc.dg/guality/pr54970.c  -O3 -g  line 45 q[-1] == 4
FAIL: gcc.dg/guality/pr54970.c  -O3 -g  line 45 q[1] == 26
FAIL: gcc.dg/guality/pr54970.c  -O3 -g  line 45 *q == 25
FAIL: gcc.dg/guality/pr54970.c  -Os  line 15 a[0] == 1
FAIL: gcc.dg/guality/pr54970.c  -Os  line 20 a[0] == 1
FAIL: gcc.dg/guality/pr54970.c  -Os  line 25 a[0] == 1
FAIL: gcc.dg/guality/pr54970.c  -Os  line 31 *p == 6
FAIL: gcc.dg/guality/pr54970.c  -Os  line 31 *q == 5
FAIL: gcc.dg/guality/pr54970.c  -Os  line 36 *p == 26
FAIL: gcc.dg/guality/pr54970.c  -Os  line 36 *q == 5
FAIL: gcc.dg/guality/pr54970.c  -Os  line 45 *p == 26
FAIL: gcc.dg/guality/pr54970.c  -Os  line 45 p[-1] == 25
FAIL: gcc.dg/guality/pr54970.c  -Os  line 45 p[-2] == 4
FAIL: gcc.dg/guality/pr54970.c  -Os  line 45 q[-1] == 4
FAIL: gcc.dg/guality/pr54970.c  -Os  line 45 q[1] == 26
FAIL: gcc.dg/guality/pr54970.c  -Os  line 45 *q == 25
FAIL: gcc.dg/guality/pr54970.c  -O2 -flto -fno-use-linker-plugin -flto-partition=none  line 15 a[0] == 1
FAIL: gcc.dg/guality/pr54970.c  -O2 -flto -fno-use-linker-plugin -flto-partition=none  line 20 a[0] == 1
FAIL: gcc.dg/guality/pr54970.c  -O2 -flto -fno-use-linker-plugin -flto-partition=none  line 25 a[0] == 1
FAIL: gcc.dg/guality/pr54970.c  -O2 -flto -fno-use-linker-plugin -flto-partition=none  line 31 *p == 6
FAIL: gcc.dg/guality/pr54970.c  -O2 -flto -fno-use-linker-plugin -flto-partition=none  line 31 *q == 5
FAIL: gcc.dg/guality/pr54970.c  -O2 -flto -fno-use-linker-plugin -flto-partition=none  line 36 *p == 26
FAIL: gcc.dg/guality/pr54970.c  -O2 -flto -fno-use-linker-plugin -flto-partition=none  line 36 *q == 5
FAIL: gcc.dg/guality/pr54970.c  -O2 -flto -fno-use-linker-plugin -flto-partition=none  line 45 *p == 26
FAIL: gcc.dg/guality/pr54970.c  -O2 -flto -fno-use-linker-plugin -flto-partition=none  line 45 p[-1] == 25
FAIL: gcc.dg/guality/pr54970.c  -O2 -flto -fno-use-linker-plugin -flto-partition=none  line 45 p[-2] == 4
FAIL: gcc.dg/guality/pr54970.c  -O2 -flto -fno-use-linker-plugin -flto-partition=none  line 45 q[-1] == 4
FAIL: gcc.dg/guality/pr54970.c  -O2 -flto -fno-use-linker-plugin -flto-partition=none  line 45 q[1] == 26
FAIL: gcc.dg/guality/pr54970.c  -O2 -flto -fno-use-linker-plugin -flto-partition=none  line 45 *q == 25
FAIL: gcc.dg/guality/pr54970.c  -O2 -flto -fuse-linker-plugin -fno-fat-lto-objects  line 15 a[0] == 1
FAIL: gcc.dg/guality/pr54970.c  -O2 -flto -fuse-linker-plugin -fno-fat-lto-objects  line 20 a[0] == 1
FAIL: gcc.dg/guality/pr54970.c  -O2 -flto -fuse-linker-plugin -fno-fat-lto-objects  line 25 a[0] == 1
FAIL: gcc.dg/guality/pr54970.c  -O2 -flto -fuse-linker-plugin -fno-fat-lto-objects  line 31 *p == 6
FAIL: gcc.dg/guality/pr54970.c  -O2 -flto -fuse-linker-plugin -fno-fat-lto-objects  line 31 *q == 5
FAIL: gcc.dg/guality/pr54970.c  -O2 -flto -fuse-linker-plugin -fno-fat-lto-objects  line 36 *p == 26
FAIL: gcc.dg/guality/pr54970.c  -O2 -flto -fuse-linker-plugin -fno-fat-lto-objects  line 36 *q == 5
FAIL: gcc.dg/guality/pr54970.c  -O2 -flto -fuse-linker-plugin -fno-fat-lto-objects  line 45 *p == 26
FAIL: gcc.dg/guality/pr54970.c  -O2 -flto -fuse-linker-plugin -fno-fat-lto-objects  line 45 p[-1] == 25
FAIL: gcc.dg/guality/pr54970.c  -O2 -flto -fuse-linker-plugin -fno-fat-lto-objects  line 45 p[-2] == 4
FAIL: gcc.dg/guality/pr54970.c  -O2 -flto -fuse-linker-plugin -fno-fat-lto-objects  line 45 q[-1] == 4
FAIL: gcc.dg/guality/pr54970.c  -O2 -flto -fuse-linker-plugin -fno-fat-lto-objects  line 45 q[1] == 26
FAIL: gcc.dg/guality/pr54970.c  -O2 -flto -fuse-linker-plugin -fno-fat-lto-objects  line 45 *q == 25
FAIL: gcc.dg/guality/pr58791-3.c  -O1  line pr58791-3.c:19 h == 9
FAIL: gcc.dg/guality/pr58791-3.c  -O1  line pr58791-3.c:19 i == 15
FAIL: gcc.dg/guality/pr58791-3.c  -O1  line pr58791-3.c:19 l == 10
FAIL: gcc.dg/guality/pr58791-3.c  -O1  line pr58791-3.c:19 m == 16
FAIL: gcc.dg/guality/pr58791-3.c  -Os  line pr58791-3.c:19 h == 9
FAIL: gcc.dg/guality/pr58791-3.c  -Os  line pr58791-3.c:19 i == 15
FAIL: gcc.dg/guality/pr58791-3.c  -Os  line pr58791-3.c:19 l == 10
FAIL: gcc.dg/guality/pr58791-3.c  -Os  line pr58791-3.c:19 m == 16
FAIL: gcc.dg/guality/pr58791-5.c  -O1  line pr58791-5.c:20 b4 == 4681
FAIL: gcc.dg/guality/pr58791-5.c  -O2  line pr58791-5.c:20 b4 == 4681
FAIL: gcc.dg/guality/pr58791-5.c  -O3 -fomit-frame-pointer  line pr58791-5.c:20 b4 == 4681
FAIL: gcc.dg/guality/pr58791-5.c  -O3 -g  line pr58791-5.c:20 b4 == 4681
FAIL: gcc.dg/guality/pr58791-5.c  -Os  line pr58791-5.c:20 b4 == 4681
FAIL: gcc.dg/guality/pr58791-5.c  -O2 -flto -fno-use-linker-plugin -flto-partition=none  line pr58791-5.c:20 b4 == 4681
FAIL: gcc.dg/guality/pr58791-5.c  -O2 -flto -fuse-linker-plugin -fno-fat-lto-objects  line pr58791-5.c:20 b4 == 4681
FAIL: gcc.dg/guality/sra-1.c  -O2  line 43 a.j == 14
FAIL: gcc.dg/guality/sra-1.c  -O3 -fomit-frame-pointer  line 43 a.j == 14
FAIL: gcc.dg/guality/sra-1.c  -O3 -g  line 43 a.j == 14
FAIL: gcc.dg/guality/sra-1.c  -Os  line 43 a.j == 14
FAIL: gcc.dg/guality/sra-1.c  -O2 -flto -fno-use-linker-plugin -flto-partition=none  line 43 a.j == 14
FAIL: gcc.dg/guality/sra-1.c  -O2 -flto -fuse-linker-plugin -fno-fat-lto-objects  line 43 a.j == 14
FAIL: gcc.dg/guality/vla-1.c  -O0  line 17 sizeof (a) == 6
FAIL: gcc.dg/guality/vla-1.c  -O0  line 24 sizeof (a) == 17 * sizeof (short)
FAIL: gcc.dg/guality/vla-1.c  -O1  line 17 sizeof (a) == 6
FAIL: gcc.dg/guality/vla-1.c  -O1  line 24 sizeof (a) == 17 * sizeof (short)
FAIL: gcc.dg/guality/vla-1.c  -O2  line 17 sizeof (a) == 6
FAIL: gcc.dg/guality/vla-1.c  -O2  line 24 sizeof (a) == 17 * sizeof (short)
FAIL: gcc.dg/guality/vla-1.c  -O3 -fomit-frame-pointer  line 17 sizeof (a) == 6
FAIL: gcc.dg/guality/vla-1.c  -O3 -fomit-frame-pointer  line 24 sizeof (a) == 17 * sizeof (short)
FAIL: gcc.dg/guality/vla-1.c  -O3 -g  line 17 sizeof (a) == 6
FAIL: gcc.dg/guality/vla-1.c  -O3 -g  line 24 sizeof (a) == 17 * sizeof (short)
FAIL: gcc.dg/guality/vla-1.c  -Os  line 17 sizeof (a) == 6
FAIL: gcc.dg/guality/vla-1.c  -Os  line 24 sizeof (a) == 17 * sizeof (short)
FAIL: gcc.dg/guality/vla-1.c  -O2 -flto -fno-use-linker-plugin -flto-partition=none  line 17 sizeof (a) == 6
FAIL: gcc.dg/guality/vla-1.c  -O2 -flto -fno-use-linker-plugin -flto-partition=none  line 24 sizeof (a) == 17 * sizeof (short)
FAIL: gcc.dg/guality/vla-1.c  -O2 -flto -fuse-linker-plugin -fno-fat-lto-objects  line 17 sizeof (a) == 6
FAIL: gcc.dg/guality/vla-1.c  -O2 -flto -fuse-linker-plugin -fno-fat-lto-objects  line 24 sizeof (a) == 17 * sizeof (short)
FAIL: gcc.dg/guality/vla-2.c  -O0  line 16 sizeof (a) == 5 * sizeof (int)
FAIL: gcc.dg/guality/vla-2.c  -O0  line 25 sizeof (a) == 6 * sizeof (int)
FAIL: gcc.dg/guality/vla-2.c  -O1  line 16 sizeof (a) == 5 * sizeof (int)
FAIL: gcc.dg/guality/vla-2.c  -O1  line 25 sizeof (a) == 6 * sizeof (int)
FAIL: gcc.dg/guality/vla-2.c  -O2  line 16 sizeof (a) == 5 * sizeof (int)
FAIL: gcc.dg/guality/vla-2.c  -O2  line 25 sizeof (a) == 6 * sizeof (int)
FAIL: gcc.dg/guality/vla-2.c  -O3 -fomit-frame-pointer  line 16 sizeof (a) == 5 * sizeof (int)
FAIL: gcc.dg/guality/vla-2.c  -O3 -fomit-frame-pointer  line 25 sizeof (a) == 6 * sizeof (int)
FAIL: gcc.dg/guality/vla-2.c  -O3 -g  line 16 sizeof (a) == 5 * sizeof (int)
FAIL: gcc.dg/guality/vla-2.c  -O3 -g  line 25 sizeof (a) == 6 * sizeof (int)
FAIL: gcc.dg/guality/vla-2.c  -Os  line 16 sizeof (a) == 5 * sizeof (int)
FAIL: gcc.dg/guality/vla-2.c  -Os  line 25 sizeof (a) == 6 * sizeof (int)
FAIL: gcc.dg/guality/vla-2.c  -O2 -flto -fno-use-linker-plugin -flto-partition=none  line 16 sizeof (a) == 5 * sizeof (int)
FAIL: gcc.dg/guality/vla-2.c  -O2 -flto -fno-use-linker-plugin -flto-partition=none  line 25 sizeof (a) == 6 * sizeof (int)
FAIL: gcc.dg/guality/vla-2.c  -O2 -flto -fuse-linker-plugin -fno-fat-lto-objects  line 16 sizeof (a) == 5 * sizeof (int)
FAIL: gcc.dg/guality/vla-2.c  -O2 -flto -fuse-linker-plugin -fno-fat-lto-objects  line 25 sizeof (a) == 6 * sizeof (int)
FAIL: gcc.dg/tree-ssa/sra-12.c scan-tree-dump-times release_ssa "l;" 0
ERROR: gcc.dg/vect/pr60656.c: error executing dg-final: can't read "et_vect_widen_mult_si_to_di_pattern_saved": no such variable
UNRESOLVED: gcc.dg/vect/pr60656.c: error executing dg-final: can't read "et_vect_widen_mult_si_to_di_pattern_saved": no such variable
ERROR: gcc.dg/vect/pr60656.c -flto -ffat-lto-objects: error executing dg-final: can't read "et_vect_widen_mult_si_to_di_pattern_saved": no such variable
UNRESOLVED: gcc.dg/vect/pr60656.c -flto -ffat-lto-objects: error executing dg-final: can't read "et_vect_widen_mult_si_to_di_pattern_saved": no such variable
FAIL: gcc.target/arm/pr42575.c scan-assembler-not mov

        === gcc Summary ===

# of expected passes        99564
# of unexpected failures    401
# of unexpected successes    31
# of expected failures        268
# of unresolved testcases    2
# of unsupported tests        1706
/home/ed/gnu/gcc-build-arm-linux-gnueabihf/gcc/xgcc  version 4.9.0 20140411 (prerelease) (GCC) 

        === gfortran tests ===


Running target unix
FAIL: gfortran.dg/select_type_4.f90  -O2  execution test
FAIL: gfortran.dg/select_type_4.f90  -O3 -fomit-frame-pointer  execution test
FAIL: gfortran.dg/select_type_4.f90  -O3 -fomit-frame-pointer -funroll-loops  execution test
FAIL: gfortran.dg/select_type_4.f90  -O3 -fomit-frame-pointer -funroll-all-loops -finline-functions  execution test
FAIL: gfortran.dg/select_type_4.f90  -O3 -g  execution test

        === gfortran Summary ===

# of expected passes        44340
# of unexpected failures    5
# of expected failures        53
# of unsupported tests        417
/home/ed/gnu/gcc-build-arm-linux-gnueabihf/gcc/testsuite/gfortran/../../gfortran  version 4.9.0 20140411 (prerelease) (GCC) 

        === gnat tests ===


Running target unix

        === gnat Summary ===

# of expected passes        1203
# of expected failures        18
# of unsupported tests        12
/home/ed/gnu/gcc-build-arm-linux-gnueabihf/gcc/gnatmake version 4.9.0 20140411 (prerelease)

        === go tests ===


Running target unix
WARNING: program timed out.
FAIL: go.test/test/cmplxdivide.go
FAIL: go.test/test/nilptr2.go execution,  -O2 -g 
FAIL: go.test/test/recover.go execution,  -O2 -g 

        === go Summary ===

# of expected passes        7368
# of unexpected failures    3
# of expected failures        1
# of untested testcases        9
# of unsupported tests        2
/home/ed/gnu/gcc-build-arm-linux-gnueabihf/gcc/testsuite/go/../../gccgo  version 4.9.0 20140411 (prerelease) (GCC) 

        === obj-c++ tests ===


Running target unix

        === obj-c++ Summary ===

# of expected passes        1449
# of expected failures        2
# of unsupported tests        86
/home/ed/gnu/gcc-build-arm-linux-gnueabihf/gcc/testsuite/obj-c++/../../xg++  version 4.9.0 20140411 (prerelease) (GCC) 

        === objc tests ===


Running target unix

        === objc Summary ===

# of expected passes        2994
# of unsupported tests        74
/home/ed/gnu/gcc-build-arm-linux-gnueabihf/gcc/xgcc  version 4.9.0 20140411 (prerelease) (GCC) 


Compiler version: 4.9.0 20140411 (prerelease) (GCC) 
Platform: armv7l-unknown-linux-gnueabihf
configure flags: --prefix=/home/ed/gnu/arm-linux-gnueabihf --enable-languages=all,ada,go,obj-c++ --with-arch=armv7-a --with-tune=cortex-a9 --with-fpu=vfpv3-d16 --with-float=hard

 		 	   		  

Index Nav: [Date Index] [Subject Index] [Author Index] [Thread Index]
Message Nav: [Date Prev] [Date Next] [Thread Prev] [Thread Next]