This is the mail archive of the
gcc-testresults@gcc.gnu.org
mailing list for the GCC project.
Results for 4.10.0 20140415 (experimental) (GCC) testsuite on x86_64-unknown-cygwin
- From: Tim Prince <n8tm at aol dot com>
- To: gcc-testresults at gcc dot gnu dot org
- Date: Tue, 15 Apr 2014 19:11:22 -0400
- Subject: Results for 4.10.0 20140415 (experimental) (GCC) testsuite on x86_64-unknown-cygwin
- Authentication-results: sourceware.org; auth=none
- Reply-to: tprince at computer dot org
Native configuration is x86_64-unknown-cygwin
=== g++ tests ===
Running target unix
FAIL: g++.dg/debug/const1.C -gstabs1 (test for excess errors)
FAIL: g++.dg/debug/const1.C -gstabs1 -O2 (test for excess errors)
FAIL: g++.dg/debug/const1.C -gstabs1 -O3 (test for excess errors)
FAIL: g++.dg/debug/const1.C -gstabs (test for excess errors)
FAIL: g++.dg/debug/const1.C -gstabs -O2 (test for excess errors)
FAIL: g++.dg/debug/const1.C -gstabs -O3 (test for excess errors)
FAIL: g++.dg/debug/const1.C -gstabs3 (test for excess errors)
FAIL: g++.dg/debug/const1.C -gstabs3 -O2 (test for excess errors)
FAIL: g++.dg/debug/const1.C -gstabs3 -O3 (test for excess errors)
FAIL: g++.dg/debug/const1.C -gstabs+1 (test for excess errors)
FAIL: g++.dg/debug/const1.C -gstabs+1 -O2 (test for excess errors)
FAIL: g++.dg/debug/const1.C -gstabs+1 -O3 (test for excess errors)
FAIL: g++.dg/debug/const1.C -gstabs+ (test for excess errors)
FAIL: g++.dg/debug/const1.C -gstabs+ -O2 (test for excess errors)
FAIL: g++.dg/debug/const1.C -gstabs+ -O3 (test for excess errors)
FAIL: g++.dg/debug/const1.C -gstabs+3 (test for excess errors)
FAIL: g++.dg/debug/const1.C -gstabs+3 -O2 (test for excess errors)
FAIL: g++.dg/debug/const1.C -gstabs+3 -O3 (test for excess errors)
FAIL: g++.dg/debug/debug4.C -gstabs1 (test for excess errors)
FAIL: g++.dg/debug/debug4.C -gstabs1 -O2 (test for excess errors)
FAIL: g++.dg/debug/debug4.C -gstabs1 -O3 (test for excess errors)
FAIL: g++.dg/debug/debug4.C -gstabs (test for excess errors)
FAIL: g++.dg/debug/debug4.C -gstabs -O2 (test for excess errors)
FAIL: g++.dg/debug/debug4.C -gstabs -O3 (test for excess errors)
FAIL: g++.dg/debug/debug4.C -gstabs3 (test for excess errors)
FAIL: g++.dg/debug/debug4.C -gstabs3 -O2 (test for excess errors)
FAIL: g++.dg/debug/debug4.C -gstabs3 -O3 (test for excess errors)
FAIL: g++.dg/debug/debug4.C -gstabs+1 (test for excess errors)
FAIL: g++.dg/debug/debug4.C -gstabs+1 -O2 (test for excess errors)
FAIL: g++.dg/debug/debug4.C -gstabs+1 -O3 (test for excess errors)
FAIL: g++.dg/debug/debug4.C -gstabs+ (test for excess errors)
FAIL: g++.dg/debug/debug4.C -gstabs+ -O2 (test for excess errors)
FAIL: g++.dg/debug/debug4.C -gstabs+ -O3 (test for excess errors)
FAIL: g++.dg/debug/debug4.C -gstabs+3 (test for excess errors)
FAIL: g++.dg/debug/debug4.C -gstabs+3 -O2 (test for excess errors)
FAIL: g++.dg/debug/debug4.C -gstabs+3 -O3 (test for excess errors)
FAIL: g++.dg/debug/pr27657.C -gstabs1 (test for excess errors)
FAIL: g++.dg/debug/pr27657.C -gstabs1 -O2 (test for excess errors)
FAIL: g++.dg/debug/pr27657.C -gstabs1 -O3 (test for excess errors)
FAIL: g++.dg/debug/pr27657.C -gstabs (test for excess errors)
FAIL: g++.dg/debug/pr27657.C -gstabs -O2 (test for excess errors)
FAIL: g++.dg/debug/pr27657.C -gstabs -O3 (test for excess errors)
FAIL: g++.dg/debug/pr27657.C -gstabs3 (test for excess errors)
FAIL: g++.dg/debug/pr27657.C -gstabs3 -O2 (test for excess errors)
FAIL: g++.dg/debug/pr27657.C -gstabs3 -O3 (test for excess errors)
FAIL: g++.dg/debug/pr27657.C -gstabs+1 (test for excess errors)
FAIL: g++.dg/debug/pr27657.C -gstabs+1 -O2 (test for excess errors)
FAIL: g++.dg/debug/pr27657.C -gstabs+1 -O3 (test for excess errors)
FAIL: g++.dg/debug/pr27657.C -gstabs+ (test for excess errors)
FAIL: g++.dg/debug/pr27657.C -gstabs+ -O2 (test for excess errors)
FAIL: g++.dg/debug/pr27657.C -gstabs+ -O3 (test for excess errors)
FAIL: g++.dg/debug/pr27657.C -gstabs+3 (test for excess errors)
FAIL: g++.dg/debug/pr27657.C -gstabs+3 -O2 (test for excess errors)
FAIL: g++.dg/debug/pr27657.C -gstabs+3 -O3 (test for excess errors)
FAIL: g++.dg/debug/trivial.C -gstabs1 (test for excess errors)
UNRESOLVED: g++.dg/debug/trivial.C -gstabs1 compilation failed to
produce executable
FAIL: g++.dg/debug/trivial.C -gstabs1 -O2 (test for excess errors)
UNRESOLVED: g++.dg/debug/trivial.C -gstabs1 -O2 compilation failed to
produce executable
FAIL: g++.dg/debug/trivial.C -gstabs1 -O3 (test for excess errors)
UNRESOLVED: g++.dg/debug/trivial.C -gstabs1 -O3 compilation failed to
produce executable
FAIL: g++.dg/debug/trivial.C -gstabs (test for excess errors)
UNRESOLVED: g++.dg/debug/trivial.C -gstabs compilation failed to produce
executable
FAIL: g++.dg/debug/trivial.C -gstabs -O2 (test for excess errors)
UNRESOLVED: g++.dg/debug/trivial.C -gstabs -O2 compilation failed to
produce executable
FAIL: g++.dg/debug/trivial.C -gstabs -O3 (test for excess errors)
UNRESOLVED: g++.dg/debug/trivial.C -gstabs -O3 compilation failed to
produce executable
FAIL: g++.dg/debug/trivial.C -gstabs3 (test for excess errors)
UNRESOLVED: g++.dg/debug/trivial.C -gstabs3 compilation failed to
produce executable
FAIL: g++.dg/debug/trivial.C -gstabs3 -O2 (test for excess errors)
UNRESOLVED: g++.dg/debug/trivial.C -gstabs3 -O2 compilation failed to
produce executable
FAIL: g++.dg/debug/trivial.C -gstabs3 -O3 (test for excess errors)
UNRESOLVED: g++.dg/debug/trivial.C -gstabs3 -O3 compilation failed to
produce executable
FAIL: g++.dg/debug/trivial.C -gstabs+1 (test for excess errors)
UNRESOLVED: g++.dg/debug/trivial.C -gstabs+1 compilation failed to
produce executable
FAIL: g++.dg/debug/trivial.C -gstabs+1 -O2 (test for excess errors)
UNRESOLVED: g++.dg/debug/trivial.C -gstabs+1 -O2 compilation failed to
produce executable
FAIL: g++.dg/debug/trivial.C -gstabs+1 -O3 (test for excess errors)
UNRESOLVED: g++.dg/debug/trivial.C -gstabs+1 -O3 compilation failed to
produce executable
FAIL: g++.dg/debug/trivial.C -gstabs+ (test for excess errors)
UNRESOLVED: g++.dg/debug/trivial.C -gstabs+ compilation failed to
produce executable
FAIL: g++.dg/debug/trivial.C -gstabs+ -O2 (test for excess errors)
UNRESOLVED: g++.dg/debug/trivial.C -gstabs+ -O2 compilation failed to
produce executable
FAIL: g++.dg/debug/trivial.C -gstabs+ -O3 (test for excess errors)
UNRESOLVED: g++.dg/debug/trivial.C -gstabs+ -O3 compilation failed to
produce executable
FAIL: g++.dg/debug/trivial.C -gstabs+3 (test for excess errors)
UNRESOLVED: g++.dg/debug/trivial.C -gstabs+3 compilation failed to
produce executable
FAIL: g++.dg/debug/trivial.C -gstabs+3 -O2 (test for excess errors)
UNRESOLVED: g++.dg/debug/trivial.C -gstabs+3 -O2 compilation failed to
produce executable
FAIL: g++.dg/debug/trivial.C -gstabs+3 -O3 (test for excess errors)
UNRESOLVED: g++.dg/debug/trivial.C -gstabs+3 -O3 compilation failed to
produce executable
FAIL: g++.dg/debug/dwarf2/nested-4.C -std=gnu++98 scan-assembler-times
debug_types 2
FAIL: g++.dg/debug/dwarf2/nested-4.C -std=gnu++11 scan-assembler-times
debug_types 2
FAIL: g++.dg/debug/dwarf2/nested-4.C -std=gnu++1y scan-assembler-times
debug_types 2
FAIL: g++.dg/abi/anon2.C -std=c++11 scan-assembler .weak(_definition)?[
\\t]_?_ZN2N11D1C3fn1ENS0_1BE
FAIL: g++.dg/abi/anon2.C -std=c++11 scan-assembler .weak(_definition)?[
\\t]_?_ZN2N11D1C3fn2ES1_
FAIL: g++.dg/abi/anon2.C -std=c++11 scan-assembler .weak(_definition)?[
\\t]_?_ZN2N31D1CIiE3fn1ENS0_1BE
FAIL: g++.dg/abi/anon2.C -std=c++11 scan-assembler .weak(_definition)?[
\\t]_?_ZN2N31D1CIiE3fn2ES2_
FAIL: g++.dg/abi/anon2.C -std=c++1y scan-assembler .weak(_definition)?[
\\t]_?_ZN2N11D1C3fn1ENS0_1BE
FAIL: g++.dg/abi/anon2.C -std=c++1y scan-assembler .weak(_definition)?[
\\t]_?_ZN2N11D1C3fn2ES1_
FAIL: g++.dg/abi/anon2.C -std=c++1y scan-assembler .weak(_definition)?[
\\t]_?_ZN2N31D1CIiE3fn1ENS0_1BE
FAIL: g++.dg/abi/anon2.C -std=c++1y scan-assembler .weak(_definition)?[
\\t]_?_ZN2N31D1CIiE3fn2ES2_
FAIL: g++.dg/abi/anon3.C -std=c++98 scan-assembler .weak(_definition)?[
\\t]_?_ZN4Heya4blahEv
FAIL: g++.dg/abi/anon3.C -std=c++98 scan-assembler .weak(_definition)?[
\\t]_?_ZTI4Heya
FAIL: g++.dg/abi/anon3.C -std=c++98 scan-assembler .weak(_definition)?[
\\t]_?_ZTV4Heya
FAIL: g++.dg/abi/anon3.C -std=c++98 scan-assembler .weak(_definition)?[
\\t]_?_ZN4Heya1A1fEv
FAIL: g++.dg/abi/anon3.C -std=c++98 scan-assembler .weak(_definition)?[
\\t]_?_ZTIN4Heya1AE
FAIL: g++.dg/abi/anon3.C -std=c++98 scan-assembler .weak(_definition)?[
\\t]_?_ZTVN4Heya1AE
FAIL: g++.dg/abi/anon3.C -std=c++11 scan-assembler .weak(_definition)?[
\\t]_?_ZN4Heya4blahEv
FAIL: g++.dg/abi/anon3.C -std=c++11 scan-assembler .weak(_definition)?[
\\t]_?_ZTI4Heya
FAIL: g++.dg/abi/anon3.C -std=c++11 scan-assembler .weak(_definition)?[
\\t]_?_ZTV4Heya
FAIL: g++.dg/abi/anon3.C -std=c++11 scan-assembler .weak(_definition)?[
\\t]_?_ZN4Heya1A1fEv
FAIL: g++.dg/abi/anon3.C -std=c++11 scan-assembler .weak(_definition)?[
\\t]_?_ZTIN4Heya1AE
FAIL: g++.dg/abi/anon3.C -std=c++11 scan-assembler .weak(_definition)?[
\\t]_?_ZTVN4Heya1AE
FAIL: g++.dg/abi/anon3.C -std=c++1y scan-assembler .weak(_definition)?[
\\t]_?_ZN4Heya4blahEv
FAIL: g++.dg/abi/anon3.C -std=c++1y scan-assembler .weak(_definition)?[
\\t]_?_ZTI4Heya
FAIL: g++.dg/abi/anon3.C -std=c++1y scan-assembler .weak(_definition)?[
\\t]_?_ZTV4Heya
FAIL: g++.dg/abi/anon3.C -std=c++1y scan-assembler .weak(_definition)?[
\\t]_?_ZN4Heya1A1fEv
FAIL: g++.dg/abi/anon3.C -std=c++1y scan-assembler .weak(_definition)?[
\\t]_?_ZTIN4Heya1AE
FAIL: g++.dg/abi/anon3.C -std=c++1y scan-assembler .weak(_definition)?[
\\t]_?_ZTVN4Heya1AE
FAIL: g++.dg/abi/rtti1.C -std=c++98 scan-assembler-dem-not
\\\\ntypeinfo for A[: \\\\t\\\\n]
FAIL: g++.dg/abi/rtti1.C -std=c++11 scan-assembler-dem-not
\\\\ntypeinfo for A[: \\\\t\\\\n]
FAIL: g++.dg/abi/rtti1.C -std=c++1y scan-assembler-dem-not
\\\\ntypeinfo for A[: \\\\t\\\\n]
FAIL: g++.dg/abi/thunk5.C -std=c++98 scan-assembler weak.*ZTv
FAIL: g++.dg/abi/thunk5.C -std=c++11 scan-assembler weak.*ZTv
FAIL: g++.dg/abi/thunk5.C -std=c++1y scan-assembler weak.*ZTv
FAIL: g++.dg/cpp0x/auto27.C -std=c++98 no type (test for errors, line 3)
FAIL: g++.dg/cpp0x/constexpr-virtual3.C -std=c++11 (test for excess errors)
FAIL: g++.dg/cpp0x/decltype31.C -std=c++11 (test for errors, line 11)
FAIL: g++.dg/cpp0x/decltype31.C -std=c++1y (test for errors, line 11)
FAIL: g++.dg/cpp0x/decltype50.C -std=c++11 (test for errors, line 7)
FAIL: g++.dg/cpp0x/decltype50.C -std=c++11 (test for errors, line 9)
FAIL: g++.dg/cpp0x/decltype50.C -std=c++11 (test for errors, line 12)
FAIL: g++.dg/cpp0x/decltype50.C -std=c++11 (test for errors, line 16)
FAIL: g++.dg/cpp0x/decltype50.C -std=c++11 (test for excess errors)
FAIL: g++.dg/cpp0x/decltype50.C -std=c++1y (test for errors, line 7)
FAIL: g++.dg/cpp0x/decltype50.C -std=c++1y (test for errors, line 9)
FAIL: g++.dg/cpp0x/decltype50.C -std=c++1y (test for errors, line 12)
FAIL: g++.dg/cpp0x/decltype50.C -std=c++1y (test for errors, line 16)
FAIL: g++.dg/cpp0x/decltype50.C -std=c++1y (test for excess errors)
FAIL: g++.dg/cpp0x/lambda/lambda-eh2.C -std=gnu++11 (test for excess errors)
UNRESOLVED: g++.dg/cpp0x/lambda/lambda-eh2.C -std=gnu++11 compilation
failed to produce executable
FAIL: g++.dg/cpp0x/lambda/lambda-eh2.C -std=gnu++1y (test for excess errors)
UNRESOLVED: g++.dg/cpp0x/lambda/lambda-eh2.C -std=gnu++1y compilation
failed to produce executable
XPASS: g++.dg/cpp0x/nsdmi-eh1.C -std=c++11 execution test
XPASS: g++.dg/cpp0x/nsdmi-eh1.C -std=c++1y execution test
FAIL: g++.dg/cpp0x/static_assert9.C -std=c++11 (test for errors, line 7)
FAIL: g++.dg/cpp0x/static_assert9.C -std=c++1y (test for errors, line 7)
FAIL: g++.dg/cpp1y/pr58708.C -std=c++1y (test for excess errors)
UNRESOLVED: g++.dg/cpp1y/pr58708.C -std=c++1y compilation failed to
produce executable
FAIL: g++.dg/diagnostic/bitfld2.C -std=c++98 declaration (test for
errors, line 6)
FAIL: g++.dg/diagnostic/bitfld2.C -std=c++11 declaration (test for
errors, line 6)
FAIL: g++.dg/diagnostic/bitfld2.C -std=c++1y declaration (test for
errors, line 6)
FAIL: g++.dg/eh/forced1.C -std=c++98 execution test
FAIL: g++.dg/eh/forced1.C -std=c++11 execution test
FAIL: g++.dg/eh/forced1.C -std=c++1y execution test
FAIL: g++.dg/expr/bound-mem-fun.C -std=c++98 (test for errors, line 16)
FAIL: g++.dg/expr/bound-mem-fun.C -std=c++98 (test for excess errors)
FAIL: g++.dg/expr/bound-mem-fun.C -std=c++11 (test for errors, line 16)
FAIL: g++.dg/expr/bound-mem-fun.C -std=c++11 (test for excess errors)
FAIL: g++.dg/expr/bound-mem-fun.C -std=c++1y (test for errors, line 16)
FAIL: g++.dg/expr/bound-mem-fun.C -std=c++1y (test for excess errors)
FAIL: g++.dg/expr/pmf-1.C -std=c++98 (test for warnings, line 10)
FAIL: g++.dg/expr/pmf-1.C -std=c++98 (test for errors, line 16)
FAIL: g++.dg/expr/pmf-1.C -std=c++98 (test for errors, line 17)
FAIL: g++.dg/expr/pmf-1.C -std=c++98 candidate note (test for warnings,
line 17)
FAIL: g++.dg/expr/pmf-1.C -std=c++11 (test for warnings, line 10)
FAIL: g++.dg/expr/pmf-1.C -std=c++11 (test for errors, line 16)
FAIL: g++.dg/expr/pmf-1.C -std=c++11 (test for errors, line 17)
FAIL: g++.dg/expr/pmf-1.C -std=c++11 candidate note (test for warnings,
line 17)
FAIL: g++.dg/expr/pmf-1.C -std=c++1y (test for warnings, line 10)
FAIL: g++.dg/expr/pmf-1.C -std=c++1y (test for errors, line 16)
FAIL: g++.dg/expr/pmf-1.C -std=c++1y (test for errors, line 17)
FAIL: g++.dg/expr/pmf-1.C -std=c++1y candidate note (test for warnings,
line 17)
FAIL: g++.dg/expr/ptrmem5.C -std=c++98 (internal compiler error)
FAIL: g++.dg/expr/ptrmem5.C -std=c++98 (test for errors, line 7)
FAIL: g++.dg/expr/ptrmem5.C -std=c++98 (test for excess errors)
FAIL: g++.dg/expr/ptrmem5.C -std=c++11 (internal compiler error)
FAIL: g++.dg/expr/ptrmem5.C -std=c++11 (test for errors, line 7)
FAIL: g++.dg/expr/ptrmem5.C -std=c++11 (test for excess errors)
FAIL: g++.dg/expr/ptrmem5.C -std=c++1y (internal compiler error)
FAIL: g++.dg/expr/ptrmem5.C -std=c++1y (test for errors, line 7)
FAIL: g++.dg/expr/ptrmem5.C -std=c++1y (test for excess errors)
XPASS: g++.dg/ext/dllexport4.C -std=gnu++98 (test for excess errors)
XPASS: g++.dg/ext/dllexport4.C -std=gnu++11 (test for excess errors)
XPASS: g++.dg/ext/dllexport4.C -std=gnu++1y (test for excess errors)
FAIL: g++.dg/ext/uow-3.C -std=gnu++98 (test for errors, line 4)
FAIL: g++.dg/ext/uow-3.C -std=gnu++98 (test for errors, line 6)
FAIL: g++.dg/ext/uow-3.C -std=gnu++11 (test for errors, line 4)
FAIL: g++.dg/ext/uow-3.C -std=gnu++11 (test for errors, line 6)
FAIL: g++.dg/ext/uow-3.C -std=gnu++1y (test for errors, line 4)
FAIL: g++.dg/ext/uow-3.C -std=gnu++1y (test for errors, line 6)
FAIL: g++.dg/ext/uow-4.C -std=gnu++98 (test for errors, line 6)
FAIL: g++.dg/ext/uow-4.C -std=gnu++98 (test for errors, line 8)
FAIL: g++.dg/ext/uow-4.C -std=gnu++11 (test for errors, line 6)
FAIL: g++.dg/ext/uow-4.C -std=gnu++11 (test for errors, line 8)
FAIL: g++.dg/ext/uow-4.C -std=gnu++1y (test for errors, line 6)
FAIL: g++.dg/ext/uow-4.C -std=gnu++1y (test for errors, line 8)
FAIL: g++.dg/fstack-protector-strong.C -std=gnu++98 scan-assembler-times
stack_chk_fail 2
FAIL: g++.dg/fstack-protector-strong.C -std=gnu++11 scan-assembler-times
stack_chk_fail 2
FAIL: g++.dg/fstack-protector-strong.C -std=gnu++1y scan-assembler-times
stack_chk_fail 2
FAIL: g++.dg/init/cleanup3.C -std=c++98 scan-assembler-not _tcf
FAIL: g++.dg/init/cleanup3.C -std=c++11 scan-assembler-not _tcf
FAIL: g++.dg/init/cleanup3.C -std=c++1y scan-assembler-not _tcf
FAIL: g++.dg/lookup/name-clash7.C -std=c++98 (test for errors, line 3)
FAIL: g++.dg/lookup/name-clash7.C -std=c++98 (test for errors, line 10)
FAIL: g++.dg/lookup/name-clash7.C -std=c++11 (test for errors, line 3)
FAIL: g++.dg/lookup/name-clash7.C -std=c++11 (test for errors, line 10)
FAIL: g++.dg/lookup/name-clash7.C -std=c++1y (test for errors, line 3)
FAIL: g++.dg/lookup/name-clash7.C -std=c++1y (test for errors, line 10)
FAIL: g++.dg/lookup/redecl1.C -std=c++98 (test for errors, line 3)
FAIL: g++.dg/lookup/redecl1.C -std=c++98 (test for errors, line 5)
FAIL: g++.dg/lookup/redecl1.C -std=c++11 (test for errors, line 3)
FAIL: g++.dg/lookup/redecl1.C -std=c++11 (test for errors, line 5)
FAIL: g++.dg/lookup/redecl1.C -std=c++1y (test for errors, line 3)
FAIL: g++.dg/lookup/redecl1.C -std=c++1y (test for errors, line 5)
FAIL: g++.dg/opt/devirt2.C -std=gnu++98 scan-assembler-times xyzzy 2
FAIL: g++.dg/opt/devirt2.C -std=gnu++11 scan-assembler-times xyzzy 2
FAIL: g++.dg/opt/devirt2.C -std=gnu++1y scan-assembler-times xyzzy 2
FAIL: g++.dg/other/error34.C -std=gnu++98 decl (test for errors, line 5)
FAIL: g++.dg/other/error34.C -std=gnu++11 decl (test for errors, line 5)
FAIL: g++.dg/other/error34.C -std=gnu++1y decl (test for errors, line 5)
FAIL: g++.dg/other/i386-9.C -std=gnu++98 (test for excess errors)
UNRESOLVED: g++.dg/other/i386-9.C -std=gnu++98 compilation failed to
produce executable
FAIL: g++.dg/other/i386-9.C -std=gnu++11 (test for excess errors)
UNRESOLVED: g++.dg/other/i386-9.C -std=gnu++11 compilation failed to
produce executable
FAIL: g++.dg/other/i386-9.C -std=gnu++1y (test for excess errors)
UNRESOLVED: g++.dg/other/i386-9.C -std=gnu++1y compilation failed to
produce executable
FAIL: g++.dg/other/ptrmem8.C -std=c++98 (internal compiler error)
FAIL: g++.dg/other/ptrmem8.C -std=c++98 (test for errors, line 9)
FAIL: g++.dg/other/ptrmem8.C -std=c++98 (test for errors, line 15)
FAIL: g++.dg/other/ptrmem8.C -std=c++98 (test for excess errors)
FAIL: g++.dg/other/ptrmem8.C -std=c++11 (internal compiler error)
FAIL: g++.dg/other/ptrmem8.C -std=c++11 (test for errors, line 9)
FAIL: g++.dg/other/ptrmem8.C -std=c++11 (test for errors, line 15)
FAIL: g++.dg/other/ptrmem8.C -std=c++11 (test for excess errors)
FAIL: g++.dg/other/ptrmem8.C -std=c++1y (internal compiler error)
FAIL: g++.dg/other/ptrmem8.C -std=c++1y (test for errors, line 9)
FAIL: g++.dg/other/ptrmem8.C -std=c++1y (test for errors, line 15)
FAIL: g++.dg/other/ptrmem8.C -std=c++1y (test for excess errors)
FAIL: g++.dg/parse/error43.C -std=gnu++98 (test for excess errors)
FAIL: g++.dg/parse/error43.C -std=gnu++11 (test for excess errors)
FAIL: g++.dg/parse/error43.C -std=gnu++1y (test for excess errors)
FAIL: g++.dg/parse/error45.C -std=c++98 (test for errors, line 8)
FAIL: g++.dg/parse/error45.C -std=c++98 (test for excess errors)
FAIL: g++.dg/parse/error45.C -std=c++11 (test for errors, line 8)
FAIL: g++.dg/parse/error45.C -std=c++11 (test for excess errors)
FAIL: g++.dg/parse/error45.C -std=c++1y (test for errors, line 8)
FAIL: g++.dg/parse/error45.C -std=c++1y (test for excess errors)
FAIL: g++.dg/pr49718.C -std=gnu++98 scan-assembler-times
__cyg_profile_func_enter 1
FAIL: g++.dg/pr49718.C -std=gnu++11 scan-assembler-times
__cyg_profile_func_enter 1
FAIL: g++.dg/pr49718.C -std=gnu++1y scan-assembler-times
__cyg_profile_func_enter 1
FAIL: g++.dg/rtti/typeid8.C -std=c++98 (test for errors, line 25)
FAIL: g++.dg/rtti/typeid8.C -std=c++11 (test for errors, line 25)
FAIL: g++.dg/rtti/typeid8.C -std=c++1y (test for errors, line 25)
FAIL: g++.dg/template/crash37.C -std=c++98 (test for errors, line 23)
FAIL: g++.dg/template/crash37.C -std=c++11 (test for errors, line 23)
FAIL: g++.dg/template/crash37.C -std=c++1y (test for errors, line 23)
FAIL: g++.dg/template/crash51.C -std=c++98 (test for errors, line 10)
FAIL: g++.dg/template/crash51.C -std=c++98 (test for excess errors)
FAIL: g++.dg/template/crash51.C -std=c++11 (test for errors, line 10)
FAIL: g++.dg/template/crash51.C -std=c++11 (test for excess errors)
FAIL: g++.dg/template/crash51.C -std=c++1y (test for errors, line 10)
FAIL: g++.dg/template/crash51.C -std=c++1y (test for excess errors)
FAIL: g++.dg/template/crash72.C -std=c++98 (test for errors, line 16)
FAIL: g++.dg/template/crash72.C -std=c++98 (test for excess errors)
FAIL: g++.dg/template/crash72.C -std=c++11 (test for errors, line 16)
FAIL: g++.dg/template/crash72.C -std=c++11 (test for excess errors)
FAIL: g++.dg/template/crash72.C -std=c++1y (test for errors, line 16)
FAIL: g++.dg/template/crash72.C -std=c++1y (test for excess errors)
FAIL: g++.dg/warn/changes-meaning.C -std=gnu++98 (test for warnings,
line 4)
FAIL: g++.dg/warn/changes-meaning.C -std=gnu++98 (test for warnings,
line 9)
FAIL: g++.dg/warn/changes-meaning.C -std=gnu++11 (test for warnings,
line 4)
FAIL: g++.dg/warn/changes-meaning.C -std=gnu++11 (test for warnings,
line 9)
FAIL: g++.dg/warn/changes-meaning.C -std=gnu++1y (test for warnings,
line 4)
FAIL: g++.dg/warn/changes-meaning.C -std=gnu++1y (test for warnings,
line 9)
FAIL: g++.dg/warn/pmf1.C -std=c++98 (test for errors, line 17)
FAIL: g++.dg/warn/pmf1.C -std=c++11 (test for errors, line 17)
FAIL: g++.dg/warn/pmf1.C -std=c++1y (test for errors, line 17)
FAIL: g++.dg/warn/weak1.C -std=c++98 (test for excess errors)
UNRESOLVED: g++.dg/warn/weak1.C -std=c++98 compilation failed to produce
executable
FAIL: g++.dg/warn/weak1.C -std=c++11 (test for excess errors)
UNRESOLVED: g++.dg/warn/weak1.C -std=c++11 compilation failed to produce
executable
FAIL: g++.dg/warn/weak1.C -std=c++1y (test for excess errors)
UNRESOLVED: g++.dg/warn/weak1.C -std=c++1y compilation failed to produce
executable
WARNING: program timed out.
FAIL: g++.dg/guality/pr55665.C -O2 line 23 p == 40
FAIL: g++.dg/guality/pr55665.C -O3 -fomit-frame-pointer line 23 p == 40
FAIL: g++.dg/guality/pr55665.C -O3 -g line 23 p == 40
FAIL: g++.dg/tls/thread_local-order1.C -std=c++11 execution test
FAIL: g++.dg/tls/thread_local-order1.C -std=c++1y execution test
FAIL: g++.dg/tls/thread_local6g.C -std=c++11 execution test
FAIL: g++.dg/tls/thread_local6g.C -std=c++1y execution test
FAIL: g++.dg/torture/pr58252.C -O0 (test for warnings, line 17)
FAIL: g++.dg/torture/pr58252.C -O1 (test for warnings, line 17)
FAIL: g++.dg/torture/pr58252.C -O2 (test for warnings, line 17)
FAIL: g++.dg/torture/pr58252.C -O3 -fomit-frame-pointer (test for
warnings, line 17)
FAIL: g++.dg/torture/pr58252.C -O3 -fomit-frame-pointer
-funroll-loops (test for warnings, line 17)
FAIL: g++.dg/torture/pr58252.C -O3 -fomit-frame-pointer
-funroll-all-loops -finline-functions (test for warnings, line 17)
FAIL: g++.dg/torture/pr58252.C -O3 -g (test for warnings, line 17)
FAIL: g++.dg/torture/pr58252.C -Os (test for warnings, line 17)
FAIL: g++.dg/torture/pr58252.C -O2 -flto -fno-use-linker-plugin
-flto-partition=none (test for warnings, line 17)
FAIL: g++.dg/torture/pr58252.C -O2 -flto -fuse-linker-plugin
-fno-fat-lto-objects (test for warnings, line 17)
FAIL: g++.old-deja/g++.benjamin/13908.C -std=c++98 (internal compiler error)
FAIL: g++.old-deja/g++.benjamin/13908.C -std=c++98 (test for errors,
line 20)
FAIL: g++.old-deja/g++.benjamin/13908.C -std=c++98 (test for excess errors)
FAIL: g++.old-deja/g++.benjamin/13908.C -std=c++11 (internal compiler error)
FAIL: g++.old-deja/g++.benjamin/13908.C -std=c++11 (test for errors,
line 20)
FAIL: g++.old-deja/g++.benjamin/13908.C -std=c++11 (test for excess errors)
FAIL: g++.old-deja/g++.benjamin/13908.C -std=c++1y (internal compiler error)
FAIL: g++.old-deja/g++.benjamin/13908.C -std=c++1y (test for errors,
line 20)
FAIL: g++.old-deja/g++.benjamin/13908.C -std=c++1y (test for excess errors)
=== g++ Summary ===
# of expected passes 42268
# of unexpected failures 235
# of unexpected successes 3
# of expected failures 309
# of unresolved testcases 24
# of unsupported tests 1448
/cygdrive/c/users/tim/tim/tim/src/gcc/cyg64/gcc/testsuite/g++/../../xg++
version 4.10.0 20140415 (experimental) (GCC)
=== gcc tests ===
Running target unix
FAIL: gcc.c-torture/compile/limits-exprparen.c -O0 (internal compiler
error)
FAIL: gcc.c-torture/compile/limits-exprparen.c -O0 (test for excess
errors)
FAIL: gcc.c-torture/compile/limits-exprparen.c -O1 (internal compiler
error)
FAIL: gcc.c-torture/compile/limits-exprparen.c -O1 (test for excess
errors)
FAIL: gcc.c-torture/compile/limits-exprparen.c -O2 (internal compiler
error)
FAIL: gcc.c-torture/compile/limits-exprparen.c -O2 (test for excess
errors)
FAIL: gcc.c-torture/compile/limits-exprparen.c -O3
-fomit-frame-pointer (internal compiler error)
FAIL: gcc.c-torture/compile/limits-exprparen.c -O3
-fomit-frame-pointer (test for excess errors)
FAIL: gcc.c-torture/compile/limits-exprparen.c -O3 -g (internal
compiler error)
FAIL: gcc.c-torture/compile/limits-exprparen.c -O3 -g (test for excess
errors)
FAIL: gcc.c-torture/compile/limits-exprparen.c -Os (internal compiler
error)
FAIL: gcc.c-torture/compile/limits-exprparen.c -Os (test for excess
errors)
FAIL: gcc.c-torture/compile/limits-exprparen.c -O2 -flto
-fno-use-linker-plugin -flto-partition=none (internal compiler error)
FAIL: gcc.c-torture/compile/limits-exprparen.c -O2 -flto
-fno-use-linker-plugin -flto-partition=none (test for excess errors)
FAIL: gcc.c-torture/compile/limits-exprparen.c -O2 -flto
-fuse-linker-plugin -fno-fat-lto-objects (internal compiler error)
FAIL: gcc.c-torture/compile/limits-exprparen.c -O2 -flto
-fuse-linker-plugin -fno-fat-lto-objects (test for excess errors)
FAIL: gcc.c-torture/compile/limits-fndefn.c -O2 -flto
-fno-use-linker-plugin -flto-partition=none (internal compiler error)
FAIL: gcc.c-torture/compile/limits-fndefn.c -O2 -flto
-fno-use-linker-plugin -flto-partition=none (test for excess errors)
FAIL: gcc.c-torture/compile/limits-fndefn.c -O2 -flto
-fuse-linker-plugin -fno-fat-lto-objects (internal compiler error)
FAIL: gcc.c-torture/compile/limits-fndefn.c -O2 -flto
-fuse-linker-plugin -fno-fat-lto-objects (test for excess errors)
FAIL: gcc.c-torture/execute/20000822-1.c execution, -O0
FAIL: gcc.c-torture/execute/20000822-1.c execution, -O1
FAIL: gcc.c-torture/execute/20000822-1.c execution, -O2
FAIL: gcc.c-torture/execute/20000822-1.c execution, -O3
-fomit-frame-pointer
FAIL: gcc.c-torture/execute/20000822-1.c execution, -O3 -g
FAIL: gcc.c-torture/execute/20000822-1.c execution, -Os
FAIL: gcc.c-torture/execute/20000822-1.c execution, -Og -g
FAIL: gcc.c-torture/execute/20000822-1.c execution, -O2 -flto
-fno-use-linker-plugin -flto-partition=none
FAIL: gcc.c-torture/execute/20000822-1.c execution, -O2 -flto
-fuse-linker-plugin -fno-fat-lto-objects
FAIL: gcc.c-torture/unsorted/dump-noaddr.c, -O3 -fomit-frame-pointer
-funroll-all-loops -finline-functions -dumpbase dump2/dump-noaddr.c
-DMASK=2 -x c -fdump-ipa-all -fdump-rtl-all -fdump-tree-all -fdump-noaddr
WARNING: dump2/dump-noaddr.c.000i.cgraph doesn't exist
WARNING: dump2/dump-noaddr.c.000i.type-inheritance doesn't exist
WARNING: dump2/dump-noaddr.c.001t.tu doesn't exist
WARNING: dump2/dump-noaddr.c.003t.original doesn't exist
WARNING: dump2/dump-noaddr.c.004t.gimple doesn't exist
WARNING: dump2/dump-noaddr.c.006t.omplower doesn't exist
WARNING: dump2/dump-noaddr.c.007t.lower doesn't exist
WARNING: dump2/dump-noaddr.c.010t.eh doesn't exist
WARNING: dump2/dump-noaddr.c.011t.cfg doesn't exist
WARNING: dump2/dump-noaddr.c.013i.visibility doesn't exist
WARNING: dump2/dump-noaddr.c.014i.early_local_cleanups doesn't exist
WARNING: dump2/dump-noaddr.c.015t.ssa doesn't exist
WARNING: dump2/dump-noaddr.c.017t.inline_param1 doesn't exist
WARNING: dump2/dump-noaddr.c.018t.einline doesn't exist
WARNING: dump2/dump-noaddr.c.019t.early_optimizations doesn't exist
WARNING: dump2/dump-noaddr.c.020t.copyrename1 doesn't exist
WARNING: dump2/dump-noaddr.c.021t.ccp1 doesn't exist
WARNING: dump2/dump-noaddr.c.022t.forwprop1 doesn't exist
WARNING: dump2/dump-noaddr.c.023t.esra doesn't exist
WARNING: dump2/dump-noaddr.c.024t.ealias doesn't exist
WARNING: dump2/dump-noaddr.c.025t.fre1 doesn't exist
WARNING: dump2/dump-noaddr.c.026t.copyprop1 doesn't exist
WARNING: dump2/dump-noaddr.c.027t.mergephi1 doesn't exist
WARNING: dump2/dump-noaddr.c.028t.cddce1 doesn't exist
WARNING: dump2/dump-noaddr.c.029t.eipa_sra doesn't exist
WARNING: dump2/dump-noaddr.c.030t.tailr1 doesn't exist
WARNING: dump2/dump-noaddr.c.031t.switchconv doesn't exist
WARNING: dump2/dump-noaddr.c.033t.profile_estimate doesn't exist
WARNING: dump2/dump-noaddr.c.034t.local-pure-const1 doesn't exist
WARNING: dump2/dump-noaddr.c.035t.fnsplit doesn't exist
WARNING: dump2/dump-noaddr.c.036t.release_ssa doesn't exist
WARNING: dump2/dump-noaddr.c.037t.inline_param2 doesn't exist
WARNING: dump2/dump-noaddr.c.042i.emutls doesn't exist
WARNING: dump2/dump-noaddr.c.043i.whole-program doesn't exist
WARNING: dump2/dump-noaddr.c.044i.profile_estimate doesn't exist
WARNING: dump2/dump-noaddr.c.045i.devirt doesn't exist
WARNING: dump2/dump-noaddr.c.046i.cp doesn't exist
WARNING: dump2/dump-noaddr.c.048i.inline doesn't exist
WARNING: dump2/dump-noaddr.c.049i.pure-const doesn't exist
WARNING: dump2/dump-noaddr.c.050i.static-var doesn't exist
WARNING: dump2/dump-noaddr.c.054t.copyrename2 doesn't exist
WARNING: dump2/dump-noaddr.c.055t.ccp2 doesn't exist
WARNING: dump2/dump-noaddr.c.056t.copyprop2 doesn't exist
WARNING: dump2/dump-noaddr.c.057t.cunrolli doesn't exist
WARNING: dump2/dump-noaddr.c.058t.phiprop doesn't exist
WARNING: dump2/dump-noaddr.c.059t.forwprop2 doesn't exist
WARNING: dump2/dump-noaddr.c.060t.objsz1 doesn't exist
WARNING: dump2/dump-noaddr.c.061t.alias doesn't exist
WARNING: dump2/dump-noaddr.c.062t.retslot doesn't exist
WARNING: dump2/dump-noaddr.c.063t.fre2 doesn't exist
WARNING: dump2/dump-noaddr.c.064t.copyprop3 doesn't exist
WARNING: dump2/dump-noaddr.c.065t.mergephi2 doesn't exist
WARNING: dump2/dump-noaddr.c.066t.vrp1 doesn't exist
WARNING: dump2/dump-noaddr.c.067t.dce1 doesn't exist
WARNING: dump2/dump-noaddr.c.068t.cdce doesn't exist
WARNING: dump2/dump-noaddr.c.069t.cselim doesn't exist
WARNING: dump2/dump-noaddr.c.070t.ifcombine doesn't exist
WARNING: dump2/dump-noaddr.c.071t.phiopt1 doesn't exist
WARNING: dump2/dump-noaddr.c.072t.tailr2 doesn't exist
WARNING: dump2/dump-noaddr.c.073t.ch doesn't exist
WARNING: dump2/dump-noaddr.c.075t.cplxlower1 doesn't exist
WARNING: dump2/dump-noaddr.c.076t.sra doesn't exist
WARNING: dump2/dump-noaddr.c.077t.copyrename3 doesn't exist
WARNING: dump2/dump-noaddr.c.078t.dom1 doesn't exist
WARNING: dump2/dump-noaddr.c.079t.isolate-paths doesn't exist
WARNING: dump2/dump-noaddr.c.080t.phicprop1 doesn't exist
WARNING: dump2/dump-noaddr.c.081t.dse1 doesn't exist
WARNING: dump2/dump-noaddr.c.082t.reassoc1 doesn't exist
WARNING: dump2/dump-noaddr.c.083t.dce2 doesn't exist
WARNING: dump2/dump-noaddr.c.084t.forwprop3 doesn't exist
WARNING: dump2/dump-noaddr.c.085t.phiopt2 doesn't exist
WARNING: dump2/dump-noaddr.c.086t.strlen doesn't exist
WARNING: dump2/dump-noaddr.c.087t.ccp3 doesn't exist
WARNING: dump2/dump-noaddr.c.088t.copyprop4 doesn't exist
WARNING: dump2/dump-noaddr.c.089t.sincos doesn't exist
WARNING: dump2/dump-noaddr.c.090t.bswap doesn't exist
WARNING: dump2/dump-noaddr.c.091t.crited1 doesn't exist
WARNING: dump2/dump-noaddr.c.092t.pre doesn't exist
WARNING: dump2/dump-noaddr.c.093t.sink doesn't exist
WARNING: dump2/dump-noaddr.c.096t.loop doesn't exist
WARNING: dump2/dump-noaddr.c.097t.loopinit doesn't exist
WARNING: dump2/dump-noaddr.c.098t.lim1 doesn't exist
WARNING: dump2/dump-noaddr.c.099t.copyprop5 doesn't exist
WARNING: dump2/dump-noaddr.c.100t.dceloop1 doesn't exist
WARNING: dump2/dump-noaddr.c.101t.unswitch doesn't exist
WARNING: dump2/dump-noaddr.c.102t.sccp doesn't exist
WARNING: dump2/dump-noaddr.c.104t.ldist doesn't exist
WARNING: dump2/dump-noaddr.c.105t.copyprop6 doesn't exist
WARNING: dump2/dump-noaddr.c.111t.ivcanon doesn't exist
WARNING: dump2/dump-noaddr.c.113t.ifcvt doesn't exist
WARNING: dump2/dump-noaddr.c.114t.vect doesn't exist
WARNING: dump2/dump-noaddr.c.115t.dceloop3 doesn't exist
WARNING: dump2/dump-noaddr.c.116t.pcom doesn't exist
WARNING: dump2/dump-noaddr.c.117t.cunroll doesn't exist
WARNING: dump2/dump-noaddr.c.118t.slp doesn't exist
WARNING: dump2/dump-noaddr.c.120t.ivopts doesn't exist
WARNING: dump2/dump-noaddr.c.121t.lim3 doesn't exist
WARNING: dump2/dump-noaddr.c.122t.loopdone doesn't exist
WARNING: dump2/dump-noaddr.c.123t.veclower21 doesn't exist
WARNING: dump2/dump-noaddr.c.125t.reassoc2 doesn't exist
WARNING: dump2/dump-noaddr.c.126t.slsr doesn't exist
WARNING: dump2/dump-noaddr.c.127t.dom2 doesn't exist
WARNING: dump2/dump-noaddr.c.128t.phicprop2 doesn't exist
WARNING: dump2/dump-noaddr.c.129t.vrp2 doesn't exist
WARNING: dump2/dump-noaddr.c.130t.cddce2 doesn't exist
WARNING: dump2/dump-noaddr.c.132t.dse2 doesn't exist
WARNING: dump2/dump-noaddr.c.133t.forwprop4 doesn't exist
WARNING: dump2/dump-noaddr.c.134t.phiopt3 doesn't exist
WARNING: dump2/dump-noaddr.c.135t.fab1 doesn't exist
WARNING: dump2/dump-noaddr.c.136t.widening_mul doesn't exist
WARNING: dump2/dump-noaddr.c.137t.tailc doesn't exist
WARNING: dump2/dump-noaddr.c.138t.copyrename4 doesn't exist
WARNING: dump2/dump-noaddr.c.139t.crited2 doesn't exist
WARNING: dump2/dump-noaddr.c.141t.uncprop1 doesn't exist
WARNING: dump2/dump-noaddr.c.142t.local-pure-const2 doesn't exist
WARNING: dump2/dump-noaddr.c.168t.nrv doesn't exist
WARNING: dump2/dump-noaddr.c.169t.optimized doesn't exist
WARNING: dump2/dump-noaddr.c.170r.expand doesn't exist
WARNING: dump2/dump-noaddr.c.171r.vregs doesn't exist
WARNING: dump2/dump-noaddr.c.172r.into_cfglayout doesn't exist
WARNING: dump2/dump-noaddr.c.173r.jump doesn't exist
WARNING: dump2/dump-noaddr.c.174r.subreg1 doesn't exist
WARNING: dump2/dump-noaddr.c.175r.dfinit doesn't exist
WARNING: dump2/dump-noaddr.c.176r.cse1 doesn't exist
WARNING: dump2/dump-noaddr.c.177r.fwprop1 doesn't exist
WARNING: dump2/dump-noaddr.c.178r.cprop1 doesn't exist
WARNING: dump2/dump-noaddr.c.179r.pre doesn't exist
WARNING: dump2/dump-noaddr.c.181r.cprop2 doesn't exist
WARNING: dump2/dump-noaddr.c.183r.cse_local doesn't exist
WARNING: dump2/dump-noaddr.c.184r.ce1 doesn't exist
WARNING: dump2/dump-noaddr.c.185r.reginfo doesn't exist
WARNING: dump2/dump-noaddr.c.186r.loop2 doesn't exist
WARNING: dump2/dump-noaddr.c.187r.loop2_init doesn't exist
WARNING: dump2/dump-noaddr.c.188r.loop2_invariant doesn't exist
WARNING: dump2/dump-noaddr.c.189r.loop2_unswitch doesn't exist
WARNING: dump2/dump-noaddr.c.190r.loop2_unroll doesn't exist
WARNING: dump2/dump-noaddr.c.192r.loop2_done doesn't exist
WARNING: dump2/dump-noaddr.c.193r.web doesn't exist
WARNING: dump2/dump-noaddr.c.194r.cprop3 doesn't exist
WARNING: dump2/dump-noaddr.c.195r.cse2 doesn't exist
WARNING: dump2/dump-noaddr.c.196r.dse1 doesn't exist
WARNING: dump2/dump-noaddr.c.197r.fwprop2 doesn't exist
WARNING: dump2/dump-noaddr.c.199r.init-regs doesn't exist
WARNING: dump2/dump-noaddr.c.200r.ud_dce doesn't exist
WARNING: dump2/dump-noaddr.c.201r.combine doesn't exist
WARNING: dump2/dump-noaddr.c.202r.ce2 doesn't exist
WARNING: dump2/dump-noaddr.c.203r.bbpart doesn't exist
WARNING: dump2/dump-noaddr.c.204r.outof_cfglayout doesn't exist
WARNING: dump2/dump-noaddr.c.205r.split1 doesn't exist
WARNING: dump2/dump-noaddr.c.206r.subreg2 doesn't exist
WARNING: dump2/dump-noaddr.c.208r.mode_sw doesn't exist
WARNING: dump2/dump-noaddr.c.209r.asmcons doesn't exist
WARNING: dump2/dump-noaddr.c.213r.ira doesn't exist
WARNING: dump2/dump-noaddr.c.214r.reload doesn't exist
WARNING: dump2/dump-noaddr.c.215r.postreload doesn't exist
WARNING: dump2/dump-noaddr.c.216r.gcse2 doesn't exist
WARNING: dump2/dump-noaddr.c.217r.split2 doesn't exist
WARNING: dump2/dump-noaddr.c.218r.ree doesn't exist
WARNING: dump2/dump-noaddr.c.221r.pro_and_epilogue doesn't exist
WARNING: dump2/dump-noaddr.c.222r.dse2 doesn't exist
WARNING: dump2/dump-noaddr.c.223r.csa doesn't exist
WARNING: dump2/dump-noaddr.c.224r.jump2 doesn't exist
WARNING: dump2/dump-noaddr.c.225r.peephole2 doesn't exist
WARNING: dump2/dump-noaddr.c.226r.ce3 doesn't exist
WARNING: dump2/dump-noaddr.c.227r.rnreg doesn't exist
WARNING: dump2/dump-noaddr.c.228r.cprop_hardreg doesn't exist
WARNING: dump2/dump-noaddr.c.229r.rtl_dce doesn't exist
WARNING: dump2/dump-noaddr.c.230r.compgotos doesn't exist
WARNING: dump2/dump-noaddr.c.231r.bbro doesn't exist
WARNING: dump2/dump-noaddr.c.233r.split4 doesn't exist
WARNING: dump2/dump-noaddr.c.234r.sched2 doesn't exist
WARNING: dump2/dump-noaddr.c.236r.stack doesn't exist
WARNING: dump2/dump-noaddr.c.237r.alignments doesn't exist
WARNING: dump2/dump-noaddr.c.239r.mach doesn't exist
WARNING: dump2/dump-noaddr.c.240r.barriers doesn't exist
WARNING: dump2/dump-noaddr.c.244r.shorten doesn't exist
WARNING: dump2/dump-noaddr.c.245r.nothrow doesn't exist
WARNING: dump2/dump-noaddr.c.247r.final doesn't exist
WARNING: dump2/dump-noaddr.c.248r.dfinish doesn't exist
WARNING: dump2/dump-noaddr.c.249t.statistics doesn't exist
FAIL: gcc.dg/compat/vector-1b c_compat_x_tst.o-c_compat_y_tst.o execute
FAIL: gcc.dg/compat/vector-2b c_compat_x_tst.o-c_compat_y_tst.o execute
FAIL: gcc.dg/cpp/_Pragma3.c (test for excess errors)
FAIL: gcc.dg/cpp/include2.c (test for excess errors)
FAIL: gcc.dg/debug/20020220-1.c -gstabs1 (test for excess errors)
UNRESOLVED: gcc.dg/debug/20020220-1.c -gstabs1 compilation failed to
produce executable
FAIL: gcc.dg/debug/20020220-1.c -gstabs1 -O (test for excess errors)
UNRESOLVED: gcc.dg/debug/20020220-1.c -gstabs1 -O compilation failed to
produce executable
FAIL: gcc.dg/debug/20020220-1.c -gstabs1 -O3 (test for excess errors)
UNRESOLVED: gcc.dg/debug/20020220-1.c -gstabs1 -O3 compilation failed to
produce executable
FAIL: gcc.dg/debug/20020220-1.c -gstabs (test for excess errors)
UNRESOLVED: gcc.dg/debug/20020220-1.c -gstabs compilation failed to
produce executable
FAIL: gcc.dg/debug/20020220-1.c -gstabs -O (test for excess errors)
UNRESOLVED: gcc.dg/debug/20020220-1.c -gstabs -O compilation failed to
produce executable
FAIL: gcc.dg/debug/20020220-1.c -gstabs -O3 (test for excess errors)
UNRESOLVED: gcc.dg/debug/20020220-1.c -gstabs -O3 compilation failed to
produce executable
FAIL: gcc.dg/debug/20020220-1.c -gstabs3 (test for excess errors)
UNRESOLVED: gcc.dg/debug/20020220-1.c -gstabs3 compilation failed to
produce executable
FAIL: gcc.dg/debug/20020220-1.c -gstabs3 -O (test for excess errors)
UNRESOLVED: gcc.dg/debug/20020220-1.c -gstabs3 -O compilation failed to
produce executable
FAIL: gcc.dg/debug/20020220-1.c -gstabs3 -O3 (test for excess errors)
UNRESOLVED: gcc.dg/debug/20020220-1.c -gstabs3 -O3 compilation failed to
produce executable
FAIL: gcc.dg/debug/20020220-1.c -gstabs+1 (test for excess errors)
UNRESOLVED: gcc.dg/debug/20020220-1.c -gstabs+1 compilation failed to
produce executable
FAIL: gcc.dg/debug/20020220-1.c -gstabs+1 -O (test for excess errors)
UNRESOLVED: gcc.dg/debug/20020220-1.c -gstabs+1 -O compilation failed to
produce executable
FAIL: gcc.dg/debug/20020220-1.c -gstabs+1 -O3 (test for excess errors)
UNRESOLVED: gcc.dg/debug/20020220-1.c -gstabs+1 -O3 compilation failed
to produce executable
FAIL: gcc.dg/debug/20020220-1.c -gstabs+ (test for excess errors)
UNRESOLVED: gcc.dg/debug/20020220-1.c -gstabs+ compilation failed to
produce executable
FAIL: gcc.dg/debug/20020220-1.c -gstabs+ -O (test for excess errors)
UNRESOLVED: gcc.dg/debug/20020220-1.c -gstabs+ -O compilation failed to
produce executable
FAIL: gcc.dg/debug/20020220-1.c -gstabs+ -O3 (test for excess errors)
UNRESOLVED: gcc.dg/debug/20020220-1.c -gstabs+ -O3 compilation failed to
produce executable
FAIL: gcc.dg/debug/20020220-1.c -gstabs+3 (test for excess errors)
UNRESOLVED: gcc.dg/debug/20020220-1.c -gstabs+3 compilation failed to
produce executable
FAIL: gcc.dg/debug/20020220-1.c -gstabs+3 -O (test for excess errors)
UNRESOLVED: gcc.dg/debug/20020220-1.c -gstabs+3 -O compilation failed to
produce executable
FAIL: gcc.dg/debug/20020220-1.c -gstabs+3 -O3 (test for excess errors)
UNRESOLVED: gcc.dg/debug/20020220-1.c -gstabs+3 -O3 compilation failed
to produce executable
FAIL: gcc.dg/debug/20020224-1.c -gdwarf-2 -O (test for excess errors)
FAIL: gcc.dg/debug/20020327-1.c -gstabs1 (test for excess errors)
FAIL: gcc.dg/debug/20020327-1.c -gstabs1 -O (test for excess errors)
FAIL: gcc.dg/debug/20020327-1.c -gstabs1 -O3 (test for excess errors)
FAIL: gcc.dg/debug/20020327-1.c -gstabs (test for excess errors)
FAIL: gcc.dg/debug/20020327-1.c -gstabs -O (test for excess errors)
FAIL: gcc.dg/debug/20020327-1.c -gstabs -O3 (test for excess errors)
FAIL: gcc.dg/debug/20020327-1.c -gstabs3 (test for excess errors)
FAIL: gcc.dg/debug/20020327-1.c -gstabs3 -O (test for excess errors)
FAIL: gcc.dg/debug/20020327-1.c -gstabs3 -O3 (test for excess errors)
FAIL: gcc.dg/debug/20020327-1.c -gstabs+1 (test for excess errors)
FAIL: gcc.dg/debug/20020327-1.c -gstabs+1 -O (test for excess errors)
FAIL: gcc.dg/debug/20020327-1.c -gstabs+1 -O3 (test for excess errors)
FAIL: gcc.dg/debug/20020327-1.c -gstabs+ (test for excess errors)
FAIL: gcc.dg/debug/20020327-1.c -gstabs+ -O (test for excess errors)
FAIL: gcc.dg/debug/20020327-1.c -gstabs+ -O3 (test for excess errors)
FAIL: gcc.dg/debug/20020327-1.c -gstabs+3 (test for excess errors)
FAIL: gcc.dg/debug/20020327-1.c -gstabs+3 -O (test for excess errors)
FAIL: gcc.dg/debug/20020327-1.c -gstabs+3 -O3 (test for excess errors)
FAIL: gcc.dg/debug/20050907-1.c -gstabs1 (test for excess errors)
FAIL: gcc.dg/debug/20050907-1.c -gstabs1 -O (test for excess errors)
FAIL: gcc.dg/debug/20050907-1.c -gstabs1 -O3 (test for excess errors)
FAIL: gcc.dg/debug/20050907-1.c -gstabs (test for excess errors)
FAIL: gcc.dg/debug/20050907-1.c -gstabs -O (test for excess errors)
FAIL: gcc.dg/debug/20050907-1.c -gstabs -O3 (test for excess errors)
FAIL: gcc.dg/debug/20050907-1.c -gstabs3 (test for excess errors)
FAIL: gcc.dg/debug/20050907-1.c -gstabs3 -O (test for excess errors)
FAIL: gcc.dg/debug/20050907-1.c -gstabs3 -O3 (test for excess errors)
FAIL: gcc.dg/debug/20050907-1.c -gstabs+1 (test for excess errors)
FAIL: gcc.dg/debug/20050907-1.c -gstabs+1 -O (test for excess errors)
FAIL: gcc.dg/debug/20050907-1.c -gstabs+1 -O3 (test for excess errors)
FAIL: gcc.dg/debug/20050907-1.c -gstabs+ (test for excess errors)
FAIL: gcc.dg/debug/20050907-1.c -gstabs+ -O (test for excess errors)
FAIL: gcc.dg/debug/20050907-1.c -gstabs+ -O3 (test for excess errors)
FAIL: gcc.dg/debug/20050907-1.c -gstabs+3 (test for excess errors)
FAIL: gcc.dg/debug/20050907-1.c -gstabs+3 -O (test for excess errors)
FAIL: gcc.dg/debug/20050907-1.c -gstabs+3 -O3 (test for excess errors)
FAIL: gcc.dg/debug/pr29609-1.c -gstabs1 (test for excess errors)
UNRESOLVED: gcc.dg/debug/pr29609-1.c -gstabs1 compilation failed to
produce executable
FAIL: gcc.dg/debug/pr29609-1.c -gstabs1 -O (test for excess errors)
UNRESOLVED: gcc.dg/debug/pr29609-1.c -gstabs1 -O compilation failed to
produce executable
FAIL: gcc.dg/debug/pr29609-1.c -gstabs1 -O3 (test for excess errors)
UNRESOLVED: gcc.dg/debug/pr29609-1.c -gstabs1 -O3 compilation failed to
produce executable
FAIL: gcc.dg/debug/pr29609-1.c -gstabs (test for excess errors)
UNRESOLVED: gcc.dg/debug/pr29609-1.c -gstabs compilation failed to
produce executable
FAIL: gcc.dg/debug/pr29609-1.c -gstabs -O (test for excess errors)
UNRESOLVED: gcc.dg/debug/pr29609-1.c -gstabs -O compilation failed to
produce executable
FAIL: gcc.dg/debug/pr29609-1.c -gstabs -O3 (test for excess errors)
UNRESOLVED: gcc.dg/debug/pr29609-1.c -gstabs -O3 compilation failed to
produce executable
FAIL: gcc.dg/debug/pr29609-1.c -gstabs3 (test for excess errors)
UNRESOLVED: gcc.dg/debug/pr29609-1.c -gstabs3 compilation failed to
produce executable
FAIL: gcc.dg/debug/pr29609-1.c -gstabs3 -O (test for excess errors)
UNRESOLVED: gcc.dg/debug/pr29609-1.c -gstabs3 -O compilation failed to
produce executable
FAIL: gcc.dg/debug/pr29609-1.c -gstabs3 -O3 (test for excess errors)
UNRESOLVED: gcc.dg/debug/pr29609-1.c -gstabs3 -O3 compilation failed to
produce executable
FAIL: gcc.dg/debug/pr29609-1.c -gstabs+1 (test for excess errors)
UNRESOLVED: gcc.dg/debug/pr29609-1.c -gstabs+1 compilation failed to
produce executable
FAIL: gcc.dg/debug/pr29609-1.c -gstabs+1 -O (test for excess errors)
UNRESOLVED: gcc.dg/debug/pr29609-1.c -gstabs+1 -O compilation failed to
produce executable
FAIL: gcc.dg/debug/pr29609-1.c -gstabs+1 -O3 (test for excess errors)
UNRESOLVED: gcc.dg/debug/pr29609-1.c -gstabs+1 -O3 compilation failed to
produce executable
FAIL: gcc.dg/debug/pr29609-1.c -gstabs+ (test for excess errors)
UNRESOLVED: gcc.dg/debug/pr29609-1.c -gstabs+ compilation failed to
produce executable
FAIL: gcc.dg/debug/pr29609-1.c -gstabs+ -O (test for excess errors)
UNRESOLVED: gcc.dg/debug/pr29609-1.c -gstabs+ -O compilation failed to
produce executable
FAIL: gcc.dg/debug/pr29609-1.c -gstabs+ -O3 (test for excess errors)
UNRESOLVED: gcc.dg/debug/pr29609-1.c -gstabs+ -O3 compilation failed to
produce executable
FAIL: gcc.dg/debug/pr29609-1.c -gstabs+3 (test for excess errors)
UNRESOLVED: gcc.dg/debug/pr29609-1.c -gstabs+3 compilation failed to
produce executable
FAIL: gcc.dg/debug/pr29609-1.c -gstabs+3 -O (test for excess errors)
UNRESOLVED: gcc.dg/debug/pr29609-1.c -gstabs+3 -O compilation failed to
produce executable
FAIL: gcc.dg/debug/pr29609-1.c -gstabs+3 -O3 (test for excess errors)
UNRESOLVED: gcc.dg/debug/pr29609-1.c -gstabs+3 -O3 compilation failed to
produce executable
FAIL: gcc.dg/debug/pr29609-2.c -gstabs1 (test for excess errors)
UNRESOLVED: gcc.dg/debug/pr29609-2.c -gstabs1 compilation failed to
produce executable
FAIL: gcc.dg/debug/pr29609-2.c -gstabs1 -O (test for excess errors)
UNRESOLVED: gcc.dg/debug/pr29609-2.c -gstabs1 -O compilation failed to
produce executable
FAIL: gcc.dg/debug/pr29609-2.c -gstabs1 -O3 (test for excess errors)
UNRESOLVED: gcc.dg/debug/pr29609-2.c -gstabs1 -O3 compilation failed to
produce executable
FAIL: gcc.dg/debug/pr29609-2.c -gstabs (test for excess errors)
UNRESOLVED: gcc.dg/debug/pr29609-2.c -gstabs compilation failed to
produce executable
FAIL: gcc.dg/debug/pr29609-2.c -gstabs -O (test for excess errors)
UNRESOLVED: gcc.dg/debug/pr29609-2.c -gstabs -O compilation failed to
produce executable
FAIL: gcc.dg/debug/pr29609-2.c -gstabs -O3 (test for excess errors)
UNRESOLVED: gcc.dg/debug/pr29609-2.c -gstabs -O3 compilation failed to
produce executable
FAIL: gcc.dg/debug/pr29609-2.c -gstabs3 (test for excess errors)
UNRESOLVED: gcc.dg/debug/pr29609-2.c -gstabs3 compilation failed to
produce executable
FAIL: gcc.dg/debug/pr29609-2.c -gstabs3 -O (test for excess errors)
UNRESOLVED: gcc.dg/debug/pr29609-2.c -gstabs3 -O compilation failed to
produce executable
FAIL: gcc.dg/debug/pr29609-2.c -gstabs3 -O3 (test for excess errors)
UNRESOLVED: gcc.dg/debug/pr29609-2.c -gstabs3 -O3 compilation failed to
produce executable
FAIL: gcc.dg/debug/pr29609-2.c -gstabs+1 (test for excess errors)
UNRESOLVED: gcc.dg/debug/pr29609-2.c -gstabs+1 compilation failed to
produce executable
FAIL: gcc.dg/debug/pr29609-2.c -gstabs+1 -O (test for excess errors)
UNRESOLVED: gcc.dg/debug/pr29609-2.c -gstabs+1 -O compilation failed to
produce executable
FAIL: gcc.dg/debug/pr29609-2.c -gstabs+1 -O3 (test for excess errors)
UNRESOLVED: gcc.dg/debug/pr29609-2.c -gstabs+1 -O3 compilation failed to
produce executable
FAIL: gcc.dg/debug/pr29609-2.c -gstabs+ (test for excess errors)
UNRESOLVED: gcc.dg/debug/pr29609-2.c -gstabs+ compilation failed to
produce executable
FAIL: gcc.dg/debug/pr29609-2.c -gstabs+ -O (test for excess errors)
UNRESOLVED: gcc.dg/debug/pr29609-2.c -gstabs+ -O compilation failed to
produce executable
FAIL: gcc.dg/debug/pr29609-2.c -gstabs+ -O3 (test for excess errors)
UNRESOLVED: gcc.dg/debug/pr29609-2.c -gstabs+ -O3 compilation failed to
produce executable
FAIL: gcc.dg/debug/pr29609-2.c -gstabs+3 (test for excess errors)
UNRESOLVED: gcc.dg/debug/pr29609-2.c -gstabs+3 compilation failed to
produce executable
FAIL: gcc.dg/debug/pr29609-2.c -gstabs+3 -O (test for excess errors)
UNRESOLVED: gcc.dg/debug/pr29609-2.c -gstabs+3 -O compilation failed to
produce executable
FAIL: gcc.dg/debug/pr29609-2.c -gstabs+3 -O3 (test for excess errors)
UNRESOLVED: gcc.dg/debug/pr29609-2.c -gstabs+3 -O3 compilation failed to
produce executable
FAIL: gcc.dg/debug/pr36690-1.c -gstabs1 (test for excess errors)
UNRESOLVED: gcc.dg/debug/pr36690-1.c -gstabs1 compilation failed to
produce executable
FAIL: gcc.dg/debug/pr36690-1.c -gstabs1 -O (test for excess errors)
UNRESOLVED: gcc.dg/debug/pr36690-1.c -gstabs1 -O compilation failed to
produce executable
FAIL: gcc.dg/debug/pr36690-1.c -gstabs1 -O3 (test for excess errors)
UNRESOLVED: gcc.dg/debug/pr36690-1.c -gstabs1 -O3 compilation failed to
produce executable
FAIL: gcc.dg/debug/pr36690-1.c -gstabs (test for excess errors)
UNRESOLVED: gcc.dg/debug/pr36690-1.c -gstabs compilation failed to
produce executable
FAIL: gcc.dg/debug/pr36690-1.c -gstabs -O (test for excess errors)
UNRESOLVED: gcc.dg/debug/pr36690-1.c -gstabs -O compilation failed to
produce executable
FAIL: gcc.dg/debug/pr36690-1.c -gstabs -O3 (test for excess errors)
UNRESOLVED: gcc.dg/debug/pr36690-1.c -gstabs -O3 compilation failed to
produce executable
FAIL: gcc.dg/debug/pr36690-1.c -gstabs3 (test for excess errors)
UNRESOLVED: gcc.dg/debug/pr36690-1.c -gstabs3 compilation failed to
produce executable
FAIL: gcc.dg/debug/pr36690-1.c -gstabs3 -O (test for excess errors)
UNRESOLVED: gcc.dg/debug/pr36690-1.c -gstabs3 -O compilation failed to
produce executable
FAIL: gcc.dg/debug/pr36690-1.c -gstabs3 -O3 (test for excess errors)
UNRESOLVED: gcc.dg/debug/pr36690-1.c -gstabs3 -O3 compilation failed to
produce executable
FAIL: gcc.dg/debug/pr36690-1.c -gstabs+1 (test for excess errors)
UNRESOLVED: gcc.dg/debug/pr36690-1.c -gstabs+1 compilation failed to
produce executable
FAIL: gcc.dg/debug/pr36690-1.c -gstabs+1 -O (test for excess errors)
UNRESOLVED: gcc.dg/debug/pr36690-1.c -gstabs+1 -O compilation failed to
produce executable
FAIL: gcc.dg/debug/pr36690-1.c -gstabs+1 -O3 (test for excess errors)
UNRESOLVED: gcc.dg/debug/pr36690-1.c -gstabs+1 -O3 compilation failed to
produce executable
FAIL: gcc.dg/debug/pr36690-1.c -gstabs+ (test for excess errors)
UNRESOLVED: gcc.dg/debug/pr36690-1.c -gstabs+ compilation failed to
produce executable
FAIL: gcc.dg/debug/pr36690-1.c -gstabs+ -O (test for excess errors)
UNRESOLVED: gcc.dg/debug/pr36690-1.c -gstabs+ -O compilation failed to
produce executable
FAIL: gcc.dg/debug/pr36690-1.c -gstabs+ -O3 (test for excess errors)
UNRESOLVED: gcc.dg/debug/pr36690-1.c -gstabs+ -O3 compilation failed to
produce executable
FAIL: gcc.dg/debug/pr36690-1.c -gstabs+3 (test for excess errors)
UNRESOLVED: gcc.dg/debug/pr36690-1.c -gstabs+3 compilation failed to
produce executable
FAIL: gcc.dg/debug/pr36690-1.c -gstabs+3 -O (test for excess errors)
UNRESOLVED: gcc.dg/debug/pr36690-1.c -gstabs+3 -O compilation failed to
produce executable
FAIL: gcc.dg/debug/pr36690-1.c -gstabs+3 -O3 (test for excess errors)
UNRESOLVED: gcc.dg/debug/pr36690-1.c -gstabs+3 -O3 compilation failed to
produce executable
FAIL: gcc.dg/debug/pr36690-2.c -gstabs1 (test for excess errors)
UNRESOLVED: gcc.dg/debug/pr36690-2.c -gstabs1 compilation failed to
produce executable
FAIL: gcc.dg/debug/pr36690-2.c -gstabs1 -O (test for excess errors)
UNRESOLVED: gcc.dg/debug/pr36690-2.c -gstabs1 -O compilation failed to
produce executable
FAIL: gcc.dg/debug/pr36690-2.c -gstabs1 -O3 (test for excess errors)
UNRESOLVED: gcc.dg/debug/pr36690-2.c -gstabs1 -O3 compilation failed to
produce executable
FAIL: gcc.dg/debug/pr36690-2.c -gstabs (test for excess errors)
UNRESOLVED: gcc.dg/debug/pr36690-2.c -gstabs compilation failed to
produce executable
FAIL: gcc.dg/debug/pr36690-2.c -gstabs -O (test for excess errors)
UNRESOLVED: gcc.dg/debug/pr36690-2.c -gstabs -O compilation failed to
produce executable
FAIL: gcc.dg/debug/pr36690-2.c -gstabs -O3 (test for excess errors)
UNRESOLVED: gcc.dg/debug/pr36690-2.c -gstabs -O3 compilation failed to
produce executable
FAIL: gcc.dg/debug/pr36690-2.c -gstabs3 (test for excess errors)
UNRESOLVED: gcc.dg/debug/pr36690-2.c -gstabs3 compilation failed to
produce executable
FAIL: gcc.dg/debug/pr36690-2.c -gstabs3 -O (test for excess errors)
UNRESOLVED: gcc.dg/debug/pr36690-2.c -gstabs3 -O compilation failed to
produce executable
FAIL: gcc.dg/debug/pr36690-2.c -gstabs3 -O3 (test for excess errors)
UNRESOLVED: gcc.dg/debug/pr36690-2.c -gstabs3 -O3 compilation failed to
produce executable
FAIL: gcc.dg/debug/pr36690-2.c -gstabs+1 (test for excess errors)
UNRESOLVED: gcc.dg/debug/pr36690-2.c -gstabs+1 compilation failed to
produce executable
FAIL: gcc.dg/debug/pr36690-2.c -gstabs+1 -O (test for excess errors)
UNRESOLVED: gcc.dg/debug/pr36690-2.c -gstabs+1 -O compilation failed to
produce executable
FAIL: gcc.dg/debug/pr36690-2.c -gstabs+1 -O3 (test for excess errors)
UNRESOLVED: gcc.dg/debug/pr36690-2.c -gstabs+1 -O3 compilation failed to
produce executable
FAIL: gcc.dg/debug/pr36690-2.c -gstabs+ (test for excess errors)
UNRESOLVED: gcc.dg/debug/pr36690-2.c -gstabs+ compilation failed to
produce executable
FAIL: gcc.dg/debug/pr36690-2.c -gstabs+ -O (test for excess errors)
UNRESOLVED: gcc.dg/debug/pr36690-2.c -gstabs+ -O compilation failed to
produce executable
FAIL: gcc.dg/debug/pr36690-2.c -gstabs+ -O3 (test for excess errors)
UNRESOLVED: gcc.dg/debug/pr36690-2.c -gstabs+ -O3 compilation failed to
produce executable
FAIL: gcc.dg/debug/pr36690-2.c -gstabs+3 (test for excess errors)
UNRESOLVED: gcc.dg/debug/pr36690-2.c -gstabs+3 compilation failed to
produce executable
FAIL: gcc.dg/debug/pr36690-2.c -gstabs+3 -O (test for excess errors)
UNRESOLVED: gcc.dg/debug/pr36690-2.c -gstabs+3 -O compilation failed to
produce executable
FAIL: gcc.dg/debug/pr36690-2.c -gstabs+3 -O3 (test for excess errors)
UNRESOLVED: gcc.dg/debug/pr36690-2.c -gstabs+3 -O3 compilation failed to
produce executable
FAIL: gcc.dg/debug/pr36690-3.c -gstabs1 (test for excess errors)
UNRESOLVED: gcc.dg/debug/pr36690-3.c -gstabs1 compilation failed to
produce executable
FAIL: gcc.dg/debug/pr36690-3.c -gstabs1 -O (test for excess errors)
UNRESOLVED: gcc.dg/debug/pr36690-3.c -gstabs1 -O compilation failed to
produce executable
FAIL: gcc.dg/debug/pr36690-3.c -gstabs1 -O3 (test for excess errors)
UNRESOLVED: gcc.dg/debug/pr36690-3.c -gstabs1 -O3 compilation failed to
produce executable
FAIL: gcc.dg/debug/pr36690-3.c -gstabs (test for excess errors)
UNRESOLVED: gcc.dg/debug/pr36690-3.c -gstabs compilation failed to
produce executable
FAIL: gcc.dg/debug/pr36690-3.c -gstabs -O (test for excess errors)
UNRESOLVED: gcc.dg/debug/pr36690-3.c -gstabs -O compilation failed to
produce executable
FAIL: gcc.dg/debug/pr36690-3.c -gstabs -O3 (test for excess errors)
UNRESOLVED: gcc.dg/debug/pr36690-3.c -gstabs -O3 compilation failed to
produce executable
FAIL: gcc.dg/debug/pr36690-3.c -gstabs3 (test for excess errors)
UNRESOLVED: gcc.dg/debug/pr36690-3.c -gstabs3 compilation failed to
produce executable
FAIL: gcc.dg/debug/pr36690-3.c -gstabs3 -O (test for excess errors)
UNRESOLVED: gcc.dg/debug/pr36690-3.c -gstabs3 -O compilation failed to
produce executable
FAIL: gcc.dg/debug/pr36690-3.c -gstabs3 -O3 (test for excess errors)
UNRESOLVED: gcc.dg/debug/pr36690-3.c -gstabs3 -O3 compilation failed to
produce executable
FAIL: gcc.dg/debug/pr36690-3.c -gstabs+1 (test for excess errors)
UNRESOLVED: gcc.dg/debug/pr36690-3.c -gstabs+1 compilation failed to
produce executable
FAIL: gcc.dg/debug/pr36690-3.c -gstabs+1 -O (test for excess errors)
UNRESOLVED: gcc.dg/debug/pr36690-3.c -gstabs+1 -O compilation failed to
produce executable
FAIL: gcc.dg/debug/pr36690-3.c -gstabs+1 -O3 (test for excess errors)
UNRESOLVED: gcc.dg/debug/pr36690-3.c -gstabs+1 -O3 compilation failed to
produce executable
FAIL: gcc.dg/debug/pr36690-3.c -gstabs+ (test for excess errors)
UNRESOLVED: gcc.dg/debug/pr36690-3.c -gstabs+ compilation failed to
produce executable
FAIL: gcc.dg/debug/pr36690-3.c -gstabs+ -O (test for excess errors)
UNRESOLVED: gcc.dg/debug/pr36690-3.c -gstabs+ -O compilation failed to
produce executable
FAIL: gcc.dg/debug/pr36690-3.c -gstabs+ -O3 (test for excess errors)
UNRESOLVED: gcc.dg/debug/pr36690-3.c -gstabs+ -O3 compilation failed to
produce executable
FAIL: gcc.dg/debug/pr36690-3.c -gstabs+3 (test for excess errors)
UNRESOLVED: gcc.dg/debug/pr36690-3.c -gstabs+3 compilation failed to
produce executable
FAIL: gcc.dg/debug/pr36690-3.c -gstabs+3 -O (test for excess errors)
UNRESOLVED: gcc.dg/debug/pr36690-3.c -gstabs+3 -O compilation failed to
produce executable
FAIL: gcc.dg/debug/pr36690-3.c -gstabs+3 -O3 (test for excess errors)
UNRESOLVED: gcc.dg/debug/pr36690-3.c -gstabs+3 -O3 compilation failed to
produce executable
FAIL: gcc.dg/debug/pr37616.c -gstabs1 (test for excess errors)
UNRESOLVED: gcc.dg/debug/pr37616.c -gstabs1 compilation failed to
produce executable
FAIL: gcc.dg/debug/pr37616.c -gstabs1 -O (test for excess errors)
UNRESOLVED: gcc.dg/debug/pr37616.c -gstabs1 -O compilation failed to
produce executable
FAIL: gcc.dg/debug/pr37616.c -gstabs1 -O3 (test for excess errors)
UNRESOLVED: gcc.dg/debug/pr37616.c -gstabs1 -O3 compilation failed to
produce executable
FAIL: gcc.dg/debug/pr37616.c -gstabs (test for excess errors)
UNRESOLVED: gcc.dg/debug/pr37616.c -gstabs compilation failed to produce
executable
FAIL: gcc.dg/debug/pr37616.c -gstabs -O (test for excess errors)
UNRESOLVED: gcc.dg/debug/pr37616.c -gstabs -O compilation failed to
produce executable
FAIL: gcc.dg/debug/pr37616.c -gstabs -O3 (test for excess errors)
UNRESOLVED: gcc.dg/debug/pr37616.c -gstabs -O3 compilation failed to
produce executable
FAIL: gcc.dg/debug/pr37616.c -gstabs3 (test for excess errors)
UNRESOLVED: gcc.dg/debug/pr37616.c -gstabs3 compilation failed to
produce executable
FAIL: gcc.dg/debug/pr37616.c -gstabs3 -O (test for excess errors)
UNRESOLVED: gcc.dg/debug/pr37616.c -gstabs3 -O compilation failed to
produce executable
FAIL: gcc.dg/debug/pr37616.c -gstabs3 -O3 (test for excess errors)
UNRESOLVED: gcc.dg/debug/pr37616.c -gstabs3 -O3 compilation failed to
produce executable
FAIL: gcc.dg/debug/pr37616.c -gstabs+1 (test for excess errors)
UNRESOLVED: gcc.dg/debug/pr37616.c -gstabs+1 compilation failed to
produce executable
FAIL: gcc.dg/debug/pr37616.c -gstabs+1 -O (test for excess errors)
UNRESOLVED: gcc.dg/debug/pr37616.c -gstabs+1 -O compilation failed to
produce executable
FAIL: gcc.dg/debug/pr37616.c -gstabs+1 -O3 (test for excess errors)
UNRESOLVED: gcc.dg/debug/pr37616.c -gstabs+1 -O3 compilation failed to
produce executable
FAIL: gcc.dg/debug/pr37616.c -gstabs+ (test for excess errors)
UNRESOLVED: gcc.dg/debug/pr37616.c -gstabs+ compilation failed to
produce executable
FAIL: gcc.dg/debug/pr37616.c -gstabs+ -O (test for excess errors)
UNRESOLVED: gcc.dg/debug/pr37616.c -gstabs+ -O compilation failed to
produce executable
FAIL: gcc.dg/debug/pr37616.c -gstabs+ -O3 (test for excess errors)
UNRESOLVED: gcc.dg/debug/pr37616.c -gstabs+ -O3 compilation failed to
produce executable
FAIL: gcc.dg/debug/pr37616.c -gstabs+3 (test for excess errors)
UNRESOLVED: gcc.dg/debug/pr37616.c -gstabs+3 compilation failed to
produce executable
FAIL: gcc.dg/debug/pr37616.c -gstabs+3 -O (test for excess errors)
UNRESOLVED: gcc.dg/debug/pr37616.c -gstabs+3 -O compilation failed to
produce executable
FAIL: gcc.dg/debug/pr37616.c -gstabs+3 -O3 (test for excess errors)
UNRESOLVED: gcc.dg/debug/pr37616.c -gstabs+3 -O3 compilation failed to
produce executable
FAIL: gcc.dg/debug/pr41893-1.c -gstabs1 (test for excess errors)
FAIL: gcc.dg/debug/pr41893-1.c -gstabs1 -O (test for excess errors)
FAIL: gcc.dg/debug/pr41893-1.c -gstabs1 -O3 (test for excess errors)
FAIL: gcc.dg/debug/pr41893-1.c -gstabs (test for excess errors)
FAIL: gcc.dg/debug/pr41893-1.c -gstabs -O (test for excess errors)
FAIL: gcc.dg/debug/pr41893-1.c -gstabs -O3 (test for excess errors)
FAIL: gcc.dg/debug/pr41893-1.c -gstabs3 (test for excess errors)
FAIL: gcc.dg/debug/pr41893-1.c -gstabs3 -O (test for excess errors)
FAIL: gcc.dg/debug/pr41893-1.c -gstabs3 -O3 (test for excess errors)
FAIL: gcc.dg/debug/pr41893-1.c -gstabs+1 (test for excess errors)
FAIL: gcc.dg/debug/pr41893-1.c -gstabs+1 -O (test for excess errors)
FAIL: gcc.dg/debug/pr41893-1.c -gstabs+1 -O3 (test for excess errors)
FAIL: gcc.dg/debug/pr41893-1.c -gstabs+ (test for excess errors)
FAIL: gcc.dg/debug/pr41893-1.c -gstabs+ -O (test for excess errors)
FAIL: gcc.dg/debug/pr41893-1.c -gstabs+ -O3 (test for excess errors)
FAIL: gcc.dg/debug/pr41893-1.c -gstabs+3 (test for excess errors)
FAIL: gcc.dg/debug/pr41893-1.c -gstabs+3 -O (test for excess errors)
FAIL: gcc.dg/debug/pr41893-1.c -gstabs+3 -O3 (test for excess errors)
FAIL: gcc.dg/debug/pr49032.c -gstabs1 (test for excess errors)
FAIL: gcc.dg/debug/pr49032.c -gstabs1 -O (test for excess errors)
FAIL: gcc.dg/debug/pr49032.c -gstabs1 -O3 (test for excess errors)
FAIL: gcc.dg/debug/pr49032.c -gstabs (test for excess errors)
FAIL: gcc.dg/debug/pr49032.c -gstabs -O (test for excess errors)
FAIL: gcc.dg/debug/pr49032.c -gstabs -O3 (test for excess errors)
FAIL: gcc.dg/debug/pr49032.c -gstabs3 (test for excess errors)
FAIL: gcc.dg/debug/pr49032.c -gstabs3 -O (test for excess errors)
FAIL: gcc.dg/debug/pr49032.c -gstabs3 -O3 (test for excess errors)
FAIL: gcc.dg/debug/pr49032.c -gstabs+1 (test for excess errors)
FAIL: gcc.dg/debug/pr49032.c -gstabs+1 -O (test for excess errors)
FAIL: gcc.dg/debug/pr49032.c -gstabs+1 -O3 (test for excess errors)
FAIL: gcc.dg/debug/pr49032.c -gstabs+ (test for excess errors)
FAIL: gcc.dg/debug/pr49032.c -gstabs+ -O (test for excess errors)
FAIL: gcc.dg/debug/pr49032.c -gstabs+ -O3 (test for excess errors)
FAIL: gcc.dg/debug/pr49032.c -gstabs+3 (test for excess errors)
FAIL: gcc.dg/debug/pr49032.c -gstabs+3 -O (test for excess errors)
FAIL: gcc.dg/debug/pr49032.c -gstabs+3 -O3 (test for excess errors)
FAIL: gcc.dg/anon-struct-1.c (test for warnings, line 9)
FAIL: gcc.dg/anon-struct-1.c (test for warnings, line 16)
FAIL: gcc.dg/anon-struct-1.c (test for warnings, line 32)
FAIL: gcc.dg/anon-struct-1.c (test for excess errors)
FAIL: gcc.dg/anon-struct-11.c (test for warnings, line 18)
FAIL: gcc.dg/anon-struct-11.c (test for errors, line 37)
FAIL: gcc.dg/anon-struct-11.c (test for warnings, line 50)
FAIL: gcc.dg/anon-struct-11.c (test for warnings, line 53)
FAIL: gcc.dg/anon-struct-11.c (test for errors, line 88)
FAIL: gcc.dg/anon-struct-11.c (test for errors, line 90)
FAIL: gcc.dg/anon-struct-2.c (test for warnings, line 9)
FAIL: gcc.dg/anon-struct-2.c (test for warnings, line 16)
FAIL: gcc.dg/anon-struct-2.c (test for warnings, line 32)
FAIL: gcc.dg/anon-struct-2.c (test for excess errors)
FAIL: gcc.dg/attr-weakref-1.c (test for excess errors)
UNRESOLVED: gcc.dg/attr-weakref-1.c compilation failed to produce executable
FAIL: gcc.dg/c11-anon-struct-2.c (test for errors, line 14)
FAIL: gcc.dg/c11-anon-struct-2.c (test for errors, line 20)
FAIL: gcc.dg/c11-anon-struct-2.c (test for errors, line 41)
FAIL: gcc.dg/c11-anon-struct-3.c (test for errors, line 19)
FAIL: gcc.dg/c11-anon-struct-3.c (test for errors, line 29)
FAIL: gcc.dg/c99-predef-1.c (test for excess errors)
XPASS: gcc.dg/dll-10.c (test for excess errors)
XPASS: gcc.dg/dll-9.c (test for excess errors)
FAIL: gcc.dg/fstack-protector-strong.c scan-assembler-times
stack_chk_fail 10
FAIL: gcc.dg/ira-shrinkwrap-prep-1.c scan-rtl-dump pro_and_epilogue
"Performing shrink-wrapping"
FAIL: gcc.dg/ira-shrinkwrap-prep-2.c scan-rtl-dump pro_and_epilogue
"Performing shrink-wrapping"
FAIL: gcc.dg/pr10474.c scan-rtl-dump pro_and_epilogue "Performing
shrink-wrapping"
FAIL: gcc.dg/pr24683.c (internal compiler error)
FAIL: gcc.dg/pr24683.c (test for excess errors)
FAIL: gcc.dg/pr44194-1.c scan-rtl-dump dse1 "global deletions = (2|3)"
FAIL: gcc.dg/pr50251.c (test for excess errors)
FAIL: gcc.dg/stack-usage-1.c scan-file foo\\t(256|264)\\tstatic
FAIL: gcc.dg/trampoline-1.c execution test
WARNING: program timed out.
FAIL: gcc.dg/torture/pr53922.c -O0 (test for excess errors)
UNRESOLVED: gcc.dg/torture/pr53922.c -O0 compilation failed to produce
executable
FAIL: gcc.dg/torture/pr53922.c -O1 (test for excess errors)
UNRESOLVED: gcc.dg/torture/pr53922.c -O1 compilation failed to produce
executable
FAIL: gcc.dg/torture/pr53922.c -O2 (test for excess errors)
UNRESOLVED: gcc.dg/torture/pr53922.c -O2 compilation failed to produce
executable
FAIL: gcc.dg/torture/pr53922.c -O3 -fomit-frame-pointer (test for
excess errors)
UNRESOLVED: gcc.dg/torture/pr53922.c -O3 -fomit-frame-pointer
compilation failed to produce executable
FAIL: gcc.dg/torture/pr53922.c -O3 -g (test for excess errors)
UNRESOLVED: gcc.dg/torture/pr53922.c -O3 -g compilation failed to
produce executable
FAIL: gcc.dg/torture/pr53922.c -Os (test for excess errors)
UNRESOLVED: gcc.dg/torture/pr53922.c -Os compilation failed to produce
executable
FAIL: gcc.dg/torture/pr53922.c -O2 -flto -fno-use-linker-plugin
-flto-partition=none (test for excess errors)
UNRESOLVED: gcc.dg/torture/pr53922.c -O2 -flto -fno-use-linker-plugin
-flto-partition=none compilation failed to produce executable
FAIL: gcc.dg/torture/pr53922.c -O2 -flto -fuse-linker-plugin
-fno-fat-lto-objects (test for excess errors)
UNRESOLVED: gcc.dg/torture/pr53922.c -O2 -flto -fuse-linker-plugin
-fno-fat-lto-objects compilation failed to produce executable
FAIL: gcc.dg/torture/pr59330.c -O2 -flto -fuse-linker-plugin
-fno-fat-lto-objects (test for excess errors)
UNRESOLVED: gcc.dg/torture/pr59330.c -O2 -flto -fuse-linker-plugin
-fno-fat-lto-objects compilation failed to produce executable
FAIL: gcc.dg/torture/stackalign/nested-5.c -O0 execution test
FAIL: gcc.dg/torture/stackalign/nested-5.c -O0 -fpic execution test
FAIL: gcc.dg/torture/stackalign/nested-5.c -O1 execution test
FAIL: gcc.dg/torture/stackalign/nested-5.c -O1 -fpic execution test
FAIL: gcc.dg/torture/stackalign/nested-5.c -O2 execution test
FAIL: gcc.dg/torture/stackalign/nested-5.c -O2 -fpic execution test
FAIL: gcc.dg/torture/stackalign/nested-5.c -O3 -fomit-frame-pointer
execution test
FAIL: gcc.dg/torture/stackalign/nested-5.c -O3 -fomit-frame-pointer
-fpic execution test
FAIL: gcc.dg/torture/stackalign/nested-5.c -O3 -g execution test
FAIL: gcc.dg/torture/stackalign/nested-5.c -O3 -g -fpic execution test
FAIL: gcc.dg/torture/stackalign/nested-5.c -Os execution test
FAIL: gcc.dg/torture/stackalign/nested-5.c -Os -fpic execution test
FAIL: gcc.dg/torture/stackalign/nested-5.c -O2 -flto
-fno-use-linker-plugin -flto-partition=none execution test
FAIL: gcc.dg/torture/stackalign/nested-5.c -O2 -flto
-fno-use-linker-plugin -flto-partition=none -fpic execution test
FAIL: gcc.dg/torture/stackalign/nested-5.c -O2 -flto
-fuse-linker-plugin -fno-fat-lto-objects execution test
FAIL: gcc.dg/torture/stackalign/nested-5.c -O2 -flto
-fuse-linker-plugin -fno-fat-lto-objects -fpic execution test
FAIL: gcc.dg/torture/stackalign/nested-6.c -O0 execution test
FAIL: gcc.dg/torture/stackalign/nested-6.c -O0 -fpic execution test
FAIL: gcc.dg/torture/stackalign/nested-6.c -O1 execution test
FAIL: gcc.dg/torture/stackalign/nested-6.c -O1 -fpic execution test
FAIL: gcc.dg/torture/stackalign/nested-6.c -O2 execution test
FAIL: gcc.dg/torture/stackalign/nested-6.c -O2 -fpic execution test
FAIL: gcc.dg/torture/stackalign/nested-6.c -O3 -fomit-frame-pointer
execution test
FAIL: gcc.dg/torture/stackalign/nested-6.c -O3 -fomit-frame-pointer
-fpic execution test
FAIL: gcc.dg/torture/stackalign/nested-6.c -O3 -g execution test
FAIL: gcc.dg/torture/stackalign/nested-6.c -O3 -g -fpic execution test
FAIL: gcc.dg/torture/stackalign/nested-6.c -Os execution test
FAIL: gcc.dg/torture/stackalign/nested-6.c -Os -fpic execution test
FAIL: gcc.dg/torture/stackalign/nested-6.c -O2 -flto
-fno-use-linker-plugin -flto-partition=none execution test
FAIL: gcc.dg/torture/stackalign/nested-6.c -O2 -flto
-fno-use-linker-plugin -flto-partition=none -fpic execution test
FAIL: gcc.dg/torture/stackalign/nested-6.c -O2 -flto
-fuse-linker-plugin -fno-fat-lto-objects execution test
FAIL: gcc.dg/torture/stackalign/nested-6.c -O2 -flto
-fuse-linker-plugin -fno-fat-lto-objects -fpic execution test
FAIL: gcc.dg/vect/vect-ivdep-1.c (test for warnings, line )
FAIL: gcc.dg/vect/vect-ivdep-1.c (test for excess errors)
FAIL: gcc.dg/vect/vect-ivdep-2.c (test for warnings, line )
FAIL: gcc.dg/vect/vect-ivdep-2.c (test for excess errors)
FAIL: gcc.dg/vect/vect-ivdep-1.c -flto -ffat-lto-objects (test for
warnings, line )
FAIL: gcc.dg/vect/vect-ivdep-1.c -flto -ffat-lto-objects (test for
excess errors)
FAIL: gcc.dg/vect/vect-ivdep-2.c -flto -ffat-lto-objects (test for
warnings, line )
FAIL: gcc.dg/vect/vect-ivdep-2.c -flto -ffat-lto-objects (test for
excess errors)
FAIL: gcc.target/i386/abi-2.c scan-assembler-times ymm0 1
FAIL: gcc.target/i386/align-main-1.c (test for excess errors)
UNRESOLVED: gcc.target/i386/align-main-1.c scan-assembler and[lq]?[\\\\t
]*\\\\\$-128,[\\\\t ]*%[re]?sp
UNRESOLVED: gcc.target/i386/align-main-1.c scan-assembler-not
and[lq]?[\\\\t ]*\\\\\$-64,[\\\\t ]*%[re]?sp
FAIL: gcc.target/i386/align-main-2.c (test for excess errors)
UNRESOLVED: gcc.target/i386/align-main-2.c scan-assembler and[lq]?[\\\\t
]*\\\\\$-64,[\\\\t ]*%[re]?sp
UNRESOLVED: gcc.target/i386/align-main-2.c scan-assembler-not
and[lq]?[\\\\t ]*\\\\\$-128,[\\\\t ]*%[re]?sp
FAIL: gcc.target/i386/amd64-abi-1.c (test for errors, line 5)
FAIL: gcc.target/i386/amd64-abi-2.c (test for errors, line 6)
FAIL: gcc.target/i386/amd64-abi-3.c scan-assembler subq[\\\\t
]*\\\\\$88,[\\\\t ]*%rsp
FAIL: gcc.target/i386/avx-1.c (internal compiler error)
FAIL: gcc.target/i386/avx-1.c (test for excess errors)
FAIL: gcc.target/i386/avx-extract-1.c execution test
FAIL: gcc.target/i386/avx-vzeroupper-3.c execution test
FAIL: gcc.target/i386/avx-vzeroupper-4.c scan-assembler-not avx_vzeroupper
FAIL: gcc.target/i386/avx-vzeroupper-5.c scan-assembler-times
avx_vzeroupper 1
FAIL: gcc.target/i386/avx2-i32gatherpd256-4.c execution test
FAIL: gcc.target/i386/avx512f-ceil-sfix-vec-2.c scan-assembler
vrndscalepd[^\\n]*zmm[0-9]
FAIL: gcc.target/i386/avx512f-ceil-sfix-vec-2.c scan-assembler
vcvttpd2dq[^\\n]*zmm[0-9]
FAIL: gcc.target/i386/avx512f-floor-sfix-vec-2.c scan-assembler
vrndscalepd[^\\n]*zmm[0-9]
FAIL: gcc.target/i386/avx512f-floor-sfix-vec-2.c scan-assembler
vcvttpd2dq[^\\n]*zmm[0-9]
FAIL: gcc.target/i386/avx512f-gather-5.c scan-assembler gather[^\\n]*zmm
FAIL: gcc.target/i386/avx512f-vec-init.c scan-assembler-times vmovdqa64[
\\\\t]+%zmm 2
FAIL: gcc.target/i386/avx512f-vpermi2d-2.c (test for excess errors)
UNRESOLVED: gcc.target/i386/avx512f-vpermi2d-2.c compilation failed to
produce executable
FAIL: gcc.target/i386/avx512f-vpermi2pd-2.c (test for excess errors)
UNRESOLVED: gcc.target/i386/avx512f-vpermi2pd-2.c compilation failed to
produce executable
FAIL: gcc.target/i386/avx512f-vpermi2ps-2.c (test for excess errors)
UNRESOLVED: gcc.target/i386/avx512f-vpermi2ps-2.c compilation failed to
produce executable
FAIL: gcc.target/i386/avx512f-vpermi2q-2.c (test for excess errors)
UNRESOLVED: gcc.target/i386/avx512f-vpermi2q-2.c compilation failed to
produce executable
FAIL: gcc.target/i386/avx512f-vpermt2d-2.c (test for excess errors)
UNRESOLVED: gcc.target/i386/avx512f-vpermt2d-2.c compilation failed to
produce executable
FAIL: gcc.target/i386/avx512f-vpermt2pd-2.c (test for excess errors)
UNRESOLVED: gcc.target/i386/avx512f-vpermt2pd-2.c compilation failed to
produce executable
FAIL: gcc.target/i386/avx512f-vpermt2ps-2.c (test for excess errors)
UNRESOLVED: gcc.target/i386/avx512f-vpermt2ps-2.c compilation failed to
produce executable
FAIL: gcc.target/i386/avx512f-vpermt2q-2.c (test for excess errors)
UNRESOLVED: gcc.target/i386/avx512f-vpermt2q-2.c compilation failed to
produce executable
FAIL: gcc.target/i386/m256-1.c execution test
FAIL: gcc.target/i386/m256-2.c execution test
FAIL: gcc.target/i386/memcpy-strategy-3.c scan-assembler-times memcpy 2
FAIL: gcc.target/i386/memset-strategy-1.c scan-assembler-times memset 2
FAIL: gcc.target/i386/merge-1.c scan-assembler-times movsd 1
FAIL: gcc.target/i386/movti.c scan-assembler-not movabs
FAIL: gcc.target/i386/pad-1.c scan-assembler rep
FAIL: gcc.target/i386/pad-2.c scan-assembler-times nop 8
FAIL: gcc.target/i386/pad-5b.c scan-assembler-times nop 4
FAIL: gcc.target/i386/pad-6b.c scan-assembler-times nop 6
FAIL: gcc.target/i386/pad-8.c scan-assembler-times nop 6
FAIL: gcc.target/i386/pad-9.c scan-assembler-times nop 4
FAIL: gcc.target/i386/pr20020-1.c scan-rtl-dump expand "\\\\(set
\\\\(reg:TI [0-9]* \\\\[ <retval> \\\\]\\\\)"
FAIL: gcc.target/i386/pr20020-1.c scan-rtl-dump expand "\\\\(set
\\\\(reg/i:TI 0 ax\\\\)"
FAIL: gcc.target/i386/pr20020-2.c scan-rtl-dump expand "\\\\(set
\\\\(reg:TI [0-9]*"
FAIL: gcc.target/i386/pr22152.c scan-assembler-times movq[
\\\\t]+[^\\n]*%mm 1
FAIL: gcc.target/i386/pr25993.c (test for excess errors)
FAIL: gcc.target/i386/pr34256.c scan-assembler-times mov 4
FAIL: gcc.target/i386/pr35767-4.c scan-assembler movdqa
FAIL: gcc.target/i386/pr39082-1.c (test for warnings, line 16)
FAIL: gcc.target/i386/pr39162.c (test for warnings, line 11)
FAIL: gcc.target/i386/pr39315-3.c scan-assembler and[lq]?[\\\\t
]*\\\\\$-128,[\\\\t ]*%[re]?sp
FAIL: gcc.target/i386/pr39545-1.c (test for warnings, line 20)
FAIL: gcc.target/i386/pr39545-2.c (test for warnings, line 14)
FAIL: gcc.target/i386/pr39678.c (test for warnings, line 13)
FAIL: gcc.target/i386/pr44130.c scan-assembler and[lq]?[\\\\t
]*\\\\\$-32,[\\\\t ]*%[re]?sp
FAIL: gcc.target/i386/pr44130.c scan-assembler vmovaps[\\\\t ]*%ymm
FAIL: gcc.target/i386/pr45336-1.c scan-assembler pextrd
FAIL: gcc.target/i386/pr45336-2.c scan-assembler pextrd
FAIL: gcc.target/i386/pr45336-3.c scan-assembler pextrb
FAIL: gcc.target/i386/pr45336-3.c scan-assembler pextrw
FAIL: gcc.target/i386/pr45336-3.c scan-assembler pextrd
FAIL: gcc.target/i386/pr45336-4.c scan-assembler pextrb
FAIL: gcc.target/i386/pr45336-4.c scan-assembler pextrw
FAIL: gcc.target/i386/pr45336-4.c scan-assembler pextrd
FAIL: gcc.target/i386/pr46295.c scan-assembler-times avx_vzeroupper 1
FAIL: gcc.target/i386/pr46470.c scan-assembler-not sp
FAIL: gcc.target/i386/pr53425-1.c (test for warnings, line 14)
FAIL: gcc.target/i386/pr53425-2.c (test for warnings, line 14)
FAIL: gcc.target/i386/pr55093.c (internal compiler error)
FAIL: gcc.target/i386/pr55093.c (test for excess errors)
FAIL: gcc.target/i386/pr57655.c (test for errors, line 8)
FAIL: gcc.target/i386/pr59021.c scan-assembler-not vzeroupper
FAIL: gcc.target/i386/pr59501-1.c (test for excess errors)
FAIL: gcc.target/i386/pr59501-1.c execution test
FAIL: gcc.target/i386/pr59501-1a.c (test for excess errors)
FAIL: gcc.target/i386/pr59501-1a.c scan-assembler-not r10
FAIL: gcc.target/i386/pr59501-2.c execution test
FAIL: gcc.target/i386/pr59501-2a.c scan-assembler-not r10
FAIL: gcc.target/i386/pr59501-3.c (test for excess errors)
FAIL: gcc.target/i386/pr59501-3.c execution test
FAIL: gcc.target/i386/pr59501-3a.c (test for excess errors)
FAIL: gcc.target/i386/pr59501-4.c execution test
XPASS: gcc.target/i386/pr59501-4a.c scan-assembler-not and[^\\n\\r]*sp
FAIL: gcc.target/i386/pr59501-5.c (test for excess errors)
FAIL: gcc.target/i386/pr59501-5.c execution test
FAIL: gcc.target/i386/pr59501-6.c execution test
FAIL: gcc.target/i386/pr59644.c execution test
FAIL: gcc.target/i386/pr59794-2.c (test for warnings, line 14)
FAIL: gcc.target/i386/pr59794-3.c (test for warnings, line 14)
FAIL: gcc.target/i386/pr59794-6.c (test for errors, line 12)
FAIL: gcc.target/i386/pr59929.c (test for excess errors)
FAIL: gcc.target/i386/pr60205-1.c (test for warnings, line 14)
FAIL: gcc.target/i386/sse-23.c (internal compiler error)
FAIL: gcc.target/i386/sse-23.c (test for excess errors)
FAIL: gcc.target/i386/sse-24.c (internal compiler error)
FAIL: gcc.target/i386/sse-24.c (test for excess errors)
FAIL: gcc.target/i386/sw-1.c scan-rtl-dump pro_and_epilogue "Performing
shrink-wrapping"
FAIL: gcc.target/i386/vararg-10.c execution test
FAIL: gcc.target/i386/vararg-5.c execution test
FAIL: gcc.target/i386/vararg-6.c execution test
FAIL: gcc.target/i386/vararg-9.c execution test
=== gcc Summary ===
# of expected passes 65792
# of unexpected failures 208
# of unexpected successes 3
# of expected failures 199
# of untested testcases 180
# of unresolved testcases 22
# of unsupported tests 1113
=== gfortran tests ===
Running target unix
FAIL: gfortran.dg/bind_c_array_params_2.f90 -O scan-assembler-times
myBindC 1
XPASS: gfortran.dg/default_format_denormal_1.f90 -O0 execution test
XPASS: gfortran.dg/default_format_denormal_1.f90 -O1 execution test
XPASS: gfortran.dg/default_format_denormal_1.f90 -O2 execution test
XPASS: gfortran.dg/default_format_denormal_1.f90 -O3
-fomit-frame-pointer execution test
XPASS: gfortran.dg/default_format_denormal_1.f90 -O3
-fomit-frame-pointer -funroll-loops execution test
XPASS: gfortran.dg/default_format_denormal_1.f90 -O3
-fomit-frame-pointer -funroll-all-loops -finline-functions execution test
XPASS: gfortran.dg/default_format_denormal_1.f90 -O3 -g execution test
XPASS: gfortran.dg/default_format_denormal_1.f90 -Os execution test
FAIL: gfortran.dg/internal_dummy_2.f08 -O0 execution test
FAIL: gfortran.dg/internal_dummy_2.f08 -O1 execution test
FAIL: gfortran.dg/internal_dummy_2.f08 -O2 execution test
FAIL: gfortran.dg/internal_dummy_2.f08 -O3 -fomit-frame-pointer
execution test
FAIL: gfortran.dg/internal_dummy_2.f08 -O3 -fomit-frame-pointer
-funroll-loops execution test
FAIL: gfortran.dg/internal_dummy_2.f08 -O3 -fomit-frame-pointer
-funroll-all-loops -finline-functions execution test
FAIL: gfortran.dg/internal_dummy_2.f08 -O3 -g execution test
FAIL: gfortran.dg/internal_dummy_2.f08 -Os execution test
FAIL: gfortran.dg/internal_dummy_3.f08 -O0 execution test
FAIL: gfortran.dg/internal_dummy_3.f08 -O1 execution test
FAIL: gfortran.dg/internal_dummy_3.f08 -O2 execution test
FAIL: gfortran.dg/internal_dummy_3.f08 -O3 -fomit-frame-pointer
execution test
FAIL: gfortran.dg/internal_dummy_3.f08 -O3 -fomit-frame-pointer
-funroll-loops execution test
FAIL: gfortran.dg/internal_dummy_3.f08 -O3 -fomit-frame-pointer
-funroll-all-loops -finline-functions execution test
FAIL: gfortran.dg/internal_dummy_3.f08 -O3 -g execution test
FAIL: gfortran.dg/internal_dummy_3.f08 -Os execution test
FAIL: gfortran.dg/structure_constructor_11.f90 -O0 execution test
FAIL: gfortran.dg/structure_constructor_11.f90 -O1 execution test
FAIL: gfortran.dg/structure_constructor_11.f90 -O2 execution test
FAIL: gfortran.dg/structure_constructor_11.f90 -O3
-fomit-frame-pointer execution test
FAIL: gfortran.dg/structure_constructor_11.f90 -O3 -fomit-frame-pointer
-funroll-loops execution test
FAIL: gfortran.dg/structure_constructor_11.f90 -O3 -fomit-frame-pointer
-funroll-all-loops -finline-functions execution test
FAIL: gfortran.dg/structure_constructor_11.f90 -O3 -g execution test
FAIL: gfortran.dg/structure_constructor_11.f90 -Os execution test
=== gfortran Summary ===
# of expected passes 38896
# of unexpected failures 25
# of unexpected successes 8
# of expected failures 50
# of unsupported tests 267
/cygdrive/c/users/tim/tim/tim/src/gcc/cyg64/gcc/testsuite/gfortran/../../gfortran
version 4.10.0 20140415 (experimental) (GCC)
=== libgomp tests ===
Running target unix
=== libstdc++ tests ===
Running target unix
FAIL: 22_locale/ctype/scan/wchar_t/1.cc execution test
FAIL: 22_locale/num_get/get/char/10.cc execution test
FAIL: 22_locale/num_get/get/wchar_t/10.cc execution test
XPASS: 23_containers/array/element_access/at_neg.cc execution test
FAIL: ext/codecvt/wchar_t.cc execution test
=== libstdc++ Summary ===
# of expected passes 8909
# of unexpected failures 4
# of unexpected successes 1
# of expected failures 40
# of unsupported tests 690
Compiler version: 4.10.0 20140415 (experimental) (GCC)
Platform: x86_64-unknown-cygwin
configure flags: --prefix=/usr/local/gcc4.10 --enable-languages='c c++
fortran' --enable-libgomp --enable-threads=posix --disable-__cxa_atexit
--with-dwarf2 --without-libiconv-prefix --without-libintl-prefix
--with-system-zlib
--
Tim Prince