This is the mail archive of the gcc-testresults@gcc.gnu.org mailing list for the GCC project.


Index Nav: [Date Index] [Subject Index] [Author Index] [Thread Index]
Message Nav: [Date Prev] [Date Next] [Thread Prev] [Thread Next]
Other format: [Raw text]

Results for 4.9.0 20140411 (prerelease) (GCC) testsuite on hppa-unknown-linux-gnu


-- Build environment ----------------------------------------------------------
Distro:	los.git rootfs=c0c8 native=c0c8
Kernel:	Linux acidhouse 3.14.0-los_4ad5+ #1 Wed Apr 9 22:14:30 EEST 2014 parisc GNU/Linux
CPU:	processor	: 0
	cpu family	: PA-RISC 2.0
	cpu		: PA8700 (PCX-W2)
	cpu MHz		: 750.000000
	capabilities	: os32 os64 iopdir_fdc nva_supported (0x07)
	model		: 9000/785/C3700
	model name	: Allegro W2
	hversion	: 0x00005dc0
	sversion	: 0x00000481
	I-cache		: 768 KB
	D-cache		: 1536 KB (WB, direct mapped)
	ITLB entries	: 240
	DTLB entries	: 240 - shared with ITLB
	bogomips	: 1488.89
	software id	: 2002408626
-- Time consumed --------------------------------------------------------------
Build:	real	513m52.833s
	user	471m0.249s
	sys	40m51.297s
Test:   real	959m3.283s
	user	647m18.328s
	sys	303m0.882s
-------------------------------------------------------------------------------
LAST_UPDATED: Obtained from SVN: branches/gcc-4_9-branch revision 209307

Native configuration is hppa-unknown-linux-gnu

		=== g++ tests ===


Running target unix
FAIL: g++.dg/init/const9.C -std=c++98  scan-assembler-not rodata
FAIL: g++.dg/init/const9.C -std=c++11  scan-assembler-not rodata
FAIL: g++.dg/init/const9.C -std=c++1y  scan-assembler-not rodata

		=== g++ Summary ===

# of expected passes		79105
# of unexpected failures	3
# of expected failures		445
# of unsupported tests		3116
/home/aaro/gcctest/build/gcc/testsuite/g++/../../xg++  version 4.9.0 20140411 (prerelease) (GCC) 

		=== gcc tests ===


Running target unix
FAIL: gcc.dg/atomic/c11-atomic-exec-5.c  -O0  execution test
FAIL: gcc.dg/atomic/c11-atomic-exec-5.c  -O1  execution test
FAIL: gcc.dg/atomic/c11-atomic-exec-5.c  -O2  execution test
FAIL: gcc.dg/atomic/c11-atomic-exec-5.c  -O3 -fomit-frame-pointer  execution test
FAIL: gcc.dg/atomic/c11-atomic-exec-5.c  -O3 -fomit-frame-pointer -funroll-loops  execution test
FAIL: gcc.dg/atomic/c11-atomic-exec-5.c  -O3 -fomit-frame-pointer -funroll-all-loops -finline-functions  execution test
FAIL: gcc.dg/atomic/c11-atomic-exec-5.c  -O3 -g  execution test
FAIL: gcc.dg/atomic/c11-atomic-exec-5.c  -Os  execution test
FAIL: gcc.dg/atomic/c11-atomic-exec-5.c  -O2 -flto -fno-use-linker-plugin -flto-partition=none  execution test
FAIL: gcc.dg/atomic/c11-atomic-exec-5.c  -O2 -flto -fuse-linker-plugin -fno-fat-lto-objects  execution test
FAIL: gcc.dg/large-size-array-6.c (internal compiler error)
FAIL: gcc.dg/large-size-array-6.c  (test for errors, line 6)
FAIL: gcc.dg/large-size-array-6.c (test for excess errors)
XPASS: gcc.dg/tree-ssa/loop-1.c scan-assembler-times foo 5

		=== gcc Summary ===

# of expected passes		84729
# of unexpected failures	13
# of unexpected successes	1
# of expected failures		107
# of unsupported tests		1386
/home/aaro/gcctest/build/gcc/xgcc  version 4.9.0 20140411 (prerelease) (GCC) 

		=== libatomic tests ===


Running target unix

		=== libatomic Summary ===

# of expected passes		44
# of unsupported tests		5
		=== libgomp tests ===


Running target unix
WARNING: program timed out.
FAIL: libgomp.c/depend-3.c execution test

		=== libgomp Summary ===

# of expected passes		638
# of unexpected failures	1
# of unsupported tests		1
		=== libstdc++ tests ===


Running target unix
FAIL: 30_threads/thread/native_handle/cancel.cc execution test
FAIL: ext/random/hypergeometric_distribution/operators/serialize.cc execution test

		=== libstdc++ Summary ===

# of expected passes		8795
# of unexpected failures	2
# of expected failures		41
# of unsupported tests		691

Compiler version: 4.9.0 20140411 (prerelease) (GCC) 
Platform: hppa-unknown-linux-gnu
configure flags: --disable-nls --enable-languages=c,c++ --host=hppa-unknown-linux-gnu --build=hppa-unknown-linux-gnu --target=hppa-unknown-linux-gnu --with-system-zlib --with-sysroot=/ --disable-static --enable-shared


Index Nav: [Date Index] [Subject Index] [Author Index] [Thread Index]
Message Nav: [Date Prev] [Date Next] [Thread Prev] [Thread Next]