This is the mail archive of the gcc-testresults@gcc.gnu.org mailing list for the GCC project.


Index Nav: [Date Index] [Subject Index] [Author Index] [Thread Index]
Message Nav: [Date Prev] [Date Next] [Thread Prev] [Thread Next]
Other format: [Raw text]

Results for 4.10.0 20140411 (experimental) (GCC) testsuite on x86_64-unknown-cygwin


Native configuration is x86_64-unknown-cygwin

        === g++ tests ===


Running target unix
FAIL: g++.dg/debug/const1.C -gstabs1 (test for excess errors)
FAIL: g++.dg/debug/const1.C -gstabs1 -O2 (test for excess errors)
FAIL: g++.dg/debug/const1.C -gstabs1 -O3 (test for excess errors)
FAIL: g++.dg/debug/const1.C -gstabs (test for excess errors)
FAIL: g++.dg/debug/const1.C -gstabs -O2 (test for excess errors)
FAIL: g++.dg/debug/const1.C -gstabs -O3 (test for excess errors)
FAIL: g++.dg/debug/const1.C -gstabs3 (test for excess errors)
FAIL: g++.dg/debug/const1.C -gstabs3 -O2 (test for excess errors)
FAIL: g++.dg/debug/const1.C -gstabs3 -O3 (test for excess errors)
FAIL: g++.dg/debug/const1.C -gstabs+1 (test for excess errors)
FAIL: g++.dg/debug/const1.C -gstabs+1 -O2 (test for excess errors)
FAIL: g++.dg/debug/const1.C -gstabs+1 -O3 (test for excess errors)
FAIL: g++.dg/debug/const1.C -gstabs+ (test for excess errors)
FAIL: g++.dg/debug/const1.C -gstabs+ -O2 (test for excess errors)
FAIL: g++.dg/debug/const1.C -gstabs+ -O3 (test for excess errors)
FAIL: g++.dg/debug/const1.C -gstabs+3 (test for excess errors)
FAIL: g++.dg/debug/const1.C -gstabs+3 -O2 (test for excess errors)
FAIL: g++.dg/debug/const1.C -gstabs+3 -O3 (test for excess errors)
FAIL: g++.dg/debug/debug4.C -gstabs1 (test for excess errors)
FAIL: g++.dg/debug/debug4.C -gstabs1 -O2 (test for excess errors)
FAIL: g++.dg/debug/debug4.C -gstabs1 -O3 (test for excess errors)
FAIL: g++.dg/debug/debug4.C -gstabs (test for excess errors)
FAIL: g++.dg/debug/debug4.C -gstabs -O2 (test for excess errors)
FAIL: g++.dg/debug/debug4.C -gstabs -O3 (test for excess errors)
FAIL: g++.dg/debug/debug4.C -gstabs3 (test for excess errors)
FAIL: g++.dg/debug/debug4.C -gstabs3 -O2 (test for excess errors)
FAIL: g++.dg/debug/debug4.C -gstabs3 -O3 (test for excess errors)
FAIL: g++.dg/debug/debug4.C -gstabs+1 (test for excess errors)
FAIL: g++.dg/debug/debug4.C -gstabs+1 -O2 (test for excess errors)
FAIL: g++.dg/debug/debug4.C -gstabs+1 -O3 (test for excess errors)
FAIL: g++.dg/debug/debug4.C -gstabs+ (test for excess errors)
FAIL: g++.dg/debug/debug4.C -gstabs+ -O2 (test for excess errors)
FAIL: g++.dg/debug/debug4.C -gstabs+ -O3 (test for excess errors)
FAIL: g++.dg/debug/debug4.C -gstabs+3 (test for excess errors)
FAIL: g++.dg/debug/debug4.C -gstabs+3 -O2 (test for excess errors)
FAIL: g++.dg/debug/debug4.C -gstabs+3 -O3 (test for excess errors)
FAIL: g++.dg/debug/pr27657.C -gstabs1 (test for excess errors)
FAIL: g++.dg/debug/pr27657.C -gstabs1 -O2 (test for excess errors)
FAIL: g++.dg/debug/pr27657.C -gstabs1 -O3 (test for excess errors)
FAIL: g++.dg/debug/pr27657.C -gstabs (test for excess errors)
FAIL: g++.dg/debug/pr27657.C -gstabs -O2 (test for excess errors)
FAIL: g++.dg/debug/pr27657.C -gstabs -O3 (test for excess errors)
FAIL: g++.dg/debug/pr27657.C -gstabs3 (test for excess errors)
FAIL: g++.dg/debug/pr27657.C -gstabs3 -O2 (test for excess errors)
FAIL: g++.dg/debug/pr27657.C -gstabs3 -O3 (test for excess errors)
FAIL: g++.dg/debug/pr27657.C -gstabs+1 (test for excess errors)
FAIL: g++.dg/debug/pr27657.C -gstabs+1 -O2 (test for excess errors)
FAIL: g++.dg/debug/pr27657.C -gstabs+1 -O3 (test for excess errors)
FAIL: g++.dg/debug/pr27657.C -gstabs+ (test for excess errors)
FAIL: g++.dg/debug/pr27657.C -gstabs+ -O2 (test for excess errors)
FAIL: g++.dg/debug/pr27657.C -gstabs+ -O3 (test for excess errors)
FAIL: g++.dg/debug/pr27657.C -gstabs+3 (test for excess errors)
FAIL: g++.dg/debug/pr27657.C -gstabs+3 -O2 (test for excess errors)
FAIL: g++.dg/debug/pr27657.C -gstabs+3 -O3 (test for excess errors)
FAIL: g++.dg/debug/trivial.C -gstabs1 (test for excess errors)
UNRESOLVED: g++.dg/debug/trivial.C -gstabs1 compilation failed to produce executable
FAIL: g++.dg/debug/trivial.C -gstabs1 -O2 (test for excess errors)
UNRESOLVED: g++.dg/debug/trivial.C -gstabs1 -O2 compilation failed to produce executable
FAIL: g++.dg/debug/trivial.C -gstabs1 -O3 (test for excess errors)
UNRESOLVED: g++.dg/debug/trivial.C -gstabs1 -O3 compilation failed to produce executable
FAIL: g++.dg/debug/trivial.C -gstabs (test for excess errors)
UNRESOLVED: g++.dg/debug/trivial.C -gstabs compilation failed to produce executable
FAIL: g++.dg/debug/trivial.C -gstabs -O2 (test for excess errors)
UNRESOLVED: g++.dg/debug/trivial.C -gstabs -O2 compilation failed to produce executable
FAIL: g++.dg/debug/trivial.C -gstabs -O3 (test for excess errors)
UNRESOLVED: g++.dg/debug/trivial.C -gstabs -O3 compilation failed to produce executable
FAIL: g++.dg/debug/trivial.C -gstabs3 (test for excess errors)
UNRESOLVED: g++.dg/debug/trivial.C -gstabs3 compilation failed to produce executable
FAIL: g++.dg/debug/trivial.C -gstabs3 -O2 (test for excess errors)
UNRESOLVED: g++.dg/debug/trivial.C -gstabs3 -O2 compilation failed to produce executable
FAIL: g++.dg/debug/trivial.C -gstabs3 -O3 (test for excess errors)
UNRESOLVED: g++.dg/debug/trivial.C -gstabs3 -O3 compilation failed to produce executable
FAIL: g++.dg/debug/trivial.C -gstabs+1 (test for excess errors)
UNRESOLVED: g++.dg/debug/trivial.C -gstabs+1 compilation failed to produce executable
FAIL: g++.dg/debug/trivial.C -gstabs+1 -O2 (test for excess errors)
UNRESOLVED: g++.dg/debug/trivial.C -gstabs+1 -O2 compilation failed to produce executable
FAIL: g++.dg/debug/trivial.C -gstabs+1 -O3 (test for excess errors)
UNRESOLVED: g++.dg/debug/trivial.C -gstabs+1 -O3 compilation failed to produce executable
FAIL: g++.dg/debug/trivial.C -gstabs+ (test for excess errors)
UNRESOLVED: g++.dg/debug/trivial.C -gstabs+ compilation failed to produce executable
FAIL: g++.dg/debug/trivial.C -gstabs+ -O2 (test for excess errors)
UNRESOLVED: g++.dg/debug/trivial.C -gstabs+ -O2 compilation failed to produce executable
FAIL: g++.dg/debug/trivial.C -gstabs+ -O3 (test for excess errors)
UNRESOLVED: g++.dg/debug/trivial.C -gstabs+ -O3 compilation failed to produce executable
FAIL: g++.dg/debug/trivial.C -gstabs+3 (test for excess errors)
UNRESOLVED: g++.dg/debug/trivial.C -gstabs+3 compilation failed to produce executable
FAIL: g++.dg/debug/trivial.C -gstabs+3 -O2 (test for excess errors)
UNRESOLVED: g++.dg/debug/trivial.C -gstabs+3 -O2 compilation failed to produce executable
FAIL: g++.dg/debug/trivial.C -gstabs+3 -O3 (test for excess errors)
UNRESOLVED: g++.dg/debug/trivial.C -gstabs+3 -O3 compilation failed to produce executable FAIL: g++.dg/debug/dwarf2/nested-4.C -std=gnu++98 scan-assembler-times debug_types 2 FAIL: g++.dg/debug/dwarf2/nested-4.C -std=gnu++11 scan-assembler-times debug_types 2 FAIL: g++.dg/debug/dwarf2/nested-4.C -std=gnu++1y scan-assembler-times debug_types 2 FAIL: g++.dg/abi/anon2.C -std=c++11 scan-assembler .weak(_definition)?[ \\t]_?_ZN2N11D1C3fn1ENS0_1BE FAIL: g++.dg/abi/anon2.C -std=c++11 scan-assembler .weak(_definition)?[ \\t]_?_ZN2N11D1C3fn2ES1_ FAIL: g++.dg/abi/anon2.C -std=c++11 scan-assembler .weak(_definition)?[ \\t]_?_ZN2N31D1CIiE3fn1ENS0_1BE FAIL: g++.dg/abi/anon2.C -std=c++11 scan-assembler .weak(_definition)?[ \\t]_?_ZN2N31D1CIiE3fn2ES2_ FAIL: g++.dg/abi/anon2.C -std=c++1y scan-assembler .weak(_definition)?[ \\t]_?_ZN2N11D1C3fn1ENS0_1BE FAIL: g++.dg/abi/anon2.C -std=c++1y scan-assembler .weak(_definition)?[ \\t]_?_ZN2N11D1C3fn2ES1_ FAIL: g++.dg/abi/anon2.C -std=c++1y scan-assembler .weak(_definition)?[ \\t]_?_ZN2N31D1CIiE3fn1ENS0_1BE FAIL: g++.dg/abi/anon2.C -std=c++1y scan-assembler .weak(_definition)?[ \\t]_?_ZN2N31D1CIiE3fn2ES2_ FAIL: g++.dg/abi/anon3.C -std=c++98 scan-assembler .weak(_definition)?[ \\t]_?_ZN4Heya4blahEv FAIL: g++.dg/abi/anon3.C -std=c++98 scan-assembler .weak(_definition)?[ \\t]_?_ZTI4Heya FAIL: g++.dg/abi/anon3.C -std=c++98 scan-assembler .weak(_definition)?[ \\t]_?_ZTV4Heya FAIL: g++.dg/abi/anon3.C -std=c++98 scan-assembler .weak(_definition)?[ \\t]_?_ZN4Heya1A1fEv FAIL: g++.dg/abi/anon3.C -std=c++98 scan-assembler .weak(_definition)?[ \\t]_?_ZTIN4Heya1AE FAIL: g++.dg/abi/anon3.C -std=c++98 scan-assembler .weak(_definition)?[ \\t]_?_ZTVN4Heya1AE FAIL: g++.dg/abi/anon3.C -std=c++11 scan-assembler .weak(_definition)?[ \\t]_?_ZN4Heya4blahEv FAIL: g++.dg/abi/anon3.C -std=c++11 scan-assembler .weak(_definition)?[ \\t]_?_ZTI4Heya FAIL: g++.dg/abi/anon3.C -std=c++11 scan-assembler .weak(_definition)?[ \\t]_?_ZTV4Heya FAIL: g++.dg/abi/anon3.C -std=c++11 scan-assembler .weak(_definition)?[ \\t]_?_ZN4Heya1A1fEv FAIL: g++.dg/abi/anon3.C -std=c++11 scan-assembler .weak(_definition)?[ \\t]_?_ZTIN4Heya1AE FAIL: g++.dg/abi/anon3.C -std=c++11 scan-assembler .weak(_definition)?[ \\t]_?_ZTVN4Heya1AE FAIL: g++.dg/abi/anon3.C -std=c++1y scan-assembler .weak(_definition)?[ \\t]_?_ZN4Heya4blahEv FAIL: g++.dg/abi/anon3.C -std=c++1y scan-assembler .weak(_definition)?[ \\t]_?_ZTI4Heya FAIL: g++.dg/abi/anon3.C -std=c++1y scan-assembler .weak(_definition)?[ \\t]_?_ZTV4Heya FAIL: g++.dg/abi/anon3.C -std=c++1y scan-assembler .weak(_definition)?[ \\t]_?_ZN4Heya1A1fEv FAIL: g++.dg/abi/anon3.C -std=c++1y scan-assembler .weak(_definition)?[ \\t]_?_ZTIN4Heya1AE FAIL: g++.dg/abi/anon3.C -std=c++1y scan-assembler .weak(_definition)?[ \\t]_?_ZTVN4Heya1AE FAIL: g++.dg/abi/rtti1.C -std=c++98 scan-assembler-dem-not \\\\ntypeinfo for A[: \\\\t\\\\n] FAIL: g++.dg/abi/rtti1.C -std=c++11 scan-assembler-dem-not \\\\ntypeinfo for A[: \\\\t\\\\n] FAIL: g++.dg/abi/rtti1.C -std=c++1y scan-assembler-dem-not \\\\ntypeinfo for A[: \\\\t\\\\n]
FAIL: g++.dg/abi/thunk5.C -std=c++98  scan-assembler weak.*ZTv
FAIL: g++.dg/abi/thunk5.C -std=c++11  scan-assembler weak.*ZTv
FAIL: g++.dg/abi/thunk5.C -std=c++1y  scan-assembler weak.*ZTv
FAIL: g++.dg/cpp0x/auto27.C -std=c++98 no type (test for errors, line 3)
FAIL: g++.dg/cpp0x/decltype31.C -std=c++11  (test for errors, line 11)
FAIL: g++.dg/cpp0x/decltype31.C -std=c++1y  (test for errors, line 11)
FAIL: g++.dg/cpp0x/decltype50.C -std=c++11  (test for errors, line 7)
FAIL: g++.dg/cpp0x/decltype50.C -std=c++11  (test for errors, line 9)
FAIL: g++.dg/cpp0x/decltype50.C -std=c++11  (test for errors, line 12)
FAIL: g++.dg/cpp0x/decltype50.C -std=c++11  (test for errors, line 16)
FAIL: g++.dg/cpp0x/decltype50.C -std=c++11 (test for excess errors)
FAIL: g++.dg/cpp0x/decltype50.C -std=c++1y  (test for errors, line 7)
FAIL: g++.dg/cpp0x/decltype50.C -std=c++1y  (test for errors, line 9)
FAIL: g++.dg/cpp0x/decltype50.C -std=c++1y  (test for errors, line 12)
FAIL: g++.dg/cpp0x/decltype50.C -std=c++1y  (test for errors, line 16)
FAIL: g++.dg/cpp0x/decltype50.C -std=c++1y (test for excess errors)
FAIL: g++.dg/cpp0x/lambda/lambda-eh2.C -std=gnu++11 (test for excess errors)
UNRESOLVED: g++.dg/cpp0x/lambda/lambda-eh2.C -std=gnu++11 compilation failed to produce executable
FAIL: g++.dg/cpp0x/lambda/lambda-eh2.C -std=gnu++1y (test for excess errors)
UNRESOLVED: g++.dg/cpp0x/lambda/lambda-eh2.C -std=gnu++1y compilation failed to produce executable
XPASS: g++.dg/cpp0x/nsdmi-eh1.C -std=c++11 execution test
XPASS: g++.dg/cpp0x/nsdmi-eh1.C -std=c++1y execution test
FAIL: g++.dg/cpp0x/static_assert9.C -std=c++11  (test for errors, line 7)
FAIL: g++.dg/cpp0x/static_assert9.C -std=c++1y  (test for errors, line 7)
FAIL: g++.dg/cpp1y/pr58708.C -std=c++1y (test for excess errors)
UNRESOLVED: g++.dg/cpp1y/pr58708.C -std=c++1y compilation failed to produce executable FAIL: g++.dg/diagnostic/bitfld2.C -std=c++98 declaration (test for errors, line 6) FAIL: g++.dg/diagnostic/bitfld2.C -std=c++11 declaration (test for errors, line 6) FAIL: g++.dg/diagnostic/bitfld2.C -std=c++1y declaration (test for errors, line 6)
FAIL: g++.dg/eh/forced1.C -std=c++98 execution test
FAIL: g++.dg/eh/forced1.C -std=c++11 execution test
FAIL: g++.dg/eh/forced1.C -std=c++1y execution test
FAIL: g++.dg/expr/bound-mem-fun.C -std=c++98  (test for errors, line 16)
FAIL: g++.dg/expr/bound-mem-fun.C -std=c++98 (test for excess errors)
FAIL: g++.dg/expr/bound-mem-fun.C -std=c++11  (test for errors, line 16)
FAIL: g++.dg/expr/bound-mem-fun.C -std=c++11 (test for excess errors)
FAIL: g++.dg/expr/bound-mem-fun.C -std=c++1y  (test for errors, line 16)
FAIL: g++.dg/expr/bound-mem-fun.C -std=c++1y (test for excess errors)
FAIL: g++.dg/expr/pmf-1.C -std=c++98  (test for warnings, line 10)
FAIL: g++.dg/expr/pmf-1.C -std=c++98  (test for errors, line 16)
FAIL: g++.dg/expr/pmf-1.C -std=c++98  (test for errors, line 17)
FAIL: g++.dg/expr/pmf-1.C -std=c++98 candidate note (test for warnings, line 17)
FAIL: g++.dg/expr/pmf-1.C -std=c++11  (test for warnings, line 10)
FAIL: g++.dg/expr/pmf-1.C -std=c++11  (test for errors, line 16)
FAIL: g++.dg/expr/pmf-1.C -std=c++11  (test for errors, line 17)
FAIL: g++.dg/expr/pmf-1.C -std=c++11 candidate note (test for warnings, line 17)
FAIL: g++.dg/expr/pmf-1.C -std=c++1y  (test for warnings, line 10)
FAIL: g++.dg/expr/pmf-1.C -std=c++1y  (test for errors, line 16)
FAIL: g++.dg/expr/pmf-1.C -std=c++1y  (test for errors, line 17)
FAIL: g++.dg/expr/pmf-1.C -std=c++1y candidate note (test for warnings, line 17)
FAIL: g++.dg/expr/ptrmem5.C -std=c++98 (internal compiler error)
FAIL: g++.dg/expr/ptrmem5.C -std=c++98  (test for errors, line 7)
FAIL: g++.dg/expr/ptrmem5.C -std=c++98 (test for excess errors)
FAIL: g++.dg/expr/ptrmem5.C -std=c++11 (internal compiler error)
FAIL: g++.dg/expr/ptrmem5.C -std=c++11  (test for errors, line 7)
FAIL: g++.dg/expr/ptrmem5.C -std=c++11 (test for excess errors)
FAIL: g++.dg/expr/ptrmem5.C -std=c++1y (internal compiler error)
FAIL: g++.dg/expr/ptrmem5.C -std=c++1y  (test for errors, line 7)
FAIL: g++.dg/expr/ptrmem5.C -std=c++1y (test for excess errors)
XPASS: g++.dg/ext/dllexport4.C -std=gnu++98 (test for excess errors)
XPASS: g++.dg/ext/dllexport4.C -std=gnu++11 (test for excess errors)
XPASS: g++.dg/ext/dllexport4.C -std=gnu++1y (test for excess errors)
FAIL: g++.dg/ext/uow-3.C -std=gnu++98  (test for errors, line 4)
FAIL: g++.dg/ext/uow-3.C -std=gnu++98  (test for errors, line 6)
FAIL: g++.dg/ext/uow-3.C -std=gnu++11  (test for errors, line 4)
FAIL: g++.dg/ext/uow-3.C -std=gnu++11  (test for errors, line 6)
FAIL: g++.dg/ext/uow-3.C -std=gnu++1y  (test for errors, line 4)
FAIL: g++.dg/ext/uow-3.C -std=gnu++1y  (test for errors, line 6)
FAIL: g++.dg/ext/uow-4.C -std=gnu++98  (test for errors, line 6)
FAIL: g++.dg/ext/uow-4.C -std=gnu++98  (test for errors, line 8)
FAIL: g++.dg/ext/uow-4.C -std=gnu++11  (test for errors, line 6)
FAIL: g++.dg/ext/uow-4.C -std=gnu++11  (test for errors, line 8)
FAIL: g++.dg/ext/uow-4.C -std=gnu++1y  (test for errors, line 6)
FAIL: g++.dg/ext/uow-4.C -std=gnu++1y  (test for errors, line 8)
FAIL: g++.dg/fstack-protector-strong.C -std=gnu++98 scan-assembler-times stack_chk_fail 2 FAIL: g++.dg/fstack-protector-strong.C -std=gnu++11 scan-assembler-times stack_chk_fail 2 FAIL: g++.dg/fstack-protector-strong.C -std=gnu++1y scan-assembler-times stack_chk_fail 2
FAIL: g++.dg/init/cleanup3.C -std=c++98  scan-assembler-not _tcf
FAIL: g++.dg/init/cleanup3.C -std=c++11  scan-assembler-not _tcf
FAIL: g++.dg/init/cleanup3.C -std=c++1y  scan-assembler-not _tcf
FAIL: g++.dg/lookup/name-clash7.C -std=c++98  (test for errors, line 3)
FAIL: g++.dg/lookup/name-clash7.C -std=c++98  (test for errors, line 10)
FAIL: g++.dg/lookup/name-clash7.C -std=c++11  (test for errors, line 3)
FAIL: g++.dg/lookup/name-clash7.C -std=c++11  (test for errors, line 10)
FAIL: g++.dg/lookup/name-clash7.C -std=c++1y  (test for errors, line 3)
FAIL: g++.dg/lookup/name-clash7.C -std=c++1y  (test for errors, line 10)
FAIL: g++.dg/lookup/redecl1.C -std=c++98  (test for errors, line 3)
FAIL: g++.dg/lookup/redecl1.C -std=c++98  (test for errors, line 5)
FAIL: g++.dg/lookup/redecl1.C -std=c++11  (test for errors, line 3)
FAIL: g++.dg/lookup/redecl1.C -std=c++11  (test for errors, line 5)
FAIL: g++.dg/lookup/redecl1.C -std=c++1y  (test for errors, line 3)
FAIL: g++.dg/lookup/redecl1.C -std=c++1y  (test for errors, line 5)
FAIL: g++.dg/opt/devirt2.C -std=gnu++98  scan-assembler-times xyzzy 2
FAIL: g++.dg/opt/devirt2.C -std=gnu++11  scan-assembler-times xyzzy 2
FAIL: g++.dg/opt/devirt2.C -std=gnu++1y  scan-assembler-times xyzzy 2
FAIL: g++.dg/other/error34.C -std=gnu++98 decl (test for errors, line 5)
FAIL: g++.dg/other/error34.C -std=gnu++11 decl (test for errors, line 5)
FAIL: g++.dg/other/error34.C -std=gnu++1y decl (test for errors, line 5)
FAIL: g++.dg/other/i386-9.C -std=gnu++98 (test for excess errors)
UNRESOLVED: g++.dg/other/i386-9.C -std=gnu++98 compilation failed to produce executable
FAIL: g++.dg/other/i386-9.C -std=gnu++11 (test for excess errors)
UNRESOLVED: g++.dg/other/i386-9.C -std=gnu++11 compilation failed to produce executable
FAIL: g++.dg/other/i386-9.C -std=gnu++1y (test for excess errors)
UNRESOLVED: g++.dg/other/i386-9.C -std=gnu++1y compilation failed to produce executable
FAIL: g++.dg/other/ptrmem8.C -std=c++98 (internal compiler error)
FAIL: g++.dg/other/ptrmem8.C -std=c++98  (test for errors, line 9)
FAIL: g++.dg/other/ptrmem8.C -std=c++98  (test for errors, line 15)
FAIL: g++.dg/other/ptrmem8.C -std=c++98 (test for excess errors)
FAIL: g++.dg/other/ptrmem8.C -std=c++11 (internal compiler error)
FAIL: g++.dg/other/ptrmem8.C -std=c++11  (test for errors, line 9)
FAIL: g++.dg/other/ptrmem8.C -std=c++11  (test for errors, line 15)
FAIL: g++.dg/other/ptrmem8.C -std=c++11 (test for excess errors)
FAIL: g++.dg/other/ptrmem8.C -std=c++1y (internal compiler error)
FAIL: g++.dg/other/ptrmem8.C -std=c++1y  (test for errors, line 9)
FAIL: g++.dg/other/ptrmem8.C -std=c++1y  (test for errors, line 15)
FAIL: g++.dg/other/ptrmem8.C -std=c++1y (test for excess errors)
FAIL: g++.dg/parse/error43.C -std=gnu++98 (test for excess errors)
FAIL: g++.dg/parse/error43.C -std=gnu++11 (test for excess errors)
FAIL: g++.dg/parse/error43.C -std=gnu++1y (test for excess errors)
FAIL: g++.dg/parse/error45.C -std=c++98  (test for errors, line 8)
FAIL: g++.dg/parse/error45.C -std=c++98 (test for excess errors)
FAIL: g++.dg/parse/error45.C -std=c++11  (test for errors, line 8)
FAIL: g++.dg/parse/error45.C -std=c++11 (test for excess errors)
FAIL: g++.dg/parse/error45.C -std=c++1y  (test for errors, line 8)
FAIL: g++.dg/parse/error45.C -std=c++1y (test for excess errors)
FAIL: g++.dg/pr49718.C -std=gnu++98 scan-assembler-times __cyg_profile_func_enter 1 FAIL: g++.dg/pr49718.C -std=gnu++11 scan-assembler-times __cyg_profile_func_enter 1 FAIL: g++.dg/pr49718.C -std=gnu++1y scan-assembler-times __cyg_profile_func_enter 1
FAIL: g++.dg/rtti/typeid8.C -std=c++98  (test for errors, line 25)
FAIL: g++.dg/rtti/typeid8.C -std=c++11  (test for errors, line 25)
FAIL: g++.dg/rtti/typeid8.C -std=c++1y  (test for errors, line 25)
FAIL: g++.dg/template/crash37.C -std=c++98  (test for errors, line 23)
FAIL: g++.dg/template/crash37.C -std=c++11  (test for errors, line 23)
FAIL: g++.dg/template/crash37.C -std=c++1y  (test for errors, line 23)
FAIL: g++.dg/template/crash51.C -std=c++98  (test for errors, line 10)
FAIL: g++.dg/template/crash51.C -std=c++98 (test for excess errors)
FAIL: g++.dg/template/crash51.C -std=c++11  (test for errors, line 10)
FAIL: g++.dg/template/crash51.C -std=c++11 (test for excess errors)
FAIL: g++.dg/template/crash51.C -std=c++1y  (test for errors, line 10)
FAIL: g++.dg/template/crash51.C -std=c++1y (test for excess errors)
FAIL: g++.dg/template/crash72.C -std=c++98  (test for errors, line 16)
FAIL: g++.dg/template/crash72.C -std=c++98 (test for excess errors)
FAIL: g++.dg/template/crash72.C -std=c++11  (test for errors, line 16)
FAIL: g++.dg/template/crash72.C -std=c++11 (test for excess errors)
FAIL: g++.dg/template/crash72.C -std=c++1y  (test for errors, line 16)
FAIL: g++.dg/template/crash72.C -std=c++1y (test for excess errors)
FAIL: g++.dg/template/dependent-expr5.C -std=c++98 (test for warnings, line 9) FAIL: g++.dg/template/dependent-expr5.C -std=c++98 (test for warnings, line 10) FAIL: g++.dg/template/dependent-expr5.C -std=c++98 (test for errors, line 47) FAIL: g++.dg/template/dependent-expr5.C -std=c++98 candidate note (test for warnings, line 47) FAIL: g++.dg/template/dependent-expr5.C -std=c++98 (test for errors, line 63) FAIL: g++.dg/template/dependent-expr5.C -std=c++98 candidate note (test for warnings, line 63) FAIL: g++.dg/template/dependent-expr5.C -std=c++98 (test for errors, line 99) FAIL: g++.dg/template/dependent-expr5.C -std=c++98 candidate note (test for warnings, line 99) FAIL: g++.dg/template/dependent-expr5.C -std=c++98 (test for errors, line 115) FAIL: g++.dg/template/dependent-expr5.C -std=c++98 candidate note (test for warnings, line 115)
FAIL: g++.dg/template/dependent-expr5.C -std=c++98 (test for excess errors)
FAIL: g++.dg/template/dependent-expr5.C -std=c++11 (test for warnings, line 9) FAIL: g++.dg/template/dependent-expr5.C -std=c++11 (test for warnings, line 10) FAIL: g++.dg/template/dependent-expr5.C -std=c++11 (test for errors, line 47) FAIL: g++.dg/template/dependent-expr5.C -std=c++11 candidate note (test for warnings, line 47) FAIL: g++.dg/template/dependent-expr5.C -std=c++11 (test for errors, line 63) FAIL: g++.dg/template/dependent-expr5.C -std=c++11 candidate note (test for warnings, line 63) FAIL: g++.dg/template/dependent-expr5.C -std=c++11 (test for errors, line 99) FAIL: g++.dg/template/dependent-expr5.C -std=c++11 candidate note (test for warnings, line 99) FAIL: g++.dg/template/dependent-expr5.C -std=c++11 (test for errors, line 115) FAIL: g++.dg/template/dependent-expr5.C -std=c++11 candidate note (test for warnings, line 115)
FAIL: g++.dg/template/dependent-expr5.C -std=c++11 (test for excess errors)
FAIL: g++.dg/template/dependent-expr5.C -std=c++1y (test for warnings, line 9) FAIL: g++.dg/template/dependent-expr5.C -std=c++1y (test for warnings, line 10) FAIL: g++.dg/template/dependent-expr5.C -std=c++1y (test for errors, line 47) FAIL: g++.dg/template/dependent-expr5.C -std=c++1y candidate note (test for warnings, line 47) FAIL: g++.dg/template/dependent-expr5.C -std=c++1y (test for errors, line 63) FAIL: g++.dg/template/dependent-expr5.C -std=c++1y candidate note (test for warnings, line 63) FAIL: g++.dg/template/dependent-expr5.C -std=c++1y (test for errors, line 99) FAIL: g++.dg/template/dependent-expr5.C -std=c++1y candidate note (test for warnings, line 99) FAIL: g++.dg/template/dependent-expr5.C -std=c++1y (test for errors, line 115) FAIL: g++.dg/template/dependent-expr5.C -std=c++1y candidate note (test for warnings, line 115)
FAIL: g++.dg/template/dependent-expr5.C -std=c++1y (test for excess errors)
FAIL: g++.dg/template/dtor6.C -std=c++98  (test for errors, line 8)
FAIL: g++.dg/template/dtor6.C -std=c++98  (test for errors, line 14)
FAIL: g++.dg/template/dtor6.C -std=c++98 (test for excess errors)
FAIL: g++.dg/template/dtor6.C -std=c++11  (test for errors, line 8)
FAIL: g++.dg/template/dtor6.C -std=c++11  (test for errors, line 14)
FAIL: g++.dg/template/dtor6.C -std=c++11 (test for excess errors)
FAIL: g++.dg/template/dtor6.C -std=c++1y  (test for errors, line 8)
FAIL: g++.dg/template/dtor6.C -std=c++1y  (test for errors, line 14)
FAIL: g++.dg/template/dtor6.C -std=c++1y (test for excess errors)
FAIL: g++.dg/template/friend8.C -std=c++1y (test for excess errors)
FAIL: g++.dg/template/overload6.C -std=c++98  (test for errors, line 16)
FAIL: g++.dg/template/overload6.C -std=c++98 (test for excess errors)
FAIL: g++.dg/template/overload6.C -std=c++11  (test for errors, line 16)
FAIL: g++.dg/template/overload6.C -std=c++11 (test for excess errors)
FAIL: g++.dg/template/overload6.C -std=c++1y  (test for errors, line 16)
FAIL: g++.dg/template/overload6.C -std=c++1y (test for excess errors)
FAIL: g++.dg/warn/changes-meaning.C -std=gnu++98 (test for warnings, line 4) FAIL: g++.dg/warn/changes-meaning.C -std=gnu++98 (test for warnings, line 9) FAIL: g++.dg/warn/changes-meaning.C -std=gnu++11 (test for warnings, line 4) FAIL: g++.dg/warn/changes-meaning.C -std=gnu++11 (test for warnings, line 9) FAIL: g++.dg/warn/changes-meaning.C -std=gnu++1y (test for warnings, line 4) FAIL: g++.dg/warn/changes-meaning.C -std=gnu++1y (test for warnings, line 9)
FAIL: g++.dg/warn/pmf1.C -std=c++98  (test for errors, line 17)
FAIL: g++.dg/warn/pmf1.C -std=c++11  (test for errors, line 17)
FAIL: g++.dg/warn/pmf1.C -std=c++1y  (test for errors, line 17)
FAIL: g++.dg/warn/weak1.C -std=c++98 (test for excess errors)
UNRESOLVED: g++.dg/warn/weak1.C -std=c++98 compilation failed to produce executable
FAIL: g++.dg/warn/weak1.C -std=c++11 (test for excess errors)
UNRESOLVED: g++.dg/warn/weak1.C -std=c++11 compilation failed to produce executable
FAIL: g++.dg/warn/weak1.C -std=c++1y (test for excess errors)
UNRESOLVED: g++.dg/warn/weak1.C -std=c++1y compilation failed to produce executable
FAIL: g++.dg/gomp/sections-3.C -std=c++11  (test for errors, line 8)
FAIL: g++.dg/gomp/sections-3.C -std=c++11 (test for excess errors)
WARNING: program timed out.
FAIL: g++.dg/tls/thread_local-order1.C -std=c++11 execution test
FAIL: g++.dg/tls/thread_local-order1.C -std=c++1y execution test
FAIL: g++.dg/tls/thread_local6g.C -std=c++11 execution test
FAIL: g++.dg/tls/thread_local6g.C -std=c++1y execution test
FAIL: g++.dg/torture/pr58252.C  -O0   (test for warnings, line 17)
FAIL: g++.dg/torture/pr58252.C  -O1   (test for warnings, line 17)
FAIL: g++.dg/torture/pr58252.C  -O2   (test for warnings, line 17)
FAIL: g++.dg/torture/pr58252.C -O3 -fomit-frame-pointer (test for warnings, line 17) FAIL: g++.dg/torture/pr58252.C -O3 -fomit-frame-pointer -funroll-loops (test for warnings, line 17) FAIL: g++.dg/torture/pr58252.C -O3 -fomit-frame-pointer -funroll-all-loops -finline-functions (test for warnings, line 17)
FAIL: g++.dg/torture/pr58252.C  -O3 -g   (test for warnings, line 17)
FAIL: g++.dg/torture/pr58252.C  -Os   (test for warnings, line 17)
FAIL: g++.dg/torture/pr58252.C -O2 -flto -fno-use-linker-plugin -flto-partition=none (test for warnings, line 17) FAIL: g++.dg/torture/pr58252.C -O2 -flto -fuse-linker-plugin -fno-fat-lto-objects (test for warnings, line 17)
FAIL: g++.old-deja/g++.benjamin/13908.C -std=c++98 (internal compiler error)
FAIL: g++.old-deja/g++.benjamin/13908.C -std=c++98 (test for errors, line 20)
FAIL: g++.old-deja/g++.benjamin/13908.C -std=c++98 (test for excess errors)
FAIL: g++.old-deja/g++.benjamin/13908.C -std=c++11 (internal compiler error)
FAIL: g++.old-deja/g++.benjamin/13908.C -std=c++11 (test for errors, line 20)
FAIL: g++.old-deja/g++.benjamin/13908.C -std=c++11 (test for excess errors)
FAIL: g++.old-deja/g++.benjamin/13908.C -std=c++1y (internal compiler error)
FAIL: g++.old-deja/g++.benjamin/13908.C -std=c++1y (test for errors, line 20)
FAIL: g++.old-deja/g++.benjamin/13908.C -std=c++1y (test for excess errors)
FAIL: g++.old-deja/g++.brendan/arm3.C -std=c++98  (test for errors, line 7)
FAIL: g++.old-deja/g++.brendan/arm3.C -std=c++11  (test for errors, line 7)
FAIL: g++.old-deja/g++.brendan/arm3.C -std=c++1y  (test for errors, line 7)
FAIL: g++.old-deja/g++.brendan/prepost1.C -std=c++98 (test for errors, line 5) FAIL: g++.old-deja/g++.brendan/prepost1.C -std=c++11 (test for errors, line 5) FAIL: g++.old-deja/g++.brendan/prepost1.C -std=c++1y (test for errors, line 5) FAIL: g++.old-deja/g++.brendan/prepost2.C -std=c++98 (test for errors, line 5) FAIL: g++.old-deja/g++.brendan/prepost2.C -std=c++98 (test for errors, line 6) FAIL: g++.old-deja/g++.brendan/prepost2.C -std=c++11 (test for errors, line 5) FAIL: g++.old-deja/g++.brendan/prepost2.C -std=c++11 (test for errors, line 6) FAIL: g++.old-deja/g++.brendan/prepost2.C -std=c++1y (test for errors, line 5) FAIL: g++.old-deja/g++.brendan/prepost2.C -std=c++1y (test for errors, line 6) FAIL: g++.old-deja/g++.bugs/900213_03.C -std=c++98 (test for errors, line 24) FAIL: g++.old-deja/g++.bugs/900213_03.C -std=c++11 (test for errors, line 24) FAIL: g++.old-deja/g++.bugs/900213_03.C -std=c++1y (test for errors, line 24)
FAIL: g++.old-deja/g++.jason/member.C -std=c++98  (test for errors, line 28)
FAIL: g++.old-deja/g++.jason/member.C -std=c++98  (test for errors, line 34)
FAIL: g++.old-deja/g++.jason/member.C -std=c++11  (test for errors, line 28)
FAIL: g++.old-deja/g++.jason/member.C -std=c++11  (test for errors, line 34)
FAIL: g++.old-deja/g++.jason/member.C -std=c++1y  (test for errors, line 28)
FAIL: g++.old-deja/g++.jason/member.C -std=c++1y  (test for errors, line 34)
FAIL: g++.old-deja/g++.jason/pmf2.C -std=c++98  (test for errors, line 12)
FAIL: g++.old-deja/g++.jason/pmf2.C -std=c++11  (test for errors, line 12)
FAIL: g++.old-deja/g++.jason/pmf2.C -std=c++1y  (test for errors, line 12)
FAIL: g++.old-deja/g++.jason/pmf5.C -std=gnu++98 assuming (test for errors, line 18) FAIL: g++.old-deja/g++.jason/pmf5.C -std=gnu++98 note (test for warnings, line 18) FAIL: g++.old-deja/g++.jason/pmf5.C -std=gnu++11 assuming (test for errors, line 18) FAIL: g++.old-deja/g++.jason/pmf5.C -std=gnu++11 note (test for warnings, line 18) FAIL: g++.old-deja/g++.jason/pmf5.C -std=gnu++1y assuming (test for errors, line 18) FAIL: g++.old-deja/g++.jason/pmf5.C -std=gnu++1y note (test for warnings, line 18) FAIL: g++.old-deja/g++.jason/scoping8.C -std=c++98 (test for errors, line 4) FAIL: g++.old-deja/g++.jason/scoping8.C -std=c++98 (test for errors, line 7) FAIL: g++.old-deja/g++.jason/scoping8.C -std=c++11 (test for errors, line 4) FAIL: g++.old-deja/g++.jason/scoping8.C -std=c++11 (test for errors, line 7) FAIL: g++.old-deja/g++.jason/scoping8.C -std=c++1y (test for errors, line 4) FAIL: g++.old-deja/g++.jason/scoping8.C -std=c++1y (test for errors, line 7) FAIL: g++.old-deja/g++.jason/typeid1.C -std=c++98 (test for errors, line 11) FAIL: g++.old-deja/g++.jason/typeid1.C -std=c++11 (test for errors, line 11) FAIL: g++.old-deja/g++.jason/typeid1.C -std=c++1y (test for errors, line 11)
FAIL: g++.old-deja/g++.law/arm16.C -std=gnu++98  (test for errors, line 14)
FAIL: g++.old-deja/g++.law/arm16.C -std=gnu++11  (test for errors, line 14)
FAIL: g++.old-deja/g++.law/arm16.C -std=gnu++1y  (test for errors, line 14)
FAIL: g++.old-deja/g++.law/nest1.C -std=c++98  (test for errors, line 9)
FAIL: g++.old-deja/g++.law/nest1.C -std=c++98  (test for errors, line 13)
FAIL: g++.old-deja/g++.law/nest1.C -std=c++11  (test for errors, line 9)
FAIL: g++.old-deja/g++.law/nest1.C -std=c++11  (test for errors, line 13)
FAIL: g++.old-deja/g++.law/nest1.C -std=c++1y  (test for errors, line 9)
FAIL: g++.old-deja/g++.law/nest1.C -std=c++1y  (test for errors, line 13)
FAIL: g++.old-deja/g++.law/operators9.C -std=c++98 (test for errors, line 12) FAIL: g++.old-deja/g++.law/operators9.C -std=c++11 (test for errors, line 12) FAIL: g++.old-deja/g++.law/operators9.C -std=c++1y (test for errors, line 12)
FAIL: g++.old-deja/g++.mike/net31.C -std=c++98  (test for errors, line 65)
FAIL: g++.old-deja/g++.mike/net31.C -std=c++11  (test for errors, line 65)
FAIL: g++.old-deja/g++.mike/net31.C -std=c++1y  (test for errors, line 65)
FAIL: g++.old-deja/g++.mike/net36.C -std=c++98  (test for errors, line 18)
FAIL: g++.old-deja/g++.mike/net36.C -std=c++11  (test for errors, line 18)
FAIL: g++.old-deja/g++.mike/net36.C -std=c++1y  (test for errors, line 18)
FAIL: g++.old-deja/g++.mike/p11110.C -std=c++98  (test for errors, line 20)
FAIL: g++.old-deja/g++.mike/p11110.C -std=c++98 (test for excess errors)
FAIL: g++.old-deja/g++.mike/p11110.C -std=c++11  (test for errors, line 20)
FAIL: g++.old-deja/g++.mike/p11110.C -std=c++11 (test for excess errors)
FAIL: g++.old-deja/g++.mike/p11110.C -std=c++1y  (test for errors, line 20)
FAIL: g++.old-deja/g++.mike/p11110.C -std=c++1y (test for excess errors)
FAIL: g++.old-deja/g++.mike/p646.C -std=gnu++98 (test for warnings, line 135) FAIL: g++.old-deja/g++.mike/p646.C -std=gnu++11 (test for warnings, line 135) FAIL: g++.old-deja/g++.mike/p646.C -std=gnu++1y (test for warnings, line 135) FAIL: g++.old-deja/g++.oliva/overload1.C -std=c++98 (test for errors, line 16) FAIL: g++.old-deja/g++.oliva/overload1.C -std=c++98 note (test for warnings, line 16) FAIL: g++.old-deja/g++.oliva/overload1.C -std=c++11 (test for errors, line 16) FAIL: g++.old-deja/g++.oliva/overload1.C -std=c++11 note (test for warnings, line 16) FAIL: g++.old-deja/g++.oliva/overload1.C -std=c++1y (test for errors, line 16) FAIL: g++.old-deja/g++.oliva/overload1.C -std=c++1y note (test for warnings, line 16)
FAIL: g++.old-deja/g++.other/decl6.C -std=c++98  (test for errors, line 12)
FAIL: g++.old-deja/g++.other/decl6.C -std=c++11  (test for errors, line 12)
FAIL: g++.old-deja/g++.other/decl6.C -std=c++1y  (test for errors, line 12)
FAIL: g++.old-deja/g++.other/init5.C -std=c++98 execution test
FAIL: g++.old-deja/g++.other/init5.C -std=c++11 execution test
FAIL: g++.old-deja/g++.other/init5.C -std=c++1y execution test
FAIL: g++.old-deja/g++.other/pmf2.C -std=c++98  (test for errors, line 17)
FAIL: g++.old-deja/g++.other/pmf2.C -std=c++11  (test for errors, line 17)
FAIL: g++.old-deja/g++.other/pmf2.C -std=c++1y  (test for errors, line 17)
FAIL: g++.old-deja/g++.other/pmf3.C -std=c++98  (test for errors, line 23)
FAIL: g++.old-deja/g++.other/pmf3.C -std=c++98  (test for errors, line 24)
FAIL: g++.old-deja/g++.other/pmf3.C -std=c++11  (test for errors, line 23)
FAIL: g++.old-deja/g++.other/pmf3.C -std=c++11  (test for errors, line 24)
FAIL: g++.old-deja/g++.other/pmf3.C -std=c++1y  (test for errors, line 23)
FAIL: g++.old-deja/g++.other/pmf3.C -std=c++1y  (test for errors, line 24)
FAIL: g++.old-deja/g++.other/pmf7.C -std=c++98  (test for errors, line 15)
FAIL: g++.old-deja/g++.other/pmf7.C -std=c++11  (test for errors, line 15)
FAIL: g++.old-deja/g++.other/pmf7.C -std=c++1y  (test for errors, line 15)
FAIL: g++.old-deja/g++.other/ptrmem7.C -std=c++98 err (test for errors, line 23) FAIL: g++.old-deja/g++.other/ptrmem7.C -std=c++98 note (test for warnings, line 23) FAIL: g++.old-deja/g++.other/ptrmem7.C -std=c++98 err (test for errors, line 25) FAIL: g++.old-deja/g++.other/ptrmem7.C -std=c++98 err (test for errors, line 26) FAIL: g++.old-deja/g++.other/ptrmem7.C -std=c++98 (test for errors, line 34) FAIL: g++.old-deja/g++.other/ptrmem7.C -std=c++98 (test for errors, line 35) FAIL: g++.old-deja/g++.other/ptrmem7.C -std=c++98 (test for errors, line 36) FAIL: g++.old-deja/g++.other/ptrmem7.C -std=c++98 (test for errors, line 38) FAIL: g++.old-deja/g++.other/ptrmem7.C -std=c++98 (test for errors, line 39) FAIL: g++.old-deja/g++.other/ptrmem7.C -std=c++11 err (test for errors, line 23) FAIL: g++.old-deja/g++.other/ptrmem7.C -std=c++11 note (test for warnings, line 23) FAIL: g++.old-deja/g++.other/ptrmem7.C -std=c++11 err (test for errors, line 25) FAIL: g++.old-deja/g++.other/ptrmem7.C -std=c++11 err (test for errors, line 26) FAIL: g++.old-deja/g++.other/ptrmem7.C -std=c++11 (test for errors, line 34) FAIL: g++.old-deja/g++.other/ptrmem7.C -std=c++11 (test for errors, line 35) FAIL: g++.old-deja/g++.other/ptrmem7.C -std=c++11 (test for errors, line 36) FAIL: g++.old-deja/g++.other/ptrmem7.C -std=c++11 (test for errors, line 38) FAIL: g++.old-deja/g++.other/ptrmem7.C -std=c++11 (test for errors, line 39) FAIL: g++.old-deja/g++.other/ptrmem7.C -std=c++1y err (test for errors, line 23) FAIL: g++.old-deja/g++.other/ptrmem7.C -std=c++1y note (test for warnings, line 23) FAIL: g++.old-deja/g++.other/ptrmem7.C -std=c++1y err (test for errors, line 25) FAIL: g++.old-deja/g++.other/ptrmem7.C -std=c++1y err (test for errors, line 26) FAIL: g++.old-deja/g++.other/ptrmem7.C -std=c++1y (test for errors, line 34) FAIL: g++.old-deja/g++.other/ptrmem7.C -std=c++1y (test for errors, line 35) FAIL: g++.old-deja/g++.other/ptrmem7.C -std=c++1y (test for errors, line 36) FAIL: g++.old-deja/g++.other/ptrmem7.C -std=c++1y (test for errors, line 38) FAIL: g++.old-deja/g++.other/ptrmem7.C -std=c++1y (test for errors, line 39)
FAIL: g++.old-deja/g++.pt/ptrmem10.C -std=c++98 (test for excess errors)
FAIL: g++.old-deja/g++.pt/ptrmem10.C -std=c++11 (test for excess errors)
FAIL: g++.old-deja/g++.pt/ptrmem10.C -std=c++1y (test for excess errors)
FAIL: g++.old-deja/g++.robertl/eb131.C -std=c++98 (test for warnings, line 13) FAIL: g++.old-deja/g++.robertl/eb131.C -std=c++98 (test for errors, line 18) FAIL: g++.old-deja/g++.robertl/eb131.C -std=c++98 candidate note (test for warnings, line 18) FAIL: g++.old-deja/g++.robertl/eb131.C -std=c++98 (test for errors, line 20) FAIL: g++.old-deja/g++.robertl/eb131.C -std=c++98 candidate note (test for warnings, line 20) FAIL: g++.old-deja/g++.robertl/eb131.C -std=c++11 (test for warnings, line 13) FAIL: g++.old-deja/g++.robertl/eb131.C -std=c++11 (test for errors, line 18) FAIL: g++.old-deja/g++.robertl/eb131.C -std=c++11 candidate note (test for warnings, line 18) FAIL: g++.old-deja/g++.robertl/eb131.C -std=c++11 (test for errors, line 20) FAIL: g++.old-deja/g++.robertl/eb131.C -std=c++11 candidate note (test for warnings, line 20) FAIL: g++.old-deja/g++.robertl/eb131.C -std=c++1y (test for warnings, line 13) FAIL: g++.old-deja/g++.robertl/eb131.C -std=c++1y (test for errors, line 18) FAIL: g++.old-deja/g++.robertl/eb131.C -std=c++1y candidate note (test for warnings, line 18) FAIL: g++.old-deja/g++.robertl/eb131.C -std=c++1y (test for errors, line 20) FAIL: g++.old-deja/g++.robertl/eb131.C -std=c++1y candidate note (test for warnings, line 20)
FAIL: g++.old-deja/g++.robertl/eb8.C -std=c++98  (test for errors, line 5)
FAIL: g++.old-deja/g++.robertl/eb8.C -std=c++98  (test for errors, line 6)
FAIL: g++.old-deja/g++.robertl/eb8.C -std=c++11  (test for errors, line 5)
FAIL: g++.old-deja/g++.robertl/eb8.C -std=c++11  (test for errors, line 6)
FAIL: g++.old-deja/g++.robertl/eb8.C -std=c++1y  (test for errors, line 5)
FAIL: g++.old-deja/g++.robertl/eb8.C -std=c++1y  (test for errors, line 6)

        === g++ Summary ===

# of expected passes        81300
# of unexpected failures    466
# of unexpected successes    5
# of expected failures        437
# of unresolved testcases    27
# of unsupported tests        3265
/cygdrive/c/users/tim/tim/tim/src/gcc/cyg64/gcc/testsuite/g++/../../xg++ version 4.10.0 20140411 (experimental) (GCC)

        === gcc tests ===


Running target unix
FAIL: gcc.c-torture/compile/limits-exprparen.c -O0 (internal compiler error) FAIL: gcc.c-torture/compile/limits-exprparen.c -O0 (test for excess errors) FAIL: gcc.c-torture/compile/limits-exprparen.c -O1 (internal compiler error) FAIL: gcc.c-torture/compile/limits-exprparen.c -O1 (test for excess errors) FAIL: gcc.c-torture/compile/limits-exprparen.c -O2 (internal compiler error) FAIL: gcc.c-torture/compile/limits-exprparen.c -O2 (test for excess errors) FAIL: gcc.c-torture/compile/limits-exprparen.c -O3 -fomit-frame-pointer (internal compiler error) FAIL: gcc.c-torture/compile/limits-exprparen.c -O3 -fomit-frame-pointer (test for excess errors) FAIL: gcc.c-torture/compile/limits-exprparen.c -O3 -g (internal compiler error) FAIL: gcc.c-torture/compile/limits-exprparen.c -O3 -g (test for excess errors) FAIL: gcc.c-torture/compile/limits-exprparen.c -Os (internal compiler error) FAIL: gcc.c-torture/compile/limits-exprparen.c -Os (test for excess errors) FAIL: gcc.c-torture/compile/limits-exprparen.c -O2 -flto -fno-use-linker-plugin -flto-partition=none (internal compiler error) FAIL: gcc.c-torture/compile/limits-exprparen.c -O2 -flto -fno-use-linker-plugin -flto-partition=none (test for excess errors) FAIL: gcc.c-torture/compile/limits-exprparen.c -O2 -flto -fuse-linker-plugin -fno-fat-lto-objects (internal compiler error) FAIL: gcc.c-torture/compile/limits-exprparen.c -O2 -flto -fuse-linker-plugin -fno-fat-lto-objects (test for excess errors) FAIL: gcc.c-torture/compile/limits-fndefn.c -O2 -flto -fno-use-linker-plugin -flto-partition=none (internal compiler error) FAIL: gcc.c-torture/compile/limits-fndefn.c -O2 -flto -fno-use-linker-plugin -flto-partition=none (test for excess errors) FAIL: gcc.c-torture/compile/limits-fndefn.c -O2 -flto -fuse-linker-plugin -fno-fat-lto-objects (internal compiler error) FAIL: gcc.c-torture/compile/limits-fndefn.c -O2 -flto -fuse-linker-plugin -fno-fat-lto-objects (test for excess errors)
FAIL: gcc.c-torture/execute/20000822-1.c execution,  -O0
FAIL: gcc.c-torture/execute/20000822-1.c execution,  -O1
FAIL: gcc.c-torture/execute/20000822-1.c execution,  -O2
FAIL: gcc.c-torture/execute/20000822-1.c execution, -O3 -fomit-frame-pointer
FAIL: gcc.c-torture/execute/20000822-1.c execution,  -O3 -g
FAIL: gcc.c-torture/execute/20000822-1.c execution,  -Os
FAIL: gcc.c-torture/execute/20000822-1.c execution,  -Og -g
FAIL: gcc.c-torture/execute/20000822-1.c execution, -O2 -flto -fno-use-linker-plugin -flto-partition=none FAIL: gcc.c-torture/execute/20000822-1.c execution, -O2 -flto -fuse-linker-plugin -fno-fat-lto-objects
FAIL: gcc.c-torture/execute/nestfunc-3.c execution,  -O0
FAIL: gcc.c-torture/execute/nestfunc-3.c execution,  -O1
FAIL: gcc.c-torture/execute/nestfunc-3.c execution,  -O2
FAIL: gcc.c-torture/execute/nestfunc-3.c execution, -O3 -fomit-frame-pointer FAIL: gcc.c-torture/execute/nestfunc-3.c execution, -O3 -fomit-frame-pointer -funroll-loops FAIL: gcc.c-torture/execute/nestfunc-3.c execution, -O3 -fomit-frame-pointer -funroll-all-loops -finline-functions
FAIL: gcc.c-torture/execute/nestfunc-3.c execution,  -O3 -g
FAIL: gcc.c-torture/execute/nestfunc-3.c execution,  -Os
FAIL: gcc.c-torture/execute/nestfunc-3.c execution,  -Og -g
FAIL: gcc.c-torture/execute/nestfunc-3.c execution, -O2 -flto -fno-use-linker-plugin -flto-partition=none FAIL: gcc.c-torture/execute/nestfunc-3.c execution, -O2 -flto -fuse-linker-plugin -fno-fat-lto-objects
FAIL: gcc.c-torture/execute/nestfunc-5.c execution,  -O0
FAIL: gcc.c-torture/execute/nestfunc-5.c execution,  -O1
FAIL: gcc.c-torture/execute/nestfunc-5.c execution,  -O2
FAIL: gcc.c-torture/execute/nestfunc-5.c execution, -O3 -fomit-frame-pointer
FAIL: gcc.c-torture/execute/nestfunc-5.c execution,  -O3 -g
FAIL: gcc.c-torture/execute/nestfunc-5.c execution,  -Os
FAIL: gcc.c-torture/execute/nestfunc-5.c execution,  -Og -g
FAIL: gcc.c-torture/execute/nestfunc-5.c execution, -O2 -flto -fno-use-linker-plugin -flto-partition=none FAIL: gcc.c-torture/execute/nestfunc-5.c execution, -O2 -flto -fuse-linker-plugin -fno-fat-lto-objects
FAIL: gcc.c-torture/execute/nestfunc-6.c execution,  -O0
FAIL: gcc.c-torture/execute/nestfunc-6.c execution,  -O1
FAIL: gcc.c-torture/execute/nestfunc-6.c execution,  -O2
FAIL: gcc.c-torture/execute/nestfunc-6.c execution, -O3 -fomit-frame-pointer
FAIL: gcc.c-torture/execute/nestfunc-6.c execution,  -O3 -g
FAIL: gcc.c-torture/execute/nestfunc-6.c execution,  -Os
FAIL: gcc.c-torture/execute/nestfunc-6.c execution,  -Og -g
FAIL: gcc.c-torture/execute/nestfunc-6.c execution, -O2 -flto -fno-use-linker-plugin -flto-partition=none FAIL: gcc.c-torture/execute/nestfunc-6.c execution, -O2 -flto -fuse-linker-plugin -fno-fat-lto-objects ERROR: rm: cannot remove \`/cygdrive/c/users/tim/tim/tim/src/gcc/cyg64/gcc/testsuite/gcc1/20000914-1.x5': Device or resource busy ERROR: rm: cannot remove \`/cygdrive/c/users/tim/tim/tim/src/gcc/cyg64/gcc/testsuite/gcc3/pr35163.x8': Device or resource busy ERROR: rm: cannot remove \`/cygdrive/c/users/tim/tim/tim/src/gcc/cyg64/gcc/testsuite/gcc4/vrp-1.x7': Device or resource busy ERROR: tcl error sourcing /cygdrive/c/users/tim/tim/tim/src/gcc/gcc/testsuite/gcc.c-torture/execute/execute.exp. ERROR: tcl error sourcing /cygdrive/c/users/tim/tim/tim/src/gcc/gcc/testsuite/gcc.c-torture/execute/execute.exp. ERROR: tcl error sourcing /cygdrive/c/users/tim/tim/tim/src/gcc/gcc/testsuite/gcc.c-torture/execute/execute.exp. FAIL: gcc.c-torture/unsorted/dump-noaddr.c, -O3 -g -dumpbase dump2/dump-noaddr.c -DMASK=2 -x c -fdump-ipa-all -fdump-rtl-all -fdump-tree-all -fdump-noaddr
FAIL: gcc.dg/compat/vector-1b c_compat_x_tst.o-c_compat_y_tst.o execute
FAIL: gcc.dg/compat/vector-2b c_compat_x_tst.o-c_compat_y_tst.o execute
FAIL: gcc.dg/cpp/_Pragma3.c (test for excess errors)
FAIL: gcc.dg/cpp/include2.c (test for excess errors)
FAIL: gcc.dg/debug/20020220-1.c -gstabs1 (test for excess errors)
UNRESOLVED: gcc.dg/debug/20020220-1.c -gstabs1 compilation failed to produce executable
FAIL: gcc.dg/debug/20020220-1.c -gstabs1 -O (test for excess errors)
UNRESOLVED: gcc.dg/debug/20020220-1.c -gstabs1 -O compilation failed to produce executable
FAIL: gcc.dg/debug/20020220-1.c -gstabs1 -O3 (test for excess errors)
UNRESOLVED: gcc.dg/debug/20020220-1.c -gstabs1 -O3 compilation failed to produce executable
FAIL: gcc.dg/debug/20020220-1.c -gstabs (test for excess errors)
UNRESOLVED: gcc.dg/debug/20020220-1.c -gstabs compilation failed to produce executable
FAIL: gcc.dg/debug/20020220-1.c -gstabs -O (test for excess errors)
UNRESOLVED: gcc.dg/debug/20020220-1.c -gstabs -O compilation failed to produce executable
FAIL: gcc.dg/debug/20020220-1.c -gstabs -O3 (test for excess errors)
UNRESOLVED: gcc.dg/debug/20020220-1.c -gstabs -O3 compilation failed to produce executable
FAIL: gcc.dg/debug/20020220-1.c -gstabs3 (test for excess errors)
UNRESOLVED: gcc.dg/debug/20020220-1.c -gstabs3 compilation failed to produce executable
FAIL: gcc.dg/debug/20020220-1.c -gstabs3 -O (test for excess errors)
UNRESOLVED: gcc.dg/debug/20020220-1.c -gstabs3 -O compilation failed to produce executable
FAIL: gcc.dg/debug/20020220-1.c -gstabs3 -O3 (test for excess errors)
UNRESOLVED: gcc.dg/debug/20020220-1.c -gstabs3 -O3 compilation failed to produce executable
FAIL: gcc.dg/debug/20020220-1.c -gstabs+1 (test for excess errors)
UNRESOLVED: gcc.dg/debug/20020220-1.c -gstabs+1 compilation failed to produce executable
FAIL: gcc.dg/debug/20020220-1.c -gstabs+1 -O (test for excess errors)
UNRESOLVED: gcc.dg/debug/20020220-1.c -gstabs+1 -O compilation failed to produce executable
FAIL: gcc.dg/debug/20020220-1.c -gstabs+1 -O3 (test for excess errors)
UNRESOLVED: gcc.dg/debug/20020220-1.c -gstabs+1 -O3 compilation failed to produce executable
FAIL: gcc.dg/debug/20020220-1.c -gstabs+ (test for excess errors)
UNRESOLVED: gcc.dg/debug/20020220-1.c -gstabs+ compilation failed to produce executable
FAIL: gcc.dg/debug/20020220-1.c -gstabs+ -O (test for excess errors)
UNRESOLVED: gcc.dg/debug/20020220-1.c -gstabs+ -O compilation failed to produce executable
FAIL: gcc.dg/debug/20020220-1.c -gstabs+ -O3 (test for excess errors)
UNRESOLVED: gcc.dg/debug/20020220-1.c -gstabs+ -O3 compilation failed to produce executable
FAIL: gcc.dg/debug/20020220-1.c -gstabs+3 (test for excess errors)
UNRESOLVED: gcc.dg/debug/20020220-1.c -gstabs+3 compilation failed to produce executable
FAIL: gcc.dg/debug/20020220-1.c -gstabs+3 -O (test for excess errors)
UNRESOLVED: gcc.dg/debug/20020220-1.c -gstabs+3 -O compilation failed to produce executable
FAIL: gcc.dg/debug/20020220-1.c -gstabs+3 -O3 (test for excess errors)
UNRESOLVED: gcc.dg/debug/20020220-1.c -gstabs+3 -O3 compilation failed to produce executable
FAIL: gcc.dg/debug/20020327-1.c -gstabs1 (test for excess errors)
FAIL: gcc.dg/debug/20020327-1.c -gstabs1 -O (test for excess errors)
FAIL: gcc.dg/debug/20020327-1.c -gstabs1 -O3 (test for excess errors)
FAIL: gcc.dg/debug/20020327-1.c -gstabs (test for excess errors)
FAIL: gcc.dg/debug/20020327-1.c -gstabs -O (test for excess errors)
FAIL: gcc.dg/debug/20020327-1.c -gstabs -O3 (test for excess errors)
FAIL: gcc.dg/debug/20020327-1.c -gstabs3 (test for excess errors)
FAIL: gcc.dg/debug/20020327-1.c -gstabs3 -O (test for excess errors)
FAIL: gcc.dg/debug/20020327-1.c -gstabs3 -O3 (test for excess errors)
FAIL: gcc.dg/debug/20020327-1.c -gstabs+1 (test for excess errors)
FAIL: gcc.dg/debug/20020327-1.c -gstabs+1 -O (test for excess errors)
FAIL: gcc.dg/debug/20020327-1.c -gstabs+1 -O3 (test for excess errors)
FAIL: gcc.dg/debug/20020327-1.c -gstabs+ (test for excess errors)
FAIL: gcc.dg/debug/20020327-1.c -gstabs+ -O (test for excess errors)
FAIL: gcc.dg/debug/20020327-1.c -gstabs+ -O3 (test for excess errors)
FAIL: gcc.dg/debug/20020327-1.c -gstabs+3 (test for excess errors)
FAIL: gcc.dg/debug/20020327-1.c -gstabs+3 -O (test for excess errors)
FAIL: gcc.dg/debug/20020327-1.c -gstabs+3 -O3 (test for excess errors)
FAIL: gcc.dg/debug/20050907-1.c -gstabs1 (test for excess errors)
FAIL: gcc.dg/debug/20050907-1.c -gstabs1 -O (test for excess errors)
FAIL: gcc.dg/debug/20050907-1.c -gstabs1 -O3 (test for excess errors)
FAIL: gcc.dg/debug/20050907-1.c -gstabs (test for excess errors)
FAIL: gcc.dg/debug/20050907-1.c -gstabs -O (test for excess errors)
FAIL: gcc.dg/debug/20050907-1.c -gstabs -O3 (test for excess errors)
FAIL: gcc.dg/debug/20050907-1.c -gstabs3 (test for excess errors)
FAIL: gcc.dg/debug/20050907-1.c -gstabs3 -O (test for excess errors)
FAIL: gcc.dg/debug/20050907-1.c -gstabs3 -O3 (test for excess errors)
FAIL: gcc.dg/debug/20050907-1.c -gstabs+1 (test for excess errors)
FAIL: gcc.dg/debug/20050907-1.c -gstabs+1 -O (test for excess errors)
FAIL: gcc.dg/debug/20050907-1.c -gstabs+1 -O3 (test for excess errors)
FAIL: gcc.dg/debug/20050907-1.c -gstabs+ (test for excess errors)
FAIL: gcc.dg/debug/20050907-1.c -gstabs+ -O (test for excess errors)
FAIL: gcc.dg/debug/20050907-1.c -gstabs+ -O3 (test for excess errors)
FAIL: gcc.dg/debug/20050907-1.c -gstabs+3 (test for excess errors)
FAIL: gcc.dg/debug/20050907-1.c -gstabs+3 -O (test for excess errors)
FAIL: gcc.dg/debug/20050907-1.c -gstabs+3 -O3 (test for excess errors)
FAIL: gcc.dg/anon-struct-1.c  (test for warnings, line 9)
FAIL: gcc.dg/anon-struct-1.c  (test for warnings, line 16)
FAIL: gcc.dg/anon-struct-1.c  (test for warnings, line 32)
FAIL: gcc.dg/anon-struct-1.c (test for excess errors)
FAIL: gcc.dg/anon-struct-11.c  (test for warnings, line 18)
FAIL: gcc.dg/anon-struct-11.c  (test for errors, line 37)
FAIL: gcc.dg/anon-struct-11.c  (test for warnings, line 50)
FAIL: gcc.dg/anon-struct-11.c  (test for warnings, line 53)
FAIL: gcc.dg/anon-struct-11.c  (test for errors, line 88)
FAIL: gcc.dg/anon-struct-11.c  (test for errors, line 90)
FAIL: gcc.dg/anon-struct-2.c  (test for warnings, line 9)
FAIL: gcc.dg/anon-struct-2.c  (test for warnings, line 16)
FAIL: gcc.dg/anon-struct-2.c  (test for warnings, line 32)
FAIL: gcc.dg/anon-struct-2.c (test for excess errors)
FAIL: gcc.dg/attr-weakref-1.c (test for excess errors)
UNRESOLVED: gcc.dg/attr-weakref-1.c compilation failed to produce executable
FAIL: gcc.dg/c11-anon-struct-2.c  (test for errors, line 14)
FAIL: gcc.dg/c11-anon-struct-2.c  (test for errors, line 20)
FAIL: gcc.dg/c11-anon-struct-2.c  (test for errors, line 41)
FAIL: gcc.dg/c11-anon-struct-3.c  (test for errors, line 19)
FAIL: gcc.dg/c11-anon-struct-3.c  (test for errors, line 29)
FAIL: gcc.dg/c99-predef-1.c (test for excess errors)
XPASS: gcc.dg/dll-10.c (test for excess errors)
XPASS: gcc.dg/dll-9.c (test for excess errors)
FAIL: gcc.dg/fstack-protector-strong.c scan-assembler-times stack_chk_fail 10 FAIL: gcc.dg/ira-shrinkwrap-prep-1.c scan-rtl-dump pro_and_epilogue "Performing shrink-wrapping" FAIL: gcc.dg/ira-shrinkwrap-prep-2.c scan-rtl-dump pro_and_epilogue "Performing shrink-wrapping" FAIL: gcc.dg/pr10474.c scan-rtl-dump pro_and_epilogue "Performing shrink-wrapping"
FAIL: gcc.dg/pr24683.c (internal compiler error)
FAIL: gcc.dg/pr24683.c (test for excess errors)
FAIL: gcc.dg/pr44194-1.c scan-rtl-dump dse1 "global deletions = (2|3)"
FAIL: gcc.dg/pr50251.c (test for excess errors)
FAIL: gcc.dg/stack-usage-1.c scan-file foo\\t(256|264)\\tstatic
FAIL: gcc.dg/trampoline-1.c execution test
XPASS: gcc.dg/guality/example.c  -O0  execution test
WARNING: program timed out.
XPASS: gcc.dg/guality/example.c -O3 -fomit-frame-pointer -funroll-loops execution test
XPASS: gcc.dg/guality/guality.c  -O0  execution test
XPASS: gcc.dg/guality/guality.c  -O1  execution test
XPASS: gcc.dg/guality/guality.c  -O2  execution test
XPASS: gcc.dg/guality/guality.c  -O3 -fomit-frame-pointer  execution test
XPASS: gcc.dg/guality/guality.c  -O3 -g  execution test
XPASS: gcc.dg/guality/guality.c  -Os  execution test
XPASS: gcc.dg/guality/guality.c -O2 -flto -fno-use-linker-plugin -flto-partition=none execution test XPASS: gcc.dg/guality/guality.c -O2 -flto -fuse-linker-plugin -fno-fat-lto-objects execution test
XPASS: gcc.dg/guality/inline-params.c  -O2  execution test
XPASS: gcc.dg/guality/inline-params.c -O3 -fomit-frame-pointer execution test
XPASS: gcc.dg/guality/inline-params.c  -O3 -g  execution test
XPASS: gcc.dg/guality/inline-params.c  -Os  execution test
XPASS: gcc.dg/guality/inline-params.c -O2 -flto -fno-use-linker-plugin -flto-partition=none execution test
FAIL: gcc.dg/guality/pr36728-1.c  -O1  line 16 arg2 == 2
FAIL: gcc.dg/guality/pr36728-1.c  -O1  line 18 arg2 == 2
FAIL: gcc.dg/guality/pr36728-1.c  -O2  line 16 arg2 == 2
FAIL: gcc.dg/guality/pr36728-1.c  -O2  line 18 arg2 == 2
FAIL: gcc.dg/guality/pr36728-1.c -O3 -fomit-frame-pointer line 16 arg2 == 2 FAIL: gcc.dg/guality/pr36728-1.c -O3 -fomit-frame-pointer line 18 arg2 == 2
FAIL: gcc.dg/guality/pr36728-1.c  -O3 -g  line 16 arg2 == 2
FAIL: gcc.dg/guality/pr36728-1.c  -O3 -g  line 18 arg2 == 2
FAIL: gcc.dg/guality/pr36728-1.c  -Os  line 16 arg2 == 2
FAIL: gcc.dg/guality/pr36728-1.c  -Os  line 18 arg2 == 2
FAIL: gcc.dg/guality/pr36728-1.c -O2 -flto -fno-use-linker-plugin -flto-partition=none line 16 arg2 == 2 FAIL: gcc.dg/guality/pr36728-1.c -O2 -flto -fno-use-linker-plugin -flto-partition=none line 18 arg2 == 2 FAIL: gcc.dg/guality/pr36728-1.c -O2 -flto -fuse-linker-plugin -fno-fat-lto-objects line 16 arg2 == 2 FAIL: gcc.dg/guality/pr36728-1.c -O2 -flto -fuse-linker-plugin -fno-fat-lto-objects line 18 arg2 == 2
FAIL: gcc.dg/guality/pr36728-3.c  -O1  line 14 arg2 == 2
FAIL: gcc.dg/guality/pr36728-3.c  -O1  line 16 arg2 == 2
FAIL: gcc.dg/guality/pr36728-3.c  -O2  line 14 arg2 == 2
FAIL: gcc.dg/guality/pr36728-3.c  -O2  line 16 arg2 == 2
FAIL: gcc.dg/guality/pr36728-3.c -O3 -fomit-frame-pointer line 14 arg2 == 2 FAIL: gcc.dg/guality/pr36728-3.c -O3 -fomit-frame-pointer line 16 arg2 == 2
FAIL: gcc.dg/guality/pr36728-3.c  -O3 -g  line 14 arg2 == 2
FAIL: gcc.dg/guality/pr36728-3.c  -O3 -g  line 16 arg2 == 2
FAIL: gcc.dg/guality/pr36728-3.c  -Os  line 14 arg2 == 2
FAIL: gcc.dg/guality/pr36728-3.c  -Os  line 16 arg2 == 2
FAIL: gcc.dg/guality/pr36728-3.c -O2 -flto -fno-use-linker-plugin -flto-partition=none line 14 arg2 == 2 FAIL: gcc.dg/guality/pr36728-3.c -O2 -flto -fno-use-linker-plugin -flto-partition=none line 16 arg2 == 2 FAIL: gcc.dg/guality/pr36728-3.c -O2 -flto -fuse-linker-plugin -fno-fat-lto-objects line 14 arg2 == 2 FAIL: gcc.dg/guality/pr36728-3.c -O2 -flto -fuse-linker-plugin -fno-fat-lto-objects line 16 arg2 == 2
XPASS: gcc.dg/guality/pr41353-1.c  -O0  line 28 j == 28 + 37
XPASS: gcc.dg/guality/pr41353-1.c  -O1  line 28 j == 28 + 37
XPASS: gcc.dg/guality/pr41353-1.c  -O2  line 28 j == 28 + 37
XPASS: gcc.dg/guality/pr41353-1.c -O3 -fomit-frame-pointer line 28 j == 28 + 37
XPASS: gcc.dg/guality/pr41353-1.c  -O3 -g  line 28 j == 28 + 37
XPASS: gcc.dg/guality/pr41353-1.c  -Os  line 28 j == 28 + 37
XPASS: gcc.dg/guality/pr41353-1.c -O2 -flto -fno-use-linker-plugin -flto-partition=none line 28 j == 28 + 37 XPASS: gcc.dg/guality/pr41353-1.c -O2 -flto -fuse-linker-plugin -fno-fat-lto-objects line 28 j == 28 + 37
XPASS: gcc.dg/guality/pr41447-1.c  -O0  execution test
WARNING: program timed out.
XPASS: gcc.dg/guality/pr41447-1.c  -O2  execution test
XPASS: gcc.dg/guality/pr41447-1.c  -O3 -fomit-frame-pointer execution test
XPASS: gcc.dg/guality/pr41447-1.c  -O3 -g  execution test
XPASS: gcc.dg/guality/pr41447-1.c  -Os  execution test
XPASS: gcc.dg/guality/pr41447-1.c -O2 -flto -fno-use-linker-plugin -flto-partition=none execution test XPASS: gcc.dg/guality/pr41447-1.c -O2 -flto -fuse-linker-plugin -fno-fat-lto-objects execution test
XPASS: gcc.dg/guality/pr41616-1.c  -O0  execution test
XPASS: gcc.dg/guality/pr41616-1.c  -O1  execution test
XPASS: gcc.dg/guality/pr41616-1.c  -O2  execution test
XPASS: gcc.dg/guality/pr41616-1.c  -O3 -fomit-frame-pointer execution test
XPASS: gcc.dg/guality/pr41616-1.c  -O3 -g  execution test
XPASS: gcc.dg/guality/pr41616-1.c  -Os  execution test
XPASS: gcc.dg/guality/pr41616-1.c -O2 -flto -fno-use-linker-plugin -flto-partition=none execution test FAIL: gcc.dg/guality/pr48437.c -O2 -flto -fno-use-linker-plugin -flto-partition=none line 14 i == 0 FAIL: gcc.dg/guality/pr48437.c -O2 -flto -fuse-linker-plugin -fno-fat-lto-objects line 14 i == 0
FAIL: gcc.dg/guality/pr54200.c  -Os  line 20 z == 3
FAIL: gcc.dg/guality/pr54519-1.c -O2 -flto -fno-use-linker-plugin -flto-partition=none line 20 y == 25 FAIL: gcc.dg/guality/pr54519-1.c -O2 -flto -fno-use-linker-plugin -flto-partition=none line 20 z == 6 FAIL: gcc.dg/guality/pr54519-1.c -O2 -flto -fno-use-linker-plugin -flto-partition=none line 23 y == 117 FAIL: gcc.dg/guality/pr54519-1.c -O2 -flto -fno-use-linker-plugin -flto-partition=none line 23 z == 8 FAIL: gcc.dg/guality/pr54519-2.c -O2 -flto -fno-use-linker-plugin -flto-partition=none line 17 y == 25 FAIL: gcc.dg/guality/pr54519-2.c -O2 -flto -fuse-linker-plugin -fno-fat-lto-objects line 17 y == 25 FAIL: gcc.dg/guality/pr54519-3.c -O2 -flto -fno-use-linker-plugin -flto-partition=none line 20 y == 25 FAIL: gcc.dg/guality/pr54519-3.c -O2 -flto -fno-use-linker-plugin -flto-partition=none line 20 z == 6 FAIL: gcc.dg/guality/pr54519-3.c -O2 -flto -fno-use-linker-plugin -flto-partition=none line 23 y == 117 FAIL: gcc.dg/guality/pr54519-3.c -O2 -flto -fno-use-linker-plugin -flto-partition=none line 23 z == 8 FAIL: gcc.dg/guality/pr54519-3.c -O2 -flto -fuse-linker-plugin -fno-fat-lto-objects line 20 y == 25 FAIL: gcc.dg/guality/pr54519-3.c -O2 -flto -fuse-linker-plugin -fno-fat-lto-objects line 20 z == 6 FAIL: gcc.dg/guality/pr54519-3.c -O2 -flto -fuse-linker-plugin -fno-fat-lto-objects line 23 y == 117 FAIL: gcc.dg/guality/pr54519-3.c -O2 -flto -fuse-linker-plugin -fno-fat-lto-objects line 23 z == 8 FAIL: gcc.dg/guality/pr54519-4.c -O2 -flto -fno-use-linker-plugin -flto-partition=none line 17 y == 25 FAIL: gcc.dg/guality/pr54519-4.c -O2 -flto -fuse-linker-plugin -fno-fat-lto-objects line 17 y == 25 FAIL: gcc.dg/guality/pr54519-5.c -O2 -flto -fno-use-linker-plugin -flto-partition=none line 17 y == 25 FAIL: gcc.dg/guality/pr54519-5.c -O2 -flto -fuse-linker-plugin -fno-fat-lto-objects line 17 y == 25
FAIL: gcc.dg/guality/pr54693-2.c  -Os  line 21 x == 10 - i
FAIL: gcc.dg/guality/pr54693-2.c  -Os  line 21 y == 20 - 2 * i
FAIL: gcc.dg/guality/pr56154-1.c  -O1  line pr56154-1.c:17 x.a == 4
FAIL: gcc.dg/guality/pr56154-1.c  -O1  line pr56154-1.c:20 x.a == 6
FAIL: gcc.dg/guality/pr56154-1.c  -O2  line pr56154-1.c:17 x.a == 4
FAIL: gcc.dg/guality/pr56154-1.c  -O2  line pr56154-1.c:20 x.a == 6
FAIL: gcc.dg/guality/pr56154-1.c -O3 -fomit-frame-pointer line pr56154-1.c:17 x.a == 4 FAIL: gcc.dg/guality/pr56154-1.c -O3 -fomit-frame-pointer line pr56154-1.c:20 x.a == 6
FAIL: gcc.dg/guality/pr56154-1.c  -O3 -g  line pr56154-1.c:17 x.a == 4
FAIL: gcc.dg/guality/pr56154-1.c  -O3 -g  line pr56154-1.c:20 x.a == 6
FAIL: gcc.dg/guality/pr56154-1.c  -Os  line pr56154-1.c:17 x.a == 4
FAIL: gcc.dg/guality/pr56154-1.c  -Os  line pr56154-1.c:20 x.a == 6
FAIL: gcc.dg/guality/pr56154-2.c  -O1  line pr56154-2.c:30 x == 28
FAIL: gcc.dg/guality/pr56154-2.c  -O2  line pr56154-2.c:30 x == 28
FAIL: gcc.dg/guality/pr56154-2.c -O3 -fomit-frame-pointer line pr56154-2.c:30 x == 28
FAIL: gcc.dg/guality/pr56154-2.c  -O3 -g  line pr56154-2.c:30 x == 28
FAIL: gcc.dg/guality/pr56154-2.c  -Os  line pr56154-2.c:30 x == 28
FAIL: gcc.dg/guality/pr56154-3.c  -O1  line pr56154-3.c:22 x == 28
FAIL: gcc.dg/guality/pr56154-3.c  -O2  line pr56154-3.c:22 x == 28
FAIL: gcc.dg/guality/pr56154-3.c -O3 -fomit-frame-pointer line pr56154-3.c:22 x == 28
FAIL: gcc.dg/guality/pr56154-3.c  -O3 -g  line pr56154-3.c:22 x == 28
FAIL: gcc.dg/guality/pr56154-3.c  -Os  line pr56154-3.c:22 x == 28
ERROR: gcc.dg/guality/rotatetest.c -O2 -flto -fuse-linker-plugin -fno-fat-lto-objects : error executing dg-final: couldn't open "rotatetest.gdb": permission denied UNRESOLVED: gcc.dg/guality/rotatetest.c -O2 -flto -fuse-linker-plugin -fno-fat-lto-objects : error executing dg-final: couldn't open "rotatetest.gdb": permission denied
FAIL: gcc.dg/guality/sra-1.c  -O2  line 43 a.j == 14
FAIL: gcc.dg/guality/sra-1.c  -O3 -fomit-frame-pointer  line 43 a.j == 14
FAIL: gcc.dg/guality/sra-1.c  -O3 -g  line 43 a.j == 14
FAIL: gcc.dg/guality/sra-1.c  -Os  line 43 a.j == 14
FAIL: gcc.dg/guality/sra-1.c -O2 -flto -fno-use-linker-plugin -flto-partition=none line 43 a.j == 14 FAIL: gcc.dg/guality/sra-1.c -O2 -flto -fuse-linker-plugin -fno-fat-lto-objects line 43 a.j == 14
FAIL: gcc.dg/guality/vla-1.c  -O0  line 17 sizeof (a) == 6
FAIL: gcc.dg/guality/vla-1.c  -O0  line 24 sizeof (a) == 17 * sizeof (short)
FAIL: gcc.dg/guality/vla-1.c  -O1  line 17 sizeof (a) == 6
FAIL: gcc.dg/guality/vla-1.c  -O1  line 24 sizeof (a) == 17 * sizeof (short)
FAIL: gcc.dg/guality/vla-1.c  -O2  line 17 sizeof (a) == 6
FAIL: gcc.dg/guality/vla-1.c  -O2  line 24 sizeof (a) == 17 * sizeof (short)
FAIL: gcc.dg/guality/vla-1.c -O3 -fomit-frame-pointer line 17 sizeof (a) == 6 FAIL: gcc.dg/guality/vla-1.c -O3 -fomit-frame-pointer line 24 sizeof (a) == 17 * sizeof (short)
FAIL: gcc.dg/guality/vla-1.c  -O3 -g  line 17 sizeof (a) == 6
FAIL: gcc.dg/guality/vla-1.c -O3 -g line 24 sizeof (a) == 17 * sizeof (short)
FAIL: gcc.dg/guality/vla-1.c  -Os  line 17 sizeof (a) == 6
FAIL: gcc.dg/guality/vla-1.c  -Os  line 24 sizeof (a) == 17 * sizeof (short)
FAIL: gcc.dg/guality/vla-1.c -O2 -flto -fno-use-linker-plugin -flto-partition=none line 17 sizeof (a) == 6 FAIL: gcc.dg/guality/vla-1.c -O2 -flto -fno-use-linker-plugin -flto-partition=none line 24 sizeof (a) == 17 * sizeof (short) FAIL: gcc.dg/guality/vla-1.c -O2 -flto -fuse-linker-plugin -fno-fat-lto-objects line 17 sizeof (a) == 6 FAIL: gcc.dg/guality/vla-1.c -O2 -flto -fuse-linker-plugin -fno-fat-lto-objects line 24 sizeof (a) == 17 * sizeof (short)
FAIL: gcc.dg/guality/vla-2.c  -O0  line 16 sizeof (a) == 5 * sizeof (int)
FAIL: gcc.dg/guality/vla-2.c  -O0  line 25 sizeof (a) == 6 * sizeof (int)
FAIL: gcc.dg/guality/vla-2.c  -O1  line 16 sizeof (a) == 5 * sizeof (int)
FAIL: gcc.dg/guality/vla-2.c  -O1  line 25 sizeof (a) == 6 * sizeof (int)
FAIL: gcc.dg/guality/vla-2.c  -O2  line 16 sizeof (a) == 5 * sizeof (int)
FAIL: gcc.dg/guality/vla-2.c  -O2  line 25 sizeof (a) == 6 * sizeof (int)
FAIL: gcc.dg/guality/vla-2.c -O3 -fomit-frame-pointer line 16 sizeof (a) == 5 * sizeof (int) FAIL: gcc.dg/guality/vla-2.c -O3 -fomit-frame-pointer line 25 sizeof (a) == 6 * sizeof (int)
FAIL: gcc.dg/guality/vla-2.c  -O3 -g  line 16 sizeof (a) == 5 * sizeof (int)
FAIL: gcc.dg/guality/vla-2.c  -O3 -g  line 25 sizeof (a) == 6 * sizeof (int)
FAIL: gcc.dg/guality/vla-2.c  -Os  line 16 sizeof (a) == 5 * sizeof (int)
FAIL: gcc.dg/guality/vla-2.c  -Os  line 25 sizeof (a) == 6 * sizeof (int)
FAIL: gcc.dg/guality/vla-2.c -O2 -flto -fno-use-linker-plugin -flto-partition=none line 16 sizeof (a) == 5 * sizeof (int) FAIL: gcc.dg/guality/vla-2.c -O2 -flto -fno-use-linker-plugin -flto-partition=none line 25 sizeof (a) == 6 * sizeof (int) FAIL: gcc.dg/guality/vla-2.c -O2 -flto -fuse-linker-plugin -fno-fat-lto-objects line 16 sizeof (a) == 5 * sizeof (int) FAIL: gcc.dg/guality/vla-2.c -O2 -flto -fuse-linker-plugin -fno-fat-lto-objects line 25 sizeof (a) == 6 * sizeof (int)
FAIL: gcc.dg/torture/pr53922.c  -O0  (test for excess errors)
UNRESOLVED: gcc.dg/torture/pr53922.c -O0 compilation failed to produce executable
FAIL: gcc.dg/torture/pr53922.c  -O1  (test for excess errors)
UNRESOLVED: gcc.dg/torture/pr53922.c -O1 compilation failed to produce executable
FAIL: gcc.dg/torture/pr53922.c  -O2  (test for excess errors)
UNRESOLVED: gcc.dg/torture/pr53922.c -O2 compilation failed to produce executable FAIL: gcc.dg/torture/pr53922.c -O3 -fomit-frame-pointer (test for excess errors) UNRESOLVED: gcc.dg/torture/pr53922.c -O3 -fomit-frame-pointer compilation failed to produce executable
FAIL: gcc.dg/torture/pr53922.c  -O3 -g  (test for excess errors)
UNRESOLVED: gcc.dg/torture/pr53922.c -O3 -g compilation failed to produce executable
FAIL: gcc.dg/torture/pr53922.c  -Os  (test for excess errors)
UNRESOLVED: gcc.dg/torture/pr53922.c -Os compilation failed to produce executable FAIL: gcc.dg/torture/pr53922.c -O2 -flto -fno-use-linker-plugin -flto-partition=none (test for excess errors) UNRESOLVED: gcc.dg/torture/pr53922.c -O2 -flto -fno-use-linker-plugin -flto-partition=none compilation failed to produce executable FAIL: gcc.dg/torture/pr53922.c -O2 -flto -fuse-linker-plugin -fno-fat-lto-objects (test for excess errors) UNRESOLVED: gcc.dg/torture/pr53922.c -O2 -flto -fuse-linker-plugin -fno-fat-lto-objects compilation failed to produce executable
FAIL: gcc.dg/torture/stackalign/nested-5.c  -O0  execution test
FAIL: gcc.dg/torture/stackalign/nested-5.c  -O0 -fpic execution test
FAIL: gcc.dg/torture/stackalign/nested-5.c  -O1  execution test
FAIL: gcc.dg/torture/stackalign/nested-5.c  -O1 -fpic execution test
FAIL: gcc.dg/torture/stackalign/nested-5.c  -O2  execution test
FAIL: gcc.dg/torture/stackalign/nested-5.c  -O2 -fpic execution test
FAIL: gcc.dg/torture/stackalign/nested-5.c -O3 -fomit-frame-pointer execution test FAIL: gcc.dg/torture/stackalign/nested-5.c -O3 -fomit-frame-pointer -fpic execution test
FAIL: gcc.dg/torture/stackalign/nested-5.c  -O3 -g  execution test
FAIL: gcc.dg/torture/stackalign/nested-5.c  -O3 -g -fpic execution test
FAIL: gcc.dg/torture/stackalign/nested-5.c  -Os  execution test
FAIL: gcc.dg/torture/stackalign/nested-5.c  -Os -fpic execution test
FAIL: gcc.dg/torture/stackalign/nested-5.c -O2 -flto -fno-use-linker-plugin -flto-partition=none execution test FAIL: gcc.dg/torture/stackalign/nested-5.c -O2 -flto -fno-use-linker-plugin -flto-partition=none -fpic execution test FAIL: gcc.dg/torture/stackalign/nested-5.c -O2 -flto -fuse-linker-plugin -fno-fat-lto-objects execution test FAIL: gcc.dg/torture/stackalign/nested-5.c -O2 -flto -fuse-linker-plugin -fno-fat-lto-objects -fpic execution test
FAIL: gcc.dg/torture/stackalign/nested-6.c  -O0  execution test
FAIL: gcc.dg/torture/stackalign/nested-6.c  -O0 -fpic execution test
FAIL: gcc.dg/torture/stackalign/nested-6.c  -O1  execution test
FAIL: gcc.dg/torture/stackalign/nested-6.c  -O1 -fpic execution test
FAIL: gcc.dg/torture/stackalign/nested-6.c  -O2  execution test
FAIL: gcc.dg/torture/stackalign/nested-6.c  -O2 -fpic execution test
FAIL: gcc.dg/torture/stackalign/nested-6.c -O3 -fomit-frame-pointer execution test FAIL: gcc.dg/torture/stackalign/nested-6.c -O3 -fomit-frame-pointer -fpic execution test
FAIL: gcc.dg/torture/stackalign/nested-6.c  -O3 -g  execution test
FAIL: gcc.dg/torture/stackalign/nested-6.c  -O3 -g -fpic execution test
FAIL: gcc.dg/torture/stackalign/nested-6.c  -Os  execution test
FAIL: gcc.dg/torture/stackalign/nested-6.c  -Os -fpic execution test
FAIL: gcc.dg/torture/stackalign/nested-6.c -O2 -flto -fno-use-linker-plugin -flto-partition=none execution test FAIL: gcc.dg/torture/stackalign/nested-6.c -O2 -flto -fno-use-linker-plugin -flto-partition=none -fpic execution test FAIL: gcc.dg/torture/stackalign/nested-6.c -O2 -flto -fuse-linker-plugin -fno-fat-lto-objects execution test FAIL: gcc.dg/torture/stackalign/nested-6.c -O2 -flto -fuse-linker-plugin -fno-fat-lto-objects -fpic execution test
FAIL: gcc.target/i386/abi-2.c scan-assembler-times ymm0 1
FAIL: gcc.target/i386/align-main-1.c (test for excess errors)
UNRESOLVED: gcc.target/i386/align-main-1.c scan-assembler and[lq]?[\\\\t ]*\\\\\$-128,[\\\\t ]*%[re]?sp UNRESOLVED: gcc.target/i386/align-main-1.c scan-assembler-not and[lq]?[\\\\t ]*\\\\\$-64,[\\\\t ]*%[re]?sp
FAIL: gcc.target/i386/align-main-2.c (test for excess errors)
UNRESOLVED: gcc.target/i386/align-main-2.c scan-assembler and[lq]?[\\\\t ]*\\\\\$-64,[\\\\t ]*%[re]?sp UNRESOLVED: gcc.target/i386/align-main-2.c scan-assembler-not and[lq]?[\\\\t ]*\\\\\$-128,[\\\\t ]*%[re]?sp
FAIL: gcc.target/i386/amd64-abi-1.c  (test for errors, line 5)
FAIL: gcc.target/i386/amd64-abi-2.c  (test for errors, line 6)
FAIL: gcc.target/i386/amd64-abi-3.c scan-assembler subq[\\\\t ]*\\\\\$88,[\\\\t ]*%rsp
FAIL: gcc.target/i386/avx-1.c (internal compiler error)
FAIL: gcc.target/i386/avx-1.c (test for excess errors)
FAIL: gcc.target/i386/avx-extract-1.c execution test
FAIL: gcc.target/i386/avx-vzeroupper-3.c execution test
FAIL: gcc.target/i386/avx-vzeroupper-4.c scan-assembler-not avx_vzeroupper
FAIL: gcc.target/i386/avx-vzeroupper-5.c scan-assembler-times avx_vzeroupper 1
FAIL: gcc.target/i386/avx2-i32gatherpd256-4.c execution test
FAIL: gcc.target/i386/avx512f-ceil-sfix-vec-2.c scan-assembler vrndscalepd[^\\n]*zmm[0-9] FAIL: gcc.target/i386/avx512f-ceil-sfix-vec-2.c scan-assembler vcvttpd2dq[^\\n]*zmm[0-9] FAIL: gcc.target/i386/avx512f-floor-sfix-vec-2.c scan-assembler vrndscalepd[^\\n]*zmm[0-9] FAIL: gcc.target/i386/avx512f-floor-sfix-vec-2.c scan-assembler vcvttpd2dq[^\\n]*zmm[0-9]
FAIL: gcc.target/i386/avx512f-gather-5.c scan-assembler gather[^\\n]*zmm
FAIL: gcc.target/i386/avx512f-vec-init.c scan-assembler-times vmovdqa64[ \\\\t]+%zmm 2
FAIL: gcc.target/i386/avx512f-vpermi2d-2.c (test for excess errors)
UNRESOLVED: gcc.target/i386/avx512f-vpermi2d-2.c compilation failed to produce executable
FAIL: gcc.target/i386/avx512f-vpermi2pd-2.c (test for excess errors)
UNRESOLVED: gcc.target/i386/avx512f-vpermi2pd-2.c compilation failed to produce executable
FAIL: gcc.target/i386/avx512f-vpermi2ps-2.c (test for excess errors)
UNRESOLVED: gcc.target/i386/avx512f-vpermi2ps-2.c compilation failed to produce executable
FAIL: gcc.target/i386/avx512f-vpermi2q-2.c (test for excess errors)
UNRESOLVED: gcc.target/i386/avx512f-vpermi2q-2.c compilation failed to produce executable
FAIL: gcc.target/i386/avx512f-vpermt2d-2.c (test for excess errors)
UNRESOLVED: gcc.target/i386/avx512f-vpermt2d-2.c compilation failed to produce executable
FAIL: gcc.target/i386/avx512f-vpermt2pd-2.c (test for excess errors)
UNRESOLVED: gcc.target/i386/avx512f-vpermt2pd-2.c compilation failed to produce executable
FAIL: gcc.target/i386/avx512f-vpermt2ps-2.c (test for excess errors)
UNRESOLVED: gcc.target/i386/avx512f-vpermt2ps-2.c compilation failed to produce executable
FAIL: gcc.target/i386/avx512f-vpermt2q-2.c (test for excess errors)
UNRESOLVED: gcc.target/i386/avx512f-vpermt2q-2.c compilation failed to produce executable
FAIL: gcc.target/i386/m256-1.c execution test
FAIL: gcc.target/i386/m256-2.c execution test
FAIL: gcc.target/i386/memcpy-strategy-3.c scan-assembler-times memcpy 2
FAIL: gcc.target/i386/memset-strategy-1.c scan-assembler-times memset 2
FAIL: gcc.target/i386/merge-1.c scan-assembler-times movsd 1
FAIL: gcc.target/i386/movti.c scan-assembler-not movabs
FAIL: gcc.target/i386/pad-1.c scan-assembler rep
FAIL: gcc.target/i386/pad-2.c scan-assembler-times nop 8
FAIL: gcc.target/i386/pad-5b.c scan-assembler-times nop 4
FAIL: gcc.target/i386/pad-6b.c scan-assembler-times nop 6
FAIL: gcc.target/i386/pad-8.c scan-assembler-times nop 6
FAIL: gcc.target/i386/pad-9.c scan-assembler-times nop 4
FAIL: gcc.target/i386/pr20020-1.c scan-rtl-dump expand "\\\\(set \\\\(reg:TI [0-9]* \\\\[ <retval> \\\\]\\\\)" FAIL: gcc.target/i386/pr20020-1.c scan-rtl-dump expand "\\\\(set \\\\(reg/i:TI 0 ax\\\\)" FAIL: gcc.target/i386/pr20020-2.c scan-rtl-dump expand "\\\\(set \\\\(reg:TI [0-9]*" FAIL: gcc.target/i386/pr22152.c scan-assembler-times movq[ \\\\t]+[^\\n]*%mm 1
FAIL: gcc.target/i386/pr25993.c (test for excess errors)
FAIL: gcc.target/i386/pr34256.c scan-assembler-times mov 4
FAIL: gcc.target/i386/pr35767-4.c scan-assembler movdqa
FAIL: gcc.target/i386/pr39082-1.c  (test for warnings, line 16)
FAIL: gcc.target/i386/pr39162.c  (test for warnings, line 11)
FAIL: gcc.target/i386/pr39315-3.c scan-assembler and[lq]?[\\\\t ]*\\\\\$-128,[\\\\t ]*%[re]?sp
FAIL: gcc.target/i386/pr39545-1.c  (test for warnings, line 20)
FAIL: gcc.target/i386/pr39545-2.c  (test for warnings, line 14)
FAIL: gcc.target/i386/pr39678.c  (test for warnings, line 13)
FAIL: gcc.target/i386/pr44130.c scan-assembler and[lq]?[\\\\t ]*\\\\\$-32,[\\\\t ]*%[re]?sp
FAIL: gcc.target/i386/pr44130.c scan-assembler vmovaps[\\\\t ]*%ymm
FAIL: gcc.target/i386/pr45336-1.c scan-assembler pextrd
FAIL: gcc.target/i386/pr45336-2.c scan-assembler pextrd
FAIL: gcc.target/i386/pr45336-3.c scan-assembler pextrb
FAIL: gcc.target/i386/pr45336-3.c scan-assembler pextrw
FAIL: gcc.target/i386/pr45336-3.c scan-assembler pextrd
FAIL: gcc.target/i386/pr45336-4.c scan-assembler pextrb
FAIL: gcc.target/i386/pr45336-4.c scan-assembler pextrw
FAIL: gcc.target/i386/pr45336-4.c scan-assembler pextrd
FAIL: gcc.target/i386/pr46295.c scan-assembler-times avx_vzeroupper 1
FAIL: gcc.target/i386/pr46470.c scan-assembler-not sp
FAIL: gcc.target/i386/pr53425-1.c  (test for warnings, line 14)
FAIL: gcc.target/i386/pr53425-2.c  (test for warnings, line 14)
FAIL: gcc.target/i386/pr55093.c (internal compiler error)
FAIL: gcc.target/i386/pr55093.c (test for excess errors)
FAIL: gcc.target/i386/pr57655.c  (test for errors, line 8)
FAIL: gcc.target/i386/pr59021.c scan-assembler-not vzeroupper
FAIL: gcc.target/i386/pr59501-1.c (test for excess errors)
FAIL: gcc.target/i386/pr59501-1.c execution test
FAIL: gcc.target/i386/pr59501-1a.c (test for excess errors)
FAIL: gcc.target/i386/pr59501-1a.c scan-assembler-not r10
FAIL: gcc.target/i386/pr59501-2.c execution test
FAIL: gcc.target/i386/pr59501-2a.c scan-assembler-not r10
FAIL: gcc.target/i386/pr59501-3.c (test for excess errors)
FAIL: gcc.target/i386/pr59501-3.c execution test
FAIL: gcc.target/i386/pr59501-3a.c (test for excess errors)
FAIL: gcc.target/i386/pr59501-4.c execution test
XPASS: gcc.target/i386/pr59501-4a.c scan-assembler-not and[^\\n\\r]*sp
FAIL: gcc.target/i386/pr59501-5.c (test for excess errors)
FAIL: gcc.target/i386/pr59501-5.c execution test
FAIL: gcc.target/i386/pr59501-6.c execution test
FAIL: gcc.target/i386/pr59644.c execution test
FAIL: gcc.target/i386/pr59794-2.c  (test for warnings, line 14)
FAIL: gcc.target/i386/pr59794-3.c  (test for warnings, line 14)
FAIL: gcc.target/i386/pr59794-6.c  (test for errors, line 12)
FAIL: gcc.target/i386/pr59929.c (test for excess errors)
FAIL: gcc.target/i386/pr60205-1.c  (test for warnings, line 14)
FAIL: gcc.target/i386/sse-23.c (internal compiler error)
FAIL: gcc.target/i386/sse-23.c (test for excess errors)
FAIL: gcc.target/i386/sse-24.c (internal compiler error)
FAIL: gcc.target/i386/sse-24.c (test for excess errors)
FAIL: gcc.target/i386/sw-1.c scan-rtl-dump pro_and_epilogue "Performing shrink-wrapping"
FAIL: gcc.target/i386/vararg-10.c execution test
FAIL: gcc.target/i386/vararg-5.c execution test
FAIL: gcc.target/i386/vararg-6.c execution test
FAIL: gcc.target/i386/vararg-9.c execution test

        === gcc Summary ===

# of expected passes        45221
# of unexpected failures    329
# of unexpected successes    40
# of expected failures        210
# of unresolved testcases    14
# of unsupported tests        747
        === gfortran tests ===


Running target unix
FAIL: gfortran.dg/bind_c_array_params_2.f90 -O scan-assembler-times myBindC 1
XPASS: gfortran.dg/default_format_denormal_1.f90  -O0  execution test
XPASS: gfortran.dg/default_format_denormal_1.f90  -O1  execution test
XPASS: gfortran.dg/default_format_denormal_1.f90  -O2  execution test
XPASS: gfortran.dg/default_format_denormal_1.f90 -O3 -fomit-frame-pointer execution test XPASS: gfortran.dg/default_format_denormal_1.f90 -O3 -fomit-frame-pointer -funroll-loops execution test XPASS: gfortran.dg/default_format_denormal_1.f90 -O3 -fomit-frame-pointer -funroll-all-loops -finline-functions execution test
XPASS: gfortran.dg/default_format_denormal_1.f90  -O3 -g  execution test
XPASS: gfortran.dg/default_format_denormal_1.f90  -Os  execution test
FAIL: gfortran.dg/internal_dummy_2.f08  -O0  execution test
FAIL: gfortran.dg/internal_dummy_2.f08  -O1  execution test
FAIL: gfortran.dg/internal_dummy_2.f08  -O2  execution test
FAIL: gfortran.dg/internal_dummy_2.f08 -O3 -fomit-frame-pointer execution test FAIL: gfortran.dg/internal_dummy_2.f08 -O3 -fomit-frame-pointer -funroll-loops execution test FAIL: gfortran.dg/internal_dummy_2.f08 -O3 -fomit-frame-pointer -funroll-all-loops -finline-functions execution test
FAIL: gfortran.dg/internal_dummy_2.f08  -O3 -g  execution test
FAIL: gfortran.dg/internal_dummy_2.f08  -Os  execution test
FAIL: gfortran.dg/internal_dummy_3.f08  -O0  execution test
FAIL: gfortran.dg/internal_dummy_3.f08  -O1  execution test
FAIL: gfortran.dg/internal_dummy_3.f08  -O2  execution test
FAIL: gfortran.dg/internal_dummy_3.f08 -O3 -fomit-frame-pointer execution test FAIL: gfortran.dg/internal_dummy_3.f08 -O3 -fomit-frame-pointer -funroll-loops execution test FAIL: gfortran.dg/internal_dummy_3.f08 -O3 -fomit-frame-pointer -funroll-all-loops -finline-functions execution test
FAIL: gfortran.dg/internal_dummy_3.f08  -O3 -g  execution test
FAIL: gfortran.dg/internal_dummy_3.f08  -Os  execution test
FAIL: gfortran.dg/round_4.f90  -O0  (test for excess errors)
UNRESOLVED: gfortran.dg/round_4.f90 -O0 compilation failed to produce executable
FAIL: gfortran.dg/round_4.f90  -O1  (test for excess errors)
UNRESOLVED: gfortran.dg/round_4.f90 -O1 compilation failed to produce executable
FAIL: gfortran.dg/round_4.f90  -O2  (test for excess errors)
UNRESOLVED: gfortran.dg/round_4.f90 -O2 compilation failed to produce executable FAIL: gfortran.dg/round_4.f90 -O3 -fomit-frame-pointer (test for excess errors) UNRESOLVED: gfortran.dg/round_4.f90 -O3 -fomit-frame-pointer compilation failed to produce executable FAIL: gfortran.dg/round_4.f90 -O3 -fomit-frame-pointer -funroll-loops (test for excess errors) UNRESOLVED: gfortran.dg/round_4.f90 -O3 -fomit-frame-pointer -funroll-loops compilation failed to produce executable FAIL: gfortran.dg/round_4.f90 -O3 -fomit-frame-pointer -funroll-all-loops -finline-functions (test for excess errors) UNRESOLVED: gfortran.dg/round_4.f90 -O3 -fomit-frame-pointer -funroll-all-loops -finline-functions compilation failed to produce executable
FAIL: gfortran.dg/round_4.f90  -O3 -g  (test for excess errors)
UNRESOLVED: gfortran.dg/round_4.f90 -O3 -g compilation failed to produce executable
FAIL: gfortran.dg/round_4.f90  -Os  (test for excess errors)
UNRESOLVED: gfortran.dg/round_4.f90 -Os compilation failed to produce executable
FAIL: gfortran.dg/structure_constructor_11.f90  -O0  execution test
FAIL: gfortran.dg/structure_constructor_11.f90  -O1  execution test
FAIL: gfortran.dg/structure_constructor_11.f90  -O2  execution test
FAIL: gfortran.dg/structure_constructor_11.f90 -O3 -fomit-frame-pointer execution test FAIL: gfortran.dg/structure_constructor_11.f90 -O3 -fomit-frame-pointer -funroll-loops execution test FAIL: gfortran.dg/structure_constructor_11.f90 -O3 -fomit-frame-pointer -funroll-all-loops -finline-functions execution test
FAIL: gfortran.dg/structure_constructor_11.f90  -O3 -g  execution test
FAIL: gfortran.dg/structure_constructor_11.f90  -Os  execution test

        === gfortran Summary ===

# of expected passes        38805
# of unexpected failures    9
# of unexpected successes    8
# of expected failures        50
# of unresolved testcases    8
# of unsupported tests        219
/cygdrive/c/users/tim/tim/tim/src/gcc/cyg64/gcc/testsuite/gfortran/../../gfortran version 4.10.0 20140411 (experimental) (GCC)

        === libgomp tests ===


Running target unix
        === libstdc++ tests ===


Running target unix
FAIL: 22_locale/ctype/scan/wchar_t/1.cc execution test
FAIL: 22_locale/num_get/get/char/10.cc execution test
FAIL: 22_locale/num_get/get/wchar_t/10.cc execution test
XPASS: 23_containers/array/element_access/at_neg.cc execution test
FAIL: 30_threads/this_thread/4.cc execution test
FAIL: ext/codecvt/wchar_t.cc execution test

        === libstdc++ Summary ===

# of expected passes        8906
# of unexpected failures    5
# of unexpected successes    1
# of expected failures        40
# of unsupported tests        690

Compiler version: 4.10.0 20140411 (experimental) (GCC)
Platform: x86_64-unknown-cygwin
configure flags: --prefix=/usr/local/gcc4.10 --enable-languages='c c++ fortran' --enable-libgomp --enable-threads=posix --disable-__cxa_atexit --with-dwarf2 --without-libiconv-prefix --without-libintl-prefix --with-system-zlib

--
Tim Prince


Index Nav: [Date Index] [Subject Index] [Author Index] [Thread Index]
Message Nav: [Date Prev] [Date Next] [Thread Prev] [Thread Next]