This is the mail archive of the
gcc-testresults@gcc.gnu.org
mailing list for the GCC project.
Results for 4.10.0 20140411 (experimental) [trunk revision 209308] (GCC) testsuite on mipsisa64-sde-elf
- From: Richard Sandiford <rdsandiford at googlemail dot com>
- To: gcc-testresults at gcc dot gnu dot org
- Date: Sat, 12 Apr 2014 08:39:01 +0100
- Subject: Results for 4.10.0 20140411 (experimental) [trunk revision 209308] (GCC) testsuite on mipsisa64-sde-elf
- Authentication-results: sourceware.org; auth=none
Target is mipsisa64-sde-elf
Host is x86_64-unknown-linux-gnu
=== g++ tests ===
Running target mips-sde-sim32-el/-EL/-mips32r2
FAIL: g++.dg/dso/dlclose1-dso.cc (test for excess errors)
FAIL: g++.dg/dso/dlclose1-dso.cc (test for excess errors)
FAIL: g++.dg/dso/dlclose1-dso.cc (test for excess errors)
=== g++ Summary for mips-sde-sim32-el/-EL/-mips32r2 ===
# of expected passes 66593
# of unexpected failures 3
# of expected failures 428
# of unsupported tests 2912
Running target mips-sde-sim32-el/-EL/-mips32r2/-mfp64
FAIL: g++.dg/dso/dlclose1-dso.cc (test for excess errors)
FAIL: g++.dg/dso/dlclose1-dso.cc (test for excess errors)
FAIL: g++.dg/dso/dlclose1-dso.cc (test for excess errors)
=== g++ Summary for mips-sde-sim32-el/-EL/-mips32r2/-mfp64 ===
# of expected passes 66667
# of unexpected failures 3
# of expected failures 428
# of unsupported tests 2929
Running target mips-sde-sim32-el/-EL/-mips32r2/-mfp64/-mips16
FAIL: g++.dg/dso/dlclose1-dso.cc (test for excess errors)
FAIL: g++.dg/dso/dlclose1-dso.cc (test for excess errors)
FAIL: g++.dg/dso/dlclose1-dso.cc (test for excess errors)
=== g++ Summary for mips-sde-sim32-el/-EL/-mips32r2/-mfp64/-mips16 ===
# of expected passes 66593
# of unexpected failures 3
# of expected failures 428
# of unsupported tests 2912
Running target mips-sde-sim32-el/-EL/-mips32r2/-mips16
FAIL: g++.dg/dso/dlclose1-dso.cc (test for excess errors)
FAIL: g++.dg/dso/dlclose1-dso.cc (test for excess errors)
FAIL: g++.dg/dso/dlclose1-dso.cc (test for excess errors)
=== g++ Summary for mips-sde-sim32-el/-EL/-mips32r2/-mips16 ===
# of expected passes 66593
# of unexpected failures 3
# of expected failures 428
# of unsupported tests 2912
Running target mips-sde-sim32-el/-EL/-mips32r2/-msoft-float
FAIL: g++.dg/dso/dlclose1-dso.cc (test for excess errors)
FAIL: g++.dg/dso/dlclose1-dso.cc (test for excess errors)
FAIL: g++.dg/dso/dlclose1-dso.cc (test for excess errors)
=== g++ Summary for mips-sde-sim32-el/-EL/-mips32r2/-msoft-float ===
# of expected passes 66593
# of unexpected failures 3
# of expected failures 428
# of unsupported tests 2912
Running target mips-sde-sim32-el/-EL/-mips32r2/-msoft-float/-mips16
FAIL: g++.dg/dso/dlclose1-dso.cc (test for excess errors)
FAIL: g++.dg/dso/dlclose1-dso.cc (test for excess errors)
FAIL: g++.dg/dso/dlclose1-dso.cc (test for excess errors)
=== g++ Summary for mips-sde-sim32-el/-EL/-mips32r2/-msoft-float/-mips16 ===
# of expected passes 66593
# of unexpected failures 3
# of expected failures 428
# of unsupported tests 2912
Running target mips-sde-sim32/-EB/-mips32r2
FAIL: g++.dg/dso/dlclose1-dso.cc (test for excess errors)
FAIL: g++.dg/dso/dlclose1-dso.cc (test for excess errors)
FAIL: g++.dg/dso/dlclose1-dso.cc (test for excess errors)
=== g++ Summary for mips-sde-sim32/-EB/-mips32r2 ===
# of expected passes 66593
# of unexpected failures 3
# of expected failures 428
# of unsupported tests 2912
Running target mips-sde-sim32/-EB/-mips32r2/-mfp64
FAIL: g++.dg/dso/dlclose1-dso.cc (test for excess errors)
FAIL: g++.dg/dso/dlclose1-dso.cc (test for excess errors)
FAIL: g++.dg/dso/dlclose1-dso.cc (test for excess errors)
=== g++ Summary for mips-sde-sim32/-EB/-mips32r2/-mfp64 ===
# of expected passes 66667
# of unexpected failures 3
# of expected failures 428
# of unsupported tests 2929
Running target mips-sde-sim32/-EB/-mips32r2/-mfp64/-mips16
FAIL: g++.dg/dso/dlclose1-dso.cc (test for excess errors)
FAIL: g++.dg/dso/dlclose1-dso.cc (test for excess errors)
FAIL: g++.dg/dso/dlclose1-dso.cc (test for excess errors)
=== g++ Summary for mips-sde-sim32/-EB/-mips32r2/-mfp64/-mips16 ===
# of expected passes 66593
# of unexpected failures 3
# of expected failures 428
# of unsupported tests 2912
Running target mips-sde-sim32/-EB/-mips32r2/-mips16
FAIL: g++.dg/dso/dlclose1-dso.cc (test for excess errors)
FAIL: g++.dg/dso/dlclose1-dso.cc (test for excess errors)
FAIL: g++.dg/dso/dlclose1-dso.cc (test for excess errors)
=== g++ Summary for mips-sde-sim32/-EB/-mips32r2/-mips16 ===
# of expected passes 66593
# of unexpected failures 3
# of expected failures 428
# of unsupported tests 2912
Running target mips-sde-sim32/-EB/-mips32r2/-msoft-float
FAIL: g++.dg/dso/dlclose1-dso.cc (test for excess errors)
FAIL: g++.dg/dso/dlclose1-dso.cc (test for excess errors)
FAIL: g++.dg/dso/dlclose1-dso.cc (test for excess errors)
=== g++ Summary for mips-sde-sim32/-EB/-mips32r2/-msoft-float ===
# of expected passes 66593
# of unexpected failures 3
# of expected failures 428
# of unsupported tests 2912
Running target mips-sde-sim32/-EB/-mips32r2/-msoft-float/-mips16
FAIL: g++.dg/dso/dlclose1-dso.cc (test for excess errors)
FAIL: g++.dg/dso/dlclose1-dso.cc (test for excess errors)
FAIL: g++.dg/dso/dlclose1-dso.cc (test for excess errors)
=== g++ Summary for mips-sde-sim32/-EB/-mips32r2/-msoft-float/-mips16 ===
# of expected passes 66593
# of unexpected failures 3
# of expected failures 428
# of unsupported tests 2912
Running target mips-sde-sim64-el/-EL/-mips64r2
FAIL: g++.dg/dso/dlclose1-dso.cc (test for excess errors)
FAIL: g++.dg/dso/dlclose1-dso.cc (test for excess errors)
FAIL: g++.dg/dso/dlclose1-dso.cc (test for excess errors)
=== g++ Summary for mips-sde-sim64-el/-EL/-mips64r2 ===
# of expected passes 66705
# of unexpected failures 3
# of expected failures 428
# of unsupported tests 2915
Running target mips-sde-sim64-el/-EL/-mips64r2/-msoft-float
FAIL: g++.dg/dso/dlclose1-dso.cc (test for excess errors)
FAIL: g++.dg/dso/dlclose1-dso.cc (test for excess errors)
FAIL: g++.dg/dso/dlclose1-dso.cc (test for excess errors)
=== g++ Summary for mips-sde-sim64-el/-EL/-mips64r2/-msoft-float ===
# of expected passes 66631
# of unexpected failures 3
# of expected failures 428
# of unsupported tests 2898
Running target mips-sde-sim64/-EB/-mips64r2
FAIL: g++.dg/dso/dlclose1-dso.cc (test for excess errors)
FAIL: g++.dg/dso/dlclose1-dso.cc (test for excess errors)
FAIL: g++.dg/dso/dlclose1-dso.cc (test for excess errors)
=== g++ Summary for mips-sde-sim64/-EB/-mips64r2 ===
# of expected passes 66705
# of unexpected failures 3
# of expected failures 428
# of unsupported tests 2915
Running target mips-sde-sim64/-EB/-mips64r2/-msoft-float
FAIL: g++.dg/dso/dlclose1-dso.cc (test for excess errors)
FAIL: g++.dg/dso/dlclose1-dso.cc (test for excess errors)
FAIL: g++.dg/dso/dlclose1-dso.cc (test for excess errors)
=== g++ Summary for mips-sde-sim64/-EB/-mips64r2/-msoft-float ===
# of expected passes 66631
# of unexpected failures 3
# of expected failures 428
# of unsupported tests 2898
=== g++ Summary ===
# of expected passes 1065936
# of unexpected failures 48
# of expected failures 6848
# of unsupported tests 46604
/data/scratch/rsandifo/gcc/HEAD/mipsisa64-sde-elf/x86_64-unknown-linux-gnu/gcc/testsuite/g++/../../xg++ version 4.10.0 20140411 (experimental) [trunk revision 209308] (GCC)
Host is x86_64-unknown-linux-gnu
=== gcc tests ===
Running target mips-sde-sim32-el/-EL/-mips32r2
=== gcc Summary for mips-sde-sim32-el/-EL/-mips32r2 ===
# of expected passes 43249
# of expected failures 57
# of unsupported tests 915
Running target mips-sde-sim32-el/-EL/-mips32r2/-mfp64
XPASS: gcc.dg/vect/vect-outer-5.c scan-tree-dump vect "zero step in outer loop."
XPASS: gcc.dg/vect/vect-outer-5.c -flto -ffat-lto-objects scan-tree-dump vect "zero step in outer loop."
=== gcc Summary for mips-sde-sim32-el/-EL/-mips32r2/-mfp64 ===
# of expected passes 43995
# of unexpected successes 2
# of expected failures 139
# of unsupported tests 1995
Running target mips-sde-sim32-el/-EL/-mips32r2/-mfp64/-mips16
FAIL: gcc.c-torture/execute/20140326-1.c compilation, -O2 (internal compiler error)
UNRESOLVED: gcc.c-torture/execute/20140326-1.c execution, -O2
FAIL: gcc.c-torture/execute/20140326-1.c compilation, -O3 -fomit-frame-pointer (internal compiler error)
UNRESOLVED: gcc.c-torture/execute/20140326-1.c execution, -O3 -fomit-frame-pointer
FAIL: gcc.c-torture/execute/20140326-1.c compilation, -O3 -g (internal compiler error)
UNRESOLVED: gcc.c-torture/execute/20140326-1.c execution, -O3 -g
FAIL: gcc.c-torture/execute/20140326-1.c compilation, -Os (internal compiler error)
UNRESOLVED: gcc.c-torture/execute/20140326-1.c execution, -Os
FAIL: gcc.c-torture/execute/20140326-1.c compilation, -O2 -flto -fno-use-linker-plugin -flto-partition=none (internal compiler error)
UNRESOLVED: gcc.c-torture/execute/20140326-1.c execution, -O2 -flto -fno-use-linker-plugin -flto-partition=none
UNRESOLVED: gcc.dg/unroll_2.c scan-rtl-dump-times loop2_unroll "loop turned into non-loop; it never loops" 1
UNRESOLVED: gcc.dg/unroll_3.c scan-rtl-dump-times loop2_unroll "loop turned into non-loop; it never loops" 1
UNRESOLVED: gcc.dg/unroll_4.c scan-rtl-dump-times loop2_unroll "loop turned into non-loop; it never loops" 1
=== gcc Summary for mips-sde-sim32-el/-EL/-mips32r2/-mfp64/-mips16 ===
# of expected passes 43232
# of unexpected failures 5
# of expected failures 56
# of unresolved testcases 8
# of unsupported tests 917
Running target mips-sde-sim32-el/-EL/-mips32r2/-mips16
FAIL: gcc.c-torture/execute/20140326-1.c compilation, -O2 (internal compiler error)
UNRESOLVED: gcc.c-torture/execute/20140326-1.c execution, -O2
FAIL: gcc.c-torture/execute/20140326-1.c compilation, -O3 -fomit-frame-pointer (internal compiler error)
UNRESOLVED: gcc.c-torture/execute/20140326-1.c execution, -O3 -fomit-frame-pointer
FAIL: gcc.c-torture/execute/20140326-1.c compilation, -O3 -g (internal compiler error)
UNRESOLVED: gcc.c-torture/execute/20140326-1.c execution, -O3 -g
FAIL: gcc.c-torture/execute/20140326-1.c compilation, -Os (internal compiler error)
UNRESOLVED: gcc.c-torture/execute/20140326-1.c execution, -Os
FAIL: gcc.c-torture/execute/20140326-1.c compilation, -O2 -flto -fno-use-linker-plugin -flto-partition=none (internal compiler error)
UNRESOLVED: gcc.c-torture/execute/20140326-1.c execution, -O2 -flto -fno-use-linker-plugin -flto-partition=none
UNRESOLVED: gcc.dg/unroll_2.c scan-rtl-dump-times loop2_unroll "loop turned into non-loop; it never loops" 1
UNRESOLVED: gcc.dg/unroll_3.c scan-rtl-dump-times loop2_unroll "loop turned into non-loop; it never loops" 1
UNRESOLVED: gcc.dg/unroll_4.c scan-rtl-dump-times loop2_unroll "loop turned into non-loop; it never loops" 1
=== gcc Summary for mips-sde-sim32-el/-EL/-mips32r2/-mips16 ===
# of expected passes 43232
# of unexpected failures 5
# of expected failures 56
# of unresolved testcases 8
# of unsupported tests 917
Running target mips-sde-sim32-el/-EL/-mips32r2/-msoft-float
=== gcc Summary for mips-sde-sim32-el/-EL/-mips32r2/-msoft-float ===
# of expected passes 43245
# of expected failures 56
# of unsupported tests 917
Running target mips-sde-sim32-el/-EL/-mips32r2/-msoft-float/-mips16
FAIL: gcc.c-torture/execute/20140326-1.c compilation, -O2 (internal compiler error)
UNRESOLVED: gcc.c-torture/execute/20140326-1.c execution, -O2
FAIL: gcc.c-torture/execute/20140326-1.c compilation, -O3 -fomit-frame-pointer (internal compiler error)
UNRESOLVED: gcc.c-torture/execute/20140326-1.c execution, -O3 -fomit-frame-pointer
FAIL: gcc.c-torture/execute/20140326-1.c compilation, -O3 -g (internal compiler error)
UNRESOLVED: gcc.c-torture/execute/20140326-1.c execution, -O3 -g
FAIL: gcc.c-torture/execute/20140326-1.c compilation, -Os (internal compiler error)
UNRESOLVED: gcc.c-torture/execute/20140326-1.c execution, -Os
FAIL: gcc.c-torture/execute/20140326-1.c compilation, -O2 -flto -fno-use-linker-plugin -flto-partition=none (internal compiler error)
UNRESOLVED: gcc.c-torture/execute/20140326-1.c execution, -O2 -flto -fno-use-linker-plugin -flto-partition=none
UNRESOLVED: gcc.dg/unroll_2.c scan-rtl-dump-times loop2_unroll "loop turned into non-loop; it never loops" 1
UNRESOLVED: gcc.dg/unroll_3.c scan-rtl-dump-times loop2_unroll "loop turned into non-loop; it never loops" 1
UNRESOLVED: gcc.dg/unroll_4.c scan-rtl-dump-times loop2_unroll "loop turned into non-loop; it never loops" 1
=== gcc Summary for mips-sde-sim32-el/-EL/-mips32r2/-msoft-float/-mips16 ===
# of expected passes 43232
# of unexpected failures 5
# of expected failures 56
# of unresolved testcases 8
# of unsupported tests 917
Running target mips-sde-sim32/-EB/-mips32r2
=== gcc Summary for mips-sde-sim32/-EB/-mips32r2 ===
# of expected passes 43249
# of expected failures 57
# of unsupported tests 915
Running target mips-sde-sim32/-EB/-mips32r2/-mfp64
XPASS: gcc.dg/vect/vect-outer-5.c scan-tree-dump vect "zero step in outer loop."
XPASS: gcc.dg/vect/vect-outer-5.c -flto -ffat-lto-objects scan-tree-dump vect "zero step in outer loop."
=== gcc Summary for mips-sde-sim32/-EB/-mips32r2/-mfp64 ===
# of expected passes 43995
# of unexpected successes 2
# of expected failures 139
# of unsupported tests 1995
Running target mips-sde-sim32/-EB/-mips32r2/-mfp64/-mips16
FAIL: gcc.c-torture/execute/20140326-1.c compilation, -O2 (internal compiler error)
UNRESOLVED: gcc.c-torture/execute/20140326-1.c execution, -O2
FAIL: gcc.c-torture/execute/20140326-1.c compilation, -O3 -fomit-frame-pointer (internal compiler error)
UNRESOLVED: gcc.c-torture/execute/20140326-1.c execution, -O3 -fomit-frame-pointer
FAIL: gcc.c-torture/execute/20140326-1.c compilation, -O3 -g (internal compiler error)
UNRESOLVED: gcc.c-torture/execute/20140326-1.c execution, -O3 -g
FAIL: gcc.c-torture/execute/20140326-1.c compilation, -Os (internal compiler error)
UNRESOLVED: gcc.c-torture/execute/20140326-1.c execution, -Os
FAIL: gcc.c-torture/execute/20140326-1.c compilation, -O2 -flto -fno-use-linker-plugin -flto-partition=none (internal compiler error)
UNRESOLVED: gcc.c-torture/execute/20140326-1.c execution, -O2 -flto -fno-use-linker-plugin -flto-partition=none
UNRESOLVED: gcc.dg/unroll_2.c scan-rtl-dump-times loop2_unroll "loop turned into non-loop; it never loops" 1
UNRESOLVED: gcc.dg/unroll_3.c scan-rtl-dump-times loop2_unroll "loop turned into non-loop; it never loops" 1
UNRESOLVED: gcc.dg/unroll_4.c scan-rtl-dump-times loop2_unroll "loop turned into non-loop; it never loops" 1
=== gcc Summary for mips-sde-sim32/-EB/-mips32r2/-mfp64/-mips16 ===
# of expected passes 43232
# of unexpected failures 5
# of expected failures 56
# of unresolved testcases 8
# of unsupported tests 917
Running target mips-sde-sim32/-EB/-mips32r2/-mips16
FAIL: gcc.c-torture/execute/20140326-1.c compilation, -O2 (internal compiler error)
UNRESOLVED: gcc.c-torture/execute/20140326-1.c execution, -O2
FAIL: gcc.c-torture/execute/20140326-1.c compilation, -O3 -fomit-frame-pointer (internal compiler error)
UNRESOLVED: gcc.c-torture/execute/20140326-1.c execution, -O3 -fomit-frame-pointer
FAIL: gcc.c-torture/execute/20140326-1.c compilation, -O3 -g (internal compiler error)
UNRESOLVED: gcc.c-torture/execute/20140326-1.c execution, -O3 -g
FAIL: gcc.c-torture/execute/20140326-1.c compilation, -Os (internal compiler error)
UNRESOLVED: gcc.c-torture/execute/20140326-1.c execution, -Os
FAIL: gcc.c-torture/execute/20140326-1.c compilation, -O2 -flto -fno-use-linker-plugin -flto-partition=none (internal compiler error)
UNRESOLVED: gcc.c-torture/execute/20140326-1.c execution, -O2 -flto -fno-use-linker-plugin -flto-partition=none
UNRESOLVED: gcc.dg/unroll_2.c scan-rtl-dump-times loop2_unroll "loop turned into non-loop; it never loops" 1
UNRESOLVED: gcc.dg/unroll_3.c scan-rtl-dump-times loop2_unroll "loop turned into non-loop; it never loops" 1
UNRESOLVED: gcc.dg/unroll_4.c scan-rtl-dump-times loop2_unroll "loop turned into non-loop; it never loops" 1
=== gcc Summary for mips-sde-sim32/-EB/-mips32r2/-mips16 ===
# of expected passes 43232
# of unexpected failures 5
# of expected failures 56
# of unresolved testcases 8
# of unsupported tests 917
Running target mips-sde-sim32/-EB/-mips32r2/-msoft-float
=== gcc Summary for mips-sde-sim32/-EB/-mips32r2/-msoft-float ===
# of expected passes 43245
# of expected failures 56
# of unsupported tests 917
Running target mips-sde-sim32/-EB/-mips32r2/-msoft-float/-mips16
FAIL: gcc.c-torture/execute/20140326-1.c compilation, -O2 (internal compiler error)
UNRESOLVED: gcc.c-torture/execute/20140326-1.c execution, -O2
FAIL: gcc.c-torture/execute/20140326-1.c compilation, -O3 -fomit-frame-pointer (internal compiler error)
UNRESOLVED: gcc.c-torture/execute/20140326-1.c execution, -O3 -fomit-frame-pointer
FAIL: gcc.c-torture/execute/20140326-1.c compilation, -O3 -g (internal compiler error)
UNRESOLVED: gcc.c-torture/execute/20140326-1.c execution, -O3 -g
FAIL: gcc.c-torture/execute/20140326-1.c compilation, -Os (internal compiler error)
UNRESOLVED: gcc.c-torture/execute/20140326-1.c execution, -Os
FAIL: gcc.c-torture/execute/20140326-1.c compilation, -O2 -flto -fno-use-linker-plugin -flto-partition=none (internal compiler error)
UNRESOLVED: gcc.c-torture/execute/20140326-1.c execution, -O2 -flto -fno-use-linker-plugin -flto-partition=none
UNRESOLVED: gcc.dg/unroll_2.c scan-rtl-dump-times loop2_unroll "loop turned into non-loop; it never loops" 1
UNRESOLVED: gcc.dg/unroll_3.c scan-rtl-dump-times loop2_unroll "loop turned into non-loop; it never loops" 1
UNRESOLVED: gcc.dg/unroll_4.c scan-rtl-dump-times loop2_unroll "loop turned into non-loop; it never loops" 1
=== gcc Summary for mips-sde-sim32/-EB/-mips32r2/-msoft-float/-mips16 ===
# of expected passes 43232
# of unexpected failures 5
# of expected failures 56
# of unresolved testcases 8
# of unsupported tests 917
Running target mips-sde-sim64-el/-EL/-mips64r2
XPASS: gcc.dg/vect/vect-outer-5.c scan-tree-dump vect "zero step in outer loop."
XPASS: gcc.dg/vect/vect-outer-5.c -flto -ffat-lto-objects scan-tree-dump vect "zero step in outer loop."
=== gcc Summary for mips-sde-sim64-el/-EL/-mips64r2 ===
# of expected passes 44699
# of unexpected successes 2
# of expected failures 139
# of unsupported tests 1957
Running target mips-sde-sim64-el/-EL/-mips64r2/-msoft-float
=== gcc Summary for mips-sde-sim64-el/-EL/-mips64r2/-msoft-float ===
# of expected passes 43949
# of expected failures 56
# of unsupported tests 879
Running target mips-sde-sim64/-EB/-mips64r2
XPASS: gcc.dg/vect/vect-outer-5.c scan-tree-dump vect "zero step in outer loop."
XPASS: gcc.dg/vect/vect-outer-5.c -flto -ffat-lto-objects scan-tree-dump vect "zero step in outer loop."
=== gcc Summary for mips-sde-sim64/-EB/-mips64r2 ===
# of expected passes 44699
# of unexpected successes 2
# of expected failures 139
# of unsupported tests 1957
Running target mips-sde-sim64/-EB/-mips64r2/-msoft-float
=== gcc Summary for mips-sde-sim64/-EB/-mips64r2/-msoft-float ===
# of expected passes 43949
# of expected failures 56
# of unsupported tests 879
=== gcc Summary ===
# of expected passes 697666
# of unexpected failures 30
# of unexpected successes 8
# of expected failures 1230
# of unresolved testcases 48
# of unsupported tests 18828
/data/scratch/rsandifo/gcc/HEAD/mipsisa64-sde-elf/x86_64-unknown-linux-gnu/gcc/xgcc version 4.10.0 20140411 (experimental) [trunk revision 209308] (GCC)
Host is x86_64-unknown-linux-gnu
=== objc tests ===
Running target mips-sde-sim32-el/-EL/-mips32r2
=== objc Summary for mips-sde-sim32-el/-EL/-mips32r2 ===
# of expected passes 1262
# of unsupported tests 24
Running target mips-sde-sim32-el/-EL/-mips32r2/-mfp64
=== objc Summary for mips-sde-sim32-el/-EL/-mips32r2/-mfp64 ===
# of expected passes 1262
# of unsupported tests 24
Running target mips-sde-sim32-el/-EL/-mips32r2/-mfp64/-mips16
=== objc Summary for mips-sde-sim32-el/-EL/-mips32r2/-mfp64/-mips16 ===
# of expected passes 1262
# of unsupported tests 24
Running target mips-sde-sim32-el/-EL/-mips32r2/-mips16
=== objc Summary for mips-sde-sim32-el/-EL/-mips32r2/-mips16 ===
# of expected passes 1262
# of unsupported tests 24
Running target mips-sde-sim32-el/-EL/-mips32r2/-msoft-float
=== objc Summary for mips-sde-sim32-el/-EL/-mips32r2/-msoft-float ===
# of expected passes 1262
# of unsupported tests 24
Running target mips-sde-sim32-el/-EL/-mips32r2/-msoft-float/-mips16
=== objc Summary for mips-sde-sim32-el/-EL/-mips32r2/-msoft-float/-mips16 ===
# of expected passes 1262
# of unsupported tests 24
Running target mips-sde-sim32/-EB/-mips32r2
=== objc Summary for mips-sde-sim32/-EB/-mips32r2 ===
# of expected passes 1262
# of unsupported tests 24
Running target mips-sde-sim32/-EB/-mips32r2/-mfp64
=== objc Summary for mips-sde-sim32/-EB/-mips32r2/-mfp64 ===
# of expected passes 1262
# of unsupported tests 24
Running target mips-sde-sim32/-EB/-mips32r2/-mfp64/-mips16
=== objc Summary for mips-sde-sim32/-EB/-mips32r2/-mfp64/-mips16 ===
# of expected passes 1262
# of unsupported tests 24
Running target mips-sde-sim32/-EB/-mips32r2/-mips16
=== objc Summary for mips-sde-sim32/-EB/-mips32r2/-mips16 ===
# of expected passes 1262
# of unsupported tests 24
Running target mips-sde-sim32/-EB/-mips32r2/-msoft-float
=== objc Summary for mips-sde-sim32/-EB/-mips32r2/-msoft-float ===
# of expected passes 1262
# of unsupported tests 24
Running target mips-sde-sim32/-EB/-mips32r2/-msoft-float/-mips16
=== objc Summary for mips-sde-sim32/-EB/-mips32r2/-msoft-float/-mips16 ===
# of expected passes 1262
# of unsupported tests 24
Running target mips-sde-sim64-el/-EL/-mips64r2
=== objc Summary for mips-sde-sim64-el/-EL/-mips64r2 ===
# of expected passes 1262
# of unsupported tests 24
Running target mips-sde-sim64-el/-EL/-mips64r2/-msoft-float
=== objc Summary for mips-sde-sim64-el/-EL/-mips64r2/-msoft-float ===
# of expected passes 1262
# of unsupported tests 24
Running target mips-sde-sim64/-EB/-mips64r2
=== objc Summary for mips-sde-sim64/-EB/-mips64r2 ===
# of expected passes 1262
# of unsupported tests 24
Running target mips-sde-sim64/-EB/-mips64r2/-msoft-float
=== objc Summary for mips-sde-sim64/-EB/-mips64r2/-msoft-float ===
# of expected passes 1262
# of unsupported tests 24
=== objc Summary ===
# of expected passes 20192
# of unsupported tests 384
/data/scratch/rsandifo/gcc/HEAD/mipsisa64-sde-elf/x86_64-unknown-linux-gnu/gcc/xgcc version 4.10.0 20140411 (experimental) [trunk revision 209308] (GCC)
Host is mipsisa64-sde-elf
=== libstdc++ tests ===
Running target mips-sde-sim32-el/-EL/-mips32r2
FAIL: 27_io/headers/cstdio/functions_std.cc (test for excess errors)
FAIL: 29_atomics/atomic/requirements/compare_exchange_lowering.cc (test for excess errors)
=== libstdc++ Summary for mips-sde-sim32-el/-EL/-mips32r2 ===
# of expected passes 7759
# of unexpected failures 2
# of expected failures 40
# of unsupported tests 684
Running target mips-sde-sim32-el/-EL/-mips32r2/-mfp64
FAIL: 27_io/headers/cstdio/functions_std.cc (test for excess errors)
FAIL: 29_atomics/atomic/requirements/compare_exchange_lowering.cc (test for excess errors)
=== libstdc++ Summary for mips-sde-sim32-el/-EL/-mips32r2/-mfp64 ===
# of expected passes 7759
# of unexpected failures 2
# of expected failures 40
# of unsupported tests 684
Running target mips-sde-sim32-el/-EL/-mips32r2/-mfp64/-mips16
FAIL: 27_io/headers/cstdio/functions_std.cc (test for excess errors)
FAIL: 29_atomics/atomic/requirements/compare_exchange_lowering.cc (test for excess errors)
=== libstdc++ Summary for mips-sde-sim32-el/-EL/-mips32r2/-mfp64/-mips16 ===
# of expected passes 7759
# of unexpected failures 2
# of expected failures 40
# of unsupported tests 684
Running target mips-sde-sim32-el/-EL/-mips32r2/-mips16
FAIL: 27_io/headers/cstdio/functions_std.cc (test for excess errors)
FAIL: 29_atomics/atomic/requirements/compare_exchange_lowering.cc (test for excess errors)
=== libstdc++ Summary for mips-sde-sim32-el/-EL/-mips32r2/-mips16 ===
# of expected passes 7759
# of unexpected failures 2
# of expected failures 40
# of unsupported tests 684
Running target mips-sde-sim32-el/-EL/-mips32r2/-msoft-float
FAIL: 27_io/headers/cstdio/functions_std.cc (test for excess errors)
FAIL: 29_atomics/atomic/requirements/compare_exchange_lowering.cc (test for excess errors)
=== libstdc++ Summary for mips-sde-sim32-el/-EL/-mips32r2/-msoft-float ===
# of expected passes 7759
# of unexpected failures 2
# of expected failures 40
# of unsupported tests 684
Running target mips-sde-sim32-el/-EL/-mips32r2/-msoft-float/-mips16
FAIL: 27_io/headers/cstdio/functions_std.cc (test for excess errors)
FAIL: 29_atomics/atomic/requirements/compare_exchange_lowering.cc (test for excess errors)
=== libstdc++ Summary for mips-sde-sim32-el/-EL/-mips32r2/-msoft-float/-mips16 ===
# of expected passes 7759
# of unexpected failures 2
# of expected failures 40
# of unsupported tests 684
Running target mips-sde-sim32/-EB/-mips32r2
FAIL: 27_io/headers/cstdio/functions_std.cc (test for excess errors)
FAIL: 29_atomics/atomic/requirements/compare_exchange_lowering.cc (test for excess errors)
=== libstdc++ Summary for mips-sde-sim32/-EB/-mips32r2 ===
# of expected passes 7743
# of unexpected failures 2
# of expected failures 40
# of unsupported tests 692
Running target mips-sde-sim32/-EB/-mips32r2/-mfp64
FAIL: 27_io/headers/cstdio/functions_std.cc (test for excess errors)
FAIL: 29_atomics/atomic/requirements/compare_exchange_lowering.cc (test for excess errors)
=== libstdc++ Summary for mips-sde-sim32/-EB/-mips32r2/-mfp64 ===
# of expected passes 7743
# of unexpected failures 2
# of expected failures 40
# of unsupported tests 692
Running target mips-sde-sim32/-EB/-mips32r2/-mfp64/-mips16
FAIL: 27_io/headers/cstdio/functions_std.cc (test for excess errors)
FAIL: 29_atomics/atomic/requirements/compare_exchange_lowering.cc (test for excess errors)
=== libstdc++ Summary for mips-sde-sim32/-EB/-mips32r2/-mfp64/-mips16 ===
# of expected passes 7743
# of unexpected failures 2
# of expected failures 40
# of unsupported tests 692
Running target mips-sde-sim32/-EB/-mips32r2/-mips16
FAIL: 27_io/headers/cstdio/functions_std.cc (test for excess errors)
FAIL: 29_atomics/atomic/requirements/compare_exchange_lowering.cc (test for excess errors)
=== libstdc++ Summary for mips-sde-sim32/-EB/-mips32r2/-mips16 ===
# of expected passes 7743
# of unexpected failures 2
# of expected failures 40
# of unsupported tests 692
Running target mips-sde-sim32/-EB/-mips32r2/-msoft-float
FAIL: 27_io/headers/cstdio/functions_std.cc (test for excess errors)
FAIL: 29_atomics/atomic/requirements/compare_exchange_lowering.cc (test for excess errors)
=== libstdc++ Summary for mips-sde-sim32/-EB/-mips32r2/-msoft-float ===
# of expected passes 7743
# of unexpected failures 2
# of expected failures 40
# of unsupported tests 692
Running target mips-sde-sim32/-EB/-mips32r2/-msoft-float/-mips16
FAIL: 27_io/headers/cstdio/functions_std.cc (test for excess errors)
FAIL: 29_atomics/atomic/requirements/compare_exchange_lowering.cc (test for excess errors)
=== libstdc++ Summary for mips-sde-sim32/-EB/-mips32r2/-msoft-float/-mips16 ===
# of expected passes 7743
# of unexpected failures 2
# of expected failures 40
# of unsupported tests 692
Running target mips-sde-sim64-el/-EL/-mips64r2
FAIL: 27_io/headers/cstdio/functions_std.cc (test for excess errors)
FAIL: 29_atomics/atomic/requirements/compare_exchange_lowering.cc (test for excess errors)
=== libstdc++ Summary for mips-sde-sim64-el/-EL/-mips64r2 ===
# of expected passes 7759
# of unexpected failures 2
# of expected failures 40
# of unsupported tests 684
Running target mips-sde-sim64-el/-EL/-mips64r2/-msoft-float
FAIL: 27_io/headers/cstdio/functions_std.cc (test for excess errors)
FAIL: 29_atomics/atomic/requirements/compare_exchange_lowering.cc (test for excess errors)
=== libstdc++ Summary for mips-sde-sim64-el/-EL/-mips64r2/-msoft-float ===
# of expected passes 7759
# of unexpected failures 2
# of expected failures 40
# of unsupported tests 684
Running target mips-sde-sim64/-EB/-mips64r2
FAIL: 27_io/headers/cstdio/functions_std.cc (test for excess errors)
FAIL: 29_atomics/atomic/requirements/compare_exchange_lowering.cc (test for excess errors)
=== libstdc++ Summary for mips-sde-sim64/-EB/-mips64r2 ===
# of expected passes 7743
# of unexpected failures 2
# of expected failures 40
# of unsupported tests 692
Running target mips-sde-sim64/-EB/-mips64r2/-msoft-float
FAIL: 27_io/headers/cstdio/functions_std.cc (test for excess errors)
FAIL: 29_atomics/atomic/requirements/compare_exchange_lowering.cc (test for excess errors)
=== libstdc++ Summary for mips-sde-sim64/-EB/-mips64r2/-msoft-float ===
# of expected passes 7743
# of unexpected failures 2
# of expected failures 40
# of unsupported tests 692
=== libstdc++ Summary ===
# of expected passes 124016
# of unexpected failures 32
# of expected failures 640
# of unsupported tests 11008
Compiler version: 4.10.0 20140411 (experimental) [trunk revision 209308] (GCC)
Platform: mipsisa64-sde-elf
configure flags: --enable-checking=yes,rtl,df