This is the mail archive of the gcc-testresults@gcc.gnu.org mailing list for the GCC project.


Index Nav: [Date Index] [Subject Index] [Author Index] [Thread Index]
Message Nav: [Date Prev] [Date Next] [Thread Prev] [Thread Next]
Other format: [Raw text]

Results for 4.7.4 20140411 (prerelease) [gcc-4_7-branch revision 209287] (GCC) testsuite on i386-pc-solaris2.11


LAST_UPDATED: Fri Apr 11 11:46:45 UTC 2014 (revision 209287)

		=== acats tests ===

		=== acats Summary ===
# of expected passes		2320
# of unexpected failures	0
Native configuration is i386-pc-solaris2.11

		=== g++ tests ===


Running target unix

		=== g++ Summary for unix ===

# of expected passes		47456
# of expected failures		288
# of unsupported tests		421

Running target unix/-m64

		=== g++ Summary for unix/-m64 ===

# of expected passes		48237
# of expected failures		288
# of unsupported tests		661

		=== g++ Summary ===

# of expected passes		95693
# of expected failures		576
# of unsupported tests		1082
/var/gcc/regression/gcc-4.7-branch/11-gcc/build/gcc/testsuite/g++/../../g++  version 4.7.4 20140411 (prerelease) [gcc-4_7-branch revision 209287] (GCC) 

		=== gcc tests ===


Running target unix

		=== gcc Summary for unix ===

# of expected passes		84700
# of expected failures		257
# of unsupported tests		1088

Running target unix/-m64

		=== gcc Summary for unix/-m64 ===

# of expected passes		84950
# of expected failures		257
# of unsupported tests		1451

		=== gcc Summary ===

# of expected passes		169650
# of expected failures		514
# of unsupported tests		2539
/var/gcc/regression/gcc-4.7-branch/11-gcc/build/gcc/xgcc  version 4.7.4 20140411 (prerelease) [gcc-4_7-branch revision 209287] (GCC) 

		=== gfortran tests ===


Running target unix

		=== gfortran Summary for unix ===

# of expected passes		41001
# of expected failures		42
# of unsupported tests		227

Running target unix/-m64

		=== gfortran Summary for unix/-m64 ===

# of expected passes		41306
# of expected failures		42
# of unsupported tests		79

		=== gfortran Summary ===

# of expected passes		82307
# of expected failures		84
# of unsupported tests		306
/var/gcc/regression/gcc-4.7-branch/11-gcc/build/gcc/testsuite/gfortran/../../gfortran  version 4.7.4 20140411 (prerelease) [gcc-4_7-branch revision 209287] (GCC) 

		=== gnat tests ===


Running target unix

		=== gnat Summary for unix ===

# of expected passes		1124
# of expected failures		14
# of unsupported tests		6

Running target unix/-m64

		=== gnat Summary for unix/-m64 ===

# of expected passes		1124
# of expected failures		14
# of unsupported tests		6

		=== gnat Summary ===

# of expected passes		2248
# of expected failures		28
# of unsupported tests		12
/var/gcc/regression/gcc-4.7-branch/11-gcc/build/gcc/gnatmake version 4.7.4 20140411 (prerelease) [gcc-4_7-branch revision 209287]

		=== go tests ===


Running target unix

		=== go Summary for unix ===

# of expected passes		3290
# of expected failures		4
# of untested testcases		6

Running target unix/-m64
FAIL: go.test/test/chan/powser1.go execution,  -O2 -g 

		=== go Summary for unix/-m64 ===

# of expected passes		3289
# of unexpected failures	1
# of expected failures		4
# of untested testcases		6

		=== go Summary ===

# of expected passes		6579
# of unexpected failures	1
# of expected failures		8
# of untested testcases		12
/var/gcc/regression/gcc-4.7-branch/11-gcc/build/gcc/testsuite/go/../../gccgo  version 4.7.4 20140411 (prerelease) [gcc-4_7-branch revision 209287] (GCC) 

		=== obj-c++ tests ===


Running target unix

		=== obj-c++ Summary for unix ===

# of expected passes		1450
# of expected failures		2
# of unsupported tests		86

Running target unix/-m64

		=== obj-c++ Summary for unix/-m64 ===

# of expected passes		1442
# of expected failures		10
# of unsupported tests		86

		=== obj-c++ Summary ===

# of expected passes		2892
# of expected failures		12
# of unsupported tests		172
/var/gcc/regression/gcc-4.7-branch/11-gcc/build/gcc/testsuite/obj-c++/../../g++  version 4.7.4 20140411 (prerelease) [gcc-4_7-branch revision 209287] (GCC) 

		=== objc tests ===


Running target unix

		=== objc Summary for unix ===

# of expected passes		2988
# of expected failures		6
# of unsupported tests		74

Running target unix/-m64

		=== objc Summary for unix/-m64 ===

# of expected passes		2988
# of expected failures		6
# of unsupported tests		74

		=== objc Summary ===

# of expected passes		5976
# of expected failures		12
# of unsupported tests		148
/var/gcc/regression/gcc-4.7-branch/11-gcc/build/gcc/xgcc  version 4.7.4 20140411 (prerelease) [gcc-4_7-branch revision 209287] (GCC) 

		=== boehm-gc tests ===


Running target unix
FAIL: boehm-gc.c/gctest.c -O2 execution test
FAIL: boehm-gc.c/leak_test.c -O2 execution test
FAIL: boehm-gc.c/thread_leak_test.c -O2 execution test
FAIL: boehm-gc.lib/staticrootstest.c -O2 execution test

		=== boehm-gc Summary for unix ===

# of expected passes		8
# of unexpected failures	4
# of unsupported tests		1

Running target unix/-m64

		=== boehm-gc Summary for unix/-m64 ===

# of expected passes		12
# of unsupported tests		1

		=== boehm-gc Summary ===

# of expected passes		20
# of unexpected failures	4
# of unsupported tests		2
		=== libffi tests ===


Running target unix

		=== libffi Summary for unix ===

# of expected passes		1634
# of expected failures		10
# of unsupported tests		55

Running target unix/-m64

		=== libffi Summary for unix/-m64 ===

# of expected passes		1634
# of expected failures		10
# of unsupported tests		55

		=== libffi Summary ===

# of expected passes		3268
# of expected failures		20
# of unsupported tests		110
		=== libgo tests ===


Running target unix

		=== libgo Summary for unix ===

# of expected passes		124

Running target unix/-m64
FAIL: bufio
FAIL: bytes
FAIL: errors
FAIL: expvar
FAIL: flag
FAIL: path
FAIL: reflect
FAIL: regexp
FAIL: compress/bzip2
FAIL: compress/flate
FAIL: compress/gzip
FAIL: compress/lzw
FAIL: container/heap
FAIL: container/list
FAIL: crypto/cipher
FAIL: crypto/des
FAIL: crypto/elliptic
FAIL: crypto/rand
FAIL: crypto/rc4
FAIL: crypto/sha256
FAIL: database/sql
FAIL: database/sql/driver
FAIL: debug/elf
FAIL: encoding/asn1
FAIL: encoding/base32
FAIL: encoding/gob
FAIL: encoding/hex
FAIL: exp/ebnf
FAIL: exp/html
FAIL: exp/norm
FAIL: exp/proxy
FAIL: exp/terminal
FAIL: exp/utf8string
FAIL: go/scanner
FAIL: hash/crc32
FAIL: hash/fnv
FAIL: image/draw
FAIL: image/jpeg
FAIL: image/png
FAIL: index/suffixarray
FAIL: io/ioutil
FAIL: net/http
FAIL: net/http/cgi
FAIL: net/http/fcgi
FAIL: net/http/httptest
FAIL: net/http/httputil
FAIL: net/mail
FAIL: net/rpc
FAIL: net/smtp
FAIL: net/textproto
FAIL: old/netchan
FAIL: old/template
FAIL: runtime/pprof
FAIL: text/scanner
FAIL: text/tabwriter
FAIL: text/template
FAIL: unicode/utf16
FAIL: unicode/utf8

		=== libgo Summary for unix/-m64 ===

# of expected passes		66
# of unexpected failures	58

		=== libgo Summary ===

# of expected passes		190
# of unexpected failures	58
/var/gcc/regression/gcc-4.7-branch/11-gcc/build/./gcc/gccgo version 4.7.4 20140411 (prerelease) [gcc-4_7-branch revision 209287] (GCC)

		=== libgomp tests ===


Running target unix

		=== libgomp Summary for unix ===

# of expected passes		2940
# of unsupported tests		3

Running target unix/-m64

		=== libgomp Summary for unix/-m64 ===

# of expected passes		2940
# of unsupported tests		3

		=== libgomp Summary ===

# of expected passes		5880
# of unsupported tests		6
		=== libitm tests ===


Running target unix

		=== libitm Summary for unix ===

# of expected passes		26
# of expected failures		3
# of unsupported tests		1

Running target unix/-m64

		=== libitm Summary for unix/-m64 ===

# of expected passes		26
# of expected failures		3
# of unsupported tests		1

		=== libitm Summary ===

# of expected passes		52
# of expected failures		6
# of unsupported tests		2
		=== libjava tests ===


Running target unix

		=== libjava Summary for unix ===

# of expected passes		2574

Running target unix/-m64

		=== libjava Summary for unix/-m64 ===

# of expected passes		2574

		=== libjava Summary ===

# of expected passes		5148
		=== libmudflap tests ===


Running target unix

		=== libmudflap Summary for unix ===

# of expected passes		1442

Running target unix/-m64
FAIL: libmudflap.c++/pass55-frag.cxx ( -O) execution test

		=== libmudflap Summary for unix/-m64 ===

# of expected passes		1441
# of unexpected failures	1

		=== libmudflap Summary ===

# of expected passes		2883
# of unexpected failures	1
		=== libstdc++ tests ===


Running target unix

		=== libstdc++ Summary for unix ===

# of expected passes		8010
# of expected failures		45
# of unsupported tests		511

Running target unix/-m64
FAIL: libstdc++-abi/abi_check

		=== libstdc++ Summary for unix/-m64 ===

# of expected passes		8009
# of unexpected failures	1
# of expected failures		45
# of unsupported tests		511

		=== libstdc++ Summary ===

# of expected passes		16019
# of unexpected failures	1
# of expected failures		90
# of unsupported tests		1022

Compiler version: 4.7.4 20140411 (prerelease) [gcc-4_7-branch revision 209287] (GCC) 
Platform: i386-pc-solaris2.11
configure flags: --prefix=/vol/gcc --target=i386-pc-solaris2.11 --enable-objc-gc --enable-libmudflap --with-gmp-include=/vol/gcc/include --with-gmp-lib=/vol/gcc/lib --with-mpfr-include=/vol/gcc/include --with-mpfr-lib=/vol/gcc/lib --with-mpc-include=/vol/gcc/include --with-mpc-lib=/vol/gcc/lib --enable-languages=all,ada,obj-c++,go --without-ppl --without-isl --without-cloog
BOOT_CFLAGS=-g -O2


Index Nav: [Date Index] [Subject Index] [Author Index] [Thread Index]
Message Nav: [Date Prev] [Date Next] [Thread Prev] [Thread Next]