This is the mail archive of the gcc-testresults@gcc.gnu.org mailing list for the GCC project.


Index Nav: [Date Index] [Subject Index] [Author Index] [Thread Index]
Message Nav: [Date Prev] [Date Next] [Thread Prev] [Thread Next]
Other format: [Raw text]

Results for 4.9.0 20140408 (experimental) [trunk revision 209216] (GCC) testsuite on x86_64-unknown-linux-gnu


Native configuration is x86_64-unknown-linux-gnu

		=== gcc tests ===


Running target unix
FAIL: gcc.dg/builtin-bswap-6.c scan-rtl-dump-not combine "bswapsi"
FAIL: gcc.dg/builtin-bswap-7.c scan-rtl-dump-not combine "bswapdi"
XPASS: gcc.dg/guality/example.c  -O0  execution test
XPASS: gcc.dg/guality/example.c  -O1  execution test
XPASS: gcc.dg/guality/example.c  -O2  execution test
XPASS: gcc.dg/guality/example.c  -O2 -flto -fno-use-linker-plugin -flto-partition=none  execution test
XPASS: gcc.dg/guality/guality.c  -O0  execution test
XPASS: gcc.dg/guality/guality.c  -O1  execution test
XPASS: gcc.dg/guality/guality.c  -O2  execution test
XPASS: gcc.dg/guality/guality.c  -O3 -fomit-frame-pointer  execution test
XPASS: gcc.dg/guality/guality.c  -O3 -g  execution test
XPASS: gcc.dg/guality/guality.c  -Os  execution test
XPASS: gcc.dg/guality/guality.c  -O2 -flto -fno-use-linker-plugin -flto-partition=none  execution test
XPASS: gcc.dg/guality/guality.c  -O2 -flto -fuse-linker-plugin -fno-fat-lto-objects  execution test
XPASS: gcc.dg/guality/inline-params.c  -O2  execution test
XPASS: gcc.dg/guality/inline-params.c  -O3 -fomit-frame-pointer  execution test
XPASS: gcc.dg/guality/inline-params.c  -O3 -g  execution test
XPASS: gcc.dg/guality/inline-params.c  -Os  execution test
XPASS: gcc.dg/guality/inline-params.c  -O2 -flto -fno-use-linker-plugin -flto-partition=none  execution test
XPASS: gcc.dg/guality/pr41353-1.c  -O0  line 28 j == 28 + 37
XPASS: gcc.dg/guality/pr41353-1.c  -O1  line 28 j == 28 + 37
XPASS: gcc.dg/guality/pr41353-1.c  -O2  line 28 j == 28 + 37
XPASS: gcc.dg/guality/pr41353-1.c  -O3 -fomit-frame-pointer  line 28 j == 28 + 37
XPASS: gcc.dg/guality/pr41353-1.c  -O3 -g  line 28 j == 28 + 37
XPASS: gcc.dg/guality/pr41353-1.c  -Os  line 28 j == 28 + 37
XPASS: gcc.dg/guality/pr41353-1.c  -O2 -flto -fno-use-linker-plugin -flto-partition=none  line 28 j == 28 + 37
XPASS: gcc.dg/guality/pr41353-1.c  -O2 -flto -fuse-linker-plugin -fno-fat-lto-objects  line 28 j == 28 + 37
XPASS: gcc.dg/guality/pr41447-1.c  -O0  execution test
XPASS: gcc.dg/guality/pr41447-1.c  -O1  execution test
XPASS: gcc.dg/guality/pr41447-1.c  -O2  execution test
XPASS: gcc.dg/guality/pr41447-1.c  -O3 -fomit-frame-pointer  execution test
XPASS: gcc.dg/guality/pr41447-1.c  -O3 -g  execution test
XPASS: gcc.dg/guality/pr41447-1.c  -Os  execution test
XPASS: gcc.dg/guality/pr41447-1.c  -O2 -flto -fno-use-linker-plugin -flto-partition=none  execution test
XPASS: gcc.dg/guality/pr41447-1.c  -O2 -flto -fuse-linker-plugin -fno-fat-lto-objects  execution test
XPASS: gcc.dg/guality/pr41616-1.c  -O0  execution test
XPASS: gcc.dg/guality/pr41616-1.c  -O1  execution test
XPASS: gcc.dg/guality/pr41616-1.c  -O2  execution test
XPASS: gcc.dg/guality/pr41616-1.c  -O3 -fomit-frame-pointer  execution test
XPASS: gcc.dg/guality/pr41616-1.c  -O3 -g  execution test
XPASS: gcc.dg/guality/pr41616-1.c  -Os  execution test
XPASS: gcc.dg/guality/pr41616-1.c  -O2 -flto -fno-use-linker-plugin -flto-partition=none  execution test
FAIL: gcc.dg/guality/pr48437.c  -O2 -flto -fno-use-linker-plugin -flto-partition=none  line 14 i == 0
FAIL: gcc.dg/guality/pr48437.c  -O2 -flto -fuse-linker-plugin -fno-fat-lto-objects  line 14 i == 0
FAIL: gcc.dg/guality/pr54200.c  -Os  line 20 z == 3
FAIL: gcc.dg/guality/pr54519-1.c  -O2 -flto -fno-use-linker-plugin -flto-partition=none  line 20 y == 25
FAIL: gcc.dg/guality/pr54519-1.c  -O2 -flto -fno-use-linker-plugin -flto-partition=none  line 20 z == 6
FAIL: gcc.dg/guality/pr54519-1.c  -O2 -flto -fno-use-linker-plugin -flto-partition=none  line 23 y == 117
FAIL: gcc.dg/guality/pr54519-1.c  -O2 -flto -fno-use-linker-plugin -flto-partition=none  line 23 z == 8
FAIL: gcc.dg/guality/pr54519-2.c  -O2 -flto -fno-use-linker-plugin -flto-partition=none  line 17 y == 25
FAIL: gcc.dg/guality/pr54519-2.c  -O2 -flto -fuse-linker-plugin -fno-fat-lto-objects  line 17 y == 25
FAIL: gcc.dg/guality/pr54519-3.c  -O2 -flto -fno-use-linker-plugin -flto-partition=none  line 20 y == 25
FAIL: gcc.dg/guality/pr54519-3.c  -O2 -flto -fno-use-linker-plugin -flto-partition=none  line 20 z == 6
FAIL: gcc.dg/guality/pr54519-3.c  -O2 -flto -fno-use-linker-plugin -flto-partition=none  line 23 y == 117
FAIL: gcc.dg/guality/pr54519-3.c  -O2 -flto -fno-use-linker-plugin -flto-partition=none  line 23 z == 8
FAIL: gcc.dg/guality/pr54519-3.c  -O2 -flto -fuse-linker-plugin -fno-fat-lto-objects  line 20 y == 25
FAIL: gcc.dg/guality/pr54519-3.c  -O2 -flto -fuse-linker-plugin -fno-fat-lto-objects  line 20 z == 6
FAIL: gcc.dg/guality/pr54519-3.c  -O2 -flto -fuse-linker-plugin -fno-fat-lto-objects  line 23 y == 117
FAIL: gcc.dg/guality/pr54519-3.c  -O2 -flto -fuse-linker-plugin -fno-fat-lto-objects  line 23 z == 8
FAIL: gcc.dg/guality/pr54519-4.c  -O2 -flto -fno-use-linker-plugin -flto-partition=none  line 17 y == 25
FAIL: gcc.dg/guality/pr54519-4.c  -O2 -flto -fuse-linker-plugin -fno-fat-lto-objects  line 17 y == 25
FAIL: gcc.dg/guality/pr54519-5.c  -O2 -flto -fno-use-linker-plugin -flto-partition=none  line 17 y == 25
FAIL: gcc.dg/guality/pr54519-5.c  -O2 -flto -fuse-linker-plugin -fno-fat-lto-objects  line 17 y == 25
FAIL: gcc.dg/guality/pr54693-2.c  -O3 -fomit-frame-pointer -funroll-loops  line 21 i == v + 1
FAIL: gcc.dg/guality/pr54693-2.c  -O3 -fomit-frame-pointer -funroll-all-loops -finline-functions  line 21 i == v + 1
FAIL: gcc.dg/guality/pr54693-2.c  -Os  line 21 x == 10 - i
FAIL: gcc.dg/guality/pr54693-2.c  -Os  line 21 y == 20 - 2 * i
FAIL: gcc.dg/guality/sra-1.c  -O2  line 43 a.j == 14
FAIL: gcc.dg/guality/sra-1.c  -O3 -fomit-frame-pointer  line 43 a.j == 14
FAIL: gcc.dg/guality/sra-1.c  -O3 -g  line 43 a.j == 14
FAIL: gcc.dg/guality/sra-1.c  -Os  line 43 a.j == 14
FAIL: gcc.dg/guality/sra-1.c  -O2 -flto -fno-use-linker-plugin -flto-partition=none  line 43 a.j == 14
FAIL: gcc.dg/guality/sra-1.c  -O2 -flto -fuse-linker-plugin -fno-fat-lto-objects  line 43 a.j == 14

		=== gcc Summary for unix ===

# of expected passes		115509
# of unexpected failures	33
# of unexpected successes	40
# of expected failures		308
# of unsupported tests		1665

Running target unix/-m32
FAIL: gcc.dg/builtin-bswap-6.c scan-rtl-dump-not combine "bswapsi"
XPASS: gcc.dg/guality/example.c  -O0  execution test
XPASS: gcc.dg/guality/example.c  -O1  execution test
XPASS: gcc.dg/guality/guality.c  -O0  execution test
XPASS: gcc.dg/guality/guality.c  -O1  execution test
XPASS: gcc.dg/guality/guality.c  -O2  execution test
XPASS: gcc.dg/guality/guality.c  -O3 -fomit-frame-pointer  execution test
XPASS: gcc.dg/guality/guality.c  -O3 -g  execution test
XPASS: gcc.dg/guality/guality.c  -Os  execution test
XPASS: gcc.dg/guality/guality.c  -O2 -flto -fno-use-linker-plugin -flto-partition=none  execution test
XPASS: gcc.dg/guality/guality.c  -O2 -flto -fuse-linker-plugin -fno-fat-lto-objects  execution test
XPASS: gcc.dg/guality/inline-params.c  -O2  execution test
XPASS: gcc.dg/guality/inline-params.c  -O3 -fomit-frame-pointer  execution test
XPASS: gcc.dg/guality/inline-params.c  -O3 -g  execution test
XPASS: gcc.dg/guality/inline-params.c  -Os  execution test
XPASS: gcc.dg/guality/inline-params.c  -O2 -flto -fno-use-linker-plugin -flto-partition=none  execution test
XPASS: gcc.dg/guality/pr41353-1.c  -O0  line 28 j == 28 + 37
XPASS: gcc.dg/guality/pr41353-1.c  -O1  line 28 j == 28 + 37
XPASS: gcc.dg/guality/pr41353-1.c  -O2  line 28 j == 28 + 37
XPASS: gcc.dg/guality/pr41353-1.c  -O3 -fomit-frame-pointer  line 28 j == 28 + 37
XPASS: gcc.dg/guality/pr41353-1.c  -O3 -g  line 28 j == 28 + 37
XPASS: gcc.dg/guality/pr41353-1.c  -Os  line 28 j == 28 + 37
XPASS: gcc.dg/guality/pr41353-1.c  -O2 -flto -fno-use-linker-plugin -flto-partition=none  line 28 j == 28 + 37
XPASS: gcc.dg/guality/pr41353-1.c  -O2 -flto -fuse-linker-plugin -fno-fat-lto-objects  line 28 j == 28 + 37
XPASS: gcc.dg/guality/pr41447-1.c  -O0  execution test
XPASS: gcc.dg/guality/pr41447-1.c  -O1  execution test
XPASS: gcc.dg/guality/pr41447-1.c  -Os  execution test
XPASS: gcc.dg/guality/pr41447-1.c  -O2 -flto -fuse-linker-plugin -fno-fat-lto-objects  execution test
XPASS: gcc.dg/guality/pr41616-1.c  -O0  execution test
XPASS: gcc.dg/guality/pr41616-1.c  -O1  execution test
XPASS: gcc.dg/guality/pr41616-1.c  -O2  execution test
XPASS: gcc.dg/guality/pr41616-1.c  -O3 -fomit-frame-pointer  execution test
XPASS: gcc.dg/guality/pr41616-1.c  -O3 -g  execution test
XPASS: gcc.dg/guality/pr41616-1.c  -Os  execution test
XPASS: gcc.dg/guality/pr41616-1.c  -O2 -flto -fno-use-linker-plugin -flto-partition=none  execution test
FAIL: gcc.dg/guality/pr48437.c  -O2 -flto -fno-use-linker-plugin -flto-partition=none  line 14 i == 0
FAIL: gcc.dg/guality/pr48437.c  -O2 -flto -fuse-linker-plugin -fno-fat-lto-objects  line 14 i == 0
FAIL: gcc.dg/guality/pr54200.c  -O2 -flto -fuse-linker-plugin -fno-fat-lto-objects  line 20 z == 3
FAIL: gcc.dg/guality/pr54519-1.c  -O2  line 20 y == 25
FAIL: gcc.dg/guality/pr54519-1.c  -O2  line 20 z == 6
FAIL: gcc.dg/guality/pr54519-1.c  -O2  line 23 y == 117
FAIL: gcc.dg/guality/pr54519-1.c  -O2  line 23 z == 8
FAIL: gcc.dg/guality/pr54519-1.c  -O3 -fomit-frame-pointer  line 20 x == 36
FAIL: gcc.dg/guality/pr54519-1.c  -O3 -fomit-frame-pointer  line 20 y == 25
FAIL: gcc.dg/guality/pr54519-1.c  -O3 -fomit-frame-pointer  line 20 z == 6
FAIL: gcc.dg/guality/pr54519-1.c  -O3 -g  line 20 x == 36
FAIL: gcc.dg/guality/pr54519-1.c  -O3 -g  line 20 y == 25
FAIL: gcc.dg/guality/pr54519-1.c  -O3 -g  line 20 z == 6
FAIL: gcc.dg/guality/pr54519-1.c  -O2 -flto -fno-use-linker-plugin -flto-partition=none  line 20 y == 25
FAIL: gcc.dg/guality/pr54519-1.c  -O2 -flto -fno-use-linker-plugin -flto-partition=none  line 20 z == 6
FAIL: gcc.dg/guality/pr54519-1.c  -O2 -flto -fno-use-linker-plugin -flto-partition=none  line 23 y == 117
FAIL: gcc.dg/guality/pr54519-1.c  -O2 -flto -fno-use-linker-plugin -flto-partition=none  line 23 z == 8
FAIL: gcc.dg/guality/pr54519-2.c  -O2 -flto -fno-use-linker-plugin -flto-partition=none  line 17 y == 25
FAIL: gcc.dg/guality/pr54519-2.c  -O2 -flto -fuse-linker-plugin -fno-fat-lto-objects  line 17 y == 25
FAIL: gcc.dg/guality/pr54519-3.c  -O2  line 20 x == 36
FAIL: gcc.dg/guality/pr54519-3.c  -O2  line 20 y == 25
FAIL: gcc.dg/guality/pr54519-3.c  -O2  line 20 z == 6
FAIL: gcc.dg/guality/pr54519-3.c  -O2  line 23 x == 98
FAIL: gcc.dg/guality/pr54519-3.c  -O2  line 23 y == 117
FAIL: gcc.dg/guality/pr54519-3.c  -O2  line 23 z == 8
FAIL: gcc.dg/guality/pr54519-3.c  -O3 -fomit-frame-pointer  line 20 x == 36
FAIL: gcc.dg/guality/pr54519-3.c  -O3 -fomit-frame-pointer  line 20 y == 25
FAIL: gcc.dg/guality/pr54519-3.c  -O3 -fomit-frame-pointer  line 20 z == 6
FAIL: gcc.dg/guality/pr54519-3.c  -O3 -fomit-frame-pointer  line 23 x == 98
FAIL: gcc.dg/guality/pr54519-3.c  -O3 -fomit-frame-pointer  line 23 y == 117
FAIL: gcc.dg/guality/pr54519-3.c  -O3 -fomit-frame-pointer  line 23 z == 8
FAIL: gcc.dg/guality/pr54519-3.c  -O3 -g  line 20 x == 36
FAIL: gcc.dg/guality/pr54519-3.c  -O3 -g  line 20 y == 25
FAIL: gcc.dg/guality/pr54519-3.c  -O3 -g  line 20 z == 6
FAIL: gcc.dg/guality/pr54519-3.c  -O3 -g  line 23 x == 98
FAIL: gcc.dg/guality/pr54519-3.c  -O3 -g  line 23 y == 117
FAIL: gcc.dg/guality/pr54519-3.c  -O3 -g  line 23 z == 8
FAIL: gcc.dg/guality/pr54519-3.c  -O2 -flto -fno-use-linker-plugin -flto-partition=none  line 20 x == 36
FAIL: gcc.dg/guality/pr54519-3.c  -O2 -flto -fno-use-linker-plugin -flto-partition=none  line 20 y == 25
FAIL: gcc.dg/guality/pr54519-3.c  -O2 -flto -fno-use-linker-plugin -flto-partition=none  line 20 z == 6
FAIL: gcc.dg/guality/pr54519-3.c  -O2 -flto -fno-use-linker-plugin -flto-partition=none  line 23 x == 98
FAIL: gcc.dg/guality/pr54519-3.c  -O2 -flto -fno-use-linker-plugin -flto-partition=none  line 23 y == 117
FAIL: gcc.dg/guality/pr54519-3.c  -O2 -flto -fno-use-linker-plugin -flto-partition=none  line 23 z == 8
FAIL: gcc.dg/guality/pr54519-3.c  -O2 -flto -fuse-linker-plugin -fno-fat-lto-objects  line 20 y == 25
FAIL: gcc.dg/guality/pr54519-3.c  -O2 -flto -fuse-linker-plugin -fno-fat-lto-objects  line 20 z == 6
FAIL: gcc.dg/guality/pr54519-3.c  -O2 -flto -fuse-linker-plugin -fno-fat-lto-objects  line 23 y == 117
FAIL: gcc.dg/guality/pr54519-3.c  -O2 -flto -fuse-linker-plugin -fno-fat-lto-objects  line 23 z == 8
FAIL: gcc.dg/guality/pr54519-4.c  -O2 -flto -fno-use-linker-plugin -flto-partition=none  line 17 y == 25
FAIL: gcc.dg/guality/pr54519-4.c  -O2 -flto -fuse-linker-plugin -fno-fat-lto-objects  line 17 y == 25
FAIL: gcc.dg/guality/pr54519-5.c  -O2 -flto -fno-use-linker-plugin -flto-partition=none  line 17 y == 25
FAIL: gcc.dg/guality/pr54519-5.c  -O2 -flto -fuse-linker-plugin -fno-fat-lto-objects  line 17 y == 25
FAIL: gcc.dg/guality/pr54693-2.c  -O3 -fomit-frame-pointer -funroll-loops  line 21 i == v + 1
FAIL: gcc.dg/guality/pr54693-2.c  -O3 -fomit-frame-pointer -funroll-all-loops -finline-functions  line 21 i == v + 1
FAIL: gcc.dg/guality/pr54970.c  -Os  line 15 a[0] == 1
FAIL: gcc.dg/guality/pr54970.c  -Os  line 20 a[0] == 1
FAIL: gcc.dg/guality/pr54970.c  -Os  line 25 a[0] == 1
FAIL: gcc.dg/guality/pr54970.c  -Os  line 31 *p == 6
FAIL: gcc.dg/guality/pr54970.c  -Os  line 31 *q == 5
FAIL: gcc.dg/guality/pr54970.c  -Os  line 36 *p == 26
FAIL: gcc.dg/guality/pr54970.c  -Os  line 36 *q == 5
FAIL: gcc.dg/guality/pr54970.c  -Os  line 45 *p == 26
FAIL: gcc.dg/guality/pr54970.c  -Os  line 45 p[-1] == 25
FAIL: gcc.dg/guality/pr54970.c  -Os  line 45 p[-2] == 4
FAIL: gcc.dg/guality/pr54970.c  -Os  line 45 q[-1] == 4
FAIL: gcc.dg/guality/pr54970.c  -Os  line 45 q[1] == 26
FAIL: gcc.dg/guality/pr54970.c  -Os  line 45 *q == 25
FAIL: gcc.dg/guality/sra-1.c  -O2 -flto -fuse-linker-plugin -fno-fat-lto-objects  line 43 a.j == 14

		=== gcc Summary for unix/-m32 ===

# of expected passes		50796
# of unexpected failures	68
# of unexpected successes	34
# of expected failures		213
# of unsupported tests		761

		=== gcc Summary ===

# of expected passes		166305
# of unexpected failures	101
# of unexpected successes	74
# of expected failures		521
# of unsupported tests		2426
/export/gnu/import/git/gcc-test-intel64corei7/bld/gcc/xgcc  version 4.9.0 20140408 (experimental) [trunk revision 209216] (GCC) 

		=== gfortran tests ===


Running target unix

		=== gfortran Summary for unix ===

# of expected passes		43928
# of expected failures		35
# of unsupported tests		39

Running target unix/-m32

		=== gfortran Summary for unix/-m32 ===

# of expected passes		43638
# of expected failures		35
# of unsupported tests		180

		=== gfortran Summary ===

# of expected passes		87566
# of expected failures		70
# of unsupported tests		219
/export/gnu/import/git/gcc-test-intel64corei7/bld/gcc/testsuite/gfortran/../../gfortran  version 4.9.0 20140408 (experimental) [trunk revision 209216] (GCC) 

		=== g++ tests ===


Running target unix
UNRESOLVED: g++.dg/abi/abi-tag1.C -std=gnu++98  scan-assembler _Z1fB3barB3fooi
UNRESOLVED: g++.dg/abi/abi-tag1.C -std=gnu++98  scan-assembler _Z1gB3baz1AB3bar
UNRESOLVED: g++.dg/abi/abi-tag1.C -std=gnu++11  scan-assembler _Z1fB3barB3fooi
UNRESOLVED: g++.dg/abi/abi-tag1.C -std=gnu++11  scan-assembler _Z1gB3baz1AB3bar
UNRESOLVED: g++.dg/abi/abi-tag1.C -std=gnu++1y  scan-assembler _Z1fB3barB3fooi
UNRESOLVED: g++.dg/abi/abi-tag1.C -std=gnu++1y  scan-assembler _Z1gB3baz1AB3bar
UNRESOLVED: g++.dg/abi/abi-tag3.C -std=c++98  scan-assembler _ZN3FooB5cxx11IcE1fEv
UNRESOLVED: g++.dg/abi/abi-tag3.C -std=c++98  scan-assembler _ZN3FooB5cxx11IiE1fEv
UNRESOLVED: g++.dg/abi/abi-tag3.C -std=c++98  scan-assembler _ZN3FooB5cxx11IdE1fEv
UNRESOLVED: g++.dg/abi/abi-tag3.C -std=c++11  scan-assembler _ZN3FooB5cxx11IcE1fEv
UNRESOLVED: g++.dg/abi/abi-tag3.C -std=c++11  scan-assembler _ZN3FooB5cxx11IiE1fEv
UNRESOLVED: g++.dg/abi/abi-tag3.C -std=c++11  scan-assembler _ZN3FooB5cxx11IdE1fEv
UNRESOLVED: g++.dg/abi/abi-tag3.C -std=c++1y  scan-assembler _ZN3FooB5cxx11IcE1fEv
UNRESOLVED: g++.dg/abi/abi-tag3.C -std=c++1y  scan-assembler _ZN3FooB5cxx11IiE1fEv
UNRESOLVED: g++.dg/abi/abi-tag3.C -std=c++1y  scan-assembler _ZN3FooB5cxx11IdE1fEv
UNRESOLVED: g++.dg/abi/abi-tag5.C -std=gnu++98  scan-assembler _Z1f1BI1AB3fooE
UNRESOLVED: g++.dg/abi/abi-tag5.C -std=gnu++11  scan-assembler _Z1f1BI1AB3fooE
UNRESOLVED: g++.dg/abi/abi-tag5.C -std=gnu++1y  scan-assembler _Z1f1BI1AB3fooE
UNRESOLVED: g++.dg/abi/abi-tag6.C -std=c++98  scan-assembler _ZTV3barB4testIiE
UNRESOLVED: g++.dg/abi/abi-tag6.C -std=c++11  scan-assembler _ZTV3barB4testIiE
UNRESOLVED: g++.dg/abi/abi-tag6.C -std=c++1y  scan-assembler _ZTV3barB4testIiE
UNRESOLVED: g++.dg/abi/abi-tag7.C -std=c++98  scan-assembler _Z1fP4testB3fooIcE
UNRESOLVED: g++.dg/abi/abi-tag7.C -std=c++11  scan-assembler _Z1fP4testB3fooIcE
UNRESOLVED: g++.dg/abi/abi-tag7.C -std=c++1y  scan-assembler _Z1fP4testB3fooIcE
UNRESOLVED: g++.dg/abi/anon1.C -std=c++98  scan-assembler-not globl
UNRESOLVED: g++.dg/abi/anon1.C -std=c++11  scan-assembler-not globl
UNRESOLVED: g++.dg/abi/anon1.C -std=c++1y  scan-assembler-not globl
UNRESOLVED: g++.dg/abi/anon2.C -std=c++11  scan-assembler .weak(_definition)?[ \\t]_?_ZN2N11D1C3fn1ENS0_1BE
UNRESOLVED: g++.dg/abi/anon2.C -std=c++11  scan-assembler .weak(_definition)?[ \\t]_?_ZN2N11D1C3fn2ES1_
UNRESOLVED: g++.dg/abi/anon2.C -std=c++11  scan-assembler-not .weak(_definition)?[ \\t]_?_ZN2N23._31C3fn1ENS0_1BE
UNRESOLVED: g++.dg/abi/anon2.C -std=c++11  scan-assembler-not .weak(_definition)?[ \\t]_?_ZN2N23._31C3fn2ES1_
UNRESOLVED: g++.dg/abi/anon2.C -std=c++11  scan-assembler .weak(_definition)?[ \\t]_?_ZN2N31D1CIiE3fn1ENS0_1BE
UNRESOLVED: g++.dg/abi/anon2.C -std=c++11  scan-assembler .weak(_definition)?[ \\t]_?_ZN2N31D1CIiE3fn2ES2_
UNRESOLVED: g++.dg/abi/anon2.C -std=c++11  scan-assembler-not .weak(_definition)?[ \\t]_?_ZN2N43._91CIiE3fn1ENS0_1BE
UNRESOLVED: g++.dg/abi/anon2.C -std=c++11  scan-assembler-not .weak(_definition)?[ \\t]_?_ZN2N43._91CIiE3fn2ES2_
UNRESOLVED: g++.dg/abi/anon2.C -std=c++1y  scan-assembler .weak(_definition)?[ \\t]_?_ZN2N11D1C3fn1ENS0_1BE
UNRESOLVED: g++.dg/abi/anon2.C -std=c++1y  scan-assembler .weak(_definition)?[ \\t]_?_ZN2N11D1C3fn2ES1_
UNRESOLVED: g++.dg/abi/anon2.C -std=c++1y  scan-assembler-not .weak(_definition)?[ \\t]_?_ZN2N23._31C3fn1ENS0_1BE
UNRESOLVED: g++.dg/abi/anon2.C -std=c++1y  scan-assembler-not .weak(_definition)?[ \\t]_?_ZN2N23._31C3fn2ES1_
UNRESOLVED: g++.dg/abi/anon2.C -std=c++1y  scan-assembler .weak(_definition)?[ \\t]_?_ZN2N31D1CIiE3fn1ENS0_1BE
UNRESOLVED: g++.dg/abi/anon2.C -std=c++1y  scan-assembler .weak(_definition)?[ \\t]_?_ZN2N31D1CIiE3fn2ES2_
UNRESOLVED: g++.dg/abi/anon2.C -std=c++1y  scan-assembler-not .weak(_definition)?[ \\t]_?_ZN2N43._91CIiE3fn1ENS0_1BE
UNRESOLVED: g++.dg/abi/anon2.C -std=c++1y  scan-assembler-not .weak(_definition)?[ \\t]_?_ZN2N43._91CIiE3fn2ES2_
UNRESOLVED: g++.dg/abi/anon3.C -std=c++98  scan-assembler .weak(_definition)?[ \\t]_?_ZN4Heya4blahEv
UNRESOLVED: g++.dg/abi/anon3.C -std=c++98  scan-assembler .weak(_definition)?[ \\t]_?_ZTI4Heya
UNRESOLVED: g++.dg/abi/anon3.C -std=c++98  scan-assembler .weak(_definition)?[ \\t]_?_ZTV4Heya
UNRESOLVED: g++.dg/abi/anon3.C -std=c++98  scan-assembler .weak(_definition)?[ \\t]_?_ZN4Heya1A1fEv
UNRESOLVED: g++.dg/abi/anon3.C -std=c++98  scan-assembler .weak(_definition)?[ \\t]_?_ZTIN4Heya1AE
UNRESOLVED: g++.dg/abi/anon3.C -std=c++98  scan-assembler .weak(_definition)?[ \\t]_?_ZTVN4Heya1AE
UNRESOLVED: g++.dg/abi/anon3.C -std=c++11  scan-assembler .weak(_definition)?[ \\t]_?_ZN4Heya4blahEv
UNRESOLVED: g++.dg/abi/anon3.C -std=c++11  scan-assembler .weak(_definition)?[ \\t]_?_ZTI4Heya
UNRESOLVED: g++.dg/abi/anon3.C -std=c++11  scan-assembler .weak(_definition)?[ \\t]_?_ZTV4Heya
UNRESOLVED: g++.dg/abi/anon3.C -std=c++11  scan-assembler .weak(_definition)?[ \\t]_?_ZN4Heya1A1fEv
UNRESOLVED: g++.dg/abi/anon3.C -std=c++11  scan-assembler .weak(_definition)?[ \\t]_?_ZTIN4Heya1AE
UNRESOLVED: g++.dg/abi/anon3.C -std=c++11  scan-assembler .weak(_definition)?[ \\t]_?_ZTVN4Heya1AE
UNRESOLVED: g++.dg/abi/anon3.C -std=c++1y  scan-assembler .weak(_definition)?[ \\t]_?_ZN4Heya4blahEv
UNRESOLVED: g++.dg/abi/anon3.C -std=c++1y  scan-assembler .weak(_definition)?[ \\t]_?_ZTI4Heya
UNRESOLVED: g++.dg/abi/anon3.C -std=c++1y  scan-assembler .weak(_definition)?[ \\t]_?_ZTV4Heya
UNRESOLVED: g++.dg/abi/anon3.C -std=c++1y  scan-assembler .weak(_definition)?[ \\t]_?_ZN4Heya1A1fEv
UNRESOLVED: g++.dg/abi/anon3.C -std=c++1y  scan-assembler .weak(_definition)?[ \\t]_?_ZTIN4Heya1AE
UNRESOLVED: g++.dg/abi/anon3.C -std=c++1y  scan-assembler .weak(_definition)?[ \\t]_?_ZTVN4Heya1AE
UNRESOLVED: g++.dg/abi/covariant6.C -std=c++98  scan-assembler _ZTch0_v0_n32_N1C1fEv
UNRESOLVED: g++.dg/abi/covariant6.C -std=c++98  scan-assembler _ZTcv0_n24_v0_n32_N1C1fEv
UNRESOLVED: g++.dg/abi/covariant6.C -std=c++98  scan-assembler _ZTch0_v0_n32_N1D1fEv
UNRESOLVED: g++.dg/abi/covariant6.C -std=c++11  scan-assembler _ZTch0_v0_n32_N1C1fEv
UNRESOLVED: g++.dg/abi/covariant6.C -std=c++11  scan-assembler _ZTcv0_n24_v0_n32_N1C1fEv
UNRESOLVED: g++.dg/abi/covariant6.C -std=c++11  scan-assembler _ZTch0_v0_n32_N1D1fEv
UNRESOLVED: g++.dg/abi/covariant6.C -std=c++1y  scan-assembler _ZTch0_v0_n32_N1C1fEv
UNRESOLVED: g++.dg/abi/covariant6.C -std=c++1y  scan-assembler _ZTcv0_n24_v0_n32_N1C1fEv
UNRESOLVED: g++.dg/abi/covariant6.C -std=c++1y  scan-assembler _ZTch0_v0_n32_N1D1fEv
UNRESOLVED: g++.dg/abi/guard1.C -std=c++98  scan-assembler-not _ZGVZN1A1fEvE1i
UNRESOLVED: g++.dg/abi/guard1.C -std=c++11  scan-assembler-not _ZGVZN1A1fEvE1i
UNRESOLVED: g++.dg/abi/guard1.C -std=c++1y  scan-assembler-not _ZGVZN1A1fEvE1i
UNRESOLVED: g++.dg/abi/guard2.C -std=c++98  scan-assembler _ZGVZN1A1fEvE1i,comdat
UNRESOLVED: g++.dg/abi/guard2.C -std=c++11  scan-assembler _ZGVZN1A1fEvE1i,comdat
UNRESOLVED: g++.dg/abi/guard2.C -std=c++1y  scan-assembler _ZGVZN1A1fEvE1i,comdat
UNRESOLVED: g++.dg/abi/inline1.C -std=c++98  scan-assembler-not _ZTV1S
UNRESOLVED: g++.dg/abi/inline1.C -std=c++11  scan-assembler-not _ZTV1S
UNRESOLVED: g++.dg/abi/inline1.C -std=c++1y  scan-assembler-not _ZTV1S
UNRESOLVED: g++.dg/abi/local2.C -std=c++98  scan-assembler ZZN1A1fEvE1s
UNRESOLVED: g++.dg/abi/local2.C -std=c++11  scan-assembler ZZN1A1fEvE1s
UNRESOLVED: g++.dg/abi/local2.C -std=c++1y  scan-assembler ZZN1A1fEvE1s
UNRESOLVED: g++.dg/abi/mangle10.C -std=gnu++98  scan-assembler _Z1fI1SEvNT_IiE1XE
UNRESOLVED: g++.dg/abi/mangle10.C -std=gnu++11  scan-assembler _Z1fI1SEvNT_IiE1XE
UNRESOLVED: g++.dg/abi/mangle10.C -std=gnu++1y  scan-assembler _Z1fI1SEvNT_IiE1XE
UNRESOLVED: g++.dg/abi/mangle13.C -std=gnu++98  scan-assembler _Z1gI1AEv1SIXadsrT_1fIiEEE
UNRESOLVED: g++.dg/abi/mangle13.C -std=gnu++98  scan-assembler _Z1gI1AEv1SIXadsrT_plEE
UNRESOLVED: g++.dg/abi/mangle13.C -std=gnu++98  scan-assembler _Z1gI1AEv1SIXadsrT_cviEE
UNRESOLVED: g++.dg/abi/mangle13.C -std=gnu++98  scan-assembler _Z1gI1AEv1SIXadsrT_miIdEEE
UNRESOLVED: g++.dg/abi/mangle13.C -std=gnu++11  scan-assembler _Z1gI1AEv1SIXadsrT_1fIiEEE
UNRESOLVED: g++.dg/abi/mangle13.C -std=gnu++11  scan-assembler _Z1gI1AEv1SIXadsrT_plEE
UNRESOLVED: g++.dg/abi/mangle13.C -std=gnu++11  scan-assembler _Z1gI1AEv1SIXadsrT_cviEE
UNRESOLVED: g++.dg/abi/mangle13.C -std=gnu++11  scan-assembler _Z1gI1AEv1SIXadsrT_miIdEEE
UNRESOLVED: g++.dg/abi/mangle13.C -std=gnu++1y  scan-assembler _Z1gI1AEv1SIXadsrT_1fIiEEE
UNRESOLVED: g++.dg/abi/mangle13.C -std=gnu++1y  scan-assembler _Z1gI1AEv1SIXadsrT_plEE
UNRESOLVED: g++.dg/abi/mangle13.C -std=gnu++1y  scan-assembler _Z1gI1AEv1SIXadsrT_cviEE
UNRESOLVED: g++.dg/abi/mangle13.C -std=gnu++1y  scan-assembler _Z1gI1AEv1SIXadsrT_miIdEEE
UNRESOLVED: g++.dg/abi/mangle16.C -std=gnu++98  scan-assembler _Z1fILi7EEv1SILi4EE
UNRESOLVED: g++.dg/abi/mangle16.C -std=gnu++98  scan-assembler _Z1gILi7EEv1SILi3EE
UNRESOLVED: g++.dg/abi/mangle16.C -std=gnu++98  scan-assembler _Z1hILi7EEv1SIXplT_Li1EEE
UNRESOLVED: g++.dg/abi/mangle16.C -std=gnu++11  scan-assembler _Z1fILi7EEv1SILi4EE
UNRESOLVED: g++.dg/abi/mangle16.C -std=gnu++11  scan-assembler _Z1gILi7EEv1SILi3EE
UNRESOLVED: g++.dg/abi/mangle16.C -std=gnu++11  scan-assembler _Z1hILi7EEv1SIXplT_Li1EEE
UNRESOLVED: g++.dg/abi/mangle16.C -std=gnu++1y  scan-assembler _Z1fILi7EEv1SILi4EE
UNRESOLVED: g++.dg/abi/mangle16.C -std=gnu++1y  scan-assembler _Z1gILi7EEv1SILi3EE
UNRESOLVED: g++.dg/abi/mangle16.C -std=gnu++1y  scan-assembler _Z1hILi7EEv1SIXplT_Li1EEE
UNRESOLVED: g++.dg/abi/mangle22.C -std=gnu++98  scan-assembler \\n_?_Z1g2CBIL_Z3foocEE[: \\t\\n]
UNRESOLVED: g++.dg/abi/mangle22.C -std=gnu++11  scan-assembler \\n_?_Z1g2CBIL_Z3foocEE[: \\t\\n]
UNRESOLVED: g++.dg/abi/mangle22.C -std=gnu++1y  scan-assembler \\n_?_Z1g2CBIL_Z3foocEE[: \\t\\n]
UNRESOLVED: g++.dg/abi/mangle23.C -std=gnu++98  scan-assembler \\n_?_Z1g2CBILZ3foocEE[: \\t\\n]
UNRESOLVED: g++.dg/abi/mangle23.C -std=gnu++11  scan-assembler \\n_?_Z1g2CBILZ3foocEE[: \\t\\n]
UNRESOLVED: g++.dg/abi/mangle23.C -std=gnu++1y  scan-assembler \\n_?_Z1g2CBILZ3foocEE[: \\t\\n]
UNRESOLVED: g++.dg/abi/mangle30.C -std=c++98  scan-assembler _Z1fI1AEvT_NS1_1BI1CE3myTENS2_IiE3myTE
UNRESOLVED: g++.dg/abi/mangle30.C -std=c++11  scan-assembler _Z1fI1AEvT_NS1_1BI1CE3myTENS2_IiE3myTE
UNRESOLVED: g++.dg/abi/mangle30.C -std=c++1y  scan-assembler _Z1fI1AEvT_NS1_1BI1CE3myTENS2_IiE3myTE
UNRESOLVED: g++.dg/abi/mangle33.C -std=c++98  scan-assembler _ZN4043(abcdefghijklmnopqrstuvwxyz){155}abcdefghijklm1iE
UNRESOLVED: g++.dg/abi/mangle33.C -std=c++98  scan-assembler _ZN4041(abcdefghijklmnopqrstuvwxyz){155}abcdefghijk1jE
UNRESOLVED: g++.dg/abi/mangle33.C -std=c++11  scan-assembler _ZN4043(abcdefghijklmnopqrstuvwxyz){155}abcdefghijklm1iE
UNRESOLVED: g++.dg/abi/mangle33.C -std=c++11  scan-assembler _ZN4041(abcdefghijklmnopqrstuvwxyz){155}abcdefghijk1jE
UNRESOLVED: g++.dg/abi/mangle33.C -std=c++1y  scan-assembler _ZN4043(abcdefghijklmnopqrstuvwxyz){155}abcdefghijklm1iE
UNRESOLVED: g++.dg/abi/mangle33.C -std=c++1y  scan-assembler _ZN4041(abcdefghijklmnopqrstuvwxyz){155}abcdefghijk1jE
UNRESOLVED: g++.dg/abi/mangle35.C -std=c++98  scan-assembler _Z3barIiE1AIX3fooIT_EEEv
UNRESOLVED: g++.dg/abi/mangle35.C -std=c++11  scan-assembler _Z3barIiE1AIX3fooIT_EEEv
UNRESOLVED: g++.dg/abi/mangle35.C -std=c++1y  scan-assembler _Z3barIiE1AIX3fooIT_EEEv
UNRESOLVED: g++.dg/abi/mangle44.C -std=c++98  scan-assembler-not _ZZN1AIT_E3fn1EvEN6Nested3fn2Ev
UNRESOLVED: g++.dg/abi/mangle44.C -std=c++11  scan-assembler-not _ZZN1AIT_E3fn1EvEN6Nested3fn2Ev
UNRESOLVED: g++.dg/abi/mangle44.C -std=c++1y  scan-assembler-not _ZZN1AIT_E3fn1EvEN6Nested3fn2Ev
UNRESOLVED: g++.dg/abi/mangle46.C -std=gnu++98  scan-assembler _Z1f1AIFviEE
UNRESOLVED: g++.dg/abi/mangle46.C -std=gnu++98  scan-assembler _Z1f1AIKFviEE
UNRESOLVED: g++.dg/abi/mangle46.C -std=gnu++11  scan-assembler _Z1f1AIFviEE
UNRESOLVED: g++.dg/abi/mangle46.C -std=gnu++11  scan-assembler _Z1f1AIKFviEE
UNRESOLVED: g++.dg/abi/mangle46.C -std=gnu++1y  scan-assembler _Z1f1AIFviEE
UNRESOLVED: g++.dg/abi/mangle46.C -std=gnu++1y  scan-assembler _Z1f1AIKFviEE
UNRESOLVED: g++.dg/abi/mangle5.C -std=c++98  scan-assembler \\n_?_Z1fM1AKFvvE[: \\t\\n]
UNRESOLVED: g++.dg/abi/mangle5.C -std=c++11  scan-assembler \\n_?_Z1fM1AKFvvE[: \\t\\n]
UNRESOLVED: g++.dg/abi/mangle5.C -std=c++1y  scan-assembler \\n_?_Z1fM1AKFvvE[: \\t\\n]
UNRESOLVED: g++.dg/abi/mangle52.C -std=gnu++98  scan-assembler _Z6check1IiEvP6helperIXszscT_Li1EEE
UNRESOLVED: g++.dg/abi/mangle52.C -std=gnu++98  scan-assembler _Z6check2IiXadL_Z1iEEEvP6helperIXszccPT_T0_EE
UNRESOLVED: g++.dg/abi/mangle52.C -std=gnu++98  scan-assembler _Z6check3IiEvP6helperIXszrcPT_Li0EEE
UNRESOLVED: g++.dg/abi/mangle52.C -std=gnu++98  scan-assembler _Z6check4I1AXadL_Z1aEEEvP6helperIXszdcPT_T0_EE
UNRESOLVED: g++.dg/abi/mangle52.C -std=gnu++11  scan-assembler _Z6check1IiEvP6helperIXszscT_Li1EEE
UNRESOLVED: g++.dg/abi/mangle52.C -std=gnu++11  scan-assembler _Z6check2IiXadL_Z1iEEEvP6helperIXszccPT_T0_EE
UNRESOLVED: g++.dg/abi/mangle52.C -std=gnu++11  scan-assembler _Z6check3IiEvP6helperIXszrcPT_Li0EEE
UNRESOLVED: g++.dg/abi/mangle52.C -std=gnu++11  scan-assembler _Z6check4I1AXadL_Z1aEEEvP6helperIXszdcPT_T0_EE
UNRESOLVED: g++.dg/abi/mangle52.C -std=gnu++1y  scan-assembler _Z6check1IiEvP6helperIXszscT_Li1EEE
UNRESOLVED: g++.dg/abi/mangle52.C -std=gnu++1y  scan-assembler _Z6check2IiXadL_Z1iEEEvP6helperIXszccPT_T0_EE
UNRESOLVED: g++.dg/abi/mangle52.C -std=gnu++1y  scan-assembler _Z6check3IiEvP6helperIXszrcPT_Li0EEE
UNRESOLVED: g++.dg/abi/mangle52.C -std=gnu++1y  scan-assembler _Z6check4I1AXadL_Z1aEEEvP6helperIXszdcPT_T0_EE
UNRESOLVED: g++.dg/abi/mangle60.C -std=gnu++98  scan-assembler _Z3barIiEvP1AIXszcl3foocvT__ELCi0_42EEEE
UNRESOLVED: g++.dg/abi/mangle60.C -std=gnu++98  scan-assembler _Z3bazIiEvP1AIXszcl3foocvT__ELCf00000000_00000000EEEE
UNRESOLVED: g++.dg/abi/mangle60.C -std=gnu++11  scan-assembler _Z3barIiEvP1AIXszcl3foocvT__ELCi0_42EEEE
UNRESOLVED: g++.dg/abi/mangle60.C -std=gnu++11  scan-assembler _Z3bazIiEvP1AIXszcl3foocvT__ELCf00000000_00000000EEEE
UNRESOLVED: g++.dg/abi/mangle60.C -std=gnu++1y  scan-assembler _Z3barIiEvP1AIXszcl3foocvT__ELCi0_42EEEE
UNRESOLVED: g++.dg/abi/mangle60.C -std=gnu++1y  scan-assembler _Z3bazIiEvP1AIXszcl3foocvT__ELCf00000000_00000000EEEE
UNRESOLVED: g++.dg/abi/mangle62.C -std=gnu++98  scan-assembler _Z1fP1AIKFvvEFvvEE
UNRESOLVED: g++.dg/abi/mangle62.C -std=gnu++98  scan-assembler _Z1gP1AIFvvEKFvvEE
UNRESOLVED: g++.dg/abi/mangle62.C -std=gnu++11  scan-assembler _Z1fP1AIKFvvEFvvEE
UNRESOLVED: g++.dg/abi/mangle62.C -std=gnu++11  scan-assembler _Z1gP1AIFvvEKFvvEE
UNRESOLVED: g++.dg/abi/mangle62.C -std=gnu++1y  scan-assembler _Z1fP1AIKFvvEFvvEE
UNRESOLVED: g++.dg/abi/mangle62.C -std=gnu++1y  scan-assembler _Z1gP1AIFvvEKFvvEE
UNRESOLVED: g++.dg/abi/mangle62a.C -std=gnu++98  scan-assembler _Z1fP1AIKFvvES0_E
UNRESOLVED: g++.dg/abi/mangle62a.C -std=gnu++98  scan-assembler _Z1gP1AIFvvEKS0_E
UNRESOLVED: g++.dg/abi/mangle62a.C -std=gnu++11  scan-assembler _Z1fP1AIKFvvES0_E
UNRESOLVED: g++.dg/abi/mangle62a.C -std=gnu++11  scan-assembler _Z1gP1AIFvvEKS0_E
UNRESOLVED: g++.dg/abi/mangle62a.C -std=gnu++1y  scan-assembler _Z1fP1AIKFvvES0_E
UNRESOLVED: g++.dg/abi/mangle62a.C -std=gnu++1y  scan-assembler _Z1gP1AIFvvEKS0_E
UNRESOLVED: g++.dg/abi/mangle9.C -std=gnu++98  scan-assembler _Z1fI1SEvNT_1XE
UNRESOLVED: g++.dg/abi/mangle9.C -std=gnu++11  scan-assembler _Z1fI1SEvNT_1XE
UNRESOLVED: g++.dg/abi/mangle9.C -std=gnu++1y  scan-assembler _Z1fI1SEvNT_1XE
UNRESOLVED: g++.dg/abi/noreturn1.C -std=gnu++98  scan-assembler _Z3barPFvPKczE
UNRESOLVED: g++.dg/abi/noreturn1.C -std=gnu++11  scan-assembler _Z3barPFvPKczE
UNRESOLVED: g++.dg/abi/noreturn1.C -std=gnu++1y  scan-assembler _Z3barPFvPKczE
UNRESOLVED: g++.dg/abi/noreturn2.C -std=gnu++98  scan-assembler _Z3barPVFvPKczE
UNRESOLVED: g++.dg/abi/noreturn2.C -std=gnu++11  scan-assembler _Z3barPVFvPKczE
UNRESOLVED: g++.dg/abi/noreturn2.C -std=gnu++1y  scan-assembler _Z3barPVFvPKczE
UNRESOLVED: g++.dg/abi/rtti1.C -std=c++98  scan-assembler-dem-not \\\\ntypeinfo for A[: \\\\t\\\\n]
UNRESOLVED: g++.dg/abi/rtti1.C -std=c++11  scan-assembler-dem-not \\\\ntypeinfo for A[: \\\\t\\\\n]
UNRESOLVED: g++.dg/abi/rtti1.C -std=c++1y  scan-assembler-dem-not \\\\ntypeinfo for A[: \\\\t\\\\n]
UNRESOLVED: g++.dg/abi/rtti3.C -std=c++98  scan-assembler .weak[ \\t]_?_ZTSPP1A
UNRESOLVED: g++.dg/abi/rtti3.C -std=c++98  scan-assembler-not .weak[ \\t]_?_ZTIPP1A
UNRESOLVED: g++.dg/abi/rtti3.C -std=c++11  scan-assembler .weak[ \\t]_?_ZTSPP1A
UNRESOLVED: g++.dg/abi/rtti3.C -std=c++11  scan-assembler-not .weak[ \\t]_?_ZTIPP1A
UNRESOLVED: g++.dg/abi/rtti3.C -std=c++1y  scan-assembler .weak[ \\t]_?_ZTSPP1A
UNRESOLVED: g++.dg/abi/rtti3.C -std=c++1y  scan-assembler-not .weak[ \\t]_?_ZTIPP1A
UNRESOLVED: g++.dg/abi/thunk3.C -std=c++98  scan-assembler-not .weak[\\t ]_?_ZThn._N7Derived3FooEv
UNRESOLVED: g++.dg/abi/thunk3.C -std=c++11  scan-assembler-not .weak[\\t ]_?_ZThn._N7Derived3FooEv
UNRESOLVED: g++.dg/abi/thunk3.C -std=c++1y  scan-assembler-not .weak[\\t ]_?_ZThn._N7Derived3FooEv
UNRESOLVED: g++.dg/abi/thunk4.C -std=c++98  scan-assembler .weak[ \\t]_?_ZThn._N7Derived3FooEv
UNRESOLVED: g++.dg/abi/thunk4.C -std=c++11  scan-assembler .weak[ \\t]_?_ZThn._N7Derived3FooEv
UNRESOLVED: g++.dg/abi/thunk4.C -std=c++1y  scan-assembler .weak[ \\t]_?_ZThn._N7Derived3FooEv
UNRESOLVED: g++.dg/abi/thunk5.C -std=c++98  scan-assembler weak.*ZTv
UNRESOLVED: g++.dg/abi/thunk5.C -std=c++11  scan-assembler weak.*ZTv
UNRESOLVED: g++.dg/abi/thunk5.C -std=c++1y  scan-assembler weak.*ZTv
UNRESOLVED: g++.dg/abi/thunk6.C -std=c++98  scan-assembler _ZTv0_n32_N1CD1Ev
UNRESOLVED: g++.dg/abi/thunk6.C -std=c++11  scan-assembler _ZTv0_n32_N1CD1Ev
UNRESOLVED: g++.dg/abi/thunk6.C -std=c++1y  scan-assembler _ZTv0_n32_N1CD1Ev
UNRESOLVED: g++.dg/eh/anon2.C -std=c++98  scan-assembler \\\\*N12_GLOBAL__N_11AE
UNRESOLVED: g++.dg/eh/anon2.C -std=c++11  scan-assembler \\\\*N12_GLOBAL__N_11AE
UNRESOLVED: g++.dg/eh/anon2.C -std=c++1y  scan-assembler \\\\*N12_GLOBAL__N_11AE
UNRESOLVED: g++.dg/eh/spec11.C -std=gnu++98  scan-assembler-not _ZSt9terminatev
UNRESOLVED: g++.dg/eh/spec11.C -std=gnu++98  scan-assembler-not EHB
UNRESOLVED: g++.dg/eh/spec11.C -std=gnu++98  scan-assembler LSDA
UNRESOLVED: g++.dg/eh/spec11.C -std=gnu++11  scan-assembler-not _ZSt9terminatev
UNRESOLVED: g++.dg/eh/spec11.C -std=gnu++11  scan-assembler-not EHB
UNRESOLVED: g++.dg/eh/spec11.C -std=gnu++11  scan-assembler LSDA
UNRESOLVED: g++.dg/eh/spec11.C -std=gnu++1y  scan-assembler-not _ZSt9terminatev
UNRESOLVED: g++.dg/eh/spec11.C -std=gnu++1y  scan-assembler-not EHB
UNRESOLVED: g++.dg/eh/spec11.C -std=gnu++1y  scan-assembler LSDA
UNRESOLVED: g++.dg/eh/terminate1.C -std=c++98  scan-assembler-not _ZSt9terminatev
UNRESOLVED: g++.dg/eh/terminate1.C -std=c++98  scan-assembler-not LEHB2
UNRESOLVED: g++.dg/eh/terminate1.C -std=c++11  scan-assembler-not _ZSt9terminatev
UNRESOLVED: g++.dg/eh/terminate1.C -std=c++11  scan-assembler-not LEHB2
UNRESOLVED: g++.dg/eh/terminate1.C -std=c++1y  scan-assembler-not _ZSt9terminatev
UNRESOLVED: g++.dg/eh/terminate1.C -std=c++1y  scan-assembler-not LEHB2
UNRESOLVED: g++.dg/ext/asm1.C -std=c++98  scan-assembler foo on
UNRESOLVED: g++.dg/ext/asm1.C -std=c++98  scan-assembler bar on
UNRESOLVED: g++.dg/ext/asm1.C -std=c++98  scan-assembler frob on
UNRESOLVED: g++.dg/ext/asm1.C -std=c++11  scan-assembler foo on
UNRESOLVED: g++.dg/ext/asm1.C -std=c++11  scan-assembler bar on
UNRESOLVED: g++.dg/ext/asm1.C -std=c++11  scan-assembler frob on
UNRESOLVED: g++.dg/ext/asm1.C -std=c++1y  scan-assembler foo on
UNRESOLVED: g++.dg/ext/asm1.C -std=c++1y  scan-assembler bar on
UNRESOLVED: g++.dg/ext/asm1.C -std=c++1y  scan-assembler frob on
UNRESOLVED: g++.dg/ext/attr-used-1.C -std=c++98  scan-assembler _ZN1AIiE1fEv
UNRESOLVED: g++.dg/ext/attr-used-1.C -std=c++98  scan-assembler _ZN1AIiE1tE
UNRESOLVED: g++.dg/ext/attr-used-1.C -std=c++11  scan-assembler _ZN1AIiE1fEv
UNRESOLVED: g++.dg/ext/attr-used-1.C -std=c++11  scan-assembler _ZN1AIiE1tE
UNRESOLVED: g++.dg/ext/attr-used-1.C -std=c++1y  scan-assembler _ZN1AIiE1fEv
UNRESOLVED: g++.dg/ext/attr-used-1.C -std=c++1y  scan-assembler _ZN1AIiE1tE
UNRESOLVED: g++.dg/ext/pragmaweak1.C -std=c++98  scan-assembler-not _Z3Foov
UNRESOLVED: g++.dg/ext/pragmaweak1.C -std=c++11  scan-assembler-not _Z3Foov
UNRESOLVED: g++.dg/ext/pragmaweak1.C -std=c++1y  scan-assembler-not _Z3Foov
UNRESOLVED: g++.dg/ext/vector26.C -std=gnu++11  scan-assembler-not globl[ \\t]*_Z3bar
UNRESOLVED: g++.dg/ext/vector26.C -std=gnu++1y  scan-assembler-not globl[ \\t]*_Z3bar
UNRESOLVED: g++.dg/ext/visibility/anon11.C -std=c++98  scan-assembler-not \\\\.local
UNRESOLVED: g++.dg/ext/visibility/anon11.C -std=c++11  scan-assembler-not \\\\.local
UNRESOLVED: g++.dg/ext/visibility/anon11.C -std=c++1y  scan-assembler-not \\\\.local
UNRESOLVED: g++.dg/ext/visibility/anon6.C -std=c++98  scan-assembler 1BIiE1cE
UNRESOLVED: g++.dg/ext/visibility/anon6.C -std=c++98  scan-assembler-not globl.*1BIiE1cE
UNRESOLVED: g++.dg/ext/visibility/anon6.C -std=c++98  scan-assembler-not comdat
UNRESOLVED: g++.dg/ext/visibility/anon6.C -std=c++98  scan-assembler-not weak
UNRESOLVED: g++.dg/ext/visibility/anon6.C -std=c++98  scan-assembler-not 1AIiE1cE
UNRESOLVED: g++.dg/ext/visibility/anon6.C -std=c++11  scan-assembler 1BIiE1cE
UNRESOLVED: g++.dg/ext/visibility/anon6.C -std=c++11  scan-assembler-not globl.*1BIiE1cE
UNRESOLVED: g++.dg/ext/visibility/anon6.C -std=c++11  scan-assembler-not comdat
UNRESOLVED: g++.dg/ext/visibility/anon6.C -std=c++11  scan-assembler-not weak
UNRESOLVED: g++.dg/ext/visibility/anon6.C -std=c++11  scan-assembler-not 1AIiE1cE
UNRESOLVED: g++.dg/ext/visibility/anon6.C -std=c++1y  scan-assembler 1BIiE1cE
UNRESOLVED: g++.dg/ext/visibility/anon6.C -std=c++1y  scan-assembler-not globl.*1BIiE1cE
UNRESOLVED: g++.dg/ext/visibility/anon6.C -std=c++1y  scan-assembler-not comdat
UNRESOLVED: g++.dg/ext/visibility/anon6.C -std=c++1y  scan-assembler-not weak
UNRESOLVED: g++.dg/ext/visibility/anon6.C -std=c++1y  scan-assembler-not 1AIiE1cE
UNRESOLVED: g++.dg/ext/visibility/guard1.C -std=gnu++98  scan-not-hidden hidden[ \\t_]*_ZGVZN5otherclEvE4s_cd
UNRESOLVED: g++.dg/ext/visibility/guard1.C -std=gnu++11  scan-not-hidden hidden[ \\t_]*_ZGVZN5otherclEvE4s_cd
UNRESOLVED: g++.dg/ext/visibility/guard1.C -std=gnu++1y  scan-not-hidden hidden[ \\t_]*_ZGVZN5otherclEvE4s_cd
UNRESOLVED: g++.dg/ext/visibility/local1.C -std=c++98  scan-hidden hidden[ \\t_]*_Z1fv
UNRESOLVED: g++.dg/ext/visibility/local1.C -std=c++98  scan-hidden hidden[ \\t_]*_ZZ1fvE1i
UNRESOLVED: g++.dg/ext/visibility/local1.C -std=c++98  scan-hidden hidden[ \\t_]*_ZZ1fvEN1A1fEv
UNRESOLVED: g++.dg/ext/visibility/local1.C -std=c++11  scan-hidden hidden[ \\t_]*_Z1fv
UNRESOLVED: g++.dg/ext/visibility/local1.C -std=c++11  scan-hidden hidden[ \\t_]*_ZZ1fvE1i
UNRESOLVED: g++.dg/ext/visibility/local1.C -std=c++11  scan-hidden hidden[ \\t_]*_ZZ1fvEN1A1fEv
UNRESOLVED: g++.dg/ext/visibility/local1.C -std=c++1y  scan-hidden hidden[ \\t_]*_Z1fv
UNRESOLVED: g++.dg/ext/visibility/local1.C -std=c++1y  scan-hidden hidden[ \\t_]*_ZZ1fvE1i
UNRESOLVED: g++.dg/ext/visibility/local1.C -std=c++1y  scan-hidden hidden[ \\t_]*_ZZ1fvEN1A1fEv
UNRESOLVED: g++.dg/ext/visibility/ms-compat-1.C -std=gnu++98  scan-not-hidden hidden[ \\t_]*_ZTI1S
UNRESOLVED: g++.dg/ext/visibility/ms-compat-1.C -std=gnu++98  scan-hidden hidden[ \\t_]*_ZTI1T
UNRESOLVED: g++.dg/ext/visibility/ms-compat-1.C -std=gnu++98  scan-not-hidden hidden[ \\t_]*_ZTI1U
UNRESOLVED: g++.dg/ext/visibility/ms-compat-1.C -std=gnu++98  scan-not-hidden hidden[ \\t_]*_ZN1U6hide_4Ev
UNRESOLVED: g++.dg/ext/visibility/ms-compat-1.C -std=gnu++11  scan-not-hidden hidden[ \\t_]*_ZTI1S
UNRESOLVED: g++.dg/ext/visibility/ms-compat-1.C -std=gnu++11  scan-hidden hidden[ \\t_]*_ZTI1T
UNRESOLVED: g++.dg/ext/visibility/ms-compat-1.C -std=gnu++11  scan-not-hidden hidden[ \\t_]*_ZTI1U
UNRESOLVED: g++.dg/ext/visibility/ms-compat-1.C -std=gnu++11  scan-not-hidden hidden[ \\t_]*_ZN1U6hide_4Ev
UNRESOLVED: g++.dg/ext/visibility/ms-compat-1.C -std=gnu++1y  scan-not-hidden hidden[ \\t_]*_ZTI1S
UNRESOLVED: g++.dg/ext/visibility/ms-compat-1.C -std=gnu++1y  scan-hidden hidden[ \\t_]*_ZTI1T
UNRESOLVED: g++.dg/ext/visibility/ms-compat-1.C -std=gnu++1y  scan-not-hidden hidden[ \\t_]*_ZTI1U
UNRESOLVED: g++.dg/ext/visibility/ms-compat-1.C -std=gnu++1y  scan-not-hidden hidden[ \\t_]*_ZN1U6hide_4Ev
UNRESOLVED: g++.dg/ext/visibility/namespace1.C -std=c++98  scan-hidden hidden[ \\t_]*_ZN3foo1fEv
UNRESOLVED: g++.dg/ext/visibility/namespace1.C -std=c++98  scan-hidden hidden[ \\t_]*_ZN3foo1gEv
UNRESOLVED: g++.dg/ext/visibility/namespace1.C -std=c++98  scan-hidden hidden[ \\t_]*_ZN3foo1A1mEv
UNRESOLVED: g++.dg/ext/visibility/namespace1.C -std=c++98  scan-hidden hidden[ \\t_]*_ZN3foo1tIiEEvv
UNRESOLVED: g++.dg/ext/visibility/namespace1.C -std=c++98  scan-not-hidden hidden[ \\t_]*_ZN3foo1hEv
UNRESOLVED: g++.dg/ext/visibility/namespace1.C -std=c++11  scan-hidden hidden[ \\t_]*_ZN3foo1fEv
UNRESOLVED: g++.dg/ext/visibility/namespace1.C -std=c++11  scan-hidden hidden[ \\t_]*_ZN3foo1gEv
UNRESOLVED: g++.dg/ext/visibility/namespace1.C -std=c++11  scan-hidden hidden[ \\t_]*_ZN3foo1A1mEv
UNRESOLVED: g++.dg/ext/visibility/namespace1.C -std=c++11  scan-hidden hidden[ \\t_]*_ZN3foo1tIiEEvv
UNRESOLVED: g++.dg/ext/visibility/namespace1.C -std=c++11  scan-not-hidden hidden[ \\t_]*_ZN3foo1hEv
UNRESOLVED: g++.dg/ext/visibility/namespace1.C -std=c++1y  scan-hidden hidden[ \\t_]*_ZN3foo1fEv
UNRESOLVED: g++.dg/ext/visibility/namespace1.C -std=c++1y  scan-hidden hidden[ \\t_]*_ZN3foo1gEv
UNRESOLVED: g++.dg/ext/visibility/namespace1.C -std=c++1y  scan-hidden hidden[ \\t_]*_ZN3foo1A1mEv
UNRESOLVED: g++.dg/ext/visibility/namespace1.C -std=c++1y  scan-hidden hidden[ \\t_]*_ZN3foo1tIiEEvv
UNRESOLVED: g++.dg/ext/visibility/namespace1.C -std=c++1y  scan-not-hidden hidden[ \\t_]*_ZN3foo1hEv
UNRESOLVED: g++.dg/ext/visibility/namespace2.C -std=gnu++98  scan-hidden hidden[ \\t_]*_ZN4Test4testEv
UNRESOLVED: g++.dg/ext/visibility/namespace2.C -std=gnu++11  scan-hidden hidden[ \\t_]*_ZN4Test4testEv
UNRESOLVED: g++.dg/ext/visibility/namespace2.C -std=gnu++1y  scan-hidden hidden[ \\t_]*_ZN4Test4testEv
UNRESOLVED: g++.dg/ext/visibility/new1.C -std=gnu++98  scan-not-hidden hidden[ \\t_]*_Znwj
UNRESOLVED: g++.dg/ext/visibility/new1.C -std=gnu++11  scan-not-hidden hidden[ \\t_]*_Znwj
UNRESOLVED: g++.dg/ext/visibility/new1.C -std=gnu++1y  scan-not-hidden hidden[ \\t_]*_Znwj
UNRESOLVED: g++.dg/ext/visibility/overload-1.C -std=c++98  scan-hidden hidden[ \\t_]*_Z3fooP8a_struct
UNRESOLVED: g++.dg/ext/visibility/overload-1.C -std=c++11  scan-hidden hidden[ \\t_]*_Z3fooP8a_struct
UNRESOLVED: g++.dg/ext/visibility/overload-1.C -std=c++1y  scan-hidden hidden[ \\t_]*_Z3fooP8a_struct
UNRESOLVED: g++.dg/ext/visibility/template1.C -std=gnu++98  scan-not-hidden hidden[ \\t_]*_ZN1AIiE3fooEv
UNRESOLVED: g++.dg/ext/visibility/template1.C -std=gnu++98  scan-not-hidden hidden[ \\t_]*_ZN1AIiE3barEv
UNRESOLVED: g++.dg/ext/visibility/template1.C -std=gnu++98  scan-hidden hidden[ \\t_]*_ZN1AIlE3fooEv
UNRESOLVED: g++.dg/ext/visibility/template1.C -std=gnu++98  scan-hidden hidden[ \\t_]*_ZN1AIlE3barEv
UNRESOLVED: g++.dg/ext/visibility/template1.C -std=gnu++98  scan-hidden hidden[ \\t_]*_ZN1AIcE3barEv
UNRESOLVED: g++.dg/ext/visibility/template1.C -std=gnu++11  scan-not-hidden hidden[ \\t_]*_ZN1AIiE3fooEv
UNRESOLVED: g++.dg/ext/visibility/template1.C -std=gnu++11  scan-not-hidden hidden[ \\t_]*_ZN1AIiE3barEv
UNRESOLVED: g++.dg/ext/visibility/template1.C -std=gnu++11  scan-hidden hidden[ \\t_]*_ZN1AIlE3fooEv
UNRESOLVED: g++.dg/ext/visibility/template1.C -std=gnu++11  scan-hidden hidden[ \\t_]*_ZN1AIlE3barEv
UNRESOLVED: g++.dg/ext/visibility/template1.C -std=gnu++11  scan-hidden hidden[ \\t_]*_ZN1AIcE3barEv
UNRESOLVED: g++.dg/ext/visibility/template1.C -std=gnu++1y  scan-not-hidden hidden[ \\t_]*_ZN1AIiE3fooEv
UNRESOLVED: g++.dg/ext/visibility/template1.C -std=gnu++1y  scan-not-hidden hidden[ \\t_]*_ZN1AIiE3barEv
UNRESOLVED: g++.dg/ext/visibility/template1.C -std=gnu++1y  scan-hidden hidden[ \\t_]*_ZN1AIlE3fooEv
UNRESOLVED: g++.dg/ext/visibility/template1.C -std=gnu++1y  scan-hidden hidden[ \\t_]*_ZN1AIlE3barEv
UNRESOLVED: g++.dg/ext/visibility/template1.C -std=gnu++1y  scan-hidden hidden[ \\t_]*_ZN1AIcE3barEv
UNRESOLVED: g++.dg/ext/visibility/template10.C -std=gnu++98  scan-not-hidden hidden[ \\t_]*_Z8testfuncI3fooEvv
UNRESOLVED: g++.dg/ext/visibility/template10.C -std=gnu++11  scan-not-hidden hidden[ \\t_]*_Z8testfuncI3fooEvv
UNRESOLVED: g++.dg/ext/visibility/template10.C -std=gnu++1y  scan-not-hidden hidden[ \\t_]*_Z8testfuncI3fooEvv
UNRESOLVED: g++.dg/ext/visibility/template11.C -std=gnu++98  scan-not-hidden hidden[ \\t_]*_ZN13template_testI4testE8functionEv
UNRESOLVED: g++.dg/ext/visibility/template11.C -std=gnu++11  scan-not-hidden hidden[ \\t_]*_ZN13template_testI4testE8functionEv
UNRESOLVED: g++.dg/ext/visibility/template11.C -std=gnu++1y  scan-not-hidden hidden[ \\t_]*_ZN13template_testI4testE8functionEv
UNRESOLVED: g++.dg/ext/visibility/template12.C -std=gnu++98  scan-not-hidden hidden[ \\t_]*_ZN1aI1bE1cE
UNRESOLVED: g++.dg/ext/visibility/template12.C -std=gnu++11  scan-not-hidden hidden[ \\t_]*_ZN1aI1bE1cE
UNRESOLVED: g++.dg/ext/visibility/template12.C -std=gnu++1y  scan-not-hidden hidden[ \\t_]*_ZN1aI1bE1cE
UNRESOLVED: g++.dg/ext/visibility/template3.C -std=c++98  scan-hidden hidden[ \\t_]*_ZN1AIlE1fEl
UNRESOLVED: g++.dg/ext/visibility/template3.C -std=c++98  scan-hidden hidden[ \\t_]*_ZN1AIiE1fEi
UNRESOLVED: g++.dg/ext/visibility/template3.C -std=c++98  scan-not-hidden hidden[ \\t_]*_ZN1AIcE1fEc
UNRESOLVED: g++.dg/ext/visibility/template3.C -std=c++98  scan-hidden hidden[ \\t_]*_Z8identityIdET_S0_
UNRESOLVED: g++.dg/ext/visibility/template3.C -std=c++98  scan-not-hidden hidden[ \\t_]*_Z8identityIiET_S0_
UNRESOLVED: g++.dg/ext/visibility/template3.C -std=c++11  scan-hidden hidden[ \\t_]*_ZN1AIlE1fEl
UNRESOLVED: g++.dg/ext/visibility/template3.C -std=c++11  scan-hidden hidden[ \\t_]*_ZN1AIiE1fEi
UNRESOLVED: g++.dg/ext/visibility/template3.C -std=c++11  scan-not-hidden hidden[ \\t_]*_ZN1AIcE1fEc
UNRESOLVED: g++.dg/ext/visibility/template3.C -std=c++11  scan-hidden hidden[ \\t_]*_Z8identityIdET_S0_
UNRESOLVED: g++.dg/ext/visibility/template3.C -std=c++11  scan-not-hidden hidden[ \\t_]*_Z8identityIiET_S0_
UNRESOLVED: g++.dg/ext/visibility/template3.C -std=c++1y  scan-hidden hidden[ \\t_]*_ZN1AIlE1fEl
UNRESOLVED: g++.dg/ext/visibility/template3.C -std=c++1y  scan-hidden hidden[ \\t_]*_ZN1AIiE1fEi
UNRESOLVED: g++.dg/ext/visibility/template3.C -std=c++1y  scan-not-hidden hidden[ \\t_]*_ZN1AIcE1fEc
UNRESOLVED: g++.dg/ext/visibility/template3.C -std=c++1y  scan-hidden hidden[ \\t_]*_Z8identityIdET_S0_
UNRESOLVED: g++.dg/ext/visibility/template3.C -std=c++1y  scan-not-hidden hidden[ \\t_]*_Z8identityIiET_S0_
UNRESOLVED: g++.dg/ext/visibility/template4.C -std=c++98  scan-hidden hidden[ \\t_]*_Z3fooIdEvT_
UNRESOLVED: g++.dg/ext/visibility/template4.C -std=c++98  scan-hidden hidden[ \\t_]*_Z3fooIlEvT_
UNRESOLVED: g++.dg/ext/visibility/template4.C -std=c++98  scan-hidden hidden[ \\t_]*_Z3fooIcEvT_
UNRESOLVED: g++.dg/ext/visibility/template4.C -std=c++98  scan-hidden hidden[ \\t_]*_Z3fooIiEvT_
UNRESOLVED: g++.dg/ext/visibility/template4.C -std=c++98  scan-not-hidden hidden[ \\t_]*_Z3fooIfEvT_
UNRESOLVED: g++.dg/ext/visibility/template4.C -std=c++98  scan-not-hidden hidden[ \\t_]*_Z3fooIsEvT_
UNRESOLVED: g++.dg/ext/visibility/template4.C -std=c++98  scan-hidden hidden[ \\t_]*_Z3barIdEvT_
UNRESOLVED: g++.dg/ext/visibility/template4.C -std=c++98  scan-hidden hidden[ \\t_]*_Z3barIlEvT_
UNRESOLVED: g++.dg/ext/visibility/template4.C -std=c++98  scan-hidden hidden[ \\t_]*_Z3barIiEvT_
UNRESOLVED: g++.dg/ext/visibility/template4.C -std=c++98  scan-hidden hidden[ \\t_]*_Z3barIcEvT_
UNRESOLVED: g++.dg/ext/visibility/template4.C -std=c++98  scan-not-hidden hidden[ \\t_]*_Z3barIfEvT_
UNRESOLVED: g++.dg/ext/visibility/template4.C -std=c++98  scan-not-hidden hidden[ \\t_]*_Z3barIsEvT_
UNRESOLVED: g++.dg/ext/visibility/template4.C -std=c++11  scan-hidden hidden[ \\t_]*_Z3fooIdEvT_
UNRESOLVED: g++.dg/ext/visibility/template4.C -std=c++11  scan-hidden hidden[ \\t_]*_Z3fooIlEvT_
UNRESOLVED: g++.dg/ext/visibility/template4.C -std=c++11  scan-hidden hidden[ \\t_]*_Z3fooIcEvT_
UNRESOLVED: g++.dg/ext/visibility/template4.C -std=c++11  scan-hidden hidden[ \\t_]*_Z3fooIiEvT_
UNRESOLVED: g++.dg/ext/visibility/template4.C -std=c++11  scan-not-hidden hidden[ \\t_]*_Z3fooIfEvT_
UNRESOLVED: g++.dg/ext/visibility/template4.C -std=c++11  scan-not-hidden hidden[ \\t_]*_Z3fooIsEvT_
UNRESOLVED: g++.dg/ext/visibility/template4.C -std=c++11  scan-hidden hidden[ \\t_]*_Z3barIdEvT_
UNRESOLVED: g++.dg/ext/visibility/template4.C -std=c++11  scan-hidden hidden[ \\t_]*_Z3barIlEvT_
UNRESOLVED: g++.dg/ext/visibility/template4.C -std=c++11  scan-hidden hidden[ \\t_]*_Z3barIiEvT_
UNRESOLVED: g++.dg/ext/visibility/template4.C -std=c++11  scan-hidden hidden[ \\t_]*_Z3barIcEvT_
UNRESOLVED: g++.dg/ext/visibility/template4.C -std=c++11  scan-not-hidden hidden[ \\t_]*_Z3barIfEvT_
UNRESOLVED: g++.dg/ext/visibility/template4.C -std=c++11  scan-not-hidden hidden[ \\t_]*_Z3barIsEvT_
UNRESOLVED: g++.dg/ext/visibility/template4.C -std=c++1y  scan-hidden hidden[ \\t_]*_Z3fooIdEvT_
UNRESOLVED: g++.dg/ext/visibility/template4.C -std=c++1y  scan-hidden hidden[ \\t_]*_Z3fooIlEvT_
UNRESOLVED: g++.dg/ext/visibility/template4.C -std=c++1y  scan-hidden hidden[ \\t_]*_Z3fooIcEvT_
UNRESOLVED: g++.dg/ext/visibility/template4.C -std=c++1y  scan-hidden hidden[ \\t_]*_Z3fooIiEvT_
UNRESOLVED: g++.dg/ext/visibility/template4.C -std=c++1y  scan-not-hidden hidden[ \\t_]*_Z3fooIfEvT_
UNRESOLVED: g++.dg/ext/visibility/template4.C -std=c++1y  scan-not-hidden hidden[ \\t_]*_Z3fooIsEvT_
UNRESOLVED: g++.dg/ext/visibility/template4.C -std=c++1y  scan-hidden hidden[ \\t_]*_Z3barIdEvT_
UNRESOLVED: g++.dg/ext/visibility/template4.C -std=c++1y  scan-hidden hidden[ \\t_]*_Z3barIlEvT_
UNRESOLVED: g++.dg/ext/visibility/template4.C -std=c++1y  scan-hidden hidden[ \\t_]*_Z3barIiEvT_
UNRESOLVED: g++.dg/ext/visibility/template4.C -std=c++1y  scan-hidden hidden[ \\t_]*_Z3barIcEvT_
UNRESOLVED: g++.dg/ext/visibility/template4.C -std=c++1y  scan-not-hidden hidden[ \\t_]*_Z3barIfEvT_
UNRESOLVED: g++.dg/ext/visibility/template4.C -std=c++1y  scan-not-hidden hidden[ \\t_]*_Z3barIsEvT_
UNRESOLVED: g++.dg/ext/visibility/template6.C -std=c++98  scan-not-hidden hidden[ \\t_]*_ZN1AIiE1fEv
UNRESOLVED: g++.dg/ext/visibility/template6.C -std=c++11  scan-not-hidden hidden[ \\t_]*_ZN1AIiE1fEv
UNRESOLVED: g++.dg/ext/visibility/template6.C -std=c++1y  scan-not-hidden hidden[ \\t_]*_ZN1AIiE1fEv
UNRESOLVED: g++.dg/ext/visibility/template7.C -std=gnu++98  scan-hidden hidden[ \\t_]*_ZN1s6vectorI1AEC1Ev
UNRESOLVED: g++.dg/ext/visibility/template7.C -std=gnu++98  scan-hidden hidden[ \\t_]*_ZN1s3fooI1AEEvT_
UNRESOLVED: g++.dg/ext/visibility/template7.C -std=gnu++11  scan-hidden hidden[ \\t_]*_ZN1s6vectorI1AEC1Ev
UNRESOLVED: g++.dg/ext/visibility/template7.C -std=gnu++11  scan-hidden hidden[ \\t_]*_ZN1s3fooI1AEEvT_
UNRESOLVED: g++.dg/ext/visibility/template7.C -std=gnu++1y  scan-hidden hidden[ \\t_]*_ZN1s6vectorI1AEC1Ev
UNRESOLVED: g++.dg/ext/visibility/template7.C -std=gnu++1y  scan-hidden hidden[ \\t_]*_ZN1s3fooI1AEEvT_
UNRESOLVED: g++.dg/ext/visibility/template8.C -std=gnu++98  scan-hidden hidden[ \\t_]*_Z1gI1BEvT_
UNRESOLVED: g++.dg/ext/visibility/template8.C -std=gnu++98  scan-hidden hidden[ \\t_]*_Z1gI1AI1BEEvT_
UNRESOLVED: g++.dg/ext/visibility/template8.C -std=gnu++11  scan-hidden hidden[ \\t_]*_Z1gI1BEvT_
UNRESOLVED: g++.dg/ext/visibility/template8.C -std=gnu++11  scan-hidden hidden[ \\t_]*_Z1gI1AI1BEEvT_
UNRESOLVED: g++.dg/ext/visibility/template8.C -std=gnu++1y  scan-hidden hidden[ \\t_]*_Z1gI1BEvT_
UNRESOLVED: g++.dg/ext/visibility/template8.C -std=gnu++1y  scan-hidden hidden[ \\t_]*_Z1gI1AI1BEEvT_
UNRESOLVED: g++.dg/ext/visibility/template9.C -std=gnu++98  scan-not-hidden hidden[ \\t_]*_ZN1N1fI1AEEvT
UNRESOLVED: g++.dg/ext/visibility/template9.C -std=gnu++11  scan-not-hidden hidden[ \\t_]*_ZN1N1fI1AEEvT
UNRESOLVED: g++.dg/ext/visibility/template9.C -std=gnu++1y  scan-not-hidden hidden[ \\t_]*_ZN1N1fI1AEEvT
UNRESOLVED: g++.dg/ext/visibility/typeinfo1.C -std=gnu++98  scan-not-hidden hidden[ \\t_]*_ZTIPPi
UNRESOLVED: g++.dg/ext/visibility/typeinfo1.C -std=gnu++98  scan-not-hidden hidden[ \\t_]*_ZTSPPi
UNRESOLVED: g++.dg/ext/visibility/typeinfo1.C -std=gnu++98  scan-hidden hidden[ \\t_]*_ZTIP1A
UNRESOLVED: g++.dg/ext/visibility/typeinfo1.C -std=gnu++98  scan-hidden hidden[ \\t_]*_ZTSP1A
UNRESOLVED: g++.dg/ext/visibility/typeinfo1.C -std=gnu++11  scan-not-hidden hidden[ \\t_]*_ZTIPPi
UNRESOLVED: g++.dg/ext/visibility/typeinfo1.C -std=gnu++11  scan-not-hidden hidden[ \\t_]*_ZTSPPi
UNRESOLVED: g++.dg/ext/visibility/typeinfo1.C -std=gnu++11  scan-hidden hidden[ \\t_]*_ZTIP1A
UNRESOLVED: g++.dg/ext/visibility/typeinfo1.C -std=gnu++11  scan-hidden hidden[ \\t_]*_ZTSP1A
UNRESOLVED: g++.dg/ext/visibility/typeinfo1.C -std=gnu++1y  scan-not-hidden hidden[ \\t_]*_ZTIPPi
UNRESOLVED: g++.dg/ext/visibility/typeinfo1.C -std=gnu++1y  scan-not-hidden hidden[ \\t_]*_ZTSPPi
UNRESOLVED: g++.dg/ext/visibility/typeinfo1.C -std=gnu++1y  scan-hidden hidden[ \\t_]*_ZTIP1A
UNRESOLVED: g++.dg/ext/visibility/typeinfo1.C -std=gnu++1y  scan-hidden hidden[ \\t_]*_ZTSP1A
UNRESOLVED: g++.dg/ext/visibility/typeinfo2.C -std=c++98  scan-not-hidden hidden[ \\t_]*_ZTVN10__cxxabiv117__class_type_infoE
UNRESOLVED: g++.dg/ext/visibility/typeinfo2.C -std=c++98  scan-hidden hidden[ \\t_]*_ZTI1A
UNRESOLVED: g++.dg/ext/visibility/typeinfo2.C -std=c++98  scan-hidden hidden[ \\t_]*_ZTV1A
UNRESOLVED: g++.dg/ext/visibility/typeinfo2.C -std=c++11  scan-not-hidden hidden[ \\t_]*_ZTVN10__cxxabiv117__class_type_infoE
UNRESOLVED: g++.dg/ext/visibility/typeinfo2.C -std=c++11  scan-hidden hidden[ \\t_]*_ZTI1A
UNRESOLVED: g++.dg/ext/visibility/typeinfo2.C -std=c++11  scan-hidden hidden[ \\t_]*_ZTV1A
UNRESOLVED: g++.dg/ext/visibility/typeinfo2.C -std=c++1y  scan-not-hidden hidden[ \\t_]*_ZTVN10__cxxabiv117__class_type_infoE
UNRESOLVED: g++.dg/ext/visibility/typeinfo2.C -std=c++1y  scan-hidden hidden[ \\t_]*_ZTI1A
UNRESOLVED: g++.dg/ext/visibility/typeinfo2.C -std=c++1y  scan-hidden hidden[ \\t_]*_ZTV1A
UNRESOLVED: g++.dg/ext/visibility/typeinfo3.C -std=c++98  scan-not-hidden hidden[ \\t_]*_ZTVN10__cxxabiv117__array_type_infoE
UNRESOLVED: g++.dg/ext/visibility/typeinfo3.C -std=c++98  scan-not-hidden hidden[ \\t_]*_ZTVN10__cxxabiv116__enum_type_infoE
UNRESOLVED: g++.dg/ext/visibility/typeinfo3.C -std=c++98  scan-hidden hidden[ \\t_]*_ZTI1S
UNRESOLVED: g++.dg/ext/visibility/typeinfo3.C -std=c++98  scan-hidden hidden[ \\t_]*_ZTS1S
UNRESOLVED: g++.dg/ext/visibility/typeinfo3.C -std=c++98  scan-hidden hidden[ \\t_]*info1
UNRESOLVED: g++.dg/ext/visibility/typeinfo3.C -std=c++98  scan-hidden hidden[ \\t_]*info2
UNRESOLVED: g++.dg/ext/visibility/typeinfo3.C -std=c++98  scan-hidden hidden[ \\t_]*info3
UNRESOLVED: g++.dg/ext/visibility/typeinfo3.C -std=c++98  scan-hidden hidden[ \\t_]*info4
UNRESOLVED: g++.dg/ext/visibility/typeinfo3.C -std=c++98  scan-hidden hidden[ \\t_]*info5
UNRESOLVED: g++.dg/ext/visibility/typeinfo3.C -std=c++11  scan-not-hidden hidden[ \\t_]*_ZTVN10__cxxabiv117__array_type_infoE
UNRESOLVED: g++.dg/ext/visibility/typeinfo3.C -std=c++11  scan-not-hidden hidden[ \\t_]*_ZTVN10__cxxabiv116__enum_type_infoE
UNRESOLVED: g++.dg/ext/visibility/typeinfo3.C -std=c++11  scan-hidden hidden[ \\t_]*_ZTI1S
UNRESOLVED: g++.dg/ext/visibility/typeinfo3.C -std=c++11  scan-hidden hidden[ \\t_]*_ZTS1S
UNRESOLVED: g++.dg/ext/visibility/typeinfo3.C -std=c++11  scan-hidden hidden[ \\t_]*info1
UNRESOLVED: g++.dg/ext/visibility/typeinfo3.C -std=c++11  scan-hidden hidden[ \\t_]*info2
UNRESOLVED: g++.dg/ext/visibility/typeinfo3.C -std=c++11  scan-hidden hidden[ \\t_]*info3
UNRESOLVED: g++.dg/ext/visibility/typeinfo3.C -std=c++11  scan-hidden hidden[ \\t_]*info4
UNRESOLVED: g++.dg/ext/visibility/typeinfo3.C -std=c++11  scan-hidden hidden[ \\t_]*info5
UNRESOLVED: g++.dg/ext/visibility/typeinfo3.C -std=c++1y  scan-not-hidden hidden[ \\t_]*_ZTVN10__cxxabiv117__array_type_infoE
UNRESOLVED: g++.dg/ext/visibility/typeinfo3.C -std=c++1y  scan-not-hidden hidden[ \\t_]*_ZTVN10__cxxabiv116__enum_type_infoE
UNRESOLVED: g++.dg/ext/visibility/typeinfo3.C -std=c++1y  scan-hidden hidden[ \\t_]*_ZTI1S
UNRESOLVED: g++.dg/ext/visibility/typeinfo3.C -std=c++1y  scan-hidden hidden[ \\t_]*_ZTS1S
UNRESOLVED: g++.dg/ext/visibility/typeinfo3.C -std=c++1y  scan-hidden hidden[ \\t_]*info1
UNRESOLVED: g++.dg/ext/visibility/typeinfo3.C -std=c++1y  scan-hidden hidden[ \\t_]*info2
UNRESOLVED: g++.dg/ext/visibility/typeinfo3.C -std=c++1y  scan-hidden hidden[ \\t_]*info3
UNRESOLVED: g++.dg/ext/visibility/typeinfo3.C -std=c++1y  scan-hidden hidden[ \\t_]*info4
UNRESOLVED: g++.dg/ext/visibility/typeinfo3.C -std=c++1y  scan-hidden hidden[ \\t_]*info5
UNRESOLVED: g++.dg/ext/visibility/visibility-1.C -std=c++98  scan-hidden hidden[ \\t_]*_Z3foov
UNRESOLVED: g++.dg/ext/visibility/visibility-1.C -std=c++11  scan-hidden hidden[ \\t_]*_Z3foov
UNRESOLVED: g++.dg/ext/visibility/visibility-1.C -std=c++1y  scan-hidden hidden[ \\t_]*_Z3foov
UNRESOLVED: g++.dg/ext/visibility/visibility-2.C -std=c++98  scan-hidden hidden[ \\t_]*_Z3foov
UNRESOLVED: g++.dg/ext/visibility/visibility-2.C -std=c++11  scan-hidden hidden[ \\t_]*_Z3foov
UNRESOLVED: g++.dg/ext/visibility/visibility-2.C -std=c++1y  scan-hidden hidden[ \\t_]*_Z3foov
UNRESOLVED: g++.dg/ext/visibility/visibility-3.C -std=c++98  scan-hidden hidden[ \\t_]*xyzzy
UNRESOLVED: g++.dg/ext/visibility/visibility-3.C -std=c++11  scan-hidden hidden[ \\t_]*xyzzy
UNRESOLVED: g++.dg/ext/visibility/visibility-3.C -std=c++1y  scan-hidden hidden[ \\t_]*xyzzy
UNRESOLVED: g++.dg/ext/visibility/visibility-4.C -std=c++98  scan-hidden hidden[ \\t_]*xyzzy
UNRESOLVED: g++.dg/ext/visibility/visibility-4.C -std=c++11  scan-hidden hidden[ \\t_]*xyzzy
UNRESOLVED: g++.dg/ext/visibility/visibility-4.C -std=c++1y  scan-hidden hidden[ \\t_]*xyzzy
UNRESOLVED: g++.dg/ext/visibility/visibility-5.C -std=c++98  scan-hidden hidden[ \\t_]*_Z3foov
UNRESOLVED: g++.dg/ext/visibility/visibility-5.C -std=c++11  scan-hidden hidden[ \\t_]*_Z3foov
UNRESOLVED: g++.dg/ext/visibility/visibility-5.C -std=c++1y  scan-hidden hidden[ \\t_]*_Z3foov
UNRESOLVED: g++.dg/ext/visibility/visibility-6.C -std=c++98  scan-hidden hidden[ \\t_]*xyzzy
UNRESOLVED: g++.dg/ext/visibility/visibility-6.C -std=c++11  scan-hidden hidden[ \\t_]*xyzzy
UNRESOLVED: g++.dg/ext/visibility/visibility-6.C -std=c++1y  scan-hidden hidden[ \\t_]*xyzzy
UNRESOLVED: g++.dg/ext/visibility/visibility-7.C -std=c++98  scan-hidden hidden[ \\t_]*xyzzy
UNRESOLVED: g++.dg/ext/visibility/visibility-7.C -std=c++11  scan-hidden hidden[ \\t_]*xyzzy
UNRESOLVED: g++.dg/ext/visibility/visibility-7.C -std=c++1y  scan-hidden hidden[ \\t_]*xyzzy
UNRESOLVED: g++.dg/ext/visibility/warn3.C -std=c++98  scan-not-hidden hidden[ \\t_]*_ZN1A1fEv
UNRESOLVED: g++.dg/ext/visibility/warn3.C -std=c++11  scan-not-hidden hidden[ \\t_]*_ZN1A1fEv
UNRESOLVED: g++.dg/ext/visibility/warn3.C -std=c++1y  scan-not-hidden hidden[ \\t_]*_ZN1A1fEv
UNRESOLVED: g++.dg/init/cleanup3.C -std=c++98  scan-assembler-not _tcf
UNRESOLVED: g++.dg/init/cleanup3.C -std=c++11  scan-assembler-not _tcf
UNRESOLVED: g++.dg/init/cleanup3.C -std=c++1y  scan-assembler-not _tcf
UNRESOLVED: g++.dg/init/const9.C -std=c++98  scan-assembler-not rodata
UNRESOLVED: g++.dg/init/const9.C -std=c++11  scan-assembler-not rodata
UNRESOLVED: g++.dg/init/const9.C -std=c++1y  scan-assembler-not rodata
UNRESOLVED: g++.dg/init/dtor4.C -std=c++98  scan-assembler-not _ZN1AD2Ev
UNRESOLVED: g++.dg/init/dtor4.C -std=c++11  scan-assembler-not _ZN1AD2Ev
UNRESOLVED: g++.dg/init/dtor4.C -std=c++1y  scan-assembler-not _ZN1AD2Ev
UNRESOLVED: g++.dg/init/mutable1.C -std=c++98  scan-assembler-not rodata
UNRESOLVED: g++.dg/init/mutable1.C -std=c++11  scan-assembler-not rodata
UNRESOLVED: g++.dg/init/mutable1.C -std=c++1y  scan-assembler-not rodata
UNRESOLVED: g++.dg/init/static-init3.C -std=c++98  scan-assembler-not GLOBAL
UNRESOLVED: g++.dg/init/static-init3.C -std=c++11  scan-assembler-not GLOBAL
UNRESOLVED: g++.dg/init/static-init3.C -std=c++1y  scan-assembler-not GLOBAL
UNRESOLVED: g++.dg/ipa/devirt-28.C -std=gnu++98  scan-assembler-not _ZN1AD2Ev
UNRESOLVED: g++.dg/ipa/devirt-28.C -std=gnu++98  scan-assembler-not _ZN1BD0Ev
UNRESOLVED: g++.dg/ipa/devirt-28.C -std=gnu++11  scan-assembler-not _ZN1AD2Ev
UNRESOLVED: g++.dg/ipa/devirt-28.C -std=gnu++11  scan-assembler-not _ZN1BD0Ev
UNRESOLVED: g++.dg/ipa/devirt-28.C -std=gnu++1y  scan-assembler-not _ZN1AD2Ev
UNRESOLVED: g++.dg/ipa/devirt-28.C -std=gnu++1y  scan-assembler-not _ZN1BD0Ev
UNRESOLVED: g++.dg/lookup/builtin5.C -std=c++98  scan-assembler _ZSt5atanhd
UNRESOLVED: g++.dg/lookup/builtin5.C -std=c++11  scan-assembler _ZSt5atanhd
UNRESOLVED: g++.dg/lookup/builtin5.C -std=c++1y  scan-assembler _ZSt5atanhd
UNRESOLVED: g++.dg/opt/const6.C -std=gnu++98  scan-assembler _ZN1K1kE
UNRESOLVED: g++.dg/opt/const6.C -std=gnu++11  scan-assembler _ZN1K1kE
UNRESOLVED: g++.dg/opt/const6.C -std=gnu++1y  scan-assembler _ZN1K1kE
UNRESOLVED: g++.dg/opt/devirt4.C -std=gnu++98  scan-assembler _ZN3fooD2Ev
UNRESOLVED: g++.dg/opt/devirt4.C -std=gnu++11  scan-assembler _ZN3fooD2Ev
UNRESOLVED: g++.dg/opt/devirt4.C -std=gnu++1y  scan-assembler _ZN3fooD2Ev
UNRESOLVED: g++.dg/opt/inline16.C -std=gnu++98  scan-assembler-not _ZL9fromSlotBv
UNRESOLVED: g++.dg/opt/inline16.C -std=gnu++11  scan-assembler-not _ZL9fromSlotBv
UNRESOLVED: g++.dg/opt/inline16.C -std=gnu++1y  scan-assembler-not _ZL9fromSlotBv
UNRESOLVED: g++.dg/opt/inline4.C -std=gnu++98  scan-assembler-not \\n_?_Z1gILi[0-9]+EEvv[: \\t\\n]
UNRESOLVED: g++.dg/opt/inline4.C -std=gnu++11  scan-assembler-not \\n_?_Z1gILi[0-9]+EEvv[: \\t\\n]
UNRESOLVED: g++.dg/opt/inline4.C -std=gnu++1y  scan-assembler-not \\n_?_Z1gILi[0-9]+EEvv[: \\t\\n]
UNRESOLVED: g++.dg/opt/inline6.C -std=gnu++98  scan-assembler-not \\n_?_Z3fooIlET_S0_[: \\t\\n]
UNRESOLVED: g++.dg/opt/inline6.C -std=gnu++11  scan-assembler-not \\n_?_Z3fooIlET_S0_[: \\t\\n]
UNRESOLVED: g++.dg/opt/inline6.C -std=gnu++1y  scan-assembler-not \\n_?_Z3fooIlET_S0_[: \\t\\n]
UNRESOLVED: g++.dg/opt/inline8.C -std=gnu++98  scan-assembler foo
UNRESOLVED: g++.dg/opt/inline8.C -std=gnu++11  scan-assembler foo
UNRESOLVED: g++.dg/opt/inline8.C -std=gnu++1y  scan-assembler foo
UNRESOLVED: g++.dg/opt/template1.C -std=gnu++98  scan-assembler-not \\n_?_ZN1AILi0EE4foo1Ev[: \\t\\n]
UNRESOLVED: g++.dg/opt/template1.C -std=gnu++11  scan-assembler-not \\n_?_ZN1AILi0EE4foo1Ev[: \\t\\n]
UNRESOLVED: g++.dg/opt/template1.C -std=gnu++1y  scan-assembler-not \\n_?_ZN1AILi0EE4foo1Ev[: \\t\\n]
UNRESOLVED: g++.dg/opt/vt2.C -std=gnu++98  scan-assembler-not mov[^\\n]*_ZTV
UNRESOLVED: g++.dg/opt/vt2.C -std=gnu++11  scan-assembler-not mov[^\\n]*_ZTV
UNRESOLVED: g++.dg/opt/vt2.C -std=gnu++1y  scan-assembler-not mov[^\\n]*_ZTV
UNRESOLVED: g++.dg/other/pragma-re-1.C -std=c++98  scan-assembler bar
UNRESOLVED: g++.dg/other/pragma-re-1.C -std=c++98  scan-assembler-not foo
UNRESOLVED: g++.dg/other/pragma-re-1.C -std=c++98  scan-assembler _Z3bazv
UNRESOLVED: g++.dg/other/pragma-re-1.C -std=c++98  scan-assembler-not baq
UNRESOLVED: g++.dg/other/pragma-re-1.C -std=c++98  scan-assembler tut
UNRESOLVED: g++.dg/other/pragma-re-1.C -std=c++98  scan-assembler-not gee
UNRESOLVED: g++.dg/other/pragma-re-1.C -std=c++98  scan-assembler bang
UNRESOLVED: g++.dg/other/pragma-re-1.C -std=c++98  scan-assembler-not whiz
UNRESOLVED: g++.dg/other/pragma-re-1.C -std=c++98  scan-assembler eek
UNRESOLVED: g++.dg/other/pragma-re-1.C -std=c++98  scan-assembler-not boo
UNRESOLVED: g++.dg/other/pragma-re-1.C -std=c++11  scan-assembler bar
UNRESOLVED: g++.dg/other/pragma-re-1.C -std=c++11  scan-assembler-not foo
UNRESOLVED: g++.dg/other/pragma-re-1.C -std=c++11  scan-assembler _Z3bazv
UNRESOLVED: g++.dg/other/pragma-re-1.C -std=c++11  scan-assembler-not baq
UNRESOLVED: g++.dg/other/pragma-re-1.C -std=c++11  scan-assembler tut
UNRESOLVED: g++.dg/other/pragma-re-1.C -std=c++11  scan-assembler-not gee
UNRESOLVED: g++.dg/other/pragma-re-1.C -std=c++11  scan-assembler bang
UNRESOLVED: g++.dg/other/pragma-re-1.C -std=c++11  scan-assembler-not whiz
UNRESOLVED: g++.dg/other/pragma-re-1.C -std=c++11  scan-assembler eek
UNRESOLVED: g++.dg/other/pragma-re-1.C -std=c++11  scan-assembler-not boo
UNRESOLVED: g++.dg/other/pragma-re-1.C -std=c++1y  scan-assembler bar
UNRESOLVED: g++.dg/other/pragma-re-1.C -std=c++1y  scan-assembler-not foo
UNRESOLVED: g++.dg/other/pragma-re-1.C -std=c++1y  scan-assembler _Z3bazv
UNRESOLVED: g++.dg/other/pragma-re-1.C -std=c++1y  scan-assembler-not baq
UNRESOLVED: g++.dg/other/pragma-re-1.C -std=c++1y  scan-assembler tut
UNRESOLVED: g++.dg/other/pragma-re-1.C -std=c++1y  scan-assembler-not gee
UNRESOLVED: g++.dg/other/pragma-re-1.C -std=c++1y  scan-assembler bang
UNRESOLVED: g++.dg/other/pragma-re-1.C -std=c++1y  scan-assembler-not whiz
UNRESOLVED: g++.dg/other/pragma-re-1.C -std=c++1y  scan-assembler eek
UNRESOLVED: g++.dg/other/pragma-re-1.C -std=c++1y  scan-assembler-not boo
UNRESOLVED: g++.dg/other/pragma-re-2.C -std=c++98  scan-assembler new_name
UNRESOLVED: g++.dg/other/pragma-re-2.C -std=c++98  scan-assembler-not old_name
UNRESOLVED: g++.dg/other/pragma-re-2.C -std=c++11  scan-assembler new_name
UNRESOLVED: g++.dg/other/pragma-re-2.C -std=c++11  scan-assembler-not old_name
UNRESOLVED: g++.dg/other/pragma-re-2.C -std=c++1y  scan-assembler new_name
UNRESOLVED: g++.dg/other/pragma-re-2.C -std=c++1y  scan-assembler-not old_name
UNRESOLVED: g++.dg/rtti/anon-ns1.C -std=c++98  scan-assembler "*N[^"]+1AE
UNRESOLVED: g++.dg/rtti/anon-ns1.C -std=c++11  scan-assembler "*N[^"]+1AE
UNRESOLVED: g++.dg/rtti/anon-ns1.C -std=c++1y  scan-assembler "*N[^"]+1AE
FAIL: g++.dg/guality/pr55665.C  -O2  line 23 p == 40
FAIL: g++.dg/guality/pr55665.C  -O3 -fomit-frame-pointer  line 23 p == 40
FAIL: g++.dg/guality/pr55665.C  -O3 -g  line 23 p == 40

		=== g++ Summary for unix ===

# of expected passes		66717
# of expected failures		426
# of unresolved testcases	552
# of unsupported tests		2543

Running target unix/-m32
UNRESOLVED: g++.dg/eh/anon2.C -std=c++98  scan-assembler \\\\*N12_GLOBAL__N_11AE
UNRESOLVED: g++.dg/eh/anon2.C -std=c++11  scan-assembler \\\\*N12_GLOBAL__N_11AE
UNRESOLVED: g++.dg/eh/anon2.C -std=c++1y  scan-assembler \\\\*N12_GLOBAL__N_11AE
UNRESOLVED: g++.dg/eh/spec11.C -std=gnu++98  scan-assembler-not _ZSt9terminatev
UNRESOLVED: g++.dg/eh/spec11.C -std=gnu++98  scan-assembler-not EHB
UNRESOLVED: g++.dg/eh/spec11.C -std=gnu++98  scan-assembler LSDA
UNRESOLVED: g++.dg/eh/spec11.C -std=gnu++11  scan-assembler-not _ZSt9terminatev
UNRESOLVED: g++.dg/eh/spec11.C -std=gnu++11  scan-assembler-not EHB
UNRESOLVED: g++.dg/eh/spec11.C -std=gnu++11  scan-assembler LSDA
UNRESOLVED: g++.dg/eh/spec11.C -std=gnu++1y  scan-assembler-not _ZSt9terminatev
UNRESOLVED: g++.dg/eh/spec11.C -std=gnu++1y  scan-assembler-not EHB
UNRESOLVED: g++.dg/eh/spec11.C -std=gnu++1y  scan-assembler LSDA
UNRESOLVED: g++.dg/eh/terminate1.C -std=c++98  scan-assembler-not _ZSt9terminatev
UNRESOLVED: g++.dg/eh/terminate1.C -std=c++98  scan-assembler-not LEHB2
UNRESOLVED: g++.dg/eh/terminate1.C -std=c++11  scan-assembler-not _ZSt9terminatev
UNRESOLVED: g++.dg/eh/terminate1.C -std=c++11  scan-assembler-not LEHB2
UNRESOLVED: g++.dg/eh/terminate1.C -std=c++1y  scan-assembler-not _ZSt9terminatev
UNRESOLVED: g++.dg/eh/terminate1.C -std=c++1y  scan-assembler-not LEHB2
UNRESOLVED: g++.dg/ext/asm1.C -std=c++98  scan-assembler foo on
UNRESOLVED: g++.dg/ext/asm1.C -std=c++98  scan-assembler bar on
UNRESOLVED: g++.dg/ext/asm1.C -std=c++98  scan-assembler frob on
UNRESOLVED: g++.dg/ext/asm1.C -std=c++11  scan-assembler foo on
UNRESOLVED: g++.dg/ext/asm1.C -std=c++11  scan-assembler bar on
UNRESOLVED: g++.dg/ext/asm1.C -std=c++11  scan-assembler frob on
UNRESOLVED: g++.dg/ext/asm1.C -std=c++1y  scan-assembler foo on
UNRESOLVED: g++.dg/ext/asm1.C -std=c++1y  scan-assembler bar on
UNRESOLVED: g++.dg/ext/asm1.C -std=c++1y  scan-assembler frob on
UNRESOLVED: g++.dg/ext/attr-used-1.C -std=c++98  scan-assembler _ZN1AIiE1fEv
UNRESOLVED: g++.dg/ext/attr-used-1.C -std=c++98  scan-assembler _ZN1AIiE1tE
UNRESOLVED: g++.dg/ext/attr-used-1.C -std=c++11  scan-assembler _ZN1AIiE1fEv
UNRESOLVED: g++.dg/ext/attr-used-1.C -std=c++11  scan-assembler _ZN1AIiE1tE
UNRESOLVED: g++.dg/ext/attr-used-1.C -std=c++1y  scan-assembler _ZN1AIiE1fEv
UNRESOLVED: g++.dg/ext/attr-used-1.C -std=c++1y  scan-assembler _ZN1AIiE1tE
UNRESOLVED: g++.dg/ext/pragmaweak1.C -std=c++98  scan-assembler-not _Z3Foov
UNRESOLVED: g++.dg/ext/pragmaweak1.C -std=c++11  scan-assembler-not _Z3Foov
UNRESOLVED: g++.dg/ext/pragmaweak1.C -std=c++1y  scan-assembler-not _Z3Foov
UNRESOLVED: g++.dg/ext/vector26.C -std=gnu++11  scan-assembler-not globl[ \\t]*_Z3bar
UNRESOLVED: g++.dg/ext/vector26.C -std=gnu++1y  scan-assembler-not globl[ \\t]*_Z3bar
UNRESOLVED: g++.dg/ext/visibility/anon11.C -std=c++98  scan-assembler-not \\\\.local
UNRESOLVED: g++.dg/ext/visibility/anon11.C -std=c++11  scan-assembler-not \\\\.local
UNRESOLVED: g++.dg/ext/visibility/anon11.C -std=c++1y  scan-assembler-not \\\\.local
UNRESOLVED: g++.dg/ext/visibility/anon6.C -std=c++98  scan-assembler 1BIiE1cE
UNRESOLVED: g++.dg/ext/visibility/anon6.C -std=c++98  scan-assembler-not globl.*1BIiE1cE
UNRESOLVED: g++.dg/ext/visibility/anon6.C -std=c++98  scan-assembler-not comdat
UNRESOLVED: g++.dg/ext/visibility/anon6.C -std=c++98  scan-assembler-not weak
UNRESOLVED: g++.dg/ext/visibility/anon6.C -std=c++98  scan-assembler-not 1AIiE1cE
UNRESOLVED: g++.dg/ext/visibility/anon6.C -std=c++11  scan-assembler 1BIiE1cE
UNRESOLVED: g++.dg/ext/visibility/anon6.C -std=c++11  scan-assembler-not globl.*1BIiE1cE
UNRESOLVED: g++.dg/ext/visibility/anon6.C -std=c++11  scan-assembler-not comdat
UNRESOLVED: g++.dg/ext/visibility/anon6.C -std=c++11  scan-assembler-not weak
UNRESOLVED: g++.dg/ext/visibility/anon6.C -std=c++11  scan-assembler-not 1AIiE1cE
UNRESOLVED: g++.dg/ext/visibility/anon6.C -std=c++1y  scan-assembler 1BIiE1cE
UNRESOLVED: g++.dg/ext/visibility/anon6.C -std=c++1y  scan-assembler-not globl.*1BIiE1cE
UNRESOLVED: g++.dg/ext/visibility/anon6.C -std=c++1y  scan-assembler-not comdat
UNRESOLVED: g++.dg/ext/visibility/anon6.C -std=c++1y  scan-assembler-not weak
UNRESOLVED: g++.dg/ext/visibility/anon6.C -std=c++1y  scan-assembler-not 1AIiE1cE
UNRESOLVED: g++.dg/ext/visibility/guard1.C -std=gnu++98  scan-not-hidden hidden[ \\t_]*_ZGVZN5otherclEvE4s_cd
UNRESOLVED: g++.dg/ext/visibility/guard1.C -std=gnu++11  scan-not-hidden hidden[ \\t_]*_ZGVZN5otherclEvE4s_cd
UNRESOLVED: g++.dg/ext/visibility/guard1.C -std=gnu++1y  scan-not-hidden hidden[ \\t_]*_ZGVZN5otherclEvE4s_cd
UNRESOLVED: g++.dg/ext/visibility/local1.C -std=c++98  scan-hidden hidden[ \\t_]*_Z1fv
UNRESOLVED: g++.dg/ext/visibility/local1.C -std=c++98  scan-hidden hidden[ \\t_]*_ZZ1fvE1i
UNRESOLVED: g++.dg/ext/visibility/local1.C -std=c++98  scan-hidden hidden[ \\t_]*_ZZ1fvEN1A1fEv
UNRESOLVED: g++.dg/ext/visibility/local1.C -std=c++11  scan-hidden hidden[ \\t_]*_Z1fv
UNRESOLVED: g++.dg/ext/visibility/local1.C -std=c++11  scan-hidden hidden[ \\t_]*_ZZ1fvE1i
UNRESOLVED: g++.dg/ext/visibility/local1.C -std=c++11  scan-hidden hidden[ \\t_]*_ZZ1fvEN1A1fEv
UNRESOLVED: g++.dg/ext/visibility/local1.C -std=c++1y  scan-hidden hidden[ \\t_]*_Z1fv
UNRESOLVED: g++.dg/ext/visibility/local1.C -std=c++1y  scan-hidden hidden[ \\t_]*_ZZ1fvE1i
UNRESOLVED: g++.dg/ext/visibility/local1.C -std=c++1y  scan-hidden hidden[ \\t_]*_ZZ1fvEN1A1fEv
UNRESOLVED: g++.dg/ext/visibility/ms-compat-1.C -std=gnu++98  scan-not-hidden hidden[ \\t_]*_ZTI1S
UNRESOLVED: g++.dg/ext/visibility/ms-compat-1.C -std=gnu++98  scan-hidden hidden[ \\t_]*_ZTI1T
UNRESOLVED: g++.dg/ext/visibility/ms-compat-1.C -std=gnu++98  scan-not-hidden hidden[ \\t_]*_ZTI1U
UNRESOLVED: g++.dg/ext/visibility/ms-compat-1.C -std=gnu++98  scan-not-hidden hidden[ \\t_]*_ZN1U6hide_4Ev
UNRESOLVED: g++.dg/ext/visibility/ms-compat-1.C -std=gnu++11  scan-not-hidden hidden[ \\t_]*_ZTI1S
UNRESOLVED: g++.dg/ext/visibility/ms-compat-1.C -std=gnu++11  scan-hidden hidden[ \\t_]*_ZTI1T
UNRESOLVED: g++.dg/ext/visibility/ms-compat-1.C -std=gnu++11  scan-not-hidden hidden[ \\t_]*_ZTI1U
UNRESOLVED: g++.dg/ext/visibility/ms-compat-1.C -std=gnu++11  scan-not-hidden hidden[ \\t_]*_ZN1U6hide_4Ev
UNRESOLVED: g++.dg/ext/visibility/ms-compat-1.C -std=gnu++1y  scan-not-hidden hidden[ \\t_]*_ZTI1S
UNRESOLVED: g++.dg/ext/visibility/ms-compat-1.C -std=gnu++1y  scan-hidden hidden[ \\t_]*_ZTI1T
UNRESOLVED: g++.dg/ext/visibility/ms-compat-1.C -std=gnu++1y  scan-not-hidden hidden[ \\t_]*_ZTI1U
UNRESOLVED: g++.dg/ext/visibility/ms-compat-1.C -std=gnu++1y  scan-not-hidden hidden[ \\t_]*_ZN1U6hide_4Ev
UNRESOLVED: g++.dg/ext/visibility/namespace1.C -std=c++98  scan-hidden hidden[ \\t_]*_ZN3foo1fEv
UNRESOLVED: g++.dg/ext/visibility/namespace1.C -std=c++98  scan-hidden hidden[ \\t_]*_ZN3foo1gEv
UNRESOLVED: g++.dg/ext/visibility/namespace1.C -std=c++98  scan-hidden hidden[ \\t_]*_ZN3foo1A1mEv
UNRESOLVED: g++.dg/ext/visibility/namespace1.C -std=c++98  scan-hidden hidden[ \\t_]*_ZN3foo1tIiEEvv
UNRESOLVED: g++.dg/ext/visibility/namespace1.C -std=c++98  scan-not-hidden hidden[ \\t_]*_ZN3foo1hEv
UNRESOLVED: g++.dg/ext/visibility/namespace1.C -std=c++11  scan-hidden hidden[ \\t_]*_ZN3foo1fEv
UNRESOLVED: g++.dg/ext/visibility/namespace1.C -std=c++11  scan-hidden hidden[ \\t_]*_ZN3foo1gEv
UNRESOLVED: g++.dg/ext/visibility/namespace1.C -std=c++11  scan-hidden hidden[ \\t_]*_ZN3foo1A1mEv
UNRESOLVED: g++.dg/ext/visibility/namespace1.C -std=c++11  scan-hidden hidden[ \\t_]*_ZN3foo1tIiEEvv
UNRESOLVED: g++.dg/ext/visibility/namespace1.C -std=c++11  scan-not-hidden hidden[ \\t_]*_ZN3foo1hEv
UNRESOLVED: g++.dg/ext/visibility/namespace1.C -std=c++1y  scan-hidden hidden[ \\t_]*_ZN3foo1fEv
UNRESOLVED: g++.dg/ext/visibility/namespace1.C -std=c++1y  scan-hidden hidden[ \\t_]*_ZN3foo1gEv
UNRESOLVED: g++.dg/ext/visibility/namespace1.C -std=c++1y  scan-hidden hidden[ \\t_]*_ZN3foo1A1mEv
UNRESOLVED: g++.dg/ext/visibility/namespace1.C -std=c++1y  scan-hidden hidden[ \\t_]*_ZN3foo1tIiEEvv
UNRESOLVED: g++.dg/ext/visibility/namespace1.C -std=c++1y  scan-not-hidden hidden[ \\t_]*_ZN3foo1hEv
UNRESOLVED: g++.dg/ext/visibility/namespace2.C -std=gnu++98  scan-hidden hidden[ \\t_]*_ZN4Test4testEv
UNRESOLVED: g++.dg/ext/visibility/namespace2.C -std=gnu++11  scan-hidden hidden[ \\t_]*_ZN4Test4testEv
UNRESOLVED: g++.dg/ext/visibility/namespace2.C -std=gnu++1y  scan-hidden hidden[ \\t_]*_ZN4Test4testEv
UNRESOLVED: g++.dg/ext/visibility/new1.C -std=gnu++98  scan-not-hidden hidden[ \\t_]*_Znwj
UNRESOLVED: g++.dg/ext/visibility/new1.C -std=gnu++11  scan-not-hidden hidden[ \\t_]*_Znwj
UNRESOLVED: g++.dg/ext/visibility/new1.C -std=gnu++1y  scan-not-hidden hidden[ \\t_]*_Znwj
UNRESOLVED: g++.dg/ext/visibility/overload-1.C -std=c++98  scan-hidden hidden[ \\t_]*_Z3fooP8a_struct
UNRESOLVED: g++.dg/ext/visibility/overload-1.C -std=c++11  scan-hidden hidden[ \\t_]*_Z3fooP8a_struct
UNRESOLVED: g++.dg/ext/visibility/overload-1.C -std=c++1y  scan-hidden hidden[ \\t_]*_Z3fooP8a_struct
UNRESOLVED: g++.dg/ext/visibility/template1.C -std=gnu++98  scan-not-hidden hidden[ \\t_]*_ZN1AIiE3fooEv
UNRESOLVED: g++.dg/ext/visibility/template1.C -std=gnu++98  scan-not-hidden hidden[ \\t_]*_ZN1AIiE3barEv
UNRESOLVED: g++.dg/ext/visibility/template1.C -std=gnu++98  scan-hidden hidden[ \\t_]*_ZN1AIlE3fooEv
UNRESOLVED: g++.dg/ext/visibility/template1.C -std=gnu++98  scan-hidden hidden[ \\t_]*_ZN1AIlE3barEv
UNRESOLVED: g++.dg/ext/visibility/template1.C -std=gnu++98  scan-hidden hidden[ \\t_]*_ZN1AIcE3barEv
UNRESOLVED: g++.dg/ext/visibility/template1.C -std=gnu++11  scan-not-hidden hidden[ \\t_]*_ZN1AIiE3fooEv
UNRESOLVED: g++.dg/ext/visibility/template1.C -std=gnu++11  scan-not-hidden hidden[ \\t_]*_ZN1AIiE3barEv
UNRESOLVED: g++.dg/ext/visibility/template1.C -std=gnu++11  scan-hidden hidden[ \\t_]*_ZN1AIlE3fooEv
UNRESOLVED: g++.dg/ext/visibility/template1.C -std=gnu++11  scan-hidden hidden[ \\t_]*_ZN1AIlE3barEv
UNRESOLVED: g++.dg/ext/visibility/template1.C -std=gnu++11  scan-hidden hidden[ \\t_]*_ZN1AIcE3barEv
UNRESOLVED: g++.dg/ext/visibility/template1.C -std=gnu++1y  scan-not-hidden hidden[ \\t_]*_ZN1AIiE3fooEv
UNRESOLVED: g++.dg/ext/visibility/template1.C -std=gnu++1y  scan-not-hidden hidden[ \\t_]*_ZN1AIiE3barEv
UNRESOLVED: g++.dg/ext/visibility/template1.C -std=gnu++1y  scan-hidden hidden[ \\t_]*_ZN1AIlE3fooEv
UNRESOLVED: g++.dg/ext/visibility/template1.C -std=gnu++1y  scan-hidden hidden[ \\t_]*_ZN1AIlE3barEv
UNRESOLVED: g++.dg/ext/visibility/template1.C -std=gnu++1y  scan-hidden hidden[ \\t_]*_ZN1AIcE3barEv
UNRESOLVED: g++.dg/ext/visibility/template10.C -std=gnu++98  scan-not-hidden hidden[ \\t_]*_Z8testfuncI3fooEvv
UNRESOLVED: g++.dg/ext/visibility/template10.C -std=gnu++11  scan-not-hidden hidden[ \\t_]*_Z8testfuncI3fooEvv
UNRESOLVED: g++.dg/ext/visibility/template10.C -std=gnu++1y  scan-not-hidden hidden[ \\t_]*_Z8testfuncI3fooEvv
UNRESOLVED: g++.dg/ext/visibility/template11.C -std=gnu++98  scan-not-hidden hidden[ \\t_]*_ZN13template_testI4testE8functionEv
UNRESOLVED: g++.dg/ext/visibility/template11.C -std=gnu++11  scan-not-hidden hidden[ \\t_]*_ZN13template_testI4testE8functionEv
UNRESOLVED: g++.dg/ext/visibility/template11.C -std=gnu++1y  scan-not-hidden hidden[ \\t_]*_ZN13template_testI4testE8functionEv
UNRESOLVED: g++.dg/ext/visibility/template12.C -std=gnu++98  scan-not-hidden hidden[ \\t_]*_ZN1aI1bE1cE
UNRESOLVED: g++.dg/ext/visibility/template12.C -std=gnu++11  scan-not-hidden hidden[ \\t_]*_ZN1aI1bE1cE
UNRESOLVED: g++.dg/ext/visibility/template12.C -std=gnu++1y  scan-not-hidden hidden[ \\t_]*_ZN1aI1bE1cE
UNRESOLVED: g++.dg/ext/visibility/template3.C -std=c++98  scan-hidden hidden[ \\t_]*_ZN1AIlE1fEl
UNRESOLVED: g++.dg/ext/visibility/template3.C -std=c++98  scan-hidden hidden[ \\t_]*_ZN1AIiE1fEi
UNRESOLVED: g++.dg/ext/visibility/template3.C -std=c++98  scan-not-hidden hidden[ \\t_]*_ZN1AIcE1fEc
UNRESOLVED: g++.dg/ext/visibility/template3.C -std=c++98  scan-hidden hidden[ \\t_]*_Z8identityIdET_S0_
UNRESOLVED: g++.dg/ext/visibility/template3.C -std=c++98  scan-not-hidden hidden[ \\t_]*_Z8identityIiET_S0_
UNRESOLVED: g++.dg/ext/visibility/template3.C -std=c++11  scan-hidden hidden[ \\t_]*_ZN1AIlE1fEl
UNRESOLVED: g++.dg/ext/visibility/template3.C -std=c++11  scan-hidden hidden[ \\t_]*_ZN1AIiE1fEi
UNRESOLVED: g++.dg/ext/visibility/template3.C -std=c++11  scan-not-hidden hidden[ \\t_]*_ZN1AIcE1fEc
UNRESOLVED: g++.dg/ext/visibility/template3.C -std=c++11  scan-hidden hidden[ \\t_]*_Z8identityIdET_S0_
UNRESOLVED: g++.dg/ext/visibility/template3.C -std=c++11  scan-not-hidden hidden[ \\t_]*_Z8identityIiET_S0_
UNRESOLVED: g++.dg/ext/visibility/template3.C -std=c++1y  scan-hidden hidden[ \\t_]*_ZN1AIlE1fEl
UNRESOLVED: g++.dg/ext/visibility/template3.C -std=c++1y  scan-hidden hidden[ \\t_]*_ZN1AIiE1fEi
UNRESOLVED: g++.dg/ext/visibility/template3.C -std=c++1y  scan-not-hidden hidden[ \\t_]*_ZN1AIcE1fEc
UNRESOLVED: g++.dg/ext/visibility/template3.C -std=c++1y  scan-hidden hidden[ \\t_]*_Z8identityIdET_S0_
UNRESOLVED: g++.dg/ext/visibility/template3.C -std=c++1y  scan-not-hidden hidden[ \\t_]*_Z8identityIiET_S0_
UNRESOLVED: g++.dg/ext/visibility/template4.C -std=c++98  scan-hidden hidden[ \\t_]*_Z3fooIdEvT_
UNRESOLVED: g++.dg/ext/visibility/template4.C -std=c++98  scan-hidden hidden[ \\t_]*_Z3fooIlEvT_
UNRESOLVED: g++.dg/ext/visibility/template4.C -std=c++98  scan-hidden hidden[ \\t_]*_Z3fooIcEvT_
UNRESOLVED: g++.dg/ext/visibility/template4.C -std=c++98  scan-hidden hidden[ \\t_]*_Z3fooIiEvT_
UNRESOLVED: g++.dg/ext/visibility/template4.C -std=c++98  scan-not-hidden hidden[ \\t_]*_Z3fooIfEvT_
UNRESOLVED: g++.dg/ext/visibility/template4.C -std=c++98  scan-not-hidden hidden[ \\t_]*_Z3fooIsEvT_
UNRESOLVED: g++.dg/ext/visibility/template4.C -std=c++98  scan-hidden hidden[ \\t_]*_Z3barIdEvT_
UNRESOLVED: g++.dg/ext/visibility/template4.C -std=c++98  scan-hidden hidden[ \\t_]*_Z3barIlEvT_
UNRESOLVED: g++.dg/ext/visibility/template4.C -std=c++98  scan-hidden hidden[ \\t_]*_Z3barIiEvT_
UNRESOLVED: g++.dg/ext/visibility/template4.C -std=c++98  scan-hidden hidden[ \\t_]*_Z3barIcEvT_
UNRESOLVED: g++.dg/ext/visibility/template4.C -std=c++98  scan-not-hidden hidden[ \\t_]*_Z3barIfEvT_
UNRESOLVED: g++.dg/ext/visibility/template4.C -std=c++98  scan-not-hidden hidden[ \\t_]*_Z3barIsEvT_
UNRESOLVED: g++.dg/ext/visibility/template4.C -std=c++11  scan-hidden hidden[ \\t_]*_Z3fooIdEvT_
UNRESOLVED: g++.dg/ext/visibility/template4.C -std=c++11  scan-hidden hidden[ \\t_]*_Z3fooIlEvT_
UNRESOLVED: g++.dg/ext/visibility/template4.C -std=c++11  scan-hidden hidden[ \\t_]*_Z3fooIcEvT_
UNRESOLVED: g++.dg/ext/visibility/template4.C -std=c++11  scan-hidden hidden[ \\t_]*_Z3fooIiEvT_
UNRESOLVED: g++.dg/ext/visibility/template4.C -std=c++11  scan-not-hidden hidden[ \\t_]*_Z3fooIfEvT_
UNRESOLVED: g++.dg/ext/visibility/template4.C -std=c++11  scan-not-hidden hidden[ \\t_]*_Z3fooIsEvT_
UNRESOLVED: g++.dg/ext/visibility/template4.C -std=c++11  scan-hidden hidden[ \\t_]*_Z3barIdEvT_
UNRESOLVED: g++.dg/ext/visibility/template4.C -std=c++11  scan-hidden hidden[ \\t_]*_Z3barIlEvT_
UNRESOLVED: g++.dg/ext/visibility/template4.C -std=c++11  scan-hidden hidden[ \\t_]*_Z3barIiEvT_
UNRESOLVED: g++.dg/ext/visibility/template4.C -std=c++11  scan-hidden hidden[ \\t_]*_Z3barIcEvT_
UNRESOLVED: g++.dg/ext/visibility/template4.C -std=c++11  scan-not-hidden hidden[ \\t_]*_Z3barIfEvT_
UNRESOLVED: g++.dg/ext/visibility/template4.C -std=c++11  scan-not-hidden hidden[ \\t_]*_Z3barIsEvT_
UNRESOLVED: g++.dg/ext/visibility/template4.C -std=c++1y  scan-hidden hidden[ \\t_]*_Z3fooIdEvT_
UNRESOLVED: g++.dg/ext/visibility/template4.C -std=c++1y  scan-hidden hidden[ \\t_]*_Z3fooIlEvT_
UNRESOLVED: g++.dg/ext/visibility/template4.C -std=c++1y  scan-hidden hidden[ \\t_]*_Z3fooIcEvT_
UNRESOLVED: g++.dg/ext/visibility/template4.C -std=c++1y  scan-hidden hidden[ \\t_]*_Z3fooIiEvT_
UNRESOLVED: g++.dg/ext/visibility/template4.C -std=c++1y  scan-not-hidden hidden[ \\t_]*_Z3fooIfEvT_
UNRESOLVED: g++.dg/ext/visibility/template4.C -std=c++1y  scan-not-hidden hidden[ \\t_]*_Z3fooIsEvT_
UNRESOLVED: g++.dg/ext/visibility/template4.C -std=c++1y  scan-hidden hidden[ \\t_]*_Z3barIdEvT_
UNRESOLVED: g++.dg/ext/visibility/template4.C -std=c++1y  scan-hidden hidden[ \\t_]*_Z3barIlEvT_
UNRESOLVED: g++.dg/ext/visibility/template4.C -std=c++1y  scan-hidden hidden[ \\t_]*_Z3barIiEvT_
UNRESOLVED: g++.dg/ext/visibility/template4.C -std=c++1y  scan-hidden hidden[ \\t_]*_Z3barIcEvT_
UNRESOLVED: g++.dg/ext/visibility/template4.C -std=c++1y  scan-not-hidden hidden[ \\t_]*_Z3barIfEvT_
UNRESOLVED: g++.dg/ext/visibility/template4.C -std=c++1y  scan-not-hidden hidden[ \\t_]*_Z3barIsEvT_
UNRESOLVED: g++.dg/ext/visibility/template6.C -std=c++98  scan-not-hidden hidden[ \\t_]*_ZN1AIiE1fEv
UNRESOLVED: g++.dg/ext/visibility/template6.C -std=c++11  scan-not-hidden hidden[ \\t_]*_ZN1AIiE1fEv
UNRESOLVED: g++.dg/ext/visibility/template6.C -std=c++1y  scan-not-hidden hidden[ \\t_]*_ZN1AIiE1fEv
UNRESOLVED: g++.dg/ext/visibility/template7.C -std=gnu++98  scan-hidden hidden[ \\t_]*_ZN1s6vectorI1AEC1Ev
UNRESOLVED: g++.dg/ext/visibility/template7.C -std=gnu++98  scan-hidden hidden[ \\t_]*_ZN1s3fooI1AEEvT_
UNRESOLVED: g++.dg/ext/visibility/template7.C -std=gnu++11  scan-hidden hidden[ \\t_]*_ZN1s6vectorI1AEC1Ev
UNRESOLVED: g++.dg/ext/visibility/template7.C -std=gnu++11  scan-hidden hidden[ \\t_]*_ZN1s3fooI1AEEvT_
UNRESOLVED: g++.dg/ext/visibility/template7.C -std=gnu++1y  scan-hidden hidden[ \\t_]*_ZN1s6vectorI1AEC1Ev
UNRESOLVED: g++.dg/ext/visibility/template7.C -std=gnu++1y  scan-hidden hidden[ \\t_]*_ZN1s3fooI1AEEvT_
UNRESOLVED: g++.dg/ext/visibility/template8.C -std=gnu++98  scan-hidden hidden[ \\t_]*_Z1gI1BEvT_
UNRESOLVED: g++.dg/ext/visibility/template8.C -std=gnu++98  scan-hidden hidden[ \\t_]*_Z1gI1AI1BEEvT_
UNRESOLVED: g++.dg/ext/visibility/template8.C -std=gnu++11  scan-hidden hidden[ \\t_]*_Z1gI1BEvT_
UNRESOLVED: g++.dg/ext/visibility/template8.C -std=gnu++11  scan-hidden hidden[ \\t_]*_Z1gI1AI1BEEvT_
UNRESOLVED: g++.dg/ext/visibility/template8.C -std=gnu++1y  scan-hidden hidden[ \\t_]*_Z1gI1BEvT_
UNRESOLVED: g++.dg/ext/visibility/template8.C -std=gnu++1y  scan-hidden hidden[ \\t_]*_Z1gI1AI1BEEvT_
UNRESOLVED: g++.dg/ext/visibility/template9.C -std=gnu++98  scan-not-hidden hidden[ \\t_]*_ZN1N1fI1AEEvT
UNRESOLVED: g++.dg/ext/visibility/template9.C -std=gnu++11  scan-not-hidden hidden[ \\t_]*_ZN1N1fI1AEEvT
UNRESOLVED: g++.dg/ext/visibility/template9.C -std=gnu++1y  scan-not-hidden hidden[ \\t_]*_ZN1N1fI1AEEvT
UNRESOLVED: g++.dg/ext/visibility/typeinfo1.C -std=gnu++98  scan-not-hidden hidden[ \\t_]*_ZTIPPi
UNRESOLVED: g++.dg/ext/visibility/typeinfo1.C -std=gnu++98  scan-not-hidden hidden[ \\t_]*_ZTSPPi
UNRESOLVED: g++.dg/ext/visibility/typeinfo1.C -std=gnu++98  scan-hidden hidden[ \\t_]*_ZTIP1A
UNRESOLVED: g++.dg/ext/visibility/typeinfo1.C -std=gnu++98  scan-hidden hidden[ \\t_]*_ZTSP1A
UNRESOLVED: g++.dg/ext/visibility/typeinfo1.C -std=gnu++11  scan-not-hidden hidden[ \\t_]*_ZTIPPi
UNRESOLVED: g++.dg/ext/visibility/typeinfo1.C -std=gnu++11  scan-not-hidden hidden[ \\t_]*_ZTSPPi
UNRESOLVED: g++.dg/ext/visibility/typeinfo1.C -std=gnu++11  scan-hidden hidden[ \\t_]*_ZTIP1A
UNRESOLVED: g++.dg/ext/visibility/typeinfo1.C -std=gnu++11  scan-hidden hidden[ \\t_]*_ZTSP1A
UNRESOLVED: g++.dg/ext/visibility/typeinfo1.C -std=gnu++1y  scan-not-hidden hidden[ \\t_]*_ZTIPPi
UNRESOLVED: g++.dg/ext/visibility/typeinfo1.C -std=gnu++1y  scan-not-hidden hidden[ \\t_]*_ZTSPPi
UNRESOLVED: g++.dg/ext/visibility/typeinfo1.C -std=gnu++1y  scan-hidden hidden[ \\t_]*_ZTIP1A
UNRESOLVED: g++.dg/ext/visibility/typeinfo1.C -std=gnu++1y  scan-hidden hidden[ \\t_]*_ZTSP1A
UNRESOLVED: g++.dg/ext/visibility/typeinfo2.C -std=c++98  scan-not-hidden hidden[ \\t_]*_ZTVN10__cxxabiv117__class_type_infoE
UNRESOLVED: g++.dg/ext/visibility/typeinfo2.C -std=c++98  scan-hidden hidden[ \\t_]*_ZTI1A
UNRESOLVED: g++.dg/ext/visibility/typeinfo2.C -std=c++98  scan-hidden hidden[ \\t_]*_ZTV1A
UNRESOLVED: g++.dg/ext/visibility/typeinfo2.C -std=c++11  scan-not-hidden hidden[ \\t_]*_ZTVN10__cxxabiv117__class_type_infoE
UNRESOLVED: g++.dg/ext/visibility/typeinfo2.C -std=c++11  scan-hidden hidden[ \\t_]*_ZTI1A
UNRESOLVED: g++.dg/ext/visibility/typeinfo2.C -std=c++11  scan-hidden hidden[ \\t_]*_ZTV1A
UNRESOLVED: g++.dg/ext/visibility/typeinfo2.C -std=c++1y  scan-not-hidden hidden[ \\t_]*_ZTVN10__cxxabiv117__class_type_infoE
UNRESOLVED: g++.dg/ext/visibility/typeinfo2.C -std=c++1y  scan-hidden hidden[ \\t_]*_ZTI1A
UNRESOLVED: g++.dg/ext/visibility/typeinfo2.C -std=c++1y  scan-hidden hidden[ \\t_]*_ZTV1A
UNRESOLVED: g++.dg/ext/visibility/typeinfo3.C -std=c++98  scan-not-hidden hidden[ \\t_]*_ZTVN10__cxxabiv117__array_type_infoE
UNRESOLVED: g++.dg/ext/visibility/typeinfo3.C -std=c++98  scan-not-hidden hidden[ \\t_]*_ZTVN10__cxxabiv116__enum_type_infoE
UNRESOLVED: g++.dg/ext/visibility/typeinfo3.C -std=c++98  scan-hidden hidden[ \\t_]*_ZTI1S
UNRESOLVED: g++.dg/ext/visibility/typeinfo3.C -std=c++98  scan-hidden hidden[ \\t_]*_ZTS1S
UNRESOLVED: g++.dg/ext/visibility/typeinfo3.C -std=c++98  scan-hidden hidden[ \\t_]*info1
UNRESOLVED: g++.dg/ext/visibility/typeinfo3.C -std=c++98  scan-hidden hidden[ \\t_]*info2
UNRESOLVED: g++.dg/ext/visibility/typeinfo3.C -std=c++98  scan-hidden hidden[ \\t_]*info3
UNRESOLVED: g++.dg/ext/visibility/typeinfo3.C -std=c++98  scan-hidden hidden[ \\t_]*info4
UNRESOLVED: g++.dg/ext/visibility/typeinfo3.C -std=c++98  scan-hidden hidden[ \\t_]*info5
UNRESOLVED: g++.dg/ext/visibility/typeinfo3.C -std=c++11  scan-not-hidden hidden[ \\t_]*_ZTVN10__cxxabiv117__array_type_infoE
UNRESOLVED: g++.dg/ext/visibility/typeinfo3.C -std=c++11  scan-not-hidden hidden[ \\t_]*_ZTVN10__cxxabiv116__enum_type_infoE
UNRESOLVED: g++.dg/ext/visibility/typeinfo3.C -std=c++11  scan-hidden hidden[ \\t_]*_ZTI1S
UNRESOLVED: g++.dg/ext/visibility/typeinfo3.C -std=c++11  scan-hidden hidden[ \\t_]*_ZTS1S
UNRESOLVED: g++.dg/ext/visibility/typeinfo3.C -std=c++11  scan-hidden hidden[ \\t_]*info1
UNRESOLVED: g++.dg/ext/visibility/typeinfo3.C -std=c++11  scan-hidden hidden[ \\t_]*info2
UNRESOLVED: g++.dg/ext/visibility/typeinfo3.C -std=c++11  scan-hidden hidden[ \\t_]*info3
UNRESOLVED: g++.dg/ext/visibility/typeinfo3.C -std=c++11  scan-hidden hidden[ \\t_]*info4
UNRESOLVED: g++.dg/ext/visibility/typeinfo3.C -std=c++11  scan-hidden hidden[ \\t_]*info5
UNRESOLVED: g++.dg/ext/visibility/typeinfo3.C -std=c++1y  scan-not-hidden hidden[ \\t_]*_ZTVN10__cxxabiv117__array_type_infoE
UNRESOLVED: g++.dg/ext/visibility/typeinfo3.C -std=c++1y  scan-not-hidden hidden[ \\t_]*_ZTVN10__cxxabiv116__enum_type_infoE
UNRESOLVED: g++.dg/ext/visibility/typeinfo3.C -std=c++1y  scan-hidden hidden[ \\t_]*_ZTI1S
UNRESOLVED: g++.dg/ext/visibility/typeinfo3.C -std=c++1y  scan-hidden hidden[ \\t_]*_ZTS1S
UNRESOLVED: g++.dg/ext/visibility/typeinfo3.C -std=c++1y  scan-hidden hidden[ \\t_]*info1
UNRESOLVED: g++.dg/ext/visibility/typeinfo3.C -std=c++1y  scan-hidden hidden[ \\t_]*info2
UNRESOLVED: g++.dg/ext/visibility/typeinfo3.C -std=c++1y  scan-hidden hidden[ \\t_]*info3
UNRESOLVED: g++.dg/ext/visibility/typeinfo3.C -std=c++1y  scan-hidden hidden[ \\t_]*info4
UNRESOLVED: g++.dg/ext/visibility/typeinfo3.C -std=c++1y  scan-hidden hidden[ \\t_]*info5
UNRESOLVED: g++.dg/ext/visibility/visibility-1.C -std=c++98  scan-hidden hidden[ \\t_]*_Z3foov
UNRESOLVED: g++.dg/ext/visibility/visibility-1.C -std=c++11  scan-hidden hidden[ \\t_]*_Z3foov
UNRESOLVED: g++.dg/ext/visibility/visibility-1.C -std=c++1y  scan-hidden hidden[ \\t_]*_Z3foov
UNRESOLVED: g++.dg/ext/visibility/visibility-2.C -std=c++98  scan-hidden hidden[ \\t_]*_Z3foov
UNRESOLVED: g++.dg/ext/visibility/visibility-2.C -std=c++11  scan-hidden hidden[ \\t_]*_Z3foov
UNRESOLVED: g++.dg/ext/visibility/visibility-2.C -std=c++1y  scan-hidden hidden[ \\t_]*_Z3foov
UNRESOLVED: g++.dg/ext/visibility/visibility-3.C -std=c++98  scan-hidden hidden[ \\t_]*xyzzy
UNRESOLVED: g++.dg/ext/visibility/visibility-3.C -std=c++11  scan-hidden hidden[ \\t_]*xyzzy
UNRESOLVED: g++.dg/ext/visibility/visibility-3.C -std=c++1y  scan-hidden hidden[ \\t_]*xyzzy
UNRESOLVED: g++.dg/ext/visibility/visibility-4.C -std=c++98  scan-hidden hidden[ \\t_]*xyzzy
UNRESOLVED: g++.dg/ext/visibility/visibility-4.C -std=c++11  scan-hidden hidden[ \\t_]*xyzzy
UNRESOLVED: g++.dg/ext/visibility/visibility-4.C -std=c++1y  scan-hidden hidden[ \\t_]*xyzzy
UNRESOLVED: g++.dg/ext/visibility/visibility-5.C -std=c++98  scan-hidden hidden[ \\t_]*_Z3foov
UNRESOLVED: g++.dg/ext/visibility/visibility-5.C -std=c++11  scan-hidden hidden[ \\t_]*_Z3foov
UNRESOLVED: g++.dg/ext/visibility/visibility-5.C -std=c++1y  scan-hidden hidden[ \\t_]*_Z3foov
UNRESOLVED: g++.dg/ext/visibility/visibility-6.C -std=c++98  scan-hidden hidden[ \\t_]*xyzzy
UNRESOLVED: g++.dg/ext/visibility/visibility-6.C -std=c++11  scan-hidden hidden[ \\t_]*xyzzy
UNRESOLVED: g++.dg/ext/visibility/visibility-6.C -std=c++1y  scan-hidden hidden[ \\t_]*xyzzy
UNRESOLVED: g++.dg/ext/visibility/visibility-7.C -std=c++98  scan-hidden hidden[ \\t_]*xyzzy
UNRESOLVED: g++.dg/ext/visibility/visibility-7.C -std=c++11  scan-hidden hidden[ \\t_]*xyzzy
UNRESOLVED: g++.dg/ext/visibility/visibility-7.C -std=c++1y  scan-hidden hidden[ \\t_]*xyzzy
UNRESOLVED: g++.dg/ext/visibility/warn3.C -std=c++98  scan-not-hidden hidden[ \\t_]*_ZN1A1fEv
UNRESOLVED: g++.dg/ext/visibility/warn3.C -std=c++11  scan-not-hidden hidden[ \\t_]*_ZN1A1fEv
UNRESOLVED: g++.dg/ext/visibility/warn3.C -std=c++1y  scan-not-hidden hidden[ \\t_]*_ZN1A1fEv
UNRESOLVED: g++.dg/init/cleanup3.C -std=c++98  scan-assembler-not _tcf
UNRESOLVED: g++.dg/init/cleanup3.C -std=c++11  scan-assembler-not _tcf
UNRESOLVED: g++.dg/init/cleanup3.C -std=c++1y  scan-assembler-not _tcf
UNRESOLVED: g++.dg/init/const9.C -std=c++98  scan-assembler-not rodata
UNRESOLVED: g++.dg/init/const9.C -std=c++11  scan-assembler-not rodata
UNRESOLVED: g++.dg/init/const9.C -std=c++1y  scan-assembler-not rodata
UNRESOLVED: g++.dg/init/dtor4.C -std=c++98  scan-assembler-not _ZN1AD2Ev
UNRESOLVED: g++.dg/init/dtor4.C -std=c++11  scan-assembler-not _ZN1AD2Ev
UNRESOLVED: g++.dg/init/dtor4.C -std=c++1y  scan-assembler-not _ZN1AD2Ev
UNRESOLVED: g++.dg/init/mutable1.C -std=c++98  scan-assembler-not rodata
UNRESOLVED: g++.dg/init/mutable1.C -std=c++11  scan-assembler-not rodata
UNRESOLVED: g++.dg/init/mutable1.C -std=c++1y  scan-assembler-not rodata
UNRESOLVED: g++.dg/init/static-init3.C -std=c++98  scan-assembler-not GLOBAL
UNRESOLVED: g++.dg/init/static-init3.C -std=c++11  scan-assembler-not GLOBAL
UNRESOLVED: g++.dg/init/static-init3.C -std=c++1y  scan-assembler-not GLOBAL
UNRESOLVED: g++.dg/ipa/devirt-28.C -std=gnu++98  scan-assembler-not _ZN1AD2Ev
UNRESOLVED: g++.dg/ipa/devirt-28.C -std=gnu++98  scan-assembler-not _ZN1BD0Ev
UNRESOLVED: g++.dg/ipa/devirt-28.C -std=gnu++11  scan-assembler-not _ZN1AD2Ev
UNRESOLVED: g++.dg/ipa/devirt-28.C -std=gnu++11  scan-assembler-not _ZN1BD0Ev
UNRESOLVED: g++.dg/ipa/devirt-28.C -std=gnu++1y  scan-assembler-not _ZN1AD2Ev
UNRESOLVED: g++.dg/ipa/devirt-28.C -std=gnu++1y  scan-assembler-not _ZN1BD0Ev
UNRESOLVED: g++.dg/lookup/builtin5.C -std=c++98  scan-assembler _ZSt5atanhd
UNRESOLVED: g++.dg/lookup/builtin5.C -std=c++11  scan-assembler _ZSt5atanhd
UNRESOLVED: g++.dg/lookup/builtin5.C -std=c++1y  scan-assembler _ZSt5atanhd
UNRESOLVED: g++.dg/opt/const6.C -std=gnu++98  scan-assembler _ZN1K1kE
UNRESOLVED: g++.dg/opt/const6.C -std=gnu++11  scan-assembler _ZN1K1kE
UNRESOLVED: g++.dg/opt/const6.C -std=gnu++1y  scan-assembler _ZN1K1kE
UNRESOLVED: g++.dg/opt/devirt4.C -std=gnu++98  scan-assembler _ZN3fooD2Ev
UNRESOLVED: g++.dg/opt/devirt4.C -std=gnu++11  scan-assembler _ZN3fooD2Ev
UNRESOLVED: g++.dg/opt/devirt4.C -std=gnu++1y  scan-assembler _ZN3fooD2Ev
UNRESOLVED: g++.dg/opt/inline16.C -std=gnu++98  scan-assembler-not _ZL9fromSlotBv
UNRESOLVED: g++.dg/opt/inline16.C -std=gnu++11  scan-assembler-not _ZL9fromSlotBv
UNRESOLVED: g++.dg/opt/inline16.C -std=gnu++1y  scan-assembler-not _ZL9fromSlotBv
UNRESOLVED: g++.dg/opt/inline4.C -std=gnu++98  scan-assembler-not \\n_?_Z1gILi[0-9]+EEvv[: \\t\\n]
UNRESOLVED: g++.dg/opt/inline4.C -std=gnu++11  scan-assembler-not \\n_?_Z1gILi[0-9]+EEvv[: \\t\\n]
UNRESOLVED: g++.dg/opt/inline4.C -std=gnu++1y  scan-assembler-not \\n_?_Z1gILi[0-9]+EEvv[: \\t\\n]
UNRESOLVED: g++.dg/opt/inline6.C -std=gnu++98  scan-assembler-not \\n_?_Z3fooIlET_S0_[: \\t\\n]
UNRESOLVED: g++.dg/opt/inline6.C -std=gnu++11  scan-assembler-not \\n_?_Z3fooIlET_S0_[: \\t\\n]
UNRESOLVED: g++.dg/opt/inline6.C -std=gnu++1y  scan-assembler-not \\n_?_Z3fooIlET_S0_[: \\t\\n]
UNRESOLVED: g++.dg/opt/inline8.C -std=gnu++98  scan-assembler foo
UNRESOLVED: g++.dg/opt/inline8.C -std=gnu++11  scan-assembler foo
UNRESOLVED: g++.dg/opt/inline8.C -std=gnu++1y  scan-assembler foo
UNRESOLVED: g++.dg/opt/template1.C -std=gnu++98  scan-assembler-not \\n_?_ZN1AILi0EE4foo1Ev[: \\t\\n]
UNRESOLVED: g++.dg/opt/template1.C -std=gnu++11  scan-assembler-not \\n_?_ZN1AILi0EE4foo1Ev[: \\t\\n]
UNRESOLVED: g++.dg/opt/template1.C -std=gnu++1y  scan-assembler-not \\n_?_ZN1AILi0EE4foo1Ev[: \\t\\n]
UNRESOLVED: g++.dg/opt/vt2.C -std=gnu++98  scan-assembler-not mov[^\\n]*_ZTV
UNRESOLVED: g++.dg/opt/vt2.C -std=gnu++11  scan-assembler-not mov[^\\n]*_ZTV
UNRESOLVED: g++.dg/opt/vt2.C -std=gnu++1y  scan-assembler-not mov[^\\n]*_ZTV
UNRESOLVED: g++.dg/other/pragma-re-1.C -std=c++98  scan-assembler bar
UNRESOLVED: g++.dg/other/pragma-re-1.C -std=c++98  scan-assembler-not foo
UNRESOLVED: g++.dg/other/pragma-re-1.C -std=c++98  scan-assembler _Z3bazv
UNRESOLVED: g++.dg/other/pragma-re-1.C -std=c++98  scan-assembler-not baq
UNRESOLVED: g++.dg/other/pragma-re-1.C -std=c++98  scan-assembler tut
UNRESOLVED: g++.dg/other/pragma-re-1.C -std=c++98  scan-assembler-not gee
UNRESOLVED: g++.dg/other/pragma-re-1.C -std=c++98  scan-assembler bang
UNRESOLVED: g++.dg/other/pragma-re-1.C -std=c++98  scan-assembler-not whiz
UNRESOLVED: g++.dg/other/pragma-re-1.C -std=c++98  scan-assembler eek
UNRESOLVED: g++.dg/other/pragma-re-1.C -std=c++98  scan-assembler-not boo
UNRESOLVED: g++.dg/other/pragma-re-1.C -std=c++11  scan-assembler bar
UNRESOLVED: g++.dg/other/pragma-re-1.C -std=c++11  scan-assembler-not foo
UNRESOLVED: g++.dg/other/pragma-re-1.C -std=c++11  scan-assembler _Z3bazv
UNRESOLVED: g++.dg/other/pragma-re-1.C -std=c++11  scan-assembler-not baq
UNRESOLVED: g++.dg/other/pragma-re-1.C -std=c++11  scan-assembler tut
UNRESOLVED: g++.dg/other/pragma-re-1.C -std=c++11  scan-assembler-not gee
UNRESOLVED: g++.dg/other/pragma-re-1.C -std=c++11  scan-assembler bang
UNRESOLVED: g++.dg/other/pragma-re-1.C -std=c++11  scan-assembler-not whiz
UNRESOLVED: g++.dg/other/pragma-re-1.C -std=c++11  scan-assembler eek
UNRESOLVED: g++.dg/other/pragma-re-1.C -std=c++11  scan-assembler-not boo
UNRESOLVED: g++.dg/other/pragma-re-1.C -std=c++1y  scan-assembler bar
UNRESOLVED: g++.dg/other/pragma-re-1.C -std=c++1y  scan-assembler-not foo
UNRESOLVED: g++.dg/other/pragma-re-1.C -std=c++1y  scan-assembler _Z3bazv
UNRESOLVED: g++.dg/other/pragma-re-1.C -std=c++1y  scan-assembler-not baq
UNRESOLVED: g++.dg/other/pragma-re-1.C -std=c++1y  scan-assembler tut
UNRESOLVED: g++.dg/other/pragma-re-1.C -std=c++1y  scan-assembler-not gee
UNRESOLVED: g++.dg/other/pragma-re-1.C -std=c++1y  scan-assembler bang
UNRESOLVED: g++.dg/other/pragma-re-1.C -std=c++1y  scan-assembler-not whiz
UNRESOLVED: g++.dg/other/pragma-re-1.C -std=c++1y  scan-assembler eek
UNRESOLVED: g++.dg/other/pragma-re-1.C -std=c++1y  scan-assembler-not boo
UNRESOLVED: g++.dg/other/pragma-re-2.C -std=c++98  scan-assembler new_name
UNRESOLVED: g++.dg/other/pragma-re-2.C -std=c++98  scan-assembler-not old_name
UNRESOLVED: g++.dg/other/pragma-re-2.C -std=c++11  scan-assembler new_name
UNRESOLVED: g++.dg/other/pragma-re-2.C -std=c++11  scan-assembler-not old_name
UNRESOLVED: g++.dg/other/pragma-re-2.C -std=c++1y  scan-assembler new_name
UNRESOLVED: g++.dg/other/pragma-re-2.C -std=c++1y  scan-assembler-not old_name
UNRESOLVED: g++.dg/rtti/anon-ns1.C -std=c++98  scan-assembler "*N[^"]+1AE
UNRESOLVED: g++.dg/rtti/anon-ns1.C -std=c++11  scan-assembler "*N[^"]+1AE
UNRESOLVED: g++.dg/rtti/anon-ns1.C -std=c++1y  scan-assembler "*N[^"]+1AE
FAIL: g++.dg/guality/pr55665.C  -O2  line 23 p == 40
FAIL: g++.dg/guality/pr55665.C  -O3 -fomit-frame-pointer  line 23 p == 40
FAIL: g++.dg/guality/pr55665.C  -O3 -g  line 23 p == 40

		=== g++ Summary for unix/-m32 ===

# of expected passes		67233
# of expected failures		426
# of unresolved testcases	356
# of unsupported tests		2427

		=== g++ Summary ===

# of expected passes		133950
# of expected failures		852
# of unresolved testcases	908
# of unsupported tests		4970
/export/gnu/import/git/gcc-test-intel64corei7/bld/gcc/testsuite/g++/../../xg++  version 4.9.0 20140408 (experimental) [trunk revision 209216] (GCC) 

		=== objc tests ===


Running target unix

		=== objc Summary for unix ===

# of expected passes		1304
# of expected failures		6

Running target unix/-m32

		=== objc Summary for unix/-m32 ===

# of expected passes		1304
# of expected failures		6

		=== objc Summary ===

# of expected passes		2608
# of expected failures		12
/export/gnu/import/git/gcc-test-intel64corei7/bld/gcc/xgcc  version 4.9.0 20140408 (experimental) [trunk revision 209216] (GCC) 

		=== boehm-gc tests ===


Running target unix/-m32

		=== boehm-gc Summary for unix/-m32 ===

# of expected passes		4

Running target unix

		=== boehm-gc Summary for unix ===

# of expected passes		4

		=== boehm-gc Summary ===

# of expected passes		24
# of unsupported tests		2
		=== libatomic tests ===


Running target unix/-m32

		=== libatomic Summary for unix/-m32 ===

# of expected passes		44
# of unsupported tests		5

Running target unix

		=== libatomic Summary for unix ===

# of expected passes		54

		=== libatomic Summary ===

# of expected passes		98
# of unsupported tests		5
		=== libffi tests ===


Running target unix/-m32

		=== libffi Summary for unix/-m32 ===

# of expected passes		24

Running target unix

		=== libffi Summary for unix ===

# of expected passes		24

		=== libffi Summary ===

# of expected passes		3638
# of unsupported tests		110
		=== libgomp tests ===


Running target unix/-m32

		=== libgomp Summary for unix/-m32 ===


Running target unix

		=== libgomp Summary for unix ===


		=== libgomp Summary ===

# of expected passes		4726
		=== libitm tests ===


Running target unix/-m32

		=== libitm Summary for unix/-m32 ===

# of expected passes		4
# of expected failures		1
# of unsupported tests		1

Running target unix

		=== libitm Summary for unix ===

# of expected passes		4
# of expected failures		1
# of unsupported tests		1

		=== libitm Summary ===

# of expected passes		52
# of expected failures		6
# of unsupported tests		2
		=== libjava tests ===


Running target unix/-m32

		=== libjava Summary for unix/-m32 ===


Running target unix

		=== libjava Summary for unix ===


		=== libjava Summary ===

# of expected passes		5164
# of expected failures		8
		=== libstdc++ tests ===


Running target unix

		=== libstdc++ Summary for unix ===

# of expected passes		10020
# of expected failures		41
# of unsupported tests		224

Running target unix/-m32

		=== libstdc++ Summary for unix/-m32 ===

# of expected passes		10028
# of expected failures		41
# of unsupported tests		220

		=== libstdc++ Summary ===

# of expected passes		20048
# of expected failures		82
# of unsupported tests		444

Compiler version: 4.9.0 20140408 (experimental) [trunk revision 209216] (GCC) 
Platform: x86_64-unknown-linux-gnu
configure flags: --with-arch=corei7 --with-cpu=corei7 --prefix=/usr/4.9.0 --enable-clocale=gnu --with-system-zlib --enable-shared --with-demangler-in-ld --with-fpmath=sse --enable-languages=c,c++,fortran,java,lto,objc


Index Nav: [Date Index] [Subject Index] [Author Index] [Thread Index]
Message Nav: [Date Prev] [Date Next] [Thread Prev] [Thread Next]