This is the mail archive of the gcc-testresults@gcc.gnu.org mailing list for the GCC project.


Index Nav: [Date Index] [Subject Index] [Author Index] [Thread Index]
Message Nav: [Date Prev] [Date Next] [Thread Prev] [Thread Next]
Other format: [Raw text]

Results for 4.8.3 20140407 (prerelease) [gcc-4_8-branch revision 209192] (GCC) testsuite on hppa2.0w-hp-hpux11.11


		=== acats tests ===
FAIL:	c974013
FAIL:	c9a011b

		=== acats Summary ===
# of expected passes		2318
# of unexpected failures	2
Native configuration is hppa2.0w-hp-hpux11.11

		=== g++ tests ===


Running target unix
UNRESOLVED: g++.dg/ext/label13.C -std=gnu++98 compilation failed to produce executable
UNRESOLVED: g++.dg/ext/label13.C -std=gnu++11 compilation failed to produce executable
WARNING: program timed out.
FAIL: g++.dg/tree-prof/pr59255.C compilation,  -fprofile-generate
UNRESOLVED: g++.dg/tree-prof/pr59255.C execution,    -fprofile-generate
UNRESOLVED: g++.dg/tree-prof/pr59255.C compilation,  -fprofile-use
UNRESOLVED: g++.dg/tree-prof/pr59255.C execution,    -fprofile-use

		=== g++ Summary ===

# of expected passes		45956
# of unexpected failures	1
# of expected failures		296
# of unresolved testcases	5
# of unsupported tests		1298
/mnt/gnu/gcc/objdir-test/gcc/testsuite/g++/../../xg++  version 4.8.3 20140407 (prerelease) [gcc-4_8-branch revision 209192] (GCC) 

		=== gcc tests ===


Running target unix
WARNING: program timed out.

		=== gcc Summary ===

# of expected passes		66185
# of expected failures		121
# of unsupported tests		1536
/mnt/gnu/gcc/objdir-test/gcc/xgcc  version 4.8.3 20140407 (prerelease) [gcc-4_8-branch revision 209192] (GCC) 

		=== gfortran tests ===


Running target unix
FAIL: gfortran.dg/pr45636.f90  -O   scan-tree-dump-times forwprop2 "memset" 0
FAIL: gfortran.dg/size_kind_2.f90  -O   scan-tree-dump original "var2 = 4294967300;"

		=== gfortran Summary ===

# of expected passes		42231
# of unexpected failures	2
# of expected failures		50
# of unsupported tests		398
/mnt/gnu/gcc/objdir-test/gcc/testsuite/gfortran/../../gfortran  version 4.8.3 20140407 (prerelease) [gcc-4_8-branch revision 209192] (GCC) 

		=== gnat tests ===


Running target unix

		=== gnat Summary ===

# of expected passes		1157
# of expected failures		17
# of unsupported tests		12
/mnt/gnu/gcc/objdir-test/gcc/gnatmake version 4.8.3 20140407 (prerelease) [gcc-4_8-branch revision 209192]

		=== obj-c++ tests ===


Running target unix

		=== obj-c++ Summary ===

# of expected passes		1408
# of expected failures		2
# of unsupported tests		69
/mnt/gnu/gcc/objdir-test/gcc/testsuite/obj-c++/../../xg++  version 4.8.3 20140407 (prerelease) [gcc-4_8-branch revision 209192] (GCC) 

		=== objc tests ===


Running target unix

		=== objc Summary ===

# of expected passes		2912
# of unsupported tests		67
/mnt/gnu/gcc/objdir-test/gcc/xgcc  version 4.8.3 20140407 (prerelease) [gcc-4_8-branch revision 209192] (GCC) 

		=== boehm-gc tests ===


Running target unix
FAIL: boehm-gc.c/gctest.c -O2 (test for excess errors)
FAIL: boehm-gc.c/leak_test.c -O2 (test for excess errors)
FAIL: boehm-gc.c/middle.c -O2 (test for excess errors)
FAIL: boehm-gc.c/thread_leak_test.c -O2 (test for excess errors)
FAIL: boehm-gc.lib/staticrootstest.c -O2 (test for excess errors)

		=== boehm-gc Summary ===

# of expected passes		7
# of unexpected failures	5
# of unsupported tests		1
		=== libatomic tests ===


Running target unix

		=== libatomic Summary ===

# of expected passes		4
# of unsupported tests		25
		=== libffi tests ===


Running target unix

		=== libffi Summary ===

# of expected passes		1819
# of unsupported tests		55
		=== libgomp tests ===


Running target unix

		=== libgomp Summary ===

# of expected passes		2987
# of unsupported tests		10
		=== libjava tests ===


Running target unix
FAIL: LargeFile execution - source compiled test
FAIL: LargeFile -findirect-dispatch execution - source compiled test
FAIL: LargeFile -O3 execution - source compiled test
FAIL: LargeFile -O3 -findirect-dispatch execution - source compiled test

		=== libjava Summary ===

# of expected passes		2574
# of unexpected failures	4
# of expected failures		4
# of untested testcases		4
		=== libstdc++ tests ===


Running target unix

		=== libstdc++ Summary ===

# of expected passes		7661
# of expected failures		45
# of unsupported tests		898

Compiler version: 4.8.3 20140407 (prerelease) [gcc-4_8-branch revision 209192] (GCC) 
Platform: hppa2.0w-hp-hpux11.11
configure flags:Test Run By dave on Mon Apr  7 18:46:34 EDT 2014


Index Nav: [Date Index] [Subject Index] [Author Index] [Thread Index]
Message Nav: [Date Prev] [Date Next] [Thread Prev] [Thread Next]